I/ActivityManager( 745): Activity reported stop, but no longer stopping: ActivityRecord{9cb77d4 u0 com.android.systemui/.recents.RecentsActivity t17}
D/WifiService( 745): New client listening to asynchronous messages
E/SQLiteLog(21750): (284) automatic index on assetrefs(dataitems_id)
D/Finsky (21837): [1] DailyHygiene.goMakeHygieneIfDirty: No need to run daily hygiene.
D/WifiService( 745): New client listening to asynchronous messages
I/DynRingVolController(21719): reverting to original ringer.
I/GCoreUlr(21701): DispatchingService.onCreate()
W/GAV2 (21890): Thread[main,5,main]: Need to call initialize() and be in fallback mode to start dispatch.
V/wearable(21750): ensureBuffersHaveSpace: increasing size from 46 to 628
I/ActivityManager( 745): Start proc com.tinder for service com.tinder/.services.WearClientService: pid=22075 uid=10126 gids={50126, 9997, 3003, 1028, 1015, 3002} abi=armeabi-v7a
W/Settings(21837): Setting download_manager_max_bytes_over_mobile has moved from android.provider.Settings.Secure to android.provider.Settings.Global.
W/Settings(21837): Setting download_manager_recommended_max_bytes_over_mobile has moved from android.provider.Settings.Secure to android.provider.Settings.Global.
E/YatseApplication(21599): YatseApplication$4.a@946: Problem setting up In-App billing : IabResult: 3, Billing isn't supported (response: 3:Billing Unavailable)
I/ActivityManager( 745): Start proc com.google.android.maps.mytracks for service com.google.android.maps.mytracks/com.google.android.apps.mytracks.wear.MobileListenerService: pid=22094 uid=10117 gids={50117, 9997, 3002, 3001, 3003, 1028, 1015} abi=armeabi-v7a
I/CalendarProvider2(21910): Sending notification intent: Intent { act=android.intent.action.PROVIDER_CHANGED dat=content://com.android.calendar }
W/ContentResolver(21910): Failed to get type for: content://com.android.calendar (Unknown URL content://com.android.calendar)
D/NowFetcherService(21719): onServiceConnected: connected to NowRemoteService
I/UserAuthService(21681): service started, account exists: true
D/MMApiProvisionService(21681): Configuring max forced login attempts to 50
E/ad (21618): Multi-binding Key[type=com.facebook.auth.h.a, annotation=[none]] wasn't declared.
E/ad (21618): Multi-binding Key[type=com.facebook.gk.h, annotation=[none]] wasn't declared.
E/ad (21618): Multi-binding Key[type=com.facebook.gk.t, annotation=[none]] wasn't declared.
E/ad (21618): Multi-binding Key[type=com.facebook.auth.component.c, annotation=[none]] wasn't declared.
E/BlurMotherFrameworkDeps(21681): failed to register tag for checkin logging
D/MMApiProvisionService(21681): MMApiProvisionService created...
D/MMApiProvisionService(21681): isDeviceProvisioned: deviceId = null
D/CCE (21681): sending request: (create_device) to MMApiprovisionService
I/MMApiProvisionService(21681): createDeviceIdOrLogin create_device
I/ActivityManager( 745): Start proc com.mailchimp.mailchimp for service com.mailchimp.mailchimp/.WearableService: pid=22120 uid=10096 gids={50096, 9997, 3003, 1028, 1015} abi=armeabi-v7a
D/MMApiProvisionService(21681): isDeviceProvisioned: deviceId = null
I/UserDevice(21681): createDevice
D/BSUtils (21681): Error checking isMultiSimEnabled, Exception:java.lang.ClassNotFoundException: android.telephony.MSimTelephonyManager
W/InputAttributes(21935): No editor info for this field. Bug?
I/Crashlytics(22075): Initializing Crashlytics 1.1.13.29
I/ActivityManager( 745): Start proc com.google.android.apps.maps for service com.google.android.apps.maps/com.google.android.apps.gmm.navigation.base.WearableService: pid=22143 uid=10058 gids={50058, 9997, 3003, 1028, 1015} abi=armeabi-v7a
D/SystemUtils(21549): getSystemProperty: lpa.decode=null
I/WearablePkgInstaller(21719): Fingerprint matches, not requesting installs for com.mailchimp.mailchimp
D/ClockworkProxy(21719): onPeerConnected node=NodeParcelable{b9611de2-3eef-433a-bcbe-7418f286614f,b9611de2-3eef-433a-bcbe-7418f286614f}
I/art ( 745): Explicit concurrent mark sweep GC freed 12872(703KB) AllocSpace objects, 3(43KB) LOS objects, 21% free, 57MB/73MB, paused 9.227ms total 210.727ms
I/CastSocket(21823): 21 >= 18. Adding new CastClientAuthKeyManager.
D/ClockworkProxy(21719): Start clockwork proxy TCP serving thread
D/BSUtils (21681): Error checking isMultiSimEnabled, Exception:java.lang.ClassNotFoundException: android.telephony.MSimTelephonyManager
D/BluetoothManagerService( 745): checkIfCallerIsForegroundUser: valid=true callingUser=0 foregroundUser=0
I/LatinIME:LogUtils(21935): Dictionary info: dictionary = ContextualDictionary.en_US ; version = 1417034412 ; date = ?
I/LatinIME:LogUtils(21935): Dictionary info: dictionary = contacts.en_US ; version = 1416991925 ; date = 1416991925
I/LatinIME:LogUtils(21935): Dictionary info: dictionary = PersonalizationDictionary.en_US ; version = 328446 ; date = 1417034391
I/LatinIME:LogUtils(21935): Dictionary info: dictionary = userunigram.en_US ; version = 1416564186 ; date = 1416564186
I/LatinIME:LogUtils(21935): Dictionary info: dictionary = UserHistoryDictionary.en_US ; version = 328446 ; date = 1417022667
D/ClockworkProxy(21719): Start clockwork proxy UDP relaying thread
W/art (21618): Verification of java.util.Set com.facebook.orca.threadlist.af.a() took 112.480ms
I/ContactLocale(21976): AddressBook Labels [en-US;cs-CZ]: [, A, B, C, D, E, F, G, H, I, J, K, L, M, N, O, P, Q, R, S, T, U, V, W, X, Y, Z, Α, Β, Γ, Δ, Ε, Ζ, Η, Θ, Ι, Κ, Λ, Μ, Ν, Ξ, Ο, Π, Ρ, Σ, Τ, Υ, Φ, Χ, Ψ, Ω, , А, Б, В, Г, Д, Ђ, Е, Є, Ж, З, И, І, Ї, Й, Ј, К, Л, Љ, М, Н, Њ, О, П, Р, С, Т, Ћ, У, Ф, Х, Ц, Ч, Џ, Ш, Щ, Ю, Я, , א, ב, ג, ד, ה, ו, ז, ח, ט, י, כ, ל, מ, נ, ס, ע, פ, צ, ק, ר, ש, ת, , ا, ب, ت, ث, ج, ح, خ, د, ذ, ر, ز, س, ش, ص, ض, ط, ظ, ع, غ, ف, ق, ك, ل, م, ن, ه, و, ي, , ก, ข, ฃ, ค, ฅ, ฆ, ง, จ, ฉ, ช, ซ, ฌ, ญ, ฎ, ฏ, ฐ, ฑ, ฒ, ณ, ด, ต, ถ, ท, ธ, น, บ, ป, ผ, ฝ, พ, ฟ, ภ, ม, ย, ร, ฤ, ล, ฦ, ว, ศ, ษ, ส, ห, ฬ, อ, ฮ, , ㄱ, ㄴ, ㄷ, ㄹ, ㅁ, ㅂ, ㅅ, ㅇ, ㅈ, ㅊ, ㅋ, ㅌ, ㅍ, ㅎ, , あ, か, さ, た, な, は, ま, や, ら, わ, #, ] W/msgr(:):bo(21618): Verify
V/wearable(21750): ensureBuffersHaveSpace: increasing size from 47 to 277
I/LatinIME:LogUtils(21935): Dictionary info: dictionary = main:en_us ; version = 52 ; date = 1412572954
I/LatinIME:LogUtils(21935): Dictionary info: dictionary = main:en_us ; version = 52 ; date = 1412572954
I/SettingsDataItemWriter(21719): setDisableDoze: true false
I/MediaRouter(21890): Found default route: MediaRouter.RouteInfo{ uniqueId=android/mo:DEFAULT_ROUTE, name=Phone, description=null, enabled=true, connecting=false, playbackType=0, playbackStream=3, volumeHandling=1, volume=11, volumeMax=15, presentationDisplayId=-1, extras=null, providerPackageName=android }
I/BSUtils (21681): failed to get sys.build.version.checksum. Setting swChkSum to default: FFFF
I/FavoriteContactNamesSup(21890): get() : Execute runnable (UI thread)
I/ContactLabelSupplier(21890): get() : Execute runnable (UI thread)
I/art (21719): Explicit concurrent mark sweep GC freed 21035(1273KB) AllocSpace objects, 7(116KB) LOS objects, 40% free, 17MB/29MB, paused 1.150ms total 81.783ms
E/DataBuffer(21719): Internal data leak within a DataBuffer object detected! Be sure to explicitly call release() on all DataBuffer extending objects when you are done with them. (com.google.android.gms.wearable.DataItemBuffer@2b3b32a9)
I/UserDevice(21681): Request: executing...
D/CCE (21681): onBind() called: com.motorola.blur.service.blur.Actions.BIND_WSPROXY_SVC
D/CCE (21681): onBind() called: com.motorola.blur.service.blur.Actions.BIND_POLLINGMANAGER_WSPROXY_SVC
W/InputMethodInfo( 745): Duplicated subtype definition found: , voice
D/PollingManager(21681): phone state: 0 0 home 2degrees 53024 UMTS HSPA CSS not supported -1 -1 RoamInd=-1 DefRoamInd=-1 EmergOnly=false
D/PollingManager(21681): ignoring connectivity_action: since I don't like the type: [type: MOBILE[HSPA], state: DISCONNECTED/DISCONNECTED, reason: (unspecified), extra: internet, roaming: false, failover: false, isAvailable: true, isConnectedToProvisioningNetwork: false]
I/NetworkMonitor(21549): type=WIFI subType= reason=null isConnected=true
D/Finsky (21837): [1] 2.run: Loaded library for account: [f-CBvLMxkpI6eI7pu28RAfWq8t4]
I/LocalDevicePlayback(21549): stop: willPlay=false, currentPos=0
I/art (21750): Explicit concurrent mark sweep GC freed 33887(2MB) AllocSpace objects, 10(164KB) LOS objects, 40% free, 17MB/28MB, paused 1.721ms total 65.452ms
D/WearableClient(21681): WearableClientImpl.onPostInitHandler: done
D/MMApiWebService(21681): doRequest() with req : [B@7683b79
D/WearableClient(22120): WearableClientImpl.onPostInitHandler: done
I/CWCheckin(21681): BcsTimer.setTimer(6574, 21600000)
D/Checkin (21681): publish the event [tag = MOT_CHECKIN event name = LOG]
D/CWCheckin(21681): Motorola help_improve privacy is -1
D/CWCheckin(21681): Generic privacy config is true
D/PollingManager(21681): registerApp(): com.motorola.checkin
D/PollingManager(21681): registerApp(): shortest interval is 21600000
D/PollingManager(21681): Polling alarm set to expire at: 554519688 Current Time: 554513114
D/MMApiWebService(21681): generating token using payload instead of using session token
I/WearablePkgInstaller(21719): Fingerprint matches, not requesting installs for com.google.android.apps.fitness
I/MMApiWSBase(21681): doRequest(): url: https://argo.svcmot.com:443/v1/gdi/user/devices.json?appid=6R1TANEX3ZMQ6EU1UH43P34C8B868KTE&userid=9bd58775cf0940c4bac29fda474df1b7
D/WearableClient(21549): WearableClientImpl.onPostInitHandler: done
D/WearableClient(21549): WearableClientImpl.onPostInitHandler: done
D/WifiService( 745): New client listening to asynchronous messages
D/WearableClient(21549): WearableClientImpl.onPostInitHandler: done
D/WearableClient(21681): WearableClientImpl.onPostInitHandler: done
I/DynRingVolController(21719): reverting to original ringer.
I/ContactLabelSupplier(21890): get() : OptedIn = true
I/ContactLabelSupplier(21890): get() : Looking up 20 labels
D/WearableClient(21681): WearableClientImpl.onPostInitHandler: done
D/WearableClient(21549): WearableClientImpl.onPostInitHandler: done
D/Finsky (21837): [1] 2.run: Loaded library for account: [2JTFLXZIcMNtP8ingLM9oEEDeiE]
D/Finsky (21837): [1] 2.run: Finished loading 2 libraries. W/msgr(:):b(21618): Called user scoped provider with no viewer. ViewerContextManager was created with no ViewerContext. Using EmptyViewerContextManager to return fake logged in instance. W/msgr(:):h(21618): User no longer logged in. Original uid: 0, viewer context: null, is_logged_in: false. Returning original viewer context.
D/WearableClient(21549): WearableClientImpl.onPostInitHandler: done W/msgr(:):b(21618): Called user scoped provider with no viewer. ViewerContextManager was created with no ViewerContext. Using EmptyViewerContextManager to return fake logged in instance.
D/GeofencerStateMachine(21701): Creating GeofencerStateMachine
I/LocalDevicePlayback(21549): Streaming client created.
I/ActivityManager( 745): Start proc android.process.media for content provider com.android.providers.downloads/.DownloadProvider: pid=22244 uid=10006 gids={50006, 9997, 2001, 3003, 1028, 1015, 3007, 1023, 1024} abi=armeabi-v7a
I/VS.Container(21890): create_speech_recognizer
I/art ( 198): Explicit concurrent mark sweep GC freed 706(30KB) AllocSpace objects, 0(0B) LOS objects, 40% free, 15MB/25MB, paused 326us total 14.411ms
I/art ( 198): Explicit concurrent mark sweep GC freed 5(160B) AllocSpace objects, 0(0B) LOS objects, 40% free, 15MB/25MB, paused 309us total 13.440ms
I/art ( 198): Explicit concurrent mark sweep GC freed 5(160B) AllocSpace objects, 0(0B) LOS objects, 40% free, 15MB/25MB, paused 309us total 13.495ms
I/MicrophoneInputStream(21890): mic_starting gfk@15601607
I/HotwordRecognitionRnr(21890): Starting hotword detection.
I/art (16979): Explicit concurrent mark sweep GC freed 3131(145KB) AllocSpace objects, 0(0B) LOS objects, 40% free, 17MB/29MB, paused 927us total 54.412ms
W/Launcher(22006): setApplicationContext called twice! old=com.google.android.velvet.VelvetApplication@32478c67 new=com.google.android.velvet.VelvetApplication@32478c67
I/AudioFlinger( 187): AudioFlinger's thread 0xb503a000 ready to run
D/Finsky (21837): [55990] InAppBillingUtils.pickAccount: org.leetzone.android.yatsewidgetfree: Account determined from installer data - [2JTFLXZIcMNtP8ingLM9oEEDeiE]
I/MicrophoneInputStream(21890): mic_started gfk@15601607
I/GEL (22006): handleIntent(Intent { act=android.intent.action.MAIN cat=[android.intent.category.HOME] flg=0x10200000 cmp=com.google.android.googlequicksearchbox/com.google.android.launcher.GEL })
D/audio_hw_primary( 187): select_devices: out_snd_device(0: none) in_snd_device(55: voice-rec-mic)
D/msm8974_platform( 187): platform_send_audio_calibration: sending audio calibration for snd_device(55) acdb_id(62)
D/ ( 187): Failed to fetch the lookup information of the device 0000003E
E/ACDB-LOADER( 187): Error: ACDB AudProc vol returned = -19
D/audio_hw_primary( 187): enable_snd_device: snd_device(55: voice-rec-mic)
D/audio_hw_primary( 187): enable_audio_route: apply and update mixer path: audio-record
W/ResourcesManager(22006): Asset path '/system/framework/com.google.android.dialer.support.jar' does not exist or contains no resources.
I/WearablePkgInstaller(21719): Fingerprint matches, not requesting installs for com.google.android.wearable.app
I/ContactLabelSupplier(21890): get() : Lookup time = 611 ms
I/HotwordWorker(21890): onReady
D/LocationInitializer(21823): Restart initialization of location
I/Icing (21823): Storage manager: low false usage 14.23MB avail 17.05GB capacity 22.76GB
W/ResourcesManager(22006): Asset path '/system/framework/com.google.android.media.effects.jar' does not exist or contains no resources.
I/GEL (22006): handleIntent(Intent { act=android.intent.action.MAIN cat=[android.intent.category.HOME] flg=0x10200000 cmp=com.google.android.googlequicksearchbox/com.google.android.launcher.GEL })
D/StrictMode(22143): StrictMode policy violation; ~duration=1015 ms: android.os.StrictMode$StrictModeDiskReadViolation: policy=31 violation=2
D/StrictMode(22143): at android.os.StrictMode$AndroidBlockGuardPolicy.onReadFromDisk(StrictMode.java:1137)
D/StrictMode(22143): at libcore.io.BlockGuardOs.access(BlockGuardOs.java:67)
D/StrictMode(22143): at java.io.File.doAccess(File.java:283)
D/StrictMode(22143): at java.io.File.exists(File.java:363)
D/StrictMode(22143): at android.app.ContextImpl.createFilesDirLocked(ContextImpl.java:989)
D/StrictMode(22143): at android.app.ContextImpl.getFilesDir(ContextImpl.java:1012)
D/StrictMode(22143): at android.content.ContextWrapper.getFilesDir(ContextWrapper.java:201)
D/StrictMode(22143): at com.google.android.libraries.stitch.incompat.missinglibs.a.a(PG:31)
D/StrictMode(22143): at com.google.android.libraries.stitch.incompat.b.a(PG:116)
D/StrictMode(22143): at com.google.android.apps.gmm.base.app.b.(PG:438)
D/StrictMode(22143): at com.google.android.apps.gmm.base.app.GoogleMapsApplication.onCreate(PG:84)
D/StrictMode(22143): at android.app.Instrumentation.callApplicationOnCreate(Instrumentation.java:1011)
D/StrictMode(22143): at android.app.ActivityThread.handleBindApplication(ActivityThread.java:4518)
D/StrictMode(22143): at android.app.ActivityThread.access$1500(ActivityThread.java:144)
D/StrictMode(22143): at android.app.ActivityThread$H.handleMessage(ActivityThread.java:1339)
D/StrictMode(22143): at android.os.Handler.dispatchMessage(Handler.java:102)
D/StrictMode(22143): at android.os.Looper.loop(Looper.java:135)
D/StrictMode(22143): at android.app.ActivityThread.main(ActivityThread.java:5221)
D/StrictMode(22143): at java.lang.reflect.Method.invoke(Native Method)
D/StrictMode(22143): at java.lang.reflect.Method.invoke(Method.java:372)
D/StrictMode(22143): at com.android.internal.os.ZygoteInit$MethodAndArgsCaller.run(ZygoteInit.java:899)
D/StrictMode(22143): at com.android.internal.os.ZygoteInit.main(ZygoteInit.java:694)
D/StrictMode(22143): StrictMode policy violation; ~duration=1014 ms: android.os.StrictMode$StrictModeDiskReadViolation: policy=31 violation=2
D/StrictMode(22143): at android.os.StrictMode$AndroidBlockGuardPolicy.onReadFromDisk(StrictMode.java:1137)
D/StrictMode(22143): at libcore.io.BlockGuardOs.access(BlockGuardOs.java:67)
D/StrictMode(22143): at java.io.File.doAccess(File.java:283)
D/StrictMode(22143): at java.io.File.exists(File.java:363)
D/StrictMode(22143): at com.google.android.libraries.stitch.incompat.b.a(PG:116)
D/StrictMode(22143): at com.google.android.apps.gmm.base.app.b.(PG:438)
D/StrictMode(22143): at com.google.android.apps.gmm.base.app.GoogleMapsApplication.onCreate(PG:84)
D/StrictMode(22143): at android.app.Instrumentation.callApplicationOnCreate(Instrumentation.java:1011)
D/StrictMode(22143): at android.app.ActivityThread.handleBindApplication(ActivityThread.java:4518)
D/StrictMode(22143): at android.app.ActivityThread.access$1500(ActivityThread.java:144)
D/StrictMode(22143): at android.app.ActivityThread$H.handleMessage(ActivityThread.java:1339)
D/StrictMode(22143): at android.os.Handler.dispatchMessage(Handler.java:102)
D/StrictMode(22143): at android.os.Looper.loop(Looper.java:135)
D/StrictMode(22143): at android.app.ActivityThread.main(ActivityThread.java:5221)
D/StrictMode(22143): at java.lang.reflect.Method.invoke(Native Method)
D/StrictMode(22143): at java.lang.reflect.Method.invoke(Method.java:372)
D/StrictMode(22143): at com.android.internal.os.ZygoteInit$MethodAndArgsCaller.run(ZygoteInit.java:899)
D/StrictMode(22143): at com.android.internal.os.ZygoteInit.main(ZygoteInit.java:694)
D/StrictMode(22143): StrictMode policy violation; ~duration=1009 ms: android.os.StrictMode$StrictModeDiskReadViolation: policy=31 violation=2
D/StrictMode(22143): at android.os.StrictMode$AndroidBlockGuardPolicy.onReadFromDisk(StrictMode.java:1137)
D/StrictMode(22143): at libcore.io.BlockGuardOs.open(BlockGuardOs.java:182)
D/StrictMode(22143): at libcore.io.IoUtils.canOpenReadOnly(IoUtils.java:165)
D/StrictMode(22143): at dalvik.system.DexPathList.findLibrary(DexPathList.java:383)
D/StrictMode(22143): at dalvik.system.BaseDexClassLoader.findLibrary(BaseDexClassLoader.java:77)
D/StrictMode(22143): at java.lang.Runtime.loadLibrary(Runtime.java:360)
D/StrictMode(22143): at java.lang.System.loadLibrary(System.java:989)
D/StrictMode(22143): at com.google.android.libraries.social.jni.crashreporter.NativeCrashHandler.a(PG:182)
D/StrictMode(22143): at com.google.android.libraries.social.jni.crashreporter.NativeCrashHandler.a(PG:81)
D/StrictMode(22143): at com.google.android.apps.gmm.base.app.b.(PG:452)
D/StrictMode(22143): at com.google.android.apps.gmm.base.app.GoogleMapsApplication.onCreate(PG:84)
D/StrictMode(22143): at android.app.Instrumentation.callApplicationOnCreate(Instrumentation.java:1011)
D/StrictMode(22143): at android.app.ActivityThread.handleBindApplication(ActivityThread.java:4518)
D/StrictMode(22143): at android.app.ActivityThread.access$1500(ActivityThread.java:144)
D/StrictMode(22143): at android.app.ActivityThread$H.handleMessage(ActivityThread.java:1339)
D/StrictMode(22143): at android.os.Handler.dispatchMessage(Handler.java:102)
D/StrictMode(22143): at android.os.Looper.loop(Looper.java:135)
D/StrictMode(22143): at android.app.ActivityThread.main(ActivityThread.java:5221)
D/StrictMode(22143): at java.lang.reflect.Method.invoke(Native Method)
D/StrictMode(22143): at java.lang.reflect.Method.invoke(Method.java:372)
D/StrictMode(22143): at com.android.internal.os.ZygoteInit$MethodAndArgsCaller.run(ZygoteInit.java:899)
D/StrictMode(22143): at com.android.internal.os.ZygoteInit.main(ZygoteInit.java:694)
D/StrictMode(22143): StrictMode policy violation; ~duration=973 ms: android.os.StrictMode$StrictModeDiskReadViolation: policy=31 violation=2
D/StrictMode(22143): at android.os.StrictMode$AndroidBlockGuardPolicy.onReadFromDisk(StrictMode.java:1137)
D/StrictMode(22143): at android.app.SharedPreferencesImpl.awaitLoadedLocked(SharedPreferencesImpl.java:202)
D/StrictMode(22143): at android.app.SharedPreferencesImpl.getBoolean(SharedPreferencesImpl.java:259)
D/StrictMode(22143): at android.preference.PreferenceManager.setDefaultValues(PreferenceManager.java:481)
D/StrictMode(22143): at com.google.android.apps.gmm.shared.b.a.a(PG:661)
D/StrictMode(22143): at com.google.android.apps.gmm.base.app.b.(PG:468)
D/StrictMode(22143): at com.google.android.apps.gmm.base.app.GoogleMapsApplication.onCreate(PG:84)
D/StrictMode(22143): at android.app.Instrumentation.callApplicationOnCreate(Instrumentation.java:1011)
D/StrictMode(22143): at android.app.ActivityThread.handleBindApplication(ActivityThread.java:4518)
D/StrictMode(22143): at android.app.ActivityThread.access$1500(ActivityThread.java:144)
D/StrictMode(22143): at android.app.ActivityThread$H.handleMessage(ActivityThread.java:1339)
D/StrictMode(22143): at android.os.Handler.dispatchMessage(Handler.java:102)
D/StrictMode(22143): at android.os.Looper.loop(Looper.java:135)
D/StrictMode(22143): at android.app.ActivityThread.main(ActivityThread.java:5221)
D/StrictMode(22143): at java.lang.reflect.Method.invoke(Native Method)
D/StrictMode(22143): at java.lang.reflect.Method.invoke(Method.java:372)
D/StrictMode(22143): at com.android.internal.os.ZygoteInit$MethodAndArgsCaller.run(ZygoteInit.java:899)
D/StrictMode(22143): at com.android.internal.os.ZygoteInit.main(ZygoteInit.java:694)
D/StrictMode(22143): StrictMode policy violation; ~duration=949 ms: android.os.StrictMode$StrictModeDiskReadViolation: policy=31 violation=2
D/StrictMode(22143): at android.os.StrictMode$AndroidBlockGuardPolicy.onReadFromDisk(StrictMode.java:1137)
D/StrictMode(22143): at android.app.SharedPreferencesImpl.awaitLoadedLocked(SharedPreferencesImpl.java:202)
D/StrictMode(22143): at android.app.SharedPreferencesImpl.getInt(SharedPreferencesImpl.java:238)
D/StrictMode(22143): at com.google.android.apps.gmm.shared.b.a.a(PG:760)
D/StrictMode(22143): at com.google.android.apps.gmm.shared.b.a.a(PG:667)
D/StrictMode(22143): at com.google.android.apps.gmm.base.app.b.(PG:468)
D/StrictMode(22143): at com.google.android.apps.gmm.base.app.GoogleMapsApplication.onCreate(PG:84)
D/StrictMode(22143): at android.app.Instrumentation.callApplicationOnCreate(Instrumentation.java:1011)
D/StrictMode(22143): at android.app.ActivityThread.handleBindApplication(ActivityThread.java:4518)
D/StrictMode(22143): at android.app.ActivityThread.access$1500(ActivityThread.java:144)
D/StrictMode(22143): at android.app.ActivityThread$H.handleMessage(ActivityThread.java:1339)
D/StrictMode(22143): at android.os.Handler.dispatchMessage(Handler.java:102)
D/StrictMode(22143): at android.os.Looper.loop(Looper.java:135)
D/StrictMode(22143): at android.app.ActivityThread.main(ActivityThread.java:5221)
D/StrictMode(22143): at java.lang.reflect.Method.invoke(Native Method)
D/StrictMode(22143): at java.lang.reflect.Method.invoke(Method.java:372)
D/StrictMode(22143): at com.android.internal.os.ZygoteInit$MethodAndArgsCaller.run(ZygoteInit.java:899)
D/StrictMode(22143): at com.android.internal.os.ZygoteInit.main(ZygoteInit.java:694)
D/StrictMode(22143): StrictMode policy violation; ~duration=924 ms: android.os.StrictMode$StrictModeDiskReadViolation: policy=31 violation=2
D/StrictMode(22143): at android.os.StrictMode$AndroidBlockGuardPolicy.onReadFromDisk(StrictMode.java:1137)
D/StrictMode(22143): at libcore.io.BlockGuardOs.open(BlockGuardOs.java:182)
D/StrictMode(22143): at libcore.io.IoUtils.canOpenReadOnly(IoUtils.java:165)
D/StrictMode(22143): at dalvik.system.DexPathList.findLibrary(DexPathList.java:383)
D/StrictMode(22143): at dalvik.system.BaseDexClassLoader.findLibrary(BaseDexClassLoader.java:77)
D/StrictMode(22143): at java.lang.Runtime.loadLibrary(Runtime.java:360)
D/StrictMode(22143): at java.lang.System.loadLibrary(System.java:989)
D/StrictMode(22143): at com.google.android.apps.gmm.map.util.jni.NativeHelper.initialize(PG:42)
D/StrictMode(22143): at com.google.android.apps.gmm.map.c.b.(PG:73)
D/StrictMode(22143): at com.google.android.apps.gmm.base.app.b.(PG:468)
D/StrictMode(22143): at com.google.android.apps.gmm.base.app.GoogleMapsApplication.onCreate(PG:84)
D/StrictMode(22143): at android.app.Instrumentation.callApplicationOnCreate(Instrumentation.java:1011)
D/StrictMode(22143): at android.app.ActivityThread.handleBindApplication(ActivityThread.java:4518)
D/StrictMode(22143): at android.app.ActivityThread.access$1500(ActivityThread.java:144)
D/StrictMode(22143): at android.app.ActivityThread$H.handleMessage(ActivityThread.java:1339)
D/StrictMode(22143): at android.os.Handler.dispatchMessage(Handler.java:102)
D/StrictMode(22143): at android.os.Looper.loop(Looper.java:135)
D/StrictMode(22143): at android.app.ActivityThread.main(ActivityThread.java:5221)
D/StrictMode(22143): at java.lang.reflect.Method.invoke(Native Method)
D/StrictMode(22143): at java.lang.reflect.Method.invoke(Method.java:372)
D/StrictMode(22143): at com.android.internal.os.ZygoteInit$MethodAndArgsCaller.run(ZygoteInit.java:899)
D/StrictMode(22143): at com.android.internal.os.ZygoteInit.main(ZygoteInit.java:694)
D/StrictMode(22143): StrictMode policy violation; ~duration=409 ms: android.os.StrictMode$StrictModeDiskReadViolation: policy=287 violation=2
D/StrictMode(22143): at android.os.StrictMode$AndroidBlockGuardPolicy.onReadFromDisk(StrictMode.java:1137)
D/StrictMode(22143): at android.database.sqlite.SQLiteConnection.applyBlockGuardPolicy(SQLiteConnection.java:1041)
D/StrictMode(22143): at android.database.sqlite.SQLiteConnection.executeForCursorWindow(SQLiteConnection.java:842)
D/StrictMode(22143): at android.database.sqlite.SQLiteSession.executeForCursorWindow(SQLiteSession.java:836)
D/StrictMode(22143): at android.database.sqlite.SQLiteQuery.fillWindow(SQLiteQuery.java:62)
D/StrictMode(22143): at android.database.sqlite.SQLiteCursor.fillWindow(SQLiteCursor.java:144)
D/StrictMode(22143): at android.database.sqlite.SQLiteCursor.getCount(SQLiteCursor.java:133)
D/StrictMode(22143): at android.database.CursorToBulkCursorAdaptor.getBulkCursorDescriptor(CursorToBulkCursorAdaptor.java:145)
D/StrictMode(22143): at android.content.ContentProviderNative.onTransact(ContentProviderNative.java:122)
D/StrictMode(22143): at android.os.Binder.execTransact(Binder.java:446)
D/StrictMode(22143): # via Binder call with stack:
D/StrictMode(22143): android.os.StrictMode$LogStackTrace
D/StrictMode(22143): at android.os.StrictMode.readAndHandleBinderCallViolations(StrictMode.java:1717)
D/StrictMode(22143): at android.os.Parcel.readExceptionCode(Parcel.java:1521)
D/StrictMode(22143): at android.database.DatabaseUtils.readExceptionFromParcel(DatabaseUtils.java:134)
D/StrictMode(22143): at android.content.ContentProviderProxy.query(ContentProviderNative.java:420)
D/StrictMode(22143): at android.content.ContentResolver.query(ContentResolver.java:478)
D/StrictMode(22143): at android.content.ContentResolver.query(ContentResolver.java:422)
D/StrictMode(22143): at com.google.android.c.c.a(PG:87)
D/StrictMode(22143): at com.google.android.c.c.a(PG:107)
D/StrictMode(22143): at com.google.android.apps.gmm.shared.net.p.a(PG:312)
D/StrictMode(22143): at com.google.android.apps.gmm.shared.net.p.a(PG:162)
D/StrictMode(22143): at com.google.android.apps.gmm.map.c.i.a(PG:127)
D/StrictMode(22143): at com.google.b.a.bx.a(PG:125)
D/StrictMode(22143): at com.google.android.apps.gmm.map.c.b.a(PG:293)
D/StrictMode(22143): at com.google.android.apps.gmm.base.app.b.(PG:468)
D/StrictMode(22143): at com.google.android.apps.gmm.base.app.GoogleMapsApplication.onCreate(PG:84)
D/StrictMode(22143): at android.app.Instrumentation.callApplicationOnCreate(Instrumentation.java:1011)
D/StrictMode(22143): at android.app.ActivityThread.handleBindApplication(ActivityThread.java:4518)
D/StrictMode(22143): at android.app.ActivityThread.access$1500(ActivityThread.java:144)
D/StrictMode(22143): at android.app.ActivityThread$H.handleMessage(ActivityThread.java:1339)
D/StrictMode(22143): at android.os.Handler.dispatchMessage(Handler.java:102)
D/StrictMode(22143): at android.os.Looper.loop(Looper.java:135)
D/StrictMode(22143): at android.app.ActivityThread.main(ActivityThread.java:5221)
D/StrictMode(22143): at java.lang.reflect.Method.invoke(Native Method)
D/StrictMode(22143): at java.lang.reflect.Method.invoke(Method.java:372)
D/StrictMode(22143): at com.android.internal.os.ZygoteInit$MethodAndArgsCaller.run(ZygoteInit.java:899)
D/StrictMode(22143): at com.android.internal.os.ZygoteInit.main(ZygoteInit.java:694)
D/StrictMode(22143): StrictMode policy violation; ~duration=128 ms: android.os.StrictMode$StrictModeDiskReadViolation: policy=31 violation=2
D/StrictMode(22143): at android.os.StrictMode$AndroidBlockGuardPolicy.onReadFromDisk(StrictMode.java:1137)
D/StrictMode(22143): at libcore.io.BlockGuardOs.access(BlockGuardOs.java:67)
D/StrictMode(22143): at java.io.File.doAccess(File.java:283)
D/StrictMode(22143): at java.io.File.exists(File.java:363)
D/StrictMode(22143): at android.app.ContextImpl.createFilesDirLocked(ContextImpl.java:989)
D/StrictMode(22143): at android.app.ContextImpl.getFilesDir(ContextImpl.java:1012)
D/StrictMode(22143): at android.app.ContextImpl.openFileInput(ContextImpl.java:954)
D/StrictMode(22143): at android.content.ContextWrapper.openFileInput(ContextWrapper.java:175)
D/StrictMode(22143): at com.google.android.apps.gmm.shared.c.h.a(PG:149)
D/StrictMode(22143): at com.google.android.apps.gmm.shared.net.a.b.a(PG:577)
D/StrictMode(22143): at com.google.android.apps.gmm.map.c.b.a(PG:293)
D/StrictMode(22143): at com.google.android.apps.gmm.base.app.b.(PG:468)
D/StrictMode(22143): at com.google.android.apps.gmm.base.app.GoogleMapsApplication.onCreate(PG:84)
D/StrictMode(22143): at android.app.Instrumentation.callApplicationOnCreate(Instrumentation.java:1011)
D/StrictMode(22143): at android.app.ActivityThread.handleBindApplication(ActivityThread.java:4518)
D/StrictMode(22143): at android.app.ActivityThread.access$1500(ActivityThread.java:144)
D/StrictMode(22143): at android.app.ActivityThread$H.handleMessage(ActivityThread.java:1339)
D/StrictMode(22143): at android.os.Handler.dispatchMessage(Handler.java:102)
D/StrictMode(22143): at android.os.Looper.loop(Looper.java:135)
D/StrictMode(22143): at android.app.ActivityThread.main(ActivityThread.java:5221)
D/StrictMode(22143): at java.lang.reflect.Method.invoke(Native Method)
D/StrictMode(22143): at java.lang.reflect.Method.invoke(Method.java:372)
D/StrictMode(22143): at com.android.internal.os.ZygoteInit$MethodAndArgsCaller.run(ZygoteInit.java:899)
D/StrictMode(22143): at com.android.internal.os.ZygoteInit.main(ZygoteInit.java:694)
D/StrictMode(22143): StrictMode policy violation; ~duration=127 ms: android.os.StrictMode$StrictModeDiskReadViolation: policy=31 violation=2
D/StrictMode(22143): at android.os.StrictMode$AndroidBlockGuardPolicy.onReadFromDisk(StrictMode.java:1137)
D/StrictMode(22143): at libcore.io.BlockGuardOs.open(BlockGuardOs.java:182)
D/StrictMode(22143): at libcore.io.IoBridge.open(IoBridge.java:442)
D/StrictMode(22143): at java.io.FileInputStream.(FileInputStream.java:76)
D/StrictMode(22143): at android.app.ContextImpl.openFileInput(ContextImpl.java:955)
D/StrictMode(22143): at android.content.ContextWrapper.openFileInput(ContextWrapper.java:175)
D/StrictMode(22143): at com.google.android.apps.gmm.shared.c.h.a(PG:149)
D/StrictMode(22143): at com.google.android.apps.gmm.shared.net.a.b.a(PG:577)
D/StrictMode(22143): at com.google.android.apps.gmm.map.c.b.a(PG:293)
D/StrictMode(22143): at com.google.android.apps.gmm.base.app.b.(PG:468)
D/StrictMode(22143): at com.google.android.apps.gmm.base.app.GoogleMapsApplication.onCreate(PG:84)
D/StrictMode(22143): at android.app.Instrumentation.callApplicationOnCreate(Instrumentation.java:1011)
D/StrictMode(22143): at android.app.ActivityThread.handleBindApplication(ActivityThread.java:4518)
D/StrictMode(22143): at android.app.ActivityThread.access$1500(ActivityThread.java:144)
D/StrictMode(22143): at android.app.ActivityThread$H.handleMessage(ActivityThread.java:1339)
D/StrictMode(22143): at android.os.Handler.dispatchMessage(Handler.java:102)
D/StrictMode(22143): at android.os.Looper.loop(Looper.java:135)
D/StrictMode(22143): at android.app.ActivityThread.main(ActivityThread.java:5221)
D/StrictMode(22143): at java.lang.reflect.Method.invoke(Native Method)
D/StrictMode(22143): at java.lang.reflect.Method.invoke(Method.java:372)
D/StrictMode(22143): at com.android.internal.os.ZygoteInit$MethodAndArgsCaller.run(ZygoteInit.java:899)
D/StrictMode(22143): at com.android.internal.os.ZygoteInit.main(ZygoteInit.java:694)
D/StrictMode(22143): StrictMode policy violation; ~duration=125 ms: android.os.StrictMode$StrictModeDiskReadViolation: policy=31 violation=2
D/StrictMode(22143): at android.os.StrictMode$AndroidBlockGuardPolicy.onReadFromDisk(StrictMode.java:1137)
D/StrictMode(22143): at libcore.io.BlockGuardOs.fstat(BlockGuardOs.java:132)
D/StrictMode(22143): at libcore.io.IoBridge.open(IoBridge.java:445)
D/StrictMode(22143): at java.io.FileInputStream.(FileInputStream.java:76)
D/StrictMode(22143): at android.app.ContextImpl.openFileInput(ContextImpl.java:955)
D/StrictMode(22143): at android.content.ContextWrapper.openFileInput(ContextWrapper.java:175)
D/StrictMode(22143): at com.google.android.apps.gmm.shared.c.h.a(PG:149)
D/StrictMode(22143): at com.google.android.apps.gmm.shared.net.a.b.a(PG:577)
D/StrictMode(22143): at com.google.android.apps.gmm.map.c.b.a(PG:293)
D/StrictMode(22143): at com.google.android.apps.gmm.base.app.b.(PG:468)
D/StrictMode(22143): at com.google.android.apps.gmm.base.app.GoogleMapsApplication.onCreate(PG:84)
D/StrictMode(22143): at android.app.Instrumentation.callApplicationOnCreate(Instrumentation.java:1011)
D/StrictMode(22143): at android.app.ActivityThread.handleBindApplication(ActivityThread.java:4518)
D/StrictMode(22143): at android.app.ActivityThread.access$1500(ActivityThread.java:144)
D/StrictMode(22143): at android.app.ActivityThread$H.handleMessage(ActivityThread.java:1339)
D/StrictMode(22143): at android.os.Handler.dispatchMessage(Handler.java:102)
D/StrictMode(22143): at android.os.Looper.loop(Looper.java:135)
D/StrictMode(22143): at android.app.ActivityThread.main(ActivityThread.java:5221)
D/StrictMode(22143): at java.lang.reflect.Method.invoke(Native Method)
D/StrictMode(22143): at java.lang.reflect.Method.invoke(Method.java:372)
D/StrictMode(22143): at com.android.internal.os.ZygoteInit$MethodAndArgsCaller.run(ZygoteInit.java:899)
D/StrictMode(22143): at com.android.internal.os.ZygoteInit.main(ZygoteInit.java:694)
D/OpenGLRenderer(22006): Render dirty regions requested: true
D/Atlas (22006): Validating map...
W/ActivityThread(22143): ClassLoader.loadClass: The class loader returned by Thread.getContextClassLoader() may fail for processes that host multiple applications. You should explicitly specify a context class loader. For example: Thread.setContextClassLoader(getClass().getClassLoader());
W/Icing (21823): Received bad json for section weights override -- ignoring.
W/Icing (21823): Received bad json for corpus scoring config -- ignoring.
W/Icing (21823): Received bad json for corpus context scoring override -- ignoring.
I/art (21549): Background sticky concurrent mark sweep GC freed 43810(3MB) AllocSpace objects, 12(192KB) LOS objects, 5% free, 23MB/25MB, paused 7.044ms total 211.350ms
W/ArtDownloadService(21549): Setting cache size 276433822
I/art ( 745): Explicit concurrent mark sweep GC freed 13297(710KB) AllocSpace objects, 2(32KB) LOS objects, 20% free, 61MB/77MB, paused 1.815ms total 191.079ms
I/ActivityManager( 745): Process com.google.android.partnersetup (pid 22023) has died
D/AuthorizationBluetoothService(16979): Received GmsCore event: Intent { act=com.google.android.gms.INITIALIZE flg=0x10 pkg=com.google.android.gms cmp=com.google.android.gms/.auth.be.proximity.authorization.bt.AuthorizationBluetoothService$AutoStarter }.
D/c (16979): Getting all permits...
D/a (16979): Opening database...
I/ActivityManager( 745): Process android.process.acore (pid 21976) has died
I/WearablePkgInstaller(21719): Fingerprint matches, not requesting installs for com.google.android.apps.maps
I/WearablePkgInstaller(21719): Fingerprint matches, not requesting installs for com.tinder
I/Adreno-EGL(22006): : QUALCOMM Build: 10/24/14, 167c270, I68fa98814b
I/OpenGLRenderer(22006): Initialized EGL, version 1.4
D/OpenGLRenderer(22006): Enabling debug mode 0
D/a (16979): Opening database auth.proximity.permit_store...
I/dex2oat (22281): /system/bin/dex2oat --runtime-arg -classpath --runtime-arg --instruction-set=arm --instruction-set-features=div --runtime-arg -Xrelocate --boot-image=/system/framework/boot.art --dex-file=/data/data/com.google.android.gms/cache/ads483502373.jar --oat-fd=47 --oat-location=/data/data/com.google.android.gms/cache/ads483502373.dex --runtime-arg -Xms64m --runtime-arg -Xmx512m
D/a (16979): Closing database...
I/WearablePkgInstaller(21719): Fingerprint matches, not requesting installs for com.motorola.targetnotif
I/ActivityManager( 745): Process com.android.providers.calendar (pid 21910) has died
I/ActivityManager( 745): Process com.android.vending (pid 21837) has died
I/Choreographer(22006): Skipped 30 frames! The application may be doing too much work on its main thread.
I/Fitness (21823): GmsCore initialized. Initializing Fitness
E/SQLiteLog(22244): (283) recovered 88 frames from WAL file /data/data/com.android.providers.media/databases/external.db-wal
D/GCM (16979): GcmService start Intent { act=com.google.android.gms.INITIALIZE flg=0x10 pkg=com.google.android.gms cmp=com.google.android.gms/.gcm.GcmService } com.google.android.gms.INITIALIZE
D/LocationInitializer(21823): Restart initialization of location
D/AuthorizationBluetoothService(16979): Received GmsCore event: Intent { act=com.google.android.gms.INITIALIZE flg=0x10 pkg=com.google.android.gms cmp=com.google.android.gms/.auth.be.proximity.authorization.bt.AuthorizationBluetoothService$AutoStarter }.
D/c (16979): Getting all permits...
D/a (16979): Opening database...
D/a (16979): Opening database auth.proximity.permit_store...
D/a (16979): Closing database...
I/WearableConn(21750): Connecting to "Moto 360 0360"
W/WearableConn(21750): Connection interrupted., error: null
E/wearable(21750): Error getting connection reference for nodeId: b9611de2-3eef-433a-bcbe-7418f286614f. A thread may have leaked!
D/ClockworkProxy(21719): onPeerDisconnected node=NodeParcelable{b9611de2-3eef-433a-bcbe-7418f286614f,b9611de2-3eef-433a-bcbe-7418f286614f}
I/Fitness (21823): GmsCore initialized. Initializing Fitness
W/BluetoothAdapter(21750): getBluetoothService() called with no BluetoothManagerCallback
W/ResourcesManager(21719): Asset path '/system/framework/com.android.media.remotedisplay.jar' does not exist or contains no resources.
W/ResourcesManager(21719): Asset path '/system/framework/com.android.location.provider.jar' does not exist or contains no resources.
W/bt-btif (23530): bta_jv_rfc_port_to_cb(port_handle:0x12):jv handle:0x0 not FOUND
D/BTIF_SOCK(23530): service_uuid: 5e8945b0-9525-11e3-a5e2-0800200c9a66
I/dex2oat (22281): dex2oat took 229.932ms (threads: 4)
D/ClockworkProxy(21719): Clockwork proxy TCP relaying thread stopped
D/ClockworkProxy(21719): Clockwork proxy UDP relaying thread stopped
W/bt-sdp (23530): process_service_search_attr_rsp
E/ActivityThread(21681): Failed to find provider info for com.motorola.ccc.plm.misc
D/CCE (21681): App Checkin requested CCE to send settings
D/WearableBluetooth(21750): onSocketReady returned, closing socket
I/WearableConn(21750): Android Wear BluetoothThread finished
D/GCM (16979): GcmService start Intent { act=com.google.android.gms.INITIALIZE flg=0x10 pkg=com.google.android.gms cmp=com.google.android.gms/.gcm.GcmService } com.google.android.gms.INITIALIZE
D/Checkin (21681): publish the event [tag = MOT_PRIVACY_PROFILE event name = PRIVACY]
D/CWCheckin(21681): Motorola help_improve privacy is -1
D/CWCheckin(21681): Generic privacy config is true
D/Checkin (21681): publish the event [tag = MOT_PRIVACY_PROFILE event name = PRIVACY]
D/CWCheckin(21681): Motorola help_improve privacy is -1
D/CWCheckin(21681): Generic privacy config is true
D/AuthorizationBluetoothService(16979): Received GmsCore event: Intent { act=com.google.android.gms.INITIALIZE flg=0x10 pkg=com.google.android.gms cmp=com.google.android.gms/.auth.be.proximity.authorization.bt.AuthorizationBluetoothService$AutoStarter }.
D/c (16979): Getting all permits...
D/a (16979): Opening database...
D/LocationInitializer(21823): Restart initialization of location
D/a (16979): Opening database auth.proximity.permit_store...
D/a (16979): Closing database...
I/ActivityManager( 745): Displayed com.google.android.googlequicksearchbox/com.google.android.launcher.GEL: +3s685ms
I/Places (21701): ay.:165: Creating ReverseGeocodingPlaceInferenceModule
I/Places (21701): ay.:165: Creating WifiDecisionTreePlaceInferenceModule
D/MtpService(22244): updating state; isCurrentUser=true, mMtpLocked=false
D/MtpService(22244): addStorageLocked 65537 /storage/emulated/0
D/MtpService(22244): updating state; isCurrentUser=true, mMtpLocked=false
D/MtpService(22244): starting MTP server in MTP mode
I/art (21750): Explicit concurrent mark sweep GC freed 23693(1651KB) AllocSpace objects, 1(20KB) LOS objects, 39% free, 17MB/29MB, paused 8.281ms total 47.428ms D/MixpanelAPI - App Links (OPTIONAL)(22075): Context is not an instance of Activity. To detect inbound App Links, pass an instance of an Activity to getInstance.
D/MtpService(22244): addStorageLocked 65537 /storage/emulated/0
I/Fitness (21823): GmsCore initialized. Initializing Fitness
I/art (21719): Explicit concurrent mark sweep GC freed 15160(779KB) AllocSpace objects, 7(172KB) LOS objects, 39% free, 18MB/30MB, paused 3.052ms total 91.801ms
D/NowFetcherService(21719): now card fetch: getting cards...
I/art (22006): Background sticky concurrent mark sweep GC freed 15817(1302KB) AllocSpace objects, 19(1151KB) LOS objects, 8% free, 23MB/25MB, paused 16.061ms total 144.244ms
D/CWCheckin(21681): Checkin StartupReceiver: com.motorola.blur.service.blur.Actions.SERVICES_STARTED received.
I/MotAcct.GoogAccWatcher(21681): account is authenticated: true
I/ActivityManager( 745): Start proc com.google.android.calendar for broadcast com.google.android.calendar/com.android.calendar.alerts.AlertReceiver: pid=22344 uid=10031 gids={50031, 9997, 3003, 1028, 1015} abi=armeabi-v7a
E/ActivityThread( 1323): Performing stop of activity that is not resumed: {com.android.systemui/com.android.systemui.recents.RecentsActivity}
E/ActivityThread( 1323): java.lang.RuntimeException: Performing stop of activity that is not resumed: {com.android.systemui/com.android.systemui.recents.RecentsActivity}
E/ActivityThread( 1323): at android.app.ActivityThread.performStopActivityInner(ActivityThread.java:3309)
E/ActivityThread( 1323): at android.app.ActivityThread.handleStopActivity(ActivityThread.java:3390)
E/ActivityThread( 1323): at android.app.ActivityThread.access$1100(ActivityThread.java:144)
E/ActivityThread( 1323): at android.app.ActivityThread$H.handleMessage(ActivityThread.java:1307)
E/ActivityThread( 1323): at android.os.Handler.dispatchMessage(Handler.java:102)
E/ActivityThread( 1323): at android.os.Looper.loop(Looper.java:135)
E/ActivityThread( 1323): at android.app.ActivityThread.main(ActivityThread.java:5221)
E/ActivityThread( 1323): at java.lang.reflect.Method.invoke(Native Method)
E/ActivityThread( 1323): at java.lang.reflect.Method.invoke(Method.java:372)
E/ActivityThread( 1323): at com.android.internal.os.ZygoteInit$MethodAndArgsCaller.run(ZygoteInit.java:899)
E/ActivityThread( 1323): at com.android.internal.os.ZygoteInit.main(ZygoteInit.java:694)
I/ActivityManager( 745): Process android.process.media (pid 22244) has died
W/ActivityManager( 745): Scheduling restart of crashed service com.android.providers.media/.MtpService in 245168128ms
W/ActivityManager( 745): Scheduling restart of crashed service com.android.providers.downloads/.DownloadService in 13762ms
I/ActivityManager( 745): Process com.google.android.music:main (pid 21549) has died
W/ActivityManager( 745): Scheduling restart of crashed service com.google.android.music/.download.artwork.ArtDownloadService in 203202560ms
W/ActivityManager( 745): Scheduling restart of crashed service com.google.android.music/.wear.WearDataTransferConnectionService in 19619840ms
W/ActivityManager( 745): Scheduling restart of crashed service com.google.android.music/.download.cache.TrackCacheService in 23719ms
W/ActivityManager( 745): Scheduling restart of crashed service com.google.android.music/.wear.MusicWearableListenerService in 33719ms
W/ActivityManager( 745): Scheduling restart of crashed service com.google.android.music/.playback.MusicPlaybackService in 2937088ms
I/ActivityManager( 745): Process com.google.android.apps.maps (pid 22143) has died
W/ActivityManager( 745): Scheduling restart of crashed service com.google.android.apps.maps/com.google.android.apps.gmm.navigation.base.WearableService in 63603ms
D/NowFetcherService(21719): delete old card: wear://6ea9356f-df00-4185-8f84-25f2b4ebb55b/now/now_reminder/0
I/ActivityManager( 745): Process com.motorola.targetnotif (pid 21681) has died
W/ActivityManager( 745): Scheduling restart of crashed service com.motorola.targetnotif/com.motorola.checkin.uploader.CheckinService in 167116800ms
W/ActivityManager( 745): Scheduling restart of crashed service com.motorola.targetnotif/com.motorola.motoproxy.MotoProxyService in 73520ms
I/DynRingVolController(21719): reverting to original ringer.
E/SQLiteLog(22344): (283) recovered 83 frames from WAL file /data/data/com.google.android.calendar/databases/timelydata.db-wal
D/WearableClient(22075): WearableClientImpl.onPostInitHandler: done
E/copresGcore(21701): Couldn't load settings: /data/data/com.google.android.gms/files/copresence_settings: open failed: ENOENT (No such file or directory)
I/ActivityManager( 745): Start proc com.android.providers.calendar for content provider com.android.providers.calendar/.CalendarProvider2: pid=22380 uid=10002 gids={50002, 9997, 3003, 1028, 1015} abi=armeabi-v7a
I/art (21701): Explicit concurrent mark sweep GC freed 21043(1591KB) AllocSpace objects, 18(288KB) LOS objects, 40% free, 18MB/30MB, paused 1.324ms total 65.609ms
E/bt-btif (23530): DISCOVERY_COMP_EVT slot id:162, failed to find channle, status:1, scn:0
W/bt-btif (23530): invalid rfc slot id: 162
W/WearableConn(21750): Error writing to device, error: read failed, socket might closed or timeout, read ret: -1
D/WearableBluetooth(21750): onSocketReady returned, closing socket
I/WearableConn(21750): Waiting 1.0 seconds to retry connection
W/ResourcesManager(21719): Asset path '/system/framework/com.android.media.remotedisplay.jar' does not exist or contains no resources.
W/ResourcesManager(21719): Asset path '/system/framework/com.android.location.provider.jar' does not exist or contains no resources.
I/DataItems(21750): maybePerformGC: complete, took 228 ms, removed 0 of 25 files, 0 of 25 asset records
W/ResourcesManager(22380): Asset path '/system/framework/android.test.runner.jar' does not exist or contains no resources.
E/GCoreFlp(21701): Bound FusedProviderService with LocationManager
D/NowFetcherService(21719): delete old card: wear://6ea9356f-df00-4185-8f84-25f2b4ebb55b/now/now_reminder/1
D/NowFetcherService(21719): delete old card: wear://6ea9356f-df00-4185-8f84-25f2b4ebb55b/now/now_stock_list/0
D/WifiService( 745): New client listening to asynchronous messages
D/NowFetcherService(21719): delete old card: wear://6ea9356f-df00-4185-8f84-25f2b4ebb55b/now/now_weather/0
I/Icing (21823): updateResources: need to parse e{com.google.android.gms}
I/CalendarProvider2(22380): Created com.android.providers.calendar.CalendarAlarmManager@f038f81(com.android.providers.calendar.CalendarProvider2@39039826)
V/GmsNetworkLocationProvi(21701): ENABLE
V/GmsNetworkLocationProvi(21701): SET-REQUEST
V/GmsNetworkLocationProvi(21701): in Handler: ProviderRequestUnbundled, reportLocation is true and interval is 86400000
D/NowFetcherService(21719): set new card: /now/now_stock_list/0
D/LocationWearablesListenerService(21701): onPeerConnected
D/LocationWearablesListenerService(21701): onPeerDisconnected
I/Icing (21823): doRemovePackageData com.android.chrome
D/NowFetcherService(21719): set new card: /now/now_weather/0
V/GeofencerHelper(21701): Initializing geofence's system cache.
D/NowFetcherService(21719): set new card: /now/now_reminder/1
D/GeofenceStateCache(21701): Recovered 0 geofences.
D/NowFetcherService(21719): set new card: /now/now_reminder/0
V/RenderScript(22006): Application requested CPU execution
V/RenderScript(22006): 0xaf218a00 Launching thread(s), CPUs 4
I/art ( 745): Explicit concurrent mark sweep GC freed 21362(1093KB) AllocSpace objects, 0(0B) LOS objects, 20% free, 61MB/77MB, paused 4.179ms total 158.824ms
W/HandlerScheduledExecuto(21890): Task does not implement UiTask. Consider using NamedUiRunnable for fjp@37421783
I/GCoreUlr(21701): Received powerMode change from NLP: com.google.android.location.activity.LOW_POWER_MODE_DISABLED
I/GCoreUlr(21701): Starting service, intent=Intent { act=com.google.android.location.reporting.ACTION_UPDATE_ACTIVE_STATE cmp=com.google.android.gms/com.google.android.location.reporting.service.DispatchingService }, extras=null
W/Settings(21701): Setting airplane_mode_on has moved from android.provider.Settings.System to android.provider.Settings.Global, returning read-only value. D/Coffee - NearbyAlertTracker(21701): GoogleApiClient connected
W/HandlerScheduledExecuto(21890): Task does not implement UiTask. Consider using NamedUiRunnable for fjp@37421783
D/LocationWearablesListenerService(21701): onDataChanged
D/GCoreFlp(21701): Unknown pending intent to remove.
I/AnalyticsLogBase(22344): PlayLogger.onLoggerConnected
I/AnalyticsLogBase(22344): PlayLogger.onLoggerConnected
