D/Checkin (20266): publish the event [tag = MOT_PRIVACY_PROFILE event name = PRIVACY]
D/CWCheckin(20266): Motorola help_improve privacy is -1
D/CWCheckin(20266): Generic privacy config is true
D/Checkin (20266): publish the event [tag = MOT_PRIVACY_PROFILE event name = PRIVACY]
D/CWCheckin(20266): Motorola help_improve privacy is -1
D/CWCheckin(20266): Generic privacy config is true
D/CWCheckin(20266): Checkin StartupReceiver: com.motorola.blur.service.blur.Actions.SERVICES_STARTED received.
I/MotAcct.GoogAccWatcher(20266): account is authenticated: true
I/ActivityManager( 745): Process com.android.musicfx (pid 20371) has died
I/ActivityManager( 745): Process com.google.android.youtube (pid 20051) has died
I/art ( 745): Explicit concurrent mark sweep GC freed 25122(2MB) AllocSpace objects, 7(7MB) LOS objects, 20% free, 63MB/79MB, paused 1.918ms total 178.081ms
D/CWCheckin(20266): Checkin StartupReceiver: com.motorola.cce.Actions.CCE_LAUNCH_CW_CHECKIN received.
I/CWCheckin(20266): service started
D/Checkin (20266): publish the event [tag = MOT_CHECKIN event name = LOG]
D/CWCheckin(20266): Motorola help_improve privacy is -1
D/CWCheckin(20266): Generic privacy config is true
D/InvalidationService(20333): Request sync: Account {name=shadowservices@gmail.com, type=com.google} / com.chrome.beta / android.util.MapCollections$KeySet@9ece235a
I/MusicLeanback(19897): Conditions not met for autocaching.
I/MusicLeanback(19897): Stop autocaching.
I/CWCheckin(20266): BcsTimer.setTimer(21600000, 21600000)
D/Checkin (20266): publish the event [tag = MOT_CHECKIN event name = LOG]
D/CWCheckin(20266): Motorola help_improve privacy is -1
D/CWCheckin(20266): Generic privacy config is true
D/PollingManager(20266): registerApp(): com.motorola.checkin
D/PollingManager(20266): registerApp(): com.motorola.checkin already registered.
D/PollingManager(20266): modifyApp(): com.motorola.checkin
D/PollingManager(20266): calculateShortestInterval(): shortest interval is 21600000
D/DelayedSyncController(20333): Delaying sync.
D/WifiService( 745): New client listening to asynchronous messages
V/RenderScript(20289): Application requested CPU execution
V/RenderScript(20289): 0xaf219800 Launching thread(s), CPUs 4
E/AppWidgetServiceImpl( 745): Error clearing service interface
E/AppWidgetServiceImpl( 745): android.os.DeadObjectException
E/AppWidgetServiceImpl( 745): at android.os.BinderProxy.transactNative(Native Method)
E/AppWidgetServiceImpl( 745): at android.os.BinderProxy.transact(Binder.java:496)
E/AppWidgetServiceImpl( 745): at com.android.internal.widget.IRemoteViewsAdapterConnection$Stub$Proxy.onServiceDisconnected(IRemoteViewsAdapterConnection.java:101)
E/AppWidgetServiceImpl( 745): at com.android.server.appwidget.AppWidgetServiceImpl$ServiceConnectionProxy.disconnect(AppWidgetServiceImpl.java:3430)
E/AppWidgetServiceImpl( 745): at com.android.server.appwidget.AppWidgetServiceImpl.bindRemoteViewsService(AppWidgetServiceImpl.java:945)
E/AppWidgetServiceImpl( 745): at com.android.internal.appwidget.IAppWidgetService$Stub.onTransact(IAppWidgetService.java:370)
E/AppWidgetServiceImpl( 745): at android.os.Binder.execTransact(Binder.java:446)
D/SoLoader(19977): found fb_stl_shared in default place
D/SoLoader(19977): found fb in default place
D/SoLoader(19977): found fb_breakpad_client in default place
D/SoLoader(19977): found fbjni in default place
D/SoLoader(19977): found heartbleed in default place
I/ActivityManager( 745): Start proc com.android.providers.calendar for content provider com.android.providers.calendar/.CalendarProvider2: pid=20428 uid=10002 gids={50002, 9997, 3003, 1028, 1015} abi=armeabi-v7a
I/StreamRequestHandler(19897): Finished writeTo([mId=[4973, DEFAULT] mPriority=1 mOwner=MUSIC_PLAYBACK mRetryAllowed=true mFileLocation=[mFullPath=/data/data/com.google.android.music/files/music/mplayback_4973.tmp mStorageType=INTERNAL mCacheType=2] mExplicit=false][ mRemoteId=4e4ae43c-dd6f-3258-82a5-37e4ebc9756c mSourceAccount=-140580628 mTrackTitle="White America (Explicit)" mSeekMs=0]) 6492473
D/WifiService( 745): Client connection lost with reason: 4
I/NuCachedSource2( 187): ERROR_END_OF_STREAM
I/ActivityManager( 745): Process com.chrome.beta (pid 20333) has died
I/ActivityManager( 745): Process com.facebook.katana (pid 19977) has died
W/ActivityManager( 745): Scheduling restart of crashed service com.facebook.katana/com.facebook.push.mqtt.service.MqttPushService in 290080ms
W/ResourcesManager(20428): Asset path '/system/framework/android.test.runner.jar' does not exist or contains no resources.
D/WifiService( 745): acquireWifiLockLocked: WifiLock{NlpWifiLock type=2 binder=android.os.BinderProxy@3080b113}
E/WifiStateMachine( 745): WifiStateMachine CMD_START_SCAN source 10008 txSuccessRate=21.12 rxSuccessRate=19.52 targetRoamBSSID=00:00:00:00:00:00 RSSI=-64
I/Fitness (17347): FlushServiceReceiver.onReceive
I/wpa_supplicant(12600): wlan0: CTRL-EVENT-SCAN-STARTED
W/BroadcastQueue( 745): Failure sending broadcast Intent { act=com.facebook.push.mqtt.keepalive.KeepaliveManager.ACTION_INEXACT_ALARM.com.facebook.katana flg=0x14 pkg=com.facebook.katana (has extras) }
W/BroadcastQueue( 745): android.os.RemoteException: app.thread must not be null
W/BroadcastQueue( 745): at com.android.server.am.BroadcastQueue.performReceiveLocked(BroadcastQueue.java:435)
W/BroadcastQueue( 745): at com.android.server.am.BroadcastQueue.deliverToRegisteredReceiverLocked(BroadcastQueue.java:521)
W/BroadcastQueue( 745): at com.android.server.am.BroadcastQueue.processNextBroadcast(BroadcastQueue.java:729)
W/BroadcastQueue( 745): at com.android.server.am.ActivityManagerService.finishReceiver(ActivityManagerService.java:16008)
W/BroadcastQueue( 745): at android.app.ActivityManagerNative.onTransact(ActivityManagerNative.java:470)
W/BroadcastQueue( 745): at com.android.server.am.ActivityManagerService.onTransact(ActivityManagerService.java:2407)
W/BroadcastQueue( 745): at android.os.Binder.execTransact(Binder.java:446)
I/ActivityManager( 745): Start proc com.chrome.beta for broadcast com.chrome.beta/com.google.ipc.invalidation.ticl.android2.AndroidInternalScheduler$AlarmReceiver: pid=20448 uid=10091 gids={50091, 9997, 3003, 1028, 1015} abi=armeabi-v7a
I/CalendarProvider2(20428): Created com.android.providers.calendar.CalendarAlarmManager@f038f81(com.android.providers.calendar.CalendarProvider2@39039826)
I/CalendarProvider2(20428): Sending notification intent: Intent { act=android.intent.action.PROVIDER_CHANGED dat=content://com.android.calendar }
W/ContentResolver(20428): Failed to get type for: content://com.android.calendar (Unknown URL content://com.android.calendar)
D/WearableClient(20266): WearableClientImpl.onPostInitHandler: done
D/WearableClient(20266): WearableClientImpl.onPostInitHandler: done
W/ResourcesManager(20289): Asset path '/system/framework/com.google.android.media.effects.jar' does not exist or contains no resources.
W/ResourcesManager(20289): Asset path '/system/framework/com.google.android.maps.jar' does not exist or contains no resources.
W/ResourcesManager(20289): Asset path '/system/framework/com.google.android.maps.jar' does not exist or contains no resources.
W/ResourcesManager(20289): Asset path '/system/framework/com.google.android.maps.jar' does not exist or contains no resources.
I/GoogleHttpClient(17347): Falling back to old SSLCertificateSocketFactory
I/GoogleHttpClient(17347): Using GMS GoogleHttpClient
W/GoogleHttpClient(17347): Ignoring unsupported parameter: http.conn-manager.max-per-route
D/WifiService( 745): releaseWifiLockLocked: WifiLock{NlpWifiLock type=2 binder=android.os.BinderProxy@3080b113}
W/ActivityThread(17347): ClassLoader.loadClass: The class loader returned by Thread.getContextClassLoader() may fail for processes that host multiple applications. You should explicitly specify a context class loader. For example: Thread.setContextClassLoader(getClass().getClassLoader());
I/GCoreUlr(17347): Successfully inserted location
I/GCoreUlr(17347): Starting service, intent=Intent { act=com.google.android.location.reporting.UPLOAD cmp=com.google.android.gms/com.google.android.location.reporting.service.DispatchingService }, extras=null
E/WifiStateMachine( 745): WifiStateMachine CMD_START_SCAN source -2 txSuccessRate=18.06 rxSuccessRate=16.76 targetRoamBSSID=00:00:00:00:00:00 RSSI=-60
E/WifiStateMachine( 745): WifiStateMachine starting scan for "THOMS-5G"WPA_PSK with 5745,2462
I/wpa_supplicant(12600): wlan0: CTRL-EVENT-SCAN-STARTED
W/GmsApplication(17347): Using Auth Proxy for data requests.
I/GoogleHttpClient(17347): Falling back to old SSLCertificateSocketFactory
I/GLSUser (17347): [ ChannelManager ] Attempting to channel bind connection HttpClient.
I/GLSUser (17347): [ ChannelManager ] Skip channel binding on pre-KLP devices.
I/art ( 745): Explicit concurrent mark sweep GC freed 35823(2MB) AllocSpace objects, 11(4MB) LOS objects, 21% free, 59MB/75MB, paused 1.360ms total 118.297ms
I/PollingManager(20266): alarm fired!
D/PollingManager(20266): now: 554482049 ,futureTime: 576075071
D/PollingManager(20266): Polling alarm set to expire at: 576075071 Current Time: 554482049
E/ActivityThread(20266): Failed to find provider info for com.motorola.ccc.plm.misc
I/art (17347): Explicit concurrent mark sweep GC freed 109395(6MB) AllocSpace objects, 6(105KB) LOS objects, 40% free, 22MB/37MB, paused 1.393ms total 79.285ms
I/GCoreUlr(17347): Starting service, intent=Intent { act=com.google.android.location.reporting.ACTION_UPDATE_ACTIVE_STATE cmp=com.google.android.gms/com.google.android.location.reporting.service.DispatchingService }, extras=null
I/ActivityManager( 745): Start proc com.google.android.apps.fitness for broadcast com.google.android.apps.fitness/.api.recording.UlrSettingsReceiver: pid=20530 uid=10045 gids={50045, 9997, 3003, 1028, 1015, 3002, 3001} abi=armeabi-v7a
I/GCoreUlr(17347): Batch Location Update succeeded for account account#-1#
I/art (16979): Explicit concurrent mark sweep GC freed 6864(331KB) AllocSpace objects, 0(0B) LOS objects, 39% free, 17MB/29MB, paused 1.261ms total 21.071ms
I/GCoreUlr(17347): Ensuring that reporting is active for [account#-1#]
I/GCoreUlr(17347): Starting service, intent=Intent { act=com.google.android.location.reporting.ACTION_LOCATION_STATUS cmp=com.google.android.gms/com.google.android.location.reporting.service.DispatchingService (has extras) }, extras=Bundle[{status=LocationStatus[cell status: STATUS_UNKNOWN, wifi status: STATUS_UNKNOWN, elapsed realtime ns: 0]}]
I/FitnessApp(20530): Validating ObjectGraph
I/FitnessApp(20530): Initializing Google Cloud Messaging
I/FitnessApp(20530): Initializers took 1 milliseconds
I/FitnessApp(20530): ULRSettingsReceiver Intent { act=com.google.android.gms.location.reporting.SETTINGS_CHANGED flg=0x10 cmp=com.google.android.apps.fitness/.api.recording.UlrSettingsReceiver }
I/FitnessApp(20530): WearableSyncReceiver
I/FitnessApp(20530): WearableSyncReceiver starting service
I/FitnessApp(20530): Performing Wearable Account Sync true
W/GmsApplication(17347): Using Auth Proxy for data requests.
W/PropertyValuesHolder(20289): Method setBrightness() with type int not found on target class class us
W/PropertyValuesHolder(20289): Method getBrightness() with type null not found on target class class us
I/ActivityManager( 745): START u0 {act=android.intent.action.MAIN cat=[android.intent.category.LAUNCHER] flg=0x10200000 cmp=com.chrome.beta/com.google.android.apps.chrome.Main bnds=[246,1532][447,1784] (has extras)} from uid 10022 on display 0
I/Fitness (17347): Account supported from server: true
I/Fitness (17347): Account supported from cache: true
I/FitnessApp(20530): No import data item
I/ActivityManager( 745): Process com.android.providers.calendar (pid 20428) has died
I/ActivityManager( 745): START u0 {act=android.intent.action.VIEW dat=document://380?https://t.co/x3eKLbdr8U flg=0x10182000 cmp=com.chrome.beta/com.google.android.apps.chrome.document.DocumentActivity (has extras)} from uid 10091 on display 0
I/FitnessApp(20530): No need to update registrations as ULR settings are unchanged
I/FitnessApp(20530): Registering observers for loader ActivitySummaryLoader
I/FitnessApp(20530): Reloading ActivitySummaryLoader
I/FitnessApp(20530): Querying Data ActivitySummaryLoader
I/art ( 745): Explicit concurrent mark sweep GC freed 21552(1042KB) AllocSpace objects, 2(32KB) LOS objects, 21% free, 59MB/75MB, paused 1.873ms total 124.006ms
E/DocumentTabList(20448): Failed to restore tab state for tab 195
W/Fitness (17347): One or more invalid step counts, delta=0, start=09:08:59, end=09:21:01
W/Fitness (17347): One or more invalid step counts, delta=0, start=09:21:01, end=09:24:11
W/Fitness (17347): One or more invalid step counts, delta=0, start=09:24:11, end=09:26:55
W/Fitness (17347): One or more invalid step counts, delta=0, start=09:26:55, end=09:38:32
W/Fitness (17347): One or more invalid step counts, delta=0, start=09:08:59, end=09:21:01
W/Fitness (17347): One or more invalid step counts, delta=0, start=09:21:01, end=09:24:11
W/Fitness (17347): One or more invalid step counts, delta=0, start=09:24:11, end=09:26:55
W/Fitness (17347): One or more invalid step counts, delta=0, start=09:26:55, end=09:38:32
I/FitnessApp(20530): Added 9 steps with other activity type to walking. Bucket{startTime=1416999600000, endTime=1417034330988, activity=3, dataSets=[DataSet{d:step_count.delta:gms:aggregated [RawDataPoint{[9]@[1417030215210000000, 1417032539670000000](0,1)}]}, DataSet{d:activity.summary:gms:aggregated [RawDataPoint{[3, 34730988, 2]@[1416999600000000000, 1417034330988000000](2,3)}]}], bucketType=type, serverHasMoreData=false}
I/FitnessApp(20530): ActivitySummaryLoader generated summary ActivitySummary {WALKING= [STEP_COUNT=9], RUNNING= [], BIKING= [], OTHER= [], otherData= [[STEP_COUNT=9]]}
I/FitnessApp(20530): Processing Results ActivitySummaryLoader: 290ms
I/FitnessApp(20530): Creating implicit step goal of 5392
I/FitnessApp(20530): Wearable Sync Completed in 1330 ms
I/LibraryLoader(20448): Loading: chromium_android_linker
I/LibraryLoader(20448): Loading: chrome.2171.90
I/art (20448): Explicit concurrent mark sweep GC freed 9438(743KB) AllocSpace objects, 3(48KB) LOS objects, 40% free, 17MB/29MB, paused 1.457ms total 54.255ms
I/LibraryLoader(20448): Time to load native libraries: 87 ms (timestamps 4624-4711)
I/LibraryLoader(20448): Expected native library version number "39.0.2171.90",actual native library version number "39.0.2171.90"
I/chromium(20448): [INFO:library_loader_hooks.cc(104)] Chromium logging enabled: level = 0, default verbosity = 0
D/ChildProcessLauncher(20448): Allocator allocated a connection, sandbox: true, slot: 0
I/ActivityManager( 745): Start proc com.chrome.beta:sandboxed_process0 for service com.chrome.beta/org.chromium.content.app.SandboxedProcessService0: pid=20613 uid=99389 gids={} abi=armeabi-v7a
I/art ( 198): Explicit concurrent mark sweep GC freed 704(30KB) AllocSpace objects, 0(0B) LOS objects, 40% free, 15MB/25MB, paused 249us total 12.577ms
I/art ( 198): Explicit concurrent mark sweep GC freed 5(160B) AllocSpace objects, 0(0B) LOS objects, 40% free, 15MB/25MB, paused 230us total 10.473ms
I/art ( 198): Explicit concurrent mark sweep GC freed 5(160B) AllocSpace objects, 0(0B) LOS objects, 40% free, 15MB/25MB, paused 269us total 10.939ms
D/OpenGLRenderer(20448): Render dirty regions requested: true
D/Atlas (20448): Validating map...
I/ChildProcessService(20613): Creating new ChildProcessService pid=20613
I/BrowserStartupController(20448): Initializing chromium process, singleProcess=false
W/art (20448): Attempt to remove local handle scope entry from IRT, ignoring
W/AudioManagerAndroid(20448): Requires BLUETOOTH permission
I/Adreno-EGL(20448): : QUALCOMM Build: 10/24/14, 167c270, I68fa98814b
I/OpenGLRenderer(20448): Initialized EGL, version 1.4
D/OpenGLRenderer(20448): Enabling debug mode 0
I/ActivityManager( 745): Process com.google.android.calendar (pid 19091) has died
I/art ( 745): Explicit concurrent mark sweep GC freed 4767(226KB) AllocSpace objects, 0(0B) LOS objects, 21% free, 59MB/75MB, paused 1.784ms total 124.334ms
I/ActivityManager( 745): Displayed com.chrome.beta/com.google.android.apps.chrome.document.DocumentActivity: +1s394ms (total +1s540ms)
W/chromium(20448): [WARNING:data_reduction_proxy_settings.cc(331)] SPDY proxy OFF at startup
W/art (20448): Attempt to remove local handle scope entry from IRT, ignoring
I/ActivityManager( 745): Process com.motorola.targetnotif (pid 20266) has died
W/ActivityManager( 745): Scheduling restart of crashed service com.motorola.targetnotif/com.motorola.blur.service.blur.BlurServiceMother in 18744ms
W/ActivityManager( 745): Scheduling restart of crashed service com.motorola.targetnotif/com.motorola.checkin.uploader.CheckinService in 10444800ms
W/InputDispatcher( 745): channel '10ad93b6 com.google.android.googlequicksearchbox/com.google.android.launcher.GEL (server)' ~ Consumer closed input channel or an error occurred. events=0x9
E/InputDispatcher( 745): channel '10ad93b6 com.google.android.googlequicksearchbox/com.google.android.launcher.GEL (server)' ~ Channel is unrecoverably broken and will be disposed!
I/WindowState( 745): WIN DEATH: Window{10ad93b6 u0 com.google.android.googlequicksearchbox/com.google.android.launcher.GEL}
W/InputDispatcher( 745): Attempted to unregister already unregistered input channel '10ad93b6 com.google.android.googlequicksearchbox/com.google.android.launcher.GEL (server)'
D/WifiService( 745): Client connection lost with reason: 4
I/ActivityManager( 745): Process com.google.android.googlequicksearchbox (pid 20289) has died
W/ActivityManager( 745): Force removing ActivityRecord{18b6efbf u0 com.google.android.googlequicksearchbox/com.google.android.launcher.GEL t389}: app died, no saved state
W/KnoxSettingsProvider(20448): Permission to read device policy denied.
W/KnoxSettingsProvider(20448): Device policy content provider not found.
D/ChildProcessLauncher(20448): Setting up connection to process: slot=0
D/ChildProcessLauncher(20448): on connect callback, pid=20613 context=-1558106024
I/LibraryLoader(20613): Loading: chromium_android_linker
I/LibraryLoader(20613): Loading: chrome.2171.90
I/LibraryLoader(20613): Time to load native libraries: 52 ms (timestamps 6268-6320)
I/LibraryLoader(20613): Expected native library version number "39.0.2171.90",actual native library version number "39.0.2171.90"
I/chromium(20613): [INFO:library_loader_hooks.cc(104)] Chromium logging enabled: level = 0, default verbosity = 0
W/art (20613): Attempt to remove local handle scope entry from IRT, ignoring
W/art (20613): Attempt to remove local handle scope entry from IRT, ignoring
W/chromium(20448): [WARNING:jni_string.cc(28)] ConvertJavaStringToUTF8 called with null string.
W/MediaFocusControl( 745): AudioFocus audio focus client died
I/MediaFocusControl( 745): AudioFocus removeFocusStackEntry(): removing entry for android.os.BinderProxy@cc172ef
D/NuPlayerDriver( 187): reset(0xb4fa9580)
D/NuPlayerDriver( 187): notifyResetComplete(0xb4fa9580)
W/AudioFlinger( 187): session id 8197 not found for pid 19897
D/NuPlayerDriver( 187): reset(0xb4929220)
D/NuPlayerDriver( 187): notifyResetComplete(0xb4929220)
I/ActivityManager( 745): Process com.google.android.music:main (pid 19897) has died
W/ActivityManager( 745): Scheduling restart of crashed service com.google.android.music/.download.artwork.ArtDownloadService in 50800640ms
W/ActivityManager( 745): Scheduling restart of crashed service com.google.android.music/.wear.WearDataTransferConnectionService in 4904960ms
W/ActivityManager( 745): Scheduling restart of crashed service com.google.android.music/.playback.MusicPlaybackService in 734272ms
V/PhoneStatusBar( 1323): DEBUG_MEDIA: Disconnecting from old controller: android.media.session.MediaController@2c33e3d3
D/DelayedSyncController(20448): Handling delayed sync.
I/ProcessStatsService( 745): Prepared write state in 51ms
I/art (20448): Explicit concurrent mark sweep GC freed 53027(2MB) AllocSpace objects, 13(1850KB) LOS objects, 40% free, 19MB/33MB, paused 1.092ms total 250.236ms
V/ChromiumSyncAdapter(20448): Received sync tickle for all types.
I/Icing (17372): Usage reports 1 indexed 0 rejected 0 imm upload false
I/LatinIME:LogUtils(20112): Dictionary info: dictionary = PersonalizationDictionary.en_US ; version = 328446 ; date = 1417034391
D/audio_hw_primary( 187): disable_audio_route: reset and update mixer path: low-latency-playback
D/audio_hw_primary( 187): disable_snd_device: snd_device(2: speaker)
I/Icing (17372): Indexing 3C9009886FEE0F26C40D8809FDFA0F4665463B0A from com.chrome.beta
I/chromium(20448): [INFO:CONSOLE(0)] "Refused to display 'https://apis.google.com/u/0/_/widget/render/badge?usegapi=1&social-action=Google%2B%20%3A%20Share&origin=http%3A%2F%2Fwww.theverge.com&url=http%3A%2F%2Fwww.theverge.com%2F2014%2F11%2F26%2F7290751%2Fbest-action-camera-you-can-buy&gsrc=3p&ic=1&jsh=m%3B%2F_%2Fscs%2Fapps-static%2F_%2Fjs%2Fk%3Doz.gapi.en.KTuDECY8mJE.O%2Fm%3D__features__%2Fam%3DAQ%2Frt%3Dj%2Fd%3D1%2Ft%3Dzcms%2Frs%3DAGLTcCMdx0a1PYg01FtJXdKoqAZwJnqJLw#_methods=onPlusOne%2C_ready%2C_close%2C_open%2C_resizeMe%2C_renderstart%2Concircled%2Cdrefresh%2Cerefresh%2Conload&id=I0_1417034391242&parent=http%3A%2F%2Fwww.theverge.com&pfname=&rpctoken=21067852' in a frame because it set 'X-Frame-Options' to 'SAMEORIGIN'.", source: about:blank (0)
I/Icing (17372): Indexing done 3C9009886FEE0F26C40D8809FDFA0F4665463B0A
W/chromium(20448): [WARNING:jni_string.cc(28)] ConvertJavaStringToUTF8 called with null string.
I/ActivityManager( 745): Start proc com.qualcomm.qcrilmsgtunnel for service com.qualcomm.qcrilmsgtunnel/.QcrilMsgTunnelService: pid=20845 uid=1001 gids={41001, 9997, 3003, 2001, 1028, 1015, 3002, 3001} abi=armeabi-v7a
D/QcrilMsgTunnelService(20845): onCreate method
D/QcrilMsgTunnelIfaceManager(20845): : Instantiated
V/QcrilMsgTunnelSocket(20845): Starting QcRil Sender & Receiver threads
D/QcrilMsgTunnelIfaceManager(20845): Registered for UNSOL OEM HOOK Responses to deliver external apps
I/QcrilMsgTunnelSocket(20845): Connected to 'qmux_radio/rild_oem0' socket
V/wearable(17423): ensureBuffersHaveSpace: increasing size from 277 to 345
I/chromium(20448): [INFO:CONSOLE(38)] "V3 version: 340a020388f0d1395702980e539249b9bca96421", source: http://player.ooyala.com/v3/dcc84e41db014454b08662a766057e2b?namespace=OO&platform=html5-fallback&tweaks=android-enable-hls& (38)
I/chromium(20448): [INFO:CONSOLE(38)] "V3 version source: default", source: http://player.ooyala.com/v3/dcc84e41db014454b08662a766057e2b?namespace=OO&platform=html5-fallback&tweaks=android-enable-hls& (38)
I/ActivityManager( 745): Process com.google.android.apps.fitness (pid 20530) has died
I/art ( 745): Explicit concurrent mark sweep GC freed 24026(1135KB) AllocSpace objects, 16(1290KB) LOS objects, 21% free, 59MB/75MB, paused 1.382ms total 271.131ms
I/MediaRouter(20448): Found default route: MediaRouter.RouteInfo{ uniqueId=android/.support.v7.media.P:DEFAULT_ROUTE, name=Phone, description=null, enabled=true, connecting=false, playbackType=0, playbackStream=3, volumeHandling=1, volume=11, volumeMax=15, presentationDisplayId=-1, extras=null, providerPackageName=android }
W/chromium(20448): [WARNING:server_connection_manager.cc(296)] ServerConnectionManager forcing SYNC_AUTH_ERROR
W/chromium(20448): [WARNING:syncer_proto_util.cc(277)] Error posting from syncer: Response Code (bogus on error): -1 Content-Length (bogus on error): -1 Server Status: SYNC_AUTH_ERROR
E/chromium(20448): [ERROR:get_updates_processor.cc(240)] PostClientToServerMessage() failed during GetUpdates
W/ActivityManager( 745): Permission Denial: Accessing service ComponentInfo{com.google.android.music/com.google.android.music.dial.DialMediaRouteProviderService} from pid=20448, uid=10091 that is not exported from uid 10060
I/ActivityManager( 745): Start proc com.google.android.youtube for service com.google.android.youtube/.app.remote.YouTubeTvRouteProviderService: pid=20905 uid=10080 gids={50080, 9997, 3003, 1028, 1015} abi=armeabi-v7a
I/ActivityManager( 745): Process com.qualcomm.qcrilmsgtunnel (pid 20845) has died
W/ActivityManager( 745): Scheduling restart of crashed service com.qualcomm.qcrilmsgtunnel/.QcrilMsgTunnelService in 335200ms
D/MediaResourceGetter(20448): ethernet/wifi connection detected
W/UserSettingsManager(17143): syncFromDataItems: Failed to load data items, scheduling retry: Status{statusCode=TIMEOUT, resolution=null}
E/WearablePkgInstaller(17143): Error finding the local node: Status{statusCode=TIMEOUT, resolution=null}
W/NotificationBridger(17143): error getting local node: Status{statusCode=TIMEOUT, resolution=null}
I/NotificationBridger(17143): Retry startup in 1408 ms
I/NuCachedSource2( 187): ERROR_END_OF_STREAM
W/CastMediaRouteProvider(17372): addOrUpdateDevice: device: "Living Room" (bf0c70d0b1107f94aa11ce38768ffbd2) applicationName: null
D/DrmWidevine( 187): calling OEMCrypto_Initialize, g_qsee_apps_version = 20006
D/QSEECOMAPI: ( 187): QSEECom_get_handle sb_length = 0x5000
D/QSEECOMAPI: ( 187): App is already loaded QSEE and app id = 3
D/QSAPPSVER( 187): qsappsver_checkversion hlos_version major version = 2, tz_version major version = 2
D/QSAPPSVER( 187): qsappsver_checkversion hlos_version minor version = 6, tz_version minor version = 2
D/DrmWidevine( 187): OEMCrypto_Initialize sion_buffer g_wv_fhandle->ion_sbuffer 0x0xb5885000
E/DrmWidevine( 187): sion_buffer g_wv_fhandle->ion_sbuffer 0x0xb5885000
D/DrmWidevine( 187): OEMCrypto_Initialize exit returns 0
W/CastMediaRouteProvider(17372): addOrUpdateDevice: device: "Bedroom" (d15d9799f22e16497ac472aa54e505f5) applicationName: null
D/WVMLogging( 187): Thu Nov 27 09:39:57 2014 (b3b11480):WVSession::SetError: status=1001, desc=Invalid data format
E/WVMFileSource( 187): mDataSource-readAt returned error -1011
E/WVMExtractorImpl( 187): WV_Setup returned status 1001 in WVMMediaSource::start
I/chromium(20448): [INFO:CONSOLE(61)] "Invalid App Id: Must be a number or numeric string representing the application id.", source: http://connect.facebook.net/en_US/all.js (61)
D/DrmWidevine( 187): calling OEMCrypto_Terminate...
D/QSEECOMAPI: ( 187): QSEECom_dealloc_memory
D/QSEECOMAPI: ( 187): QSEECom_shutdown_app, app_id = 3
D/DrmWidevine( 187): OEMCrypto_Terminate returns 0
D/MediaResourceGetter(20448): resource doesn't have video
D/MediaResourceGetter(20448): extracted valid metadata: MediaMetadata[durationInMilliseconds=0, width=0, height=0, success=true]
I/chromium(20448): [INFO:CONSOLE(61)] "FB.getLoginStatus() called before calling FB.init().", source: http://connect.facebook.net/en_US/all.js (61)
I/chromium(20448): [INFO:CONSOLE(61)] "FB.init has already been called - this could indicate a problem", source: http://connect.facebook.net/en_US/all.js (61)
W/ResourcesManager(20905): Asset path '/system/framework/com.android.media.remotedisplay.jar' does not exist or contains no resources.
W/ResourcesManager(20905): Asset path '/system/framework/com.android.location.provider.jar' does not exist or contains no resources.
V/JNIHelp (20905): Registering com/google/android/gms/org/conscrypt/NativeCrypto's 235 native methods...
I/ProviderInstaller(20905): Installed default security provider GmsCore_OpenSSL
W/InputMethodManagerService( 745): Session failed to close due to remote exception
W/InputMethodManagerService( 745): android.os.DeadObjectException
W/InputMethodManagerService( 745): at android.os.BinderProxy.transactNative(Native Method)
W/InputMethodManagerService( 745): at android.os.BinderProxy.transact(Binder.java:496)
W/InputMethodManagerService( 745): at com.android.internal.view.IInputMethodSession$Stub$Proxy.finishSession(IInputMethodSession.java:305)
W/InputMethodManagerService( 745): at com.android.server.InputMethodManagerService.finishSessionLocked(InputMethodManagerService.java:1415)
W/InputMethodManagerService( 745): at com.android.server.InputMethodManagerService.clearClientSessionLocked(InputMethodManagerService.java:1406)
W/InputMethodManagerService( 745): at com.android.server.InputMethodManagerService.clearCurMethodLocked(InputMethodManagerService.java:1432)
W/InputMethodManagerService( 745): at com.android.server.InputMethodManagerService.onServiceDisconnected(InputMethodManagerService.java:1451)
W/InputMethodManagerService( 745): at android.app.LoadedApk$ServiceDispatcher.doDeath(LoadedApk.java:1208)
W/InputMethodManagerService( 745): at android.app.LoadedApk$ServiceDispatcher$RunConnection.run(LoadedApk.java:1222)
W/InputMethodManagerService( 745): at android.os.Handler.handleCallback(Handler.java:739)
W/InputMethodManagerService( 745): at android.os.Handler.dispatchMessage(Handler.java:95)
W/InputMethodManagerService( 745): at android.os.Looper.loop(Looper.java:135)
W/InputMethodManagerService( 745): at com.android.server.SystemServer.run(SystemServer.java:269)
W/InputMethodManagerService( 745): at com.android.server.SystemServer.main(SystemServer.java:170)
W/InputMethodManagerService( 745): at java.lang.reflect.Method.invoke(Native Method)
W/InputMethodManagerService( 745): at java.lang.reflect.Method.invoke(Method.java:372)
W/InputMethodManagerService( 745): at com.android.internal.os.ZygoteInit$MethodAndArgsCaller.run(ZygoteInit.java:899)
W/InputMethodManagerService( 745): at com.android.internal.os.ZygoteInit.main(ZygoteInit.java:694)
I/art (16979): Explicit concurrent mark sweep GC freed 13901(745KB) AllocSpace objects, 0(0B) LOS objects, 39% free, 17MB/29MB, paused 707us total 68.769ms
I/ActivityManager( 745): Process com.google.android.inputmethod.latin (pid 20112) has died
W/ActivityManager( 745): Scheduling restart of crashed service com.google.android.inputmethod.latin/com.android.inputmethod.latin.LatinIME in 1000ms
E/YouTube MDX(20905): Bogus value in shared preferences for key MdxServerSelection value , returning default value.
I/Icing (17372): Indexing 3C9009886FEE0F26C40D8809FDFA0F4665463B0A from com.chrome.beta
I/Icing (17372): Indexing done 3C9009886FEE0F26C40D8809FDFA0F4665463B0A
W/ClockworkProxy(17143): checkProxyEnablement: failed checking if nodes are connected, scheduling retry:Status{statusCode=TIMEOUT, resolution=null}
W/SettingsDataItemWriter(17143): Unable to fetch configurations: Status{statusCode=TIMEOUT, resolution=null}
E/DynRingVolController(17143): couldn't talk to clockwork
W/ClockworkProxy(17143): checkProxyEnablement: failed checking if nodes are connected, scheduling retry:Status{statusCode=TIMEOUT, resolution=null}
I/ActivityManager( 745): Start proc com.google.android.inputmethod.latin for service com.google.android.inputmethod.latin/com.android.inputmethod.latin.LatinIME: pid=21008 uid=10056 gids={50056, 9997, 3003, 1028, 1015} abi=armeabi-v7a
D/GoogleServicesManager(20448): setState: sync = true, wantedSyncState = true
D/GoogleServicesManager(20448): Enabling sync
D/DelegatedPKCS11Manager(20448): initialize
D/ChromeSigninController(20448): Already registered with GCM
I/ActivityManager( 745): Start proc com.google.android.partnersetup for content provider com.google.android.partnersetup/.RlzAppProvider: pid=21029 uid=10013 gids={50013, 9997, 3003} abi=armeabi-v7a
I/LatinIME(21008): Hardware accelerated drawing: true
I/MinidumpUploadService(20448): Attempting to upload accumulated crash dumps.
E/CwCal (17143): Fail to getDataItems: Status{statusCode=TIMEOUT, resolution=null}
D/WifiService( 745): Client connection lost with reason: 4
V/NotificationListeners( 745): notification listener connection lost: ComponentInfo{com.google.android.wearable.app/com.google.android.clockwork.stream.NotificationCollectorService}
W/InputMethodInfo( 745): Duplicated subtype definition found: , voice
I/ActivityManager( 745): Process com.google.android.wearable.app (pid 17143) has died
E/lowmemorykiller( 169): Error writing /proc/17508/oom_score_adj; errno=22
W/ActivityManager( 745): Exception when unbinding service com.google.android.googlequicksearchbox/com.google.android.sidekick.main.remoteservice.GoogleNowRemoteService
W/ActivityManager( 745): android.os.DeadObjectException
W/ActivityManager( 745): at android.os.BinderProxy.transactNative(Native Method)
W/ActivityManager( 745): at android.os.BinderProxy.transact(Binder.java:496)
W/ActivityManager( 745): at android.app.ApplicationThreadProxy.scheduleUnbindService(ApplicationThreadNative.java:917)
W/ActivityManager( 745): at com.android.server.am.ActiveServices.removeConnectionLocked(ActiveServices.java:1772)
W/ActivityManager( 745): at com.android.server.am.ActiveServices.killServicesLocked(ActiveServices.java:2156)
W/ActivityManager( 745): at com.android.server.am.ActivityManagerService.cleanUpApplicationRecordLocked(ActivityManagerService.java:14494)
W/ActivityManager( 745): at com.android.server.am.ActivityManagerService.handleAppDiedLocked(ActivityManagerService.java:4728)
W/ActivityManager( 745): at com.android.server.am.ActivityManagerService.appDiedLocked(ActivityManagerService.java:4891)
W/ActivityManager( 745): at com.android.server.am.ActivityManagerService$AppDeathRecipient.binderDied(ActivityManagerService.java:1164)
W/ActivityManager( 745): at android.os.BinderProxy.sendDeathNotice(Binder.java:551)
E/lowmemorykiller( 169): Error opening /proc/17508/oom_score_adj; errno=2
W/ActivityManager( 745): Scheduling restart of crashed service com.google.android.wearable.app/com.google.android.clockwork.host.DispatchingWearableListenerService in 1000ms
W/ActivityManager( 745): Scheduling restart of crashed service com.google.android.wearable.app/com.google.android.clockwork.now.NowFetcherService in 29962ms
W/ActivityManager( 745): Scheduling restart of crashed service com.google.android.wearable.app/com.google.android.clockwork.stream.NotificationCollectorService in 29961ms
W/ActivityManager( 745): Scheduling restart of crashed service com.google.android.wearable.app/com.google.android.clockwork.companion.packagemanager.PackageUpdateService in 39961ms
W/ActivityManager( 745): Scheduling restart of crashed service com.google.android.wearable.app/com.google.android.clockwork.calendar.CalendarSyncService in 39961ms
W/ActivityManager( 745): Scheduling restart of crashed service com.google.android.wearable.app/com.google.android.clockwork.calendar.CalendarQueryService in 39961ms
W/GoogleApiIcingClientImpl(20448): Failed to clear legacy corpus. Status Code: 8 Message: No CorpusConfig for history of com.chrome.beta
I/ActivityManager( 745): Process com.google.android.googlequicksearchbox:search (pid 17508) has died
W/ActivityManager( 745): Scheduling restart of crashed service com.google.android.googlequicksearchbox/com.google.android.search.core.service.SearchService in 39942ms
W/ActivityManager( 745): Canceling start item Intent { act=com.google.android.search.core.service.BroadcastListenerService.action.UPDATE cmp=com.google.android.googlequicksearchbox/com.google.android.search.core.service.BroadcastListenerService (has extras) } in service ComponentInfo{com.google.android.googlequicksearchbox/com.google.android.search.core.service.BroadcastListenerService}
W/ActivityManager( 745): Scheduling restart of crashed service com.google.android.googlequicksearchbox/com.google.android.search.core.service.BroadcastListenerService in 67720704ms
D/audio_hw_primary( 187): disable_audio_route: reset and update mixer path: audio-record
D/audio_hw_primary( 187): disable_snd_device: snd_device(55: voice-rec-mic)
I/art (17372): Explicit concurrent mark sweep GC freed 46375(5MB) AllocSpace objects, 39(1091KB) LOS objects, 40% free, 18MB/30MB, paused 2.247ms total 90.915ms
E/GoogleApiIcingClientImpl(20448): NoSuchMethodException while trying to construct DocumentContents
D/ChildProcessLauncher(20448): Allocator allocated a connection, sandbox: true, slot: 1
I/ActivityManager( 745): Start proc com.chrome.beta:sandboxed_process1 for service com.chrome.beta/org.chromium.content.app.SandboxedProcessService1: pid=21064 uid=99390 gids={} abi=armeabi-v7a
D/ChildProcessLauncher(20448): Setting up connection to process: slot=1
I/Icing (17372): Usage reports 3 indexed 0 rejected 0 imm upload false
I/art ( 745): Explicit concurrent mark sweep GC freed 15316(761KB) AllocSpace objects, 3(110KB) LOS objects, 21% free, 59MB/75MB, paused 3.308ms total 223.007ms
W/InputAttributes(21008): No editor info for this field. Bug?
I/ChildProcessService(21064): Creating new ChildProcessService pid=21064
I/LatinIME:LogUtils(21008): Dictionary info: dictionary = PersonalizationDictionary.en_US ; version = 328446 ; date = 1417034391
I/LatinIME:LogUtils(21008): Dictionary info: dictionary = ContextualDictionary.en_US ; version = 1417034400 ; date = ?
D/ChildProcessLauncher(20448): on connect callback, pid=21064 context=-1637758912
I/LibraryLoader(21064): Loading: chromium_android_linker
I/LibraryLoader(21064): Loading: chrome.2171.90
I/LatinIME:LogUtils(21008): Dictionary info: dictionary = contacts.en_US ; version = 1416991925 ; date = 1416991925
I/LatinIME:LogUtils(21008): Dictionary info: dictionary = UserHistoryDictionary.en_US ; version = 328446 ; date = 1417022667
I/LatinIME:LogUtils(21008): Dictionary info: dictionary = userunigram.en_US ; version = 1416564186 ; date = 1416564186
I/ActivityManager( 745): Start proc android.process.acore for content provider com.android.providers.userdictionary/.UserDictionaryProvider: pid=21091 uid=10004 gids={50004, 9997} abi=armeabi-v7a
I/LibraryLoader(21064): Time to load native libraries: 78 ms (timestamps 961-1039)
I/LibraryLoader(21064): Expected native library version number "39.0.2171.90",actual native library version number "39.0.2171.90"
I/chromium(21064): [INFO:library_loader_hooks.cc(104)] Chromium logging enabled: level = 0, default verbosity = 0
I/GCM (16979): GCM message com.chrome.beta 0:1417034399062026%b733f7f7f9fd7ecd
V/GCMBroadcastReceiver(20448): onReceive: com.google.android.c2dm.intent.RECEIVE
V/GCMRegistrar(20448): Setting the name of retry receiver class to com.google.ipc.invalidation.external.client.contrib.MultiplexingGcmListener$GCMReceiver
V/GCMBroadcastReceiver(20448): GCM IntentService class: com.google.ipc.invalidation.external.client.contrib.MultiplexingGcmListener
V/GCMBaseIntentService(20448): Acquiring wakelock
V/GCMBaseIntentService(20448): Intent service name: GCMIntentService-DynamicSenderIds-1
V/GCMBaseIntentService(20448): Releasing wakelock
W/art (21064): Attempt to remove local handle scope entry from IRT, ignoring
W/art (21064): Attempt to remove local handle scope entry from IRT, ignoring
D/InvalidationService(20448): Registration status for Oid: <1004, MANAGED_USER_SETTING>: REGISTERED
D/InvalidationService(20448): Registration status for Oid: <1004, AUTOFILL>: REGISTERED
I/chromium(21064): [INFO:child_process_service.cc(165)] ChildProcessService: Exiting child process.
W/libprocessgroup( 745): failed to open /acct/uid_10091/pid_21064/cgroup.procs: No such file or directory
I/ActivityManager( 745): Process com.chrome.beta:sandboxed_process1 (pid 21064) has died
W/ActivityManager( 745): Scheduling restart of crashed service com.chrome.beta/org.chromium.content.app.SandboxedProcessService1 in 48962ms
W/ChildProcessConnection(20448): onServiceDisconnected (crash or killed by oom): pid=21064
I/ActivityManager( 745): Start proc com.google.android.wearable.app for service com.google.android.wearable.app/com.google.android.clockwork.host.DispatchingWearableListenerService: pid=21119 uid=10116 gids={50116, 9997, 3002, 3001, 3003} abi=armeabi-v7a
D/InvalidationService(20448): Registration status for Oid: <1004, AUTOFILL_PROFILE>: REGISTERED
D/ChildProcessLauncher(20448): stopping child connection: pid=21064
D/ChildProcessLauncher(20448): Allocator freed a connection, sandbox: true, slot: 1
D/InvalidationService(20448): Registration status for Oid: <1004, TYPED_URL>: REGISTERED
D/InvalidationService(20448): Registration status for Oid: <1004, NIGORI>: REGISTERED
D/InvalidationService(20448): Registration status for Oid: <1004, PASSWORD>: REGISTERED
D/InvalidationService(20448): Registration status for Oid: <1004, HISTORY_DELETE_DIRECTIVE>: REGISTERED
D/InvalidationService(20448): Registration status for Oid: <1004, BOOKMARK>: REGISTERED
D/InvalidationService(20448): Registration status for Oid: <1004, FAVICON_IMAGE>: REGISTERED
D/InvalidationService(20448): Registration status for Oid: <1004, EXPERIMENTS>: REGISTERED
D/InvalidationService(20448): Registration status for Oid: <1004, FAVICON_TRACKING>: REGISTERED
D/InvalidationService(20448): Registration status for Oid: <1004, DEVICE_INFO>: REGISTERED
D/InvalidationService(20448): Registration status for Oid: <1004, SESSION>: REGISTERED
E/PackageNameComparator(21119): Couldn't find package ranking in gservices.
I/MediaRemoteController(21119): registering MediaRemoteController21
I/WearablePkgInstaller(21119): Syncing all apps on first start.
I/LatinIME:LogUtils(21008): Dictionary info: dictionary = main:en_us ; version = 52 ; date = 1412572954
I/LatinIME:LogUtils(21008): Dictionary info: dictionary = main:en_us ; version = 52 ; date = 1412572954
D/WearableClient(21119): WearableClientImpl.onPostInitHandler: done
I/ActivityManager( 745): Start proc com.google.android.googlequicksearchbox:search for service com.google.android.googlequicksearchbox/com.google.android.sidekick.main.remoteservice.GoogleNowRemoteService: pid=21164 uid=10022 gids={50022, 9997, 3003, 3001, 1028, 3002, 1015, 1005} abi=armeabi-v7a
W/NowFetcherService(21119): Receives a Now broadcast while not connected to GSA
I/ActivityManager( 745): Start proc com.android.providers.calendar for content provider com.android.providers.calendar/.CalendarProvider2: pid=21184 uid=10002 gids={50002, 9997, 3003, 1028, 1015} abi=armeabi-v7a
I/ContactLocale(21091): AddressBook Labels [en-US;cs-CZ]: [, A, B, C, D, E, F, G, H, I, J, K, L, M, N, O, P, Q, R, S, T, U, V, W, X, Y, Z, Α, Β, Γ, Δ, Ε, Ζ, Η, Θ, Ι, Κ, Λ, Μ, Ν, Ξ, Ο, Π, Ρ, Σ, Τ, Υ, Φ, Χ, Ψ, Ω, , А, Б, В, Г, Д, Ђ, Е, Є, Ж, З, И, І, Ї, Й, Ј, К, Л, Љ, М, Н, Њ, О, П, Р, С, Т, Ћ, У, Ф, Х, Ц, Ч, Џ, Ш, Щ, Ю, Я, , א, ב, ג, ד, ה, ו, ז, ח, ט, י, כ, ל, מ, נ, ס, ע, פ, צ, ק, ר, ש, ת, , ا, ب, ت, ث, ج, ح, خ, د, ذ, ر, ز, س, ش, ص, ض, ط, ظ, ع, غ, ف, ق, ك, ل, م, ن, ه, و, ي, , ก, ข, ฃ, ค, ฅ, ฆ, ง, จ, ฉ, ช, ซ, ฌ, ญ, ฎ, ฏ, ฐ, ฑ, ฒ, ณ, ด, ต, ถ, ท, ธ, น, บ, ป, ผ, ฝ, พ, ฟ, ภ, ม, ย, ร, ฤ, ล, ฦ, ว, ศ, ษ, ส, ห, ฬ, อ, ฮ, , ㄱ, ㄴ, ㄷ, ㄹ, ㅁ, ㅂ, ㅅ, ㅇ, ㅈ, ㅊ, ㅋ, ㅌ, ㅍ, ㅎ, , あ, か, さ, た, な, は, ま, や, ら, わ, #, ]
E/WifiStateMachine( 745): WifiStateMachine CMD_START_SCAN source -2 txSuccessRate=586.00 rxSuccessRate=974.43 targetRoamBSSID=00:00:00:00:00:00 RSSI=-62
D/ClockworkProxy(21119): Start clockwork proxy TCP serving thread
W/ResourcesManager(21119): Asset path '/system/framework/com.android.media.remotedisplay.jar' does not exist or contains no resources.
W/ResourcesManager(21119): Asset path '/system/framework/com.android.location.provider.jar' does not exist or contains no resources.
D/BluetoothManagerService( 745): Message: 20
D/BluetoothManagerService( 745): Added callback: android.bluetooth.IBluetoothManagerCallback$Stub$Proxy@36ebf207:true
W/ResourcesManager(21184): Asset path '/system/framework/android.test.runner.jar' does not exist or contains no resources.
D/BluetoothManagerService( 745): checkIfCallerIsForegroundUser: valid=true callingUser=0 foregroundUser=0
I/SettingsDataItemWriter(21119): setDisableDoze: true false
D/UserSettingsManager(21119): setState: skipping set state: initial state not loaded
D/ClockworkProxy(21119): Start clockwork proxy UDP relaying thread
D/ZenLog ( 745): set_zen_mode: off,listener
I/CalendarProvider2(21184): Created com.android.providers.calendar.CalendarAlarmManager@f038f81(com.android.providers.calendar.CalendarProvider2@39039826)
D/WearableClient(21119): WearableClientImpl.onPostInitHandler: done
D/WifiService( 745): New client listening to asynchronous messages
W/NowFetcherService(21119): Receives a Now broadcast while not connected to GSA
I/WearablePkgInstaller(21119): Fingerprint matches, not requesting installs for com.mailchimp.mailchimp
I/DynRingVolController(21119): reverting to original ringer.
W/GAV2 (21164): Thread[main,5,main]: Need to call initialize() and be in fallback mode to start dispatch.
I/ActivityManager( 745): Process com.android.providers.calendar (pid 21184) has died
W/ActivityManager( 745): Scheduling restart of crashed service com.android.providers.calendar/.EmptyService in 1000ms
I/art (21119): Explicit concurrent mark sweep GC freed 20799(1252KB) AllocSpace objects, 7(116KB) LOS objects, 40% free, 17MB/28MB, paused 1.199ms total 107.178ms
E/DataBuffer(21119): Internal data leak within a DataBuffer object detected! Be sure to explicitly call release() on all DataBuffer extending objects when you are done with them. (com.google.android.gms.wearable.DataItemBuffer@2d98155c)
D/NowFetcherService(21119): onServiceConnected: connected to NowRemoteService
I/WearablePkgInstaller(21119): Fingerprint matches, not requesting installs for com.google.android.apps.fitness
I/MediaRouter(21164): Found default route: MediaRouter.RouteInfo{ uniqueId=android/mo:DEFAULT_ROUTE, name=Phone, description=null, enabled=true, connecting=false, playbackType=0, playbackStream=3, volumeHandling=1, volume=11, volumeMax=15, presentationDisplayId=-1, extras=null, providerPackageName=android }
W/InputMethodInfo( 745): Duplicated subtype definition found: , voice
I/FavoriteContactNamesSup(21164): get() : Execute runnable (UI thread)
I/ContactLabelSupplier(21164): get() : Execute runnable (UI thread)
I/ActivityManager( 745): Start proc com.android.providers.calendar for content provider com.android.providers.calendar/.CalendarProvider2: pid=21232 uid=10002 gids={50002, 9997, 3003, 1028, 1015} abi=armeabi-v7a
E/lowmemorykiller( 169): Error writing /proc/21091/oom_score_adj; errno=22
I/ActivityThread(21164): Removing dead content provider:android.content.ContentProviderProxy@fa0dae6
I/ActivityThread(21164): Removing dead content provider:android.content.ContentProviderProxy@fa0dae6
I/ActivityManager( 745): Process android.process.acore (pid 21091) has died
I/ActivityThread(21164): Removing dead content provider:android.content.ContentProviderProxy@221660be
I/ActivityThread(21164): Removing dead content provider:android.content.ContentProviderProxy@221660be
I/ActivityManager( 745): Start proc android.process.acore for content provider com.android.providers.contacts/.ContactsProvider2: pid=21249 uid=10004 gids={50004, 9997} abi=armeabi-v7a
I/art ( 198): Explicit concurrent mark sweep GC freed 706(30KB) AllocSpace objects, 0(0B) LOS objects, 40% free, 15MB/25MB, paused 256us total 18.603ms
I/art ( 198): Explicit concurrent mark sweep GC freed 5(160B) AllocSpace objects, 0(0B) LOS objects, 40% free, 15MB/25MB, paused 240us total 10.429ms
I/art ( 198): Explicit concurrent mark sweep GC freed 5(160B) AllocSpace objects, 0(0B) LOS objects, 40% free, 15MB/25MB, paused 239us total 10.680ms
I/art (17423): Explicit concurrent mark sweep GC freed 20336(1572KB) AllocSpace objects, 0(0B) LOS objects, 39% free, 17MB/29MB, paused 1.956ms total 55.215ms
W/ResourcesManager(21232): Asset path '/system/framework/android.test.runner.jar' does not exist or contains no resources.
I/WearablePkgInstaller(21119): Fingerprint matches, not requesting installs for com.google.android.wearable.app
I/CalendarProvider2(21232): Created com.android.providers.calendar.CalendarAlarmManager@f038f81(com.android.providers.calendar.CalendarProvider2@39039826)
W/HandlerScheduledExecuto(21164): Task does not implement UiTask. Consider using NamedUiRunnable for fjp@120bf6a5
D/NowFetcherService(21119): now card fetch: getting cards...
D/WifiService( 745): acquireWifiLockLocked: WifiLock{NlpWifiLock type=2 binder=android.os.BinderProxy@2ad968ea}
E/WifiStateMachine( 745): WifiStateMachine CMD_START_SCAN source 10008 txSuccessRate=586.00 rxSuccessRate=974.43 targetRoamBSSID=00:00:00:00:00:00 RSSI=-62
I/wpa_supplicant(12600): wlan0: CTRL-EVENT-SCAN-STARTED
I/art ( 745): Explicit concurrent mark sweep GC freed 23697(2MB) AllocSpace objects, 3(178KB) LOS objects, 21% free, 59MB/75MB, paused 1.407ms total 401.050ms
W/HandlerScheduledExecuto(21164): Task does not implement UiTask. Consider using NamedUiRunnable for fjp@120bf6a5
D/NowFetcherService(21119): delete old card: wear://6ea9356f-df00-4185-8f84-25f2b4ebb55b/now/now_reminder/0
I/WearablePkgInstaller(21119): Fingerprint matches, not requesting installs for com.google.android.apps.maps
I/ActivityManager( 745): Process com.google.android.partnersetup (pid 21029) has died
I/ContactLocale(21249): AddressBook Labels [en-US;cs-CZ]: [, A, B, C, D, E, F, G, H, I, J, K, L, M, N, O, P, Q, R, S, T, U, V, W, X, Y, Z, Α, Β, Γ, Δ, Ε, Ζ, Η, Θ, Ι, Κ, Λ, Μ, Ν, Ξ, Ο, Π, Ρ, Σ, Τ, Υ, Φ, Χ, Ψ, Ω, , А, Б, В, Г, Д, Ђ, Е, Є, Ж, З, И, І, Ї, Й, Ј, К, Л, Љ, М, Н, Њ, О, П, Р, С, Т, Ћ, У, Ф, Х, Ц, Ч, Џ, Ш, Щ, Ю, Я, , א, ב, ג, ד, ה, ו, ז, ח, ט, י, כ, ל, מ, נ, ס, ע, פ, צ, ק, ר, ש, ת, , ا, ب, ت, ث, ج, ح, خ, د, ذ, ر, ز, س, ش, ص, ض, ط, ظ, ع, غ, ف, ق, ك, ل, م, ن, ه, و, ي, , ก, ข, ฃ, ค, ฅ, ฆ, ง, จ, ฉ, ช, ซ, ฌ, ญ, ฎ, ฏ, ฐ, ฑ, ฒ, ณ, ด, ต, ถ, ท, ธ, น, บ, ป, ผ, ฝ, พ, ฟ, ภ, ม, ย, ร, ฤ, ล, ฦ, ว, ศ, ษ, ส, ห, ฬ, อ, ฮ, , ㄱ, ㄴ, ㄷ, ㄹ, ㅁ, ㅂ, ㅅ, ㅇ, ㅈ, ㅊ, ㅋ, ㅌ, ㅍ, ㅎ, , あ, か, さ, た, な, は, ま, や, ら, わ, #, ]
D/NowFetcherService(21119): delete old card: wear://6ea9356f-df00-4185-8f84-25f2b4ebb55b/now/now_reminder/1
D/NowFetcherService(21119): delete old card: wear://6ea9356f-df00-4185-8f84-25f2b4ebb55b/now/now_stock_list/0
D/NowFetcherService(21119): delete old card: wear://6ea9356f-df00-4185-8f84-25f2b4ebb55b/now/now_weather/0
I/WearablePkgInstaller(21119): Fingerprint matches, not requesting installs for com.tinder
D/NowFetcherService(21119): set new card: /now/now_stock_list/0
D/NowFetcherService(21119): set new card: /now/now_weather/0
V/wearable(17423): ensureBuffersHaveSpace: increasing size from 1014 to 1526
D/NowFetcherService(21119): set new card: /now/now_reminder/1
I/ContactLabelSupplier(21164): get() : OptedIn = true
I/ContactLabelSupplier(21164): get() : Looking up 20 labels
