W/ResourcesManager(19287): Asset path '/system/framework/com.android.media.remotedisplay.jar' does not exist or contains no resources.
W/ResourcesManager(19287): Asset path '/system/framework/com.android.location.provider.jar' does not exist or contains no resources.
D/WifiService( 745): New client listening to asynchronous messages
I/ActivityManager( 745): Start proc android.process.acore for content provider com.android.providers.userdictionary/.UserDictionaryProvider: pid=19563 uid=10004 gids={50004, 9997} abi=armeabi-v7a
I/ActivityManager( 745): Start proc com.motorola.targetnotif for broadcast com.motorola.targetnotif/com.motorola.motoproxy.calendar.CalendarDataReceiver: pid=19602 uid=10128 gids={50128, 9997, 3002, 3001, 3003, 1028, 1015} abi=armeabi-v7a
E/AppWidgetServiceImpl( 745): Error clearing service interface
E/AppWidgetServiceImpl( 745): android.os.DeadObjectException
E/AppWidgetServiceImpl( 745): at android.os.BinderProxy.transactNative(Native Method)
E/AppWidgetServiceImpl( 745): at android.os.BinderProxy.transact(Binder.java:496)
E/AppWidgetServiceImpl( 745): at com.android.internal.widget.IRemoteViewsAdapterConnection$Stub$Proxy.onServiceDisconnected(IRemoteViewsAdapterConnection.java:101)
E/AppWidgetServiceImpl( 745): at com.android.server.appwidget.AppWidgetServiceImpl$ServiceConnectionProxy.disconnect(AppWidgetServiceImpl.java:3430)
E/AppWidgetServiceImpl( 745): at com.android.server.appwidget.AppWidgetServiceImpl.bindRemoteViewsService(AppWidgetServiceImpl.java:945)
E/AppWidgetServiceImpl( 745): at com.android.internal.appwidget.IAppWidgetService$Stub.onTransact(IAppWidgetService.java:370)
E/AppWidgetServiceImpl( 745): at android.os.Binder.execTransact(Binder.java:446)
I/ActivityManager( 745): Process com.android.providers.calendar (pid 19465) has died --------- beginning of main
I/LatinIME:LogUtils(19529): Dictionary info: dictionary = main:en_us ; version = 52 ; date = 1412572954
I/ActivityManager( 745): Process android.process.acore (pid 19563) has died
I/CWCheckin(19602): EventInsertThread started
D/BluetoothManagerService( 745): Message: 20
D/BluetoothManagerService( 745): Added callback: android.bluetooth.IBluetoothManagerCallback$Stub$Proxy@3befdc53:true
I/art ( 745): Explicit concurrent mark sweep GC freed 18267(950KB) AllocSpace objects, 7(621KB) LOS objects, 21% free, 59MB/75MB, paused 1.368ms total 94.510ms
I/NetworkMonitor(19497): type=WIFI subType= reason=null isConnected=true
W/InputMethodManagerService( 745): Session failed to close due to remote exception
W/InputMethodManagerService( 745): android.os.DeadObjectException
W/InputMethodManagerService( 745): at android.os.BinderProxy.transactNative(Native Method)
W/InputMethodManagerService( 745): at android.os.BinderProxy.transact(Binder.java:496)
W/InputMethodManagerService( 745): at com.android.internal.view.IInputMethodSession$Stub$Proxy.finishSession(IInputMethodSession.java:305)
W/InputMethodManagerService( 745): at com.android.server.InputMethodManagerService.finishSessionLocked(InputMethodManagerService.java:1415)
W/InputMethodManagerService( 745): at com.android.server.InputMethodManagerService.clearClientSessionLocked(InputMethodManagerService.java:1406)
W/InputMethodManagerService( 745): at com.android.server.InputMethodManagerService.clearCurMethodLocked(InputMethodManagerService.java:1432)
W/InputMethodManagerService( 745): at com.android.server.InputMethodManagerService.onServiceDisconnected(InputMethodManagerService.java:1451)
W/InputMethodManagerService( 745): at android.app.LoadedApk$ServiceDispatcher.doDeath(LoadedApk.java:1208)
W/InputMethodManagerService( 745): at android.app.LoadedApk$ServiceDispatcher$RunConnection.run(LoadedApk.java:1222)
W/InputMethodManagerService( 745): at android.os.Handler.handleCallback(Handler.java:739)
W/InputMethodManagerService( 745): at android.os.Handler.dispatchMessage(Handler.java:95)
W/InputMethodManagerService( 745): at android.os.Looper.loop(Looper.java:135)
W/InputMethodManagerService( 745): at com.android.server.SystemServer.run(SystemServer.java:269)
W/InputMethodManagerService( 745): at com.android.server.SystemServer.main(SystemServer.java:170)
W/InputMethodManagerService( 745): at java.lang.reflect.Method.invoke(Native Method)
W/InputMethodManagerService( 745): at java.lang.reflect.Method.invoke(Method.java:372)
W/InputMethodManagerService( 745): at com.android.internal.os.ZygoteInit$MethodAndArgsCaller.run(ZygoteInit.java:899)
W/InputMethodManagerService( 745): at com.android.internal.os.ZygoteInit.main(ZygoteInit.java:694)
I/ActivityManager( 745): Start proc com.android.providers.calendar for content provider com.android.providers.calendar/.CalendarProvider2: pid=19627 uid=10002 gids={50002, 9997, 3003, 1028, 1015} abi=armeabi-v7a
E/CWCheckin(19602): PrivacyHelper() cannot find MotorolaSettings!
D/Checkin (19602): publish the event [tag = MOT_CHECKIN event name = LOG]
D/CWCheckin(19602): Motorola help_improve privacy is -1
D/WearableClient(19497): WearableClientImpl.onPostInitHandler: done
D/CWCheckin(19602): Generic privacy config is true
I/ActivityManager( 745): Process com.google.android.inputmethod.latin (pid 19529) has died
W/ActivityManager( 745): Scheduling restart of crashed service com.google.android.inputmethod.latin/com.android.inputmethod.latin.LatinIME in 19079ms
W/ResourcesManager(19627): Asset path '/system/framework/android.test.runner.jar' does not exist or contains no resources.
I/BSUtils (19602): device type: NONMOTO
E/ActivityThread(19602): Failed to find provider info for com.motorola.ccc.plm.misc
I/LocalDevicePlayback(19497): Streaming client created.
I/CWCheckin(19602): service created
D/Checkin (19602): publish the event [tag = MOT_CHECKIN event name = LOG]
D/CWCheckin(19602): Motorola help_improve privacy is -1
D/CWCheckin(19602): Generic privacy config is true
I/CWCheckin(19602): service started
D/Checkin (19602): publish the event [tag = MOT_CHECKIN event name = LOG]
D/CWCheckin(19602): Motorola help_improve privacy is -1
D/CWCheckin(19602): Generic privacy config is true
I/ActivityManager( 745): Process com.google.android.music:main (pid 19497) has died
W/ActivityManager( 745): Scheduling restart of crashed service com.google.android.music/.download.artwork.ArtDownloadService in 12700160ms
W/ActivityManager( 745): Scheduling restart of crashed service com.google.android.music/.wear.WearDataTransferConnectionService in 1226240ms
W/ActivityManager( 745): Scheduling restart of crashed service com.google.android.music/.download.cache.TrackCacheService in 43482ms
W/ActivityManager( 745): Scheduling restart of crashed service com.google.android.music/.playback.MusicPlaybackService in 183568ms
I/CalendarProvider2(19627): Created com.android.providers.calendar.CalendarAlarmManager@f038f81(com.android.providers.calendar.CalendarProvider2@39039826)
E/ActivityThread(19602): Failed to find provider info for com.motorola.ccc.plm.misc
I/CCE (19602): Default cloud URL does not match to one in our config .. deleting config to force device to reprovision
W/CheckinEventWrapper(19602): Unable to get checkin class.
D/CCE (19602): _setupDefaults() ignoring overlayed setting as it is not defined in our Configuration
D/CCE (19602): blur version: Blur_Version.21.0.1570415.hammerhead.unknown.en.US
E/BlurMotherFrameworkDeps(19602): failed to register tag for checkin logging
D/MMApiWSBase(19602): MMApiWSBase configured as mOAuthToken=null, mOAuthTokenSecret=null, mSocketTimeout=30000, mTimeSkew=0, mChunkSize=8192
E/BlurMotherFrameworkDeps(19602): failed to register tag for checkin logging
D/CCE (19602): AppWSProxy created ...
D/PollingManager(19602): PollingManagerService()
D/PollingManager(19602): init()
I/UserAuthService(19602): service started, account exists: true
D/MMApiProvisionService(19602): Configuring max forced login attempts to 50
E/BlurMotherFrameworkDeps(19602): failed to register tag for checkin logging
D/MMApiProvisionService(19602): MMApiProvisionService created...
D/MMApiProvisionService(19602): isDeviceProvisioned: deviceId = null
D/CCE (19602): sending request: (create_device) to MMApiprovisionService
I/MMApiProvisionService(19602): createDeviceIdOrLogin create_device
D/MMApiProvisionService(19602): isDeviceProvisioned: deviceId = null
I/UserDevice(19602): createDevice
D/BSUtils (19602): Error checking isMultiSimEnabled, Exception:java.lang.ClassNotFoundException: android.telephony.MSimTelephonyManager
D/BSUtils (19602): Error checking isMultiSimEnabled, Exception:java.lang.ClassNotFoundException: android.telephony.MSimTelephonyManager
I/BSUtils (19602): failed to get sys.build.version.checksum. Setting swChkSum to default: FFFF
I/UserDevice(19602): Request: executing...
D/CCE (19602): onBind() called: com.motorola.blur.service.blur.Actions.BIND_WSPROXY_SVC
E/ActivityThread(19602): Failed to find provider info for com.motorola.ccc.plm.misc
D/CCE (19602): App Checkin requested CCE to send settings
D/CCE (19602): onBind() called: com.motorola.blur.service.blur.Actions.BIND_POLLINGMANAGER_WSPROXY_SVC
D/WearableClient(19602): WearableClientImpl.onPostInitHandler: done
D/PollingManager(19602): phone state: 0 0 home 2degrees 53024 UMTS HSPA CSS not supported -1 -1 RoamInd=-1 DefRoamInd=-1 EmergOnly=false
D/PollingManager(19602): ignoring connectivity_action: since I don't like the type: [type: MOBILE[HSPA], state: DISCONNECTED/DISCONNECTED, reason: (unspecified), extra: internet, roaming: false, failover: false, isAvailable: true, isConnectedToProvisioningNetwork: false]
I/CWCheckin(19602): BcsTimer.setTimer(52241, 21600000)
D/Checkin (19602): publish the event [tag = MOT_CHECKIN event name = LOG]
D/CWCheckin(19602): Motorola help_improve privacy is -1
D/CWCheckin(19602): Generic privacy config is true
D/PollingManager(19602): registerApp(): com.motorola.checkin
D/PollingManager(19602): registerApp(): shortest interval is 21600000
D/PollingManager(19602): Polling alarm set to expire at: 554512960 Current Time: 554460720
D/MMApiWebService(19602): doRequest() with req : [B@36cdd47d
D/MMApiWebService(19602): generating token using payload instead of using session token
D/CWCheckin(19602): Checkin StartupReceiver: com.motorola.blur.service.blur.Actions.SERVICES_STARTED received.
D/CWCheckin(19602): Checkin StartupReceiver: com.motorola.cce.Actions.CCE_LAUNCH_CW_CHECKIN received.
D/Checkin (19602): publish the event [tag = MOT_PRIVACY_PROFILE event name = PRIVACY]
D/CWCheckin(19602): Motorola help_improve privacy is -1
D/CWCheckin(19602): Generic privacy config is true
D/Checkin (19602): publish the event [tag = MOT_PRIVACY_PROFILE event name = PRIVACY]
D/CWCheckin(19602): Motorola help_improve privacy is -1
D/CWCheckin(19602): Generic privacy config is true
I/CWCheckin(19602): service started
D/Checkin (19602): publish the event [tag = MOT_CHECKIN event name = LOG]
D/CWCheckin(19602): Motorola help_improve privacy is -1
D/CWCheckin(19602): Generic privacy config is true
I/MotAcct.GoogAccWatcher(19602): account is authenticated: true
I/MMApiWSBase(19602): doRequest(): url: https://argo.svcmot.com:443/v1/gdi/user/devices.json?appid=6R1TANEX3ZMQ6EU1UH43P34C8B868KTE&userid=9bd58775cf0940c4bac29fda474df1b7
I/ThermalEngine( 197): TM Id 'SKIN_THERMAL_management_1' Sensor 'xo_therm_pu2' - alarm raised 2 at 42.0 degC
I/ThermalEngine( 197): ACTION: CPU - Setting CPU[0] to 1574400
I/ThermalEngine( 197): ACTION: CPU - Setting CPU[1] to 1574400
I/ThermalEngine( 197): ACTION: CPU - Setting CPU[2] to 1574400
I/ThermalEngine( 197): ACTION: CPU - Setting CPU[3] to 1574400
I/ThermalEngine( 197): ACTION: LCD - Setting max LCD brightness to 204
I/art (17423): Explicit concurrent mark sweep GC freed 51823(2MB) AllocSpace objects, 11(184KB) LOS objects, 40% free, 17MB/28MB, paused 1.111ms total 61.970ms
D/WearableClient(19602): WearableClientImpl.onPostInitHandler: done
I/CWCheckin(19602): BcsTimer.setTimer(21600000, 21600000)
D/Checkin (19602): publish the event [tag = MOT_CHECKIN event name = LOG]
D/CWCheckin(19602): Motorola help_improve privacy is -1
D/CWCheckin(19602): Generic privacy config is true
D/PollingManager(19602): registerApp(): com.motorola.checkin
D/PollingManager(19602): registerApp(): com.motorola.checkin already registered.
D/PollingManager(19602): modifyApp(): com.motorola.checkin
D/PollingManager(19602): calculateShortestInterval(): shortest interval is 21600000
I/Gmail (19287): MainSyncRequestProto: lowestBkwdConvoId: 0, highestHandledServerOp: 12472800, normalSync: true
I/Gmail (19287): lowestBackward conversation id 0
I/Gmail (19287): notifyAccountChanged
I/Gmail (19287): getAccountsCursor
I/Gmail (19287): Sending provider changed intent: Intent { act=android.intent.action.PROVIDER_CHANGED dat=content://gmail-ls/unread/^sq_ig_i_notification (has extras) }
I/Gmail (19287): notifyAccountChanged
W/Gmail (19287): Sync complete for account: account:-889859601
I/Gmail (19287): getAccountsCursor
W/ResourcesManager(19443): Asset path '/system/framework/com.google.android.media.effects.jar' does not exist or contains no resources.
W/ResourcesManager(19443): Asset path '/system/framework/com.google.android.maps.jar' does not exist or contains no resources.
W/ResourcesManager(19443): Asset path '/system/framework/com.google.android.maps.jar' does not exist or contains no resources.
W/ResourcesManager(19443): Asset path '/system/framework/com.google.android.maps.jar' does not exist or contains no resources.
I/ActivityManager( 745): Process com.google.android.gm (pid 19287) has died
I/CalendarProvider2(19627): Sending notification intent: Intent { act=android.intent.action.PROVIDER_CHANGED dat=content://com.android.calendar }
W/ContentResolver(19627): Failed to get type for: content://com.android.calendar (Unknown URL content://com.android.calendar)
D/WearableClient(19602): WearableClientImpl.onPostInitHandler: done
W/fha (19304): Did not expect preloaded results for livelist: SAPI_LL_TYPE_CLUSTER_CONFIGS_FOR_CLUSTER_FETCHER
I/Icing (17372): Indexing C826E4A32AC223279875D9BDD342D1B3E6BD3AB4 from com.google.android.gm
I/ActivityManager( 745): Start proc com.google.android.gm for content provider com.google.android.gm/.provider.SearchQuery$Provider: pid=19693 uid=10070 gids={50070, 9997, 3003, 1028, 1015} abi=armeabi-v7a
I/art ( 198): Explicit concurrent mark sweep GC freed 703(30KB) AllocSpace objects, 0(0B) LOS objects, 40% free, 15MB/25MB, paused 254us total 12.668ms
I/art ( 198): Explicit concurrent mark sweep GC freed 5(160B) AllocSpace objects, 0(0B) LOS objects, 40% free, 15MB/25MB, paused 232us total 11.473ms
I/art ( 198): Explicit concurrent mark sweep GC freed 5(160B) AllocSpace objects, 0(0B) LOS objects, 40% free, 15MB/25MB, paused 231us total 10.495ms
I/ActivityManager( 745): Start proc com.google.android.gm.exchange for service com.google.android.gm.exchange/com.android.exchange.service.EasService: pid=19713 uid=10069 gids={50069, 9997, 3003, 1028, 1015} abi=armeabi-v7a
D/ActivityThread(19693): Loading provider com.google.android.gmail.provider;com.android.mail.notifier;com.google.android.gm.email.provider;com.google.android.gm.email.notifier: com.android.email.provider.EmailProvider
I/Gmail (19693): getAccountsCursor
W/GAV2 (19693): Thread[main,5,main]: Need to call initialize() and be in fallback mode to start dispatch.
E/SQLiteLog(19693): (283) recovered 79 frames from WAL file /data/user/0/com.google.android.gm/databases/mailstore.shadowservices@gmail.com.db-wal
I/Exchange(19713): EasService.onCreate
I/Exchange(19713): RestartPingTask
W/ActivityManager( 745): Unable to start service Intent { cmp=com.google.android.gm/com.android.email.service.AttachmentService } U=0: not found
I/Exchange(19713): RestartPingsTask did not start any pings.
I/Exchange(19713): PSS stopIfIdle
I/Exchange(19713): PSS has no active accounts; stopping service.
I/Gmail (19693): getAccountsCursor
W/ActivityManager( 745): Unable to start service Intent { cmp=com.google.android.gm/com.android.email.service.AttachmentService } U=0: not found
I/Gmail (19693): Observing account changes for notifications
W/ActivityManager( 745): Unable to start service Intent { cmp=com.google.android.gm/com.android.email.service.AttachmentService } U=0: not found
I/Exchange(19713): onDestroy
E/WifiStateMachine( 745): WifiStateMachine CMD_START_SCAN source -2 txSuccessRate=58.90 rxSuccessRate=54.25 targetRoamBSSID=00:00:00:00:00:00 RSSI=-64
I/Gmail (19693): notifyAccountChanged
I/Gmail (19693): calculateUnknownSyncRationalesAndPurgeInBackground: queueing
I/Gmail (19693): calculateUnknownSyncRationalesAndPurgeInBackground: queueing
I/Gmail (19693): calculateUnknownSyncRationalesAndPurgeInBackground: running
I/Gmail (19693): calculateUnknownSyncRationalesAndPurgeInBackground: running
I/ActivityManager( 745): Start proc com.chrome.beta for broadcast com.chrome.beta/com.google.ipc.invalidation.ticl.android2.AndroidInternalScheduler$AlarmReceiver: pid=19769 uid=10091 gids={50091, 9997, 3003, 1028, 1015} abi=armeabi-v7a
E/lowmemorykiller( 169): Error opening /proc/19627/oom_score_adj; errno=2
I/Exchange(19713): EasService.onCreate
I/ActivityManager( 745): Process com.android.providers.calendar (pid 19627) has died
I/Exchange(19713): RestartPingTask
I/ActivityManager( 745): Process com.motorola.targetnotif (pid 19602) has died
W/ActivityManager( 745): Scheduling restart of crashed service com.motorola.targetnotif/com.motorola.checkin.uploader.CheckinService in 652800ms
I/Exchange(19713): RestartPingsTask did not start any pings.
I/Exchange(19713): PSS stopIfIdle
I/Exchange(19713): PSS has no active accounts; stopping service.
I/Exchange(19713): onDestroy
W/fne (19304): sections == null. missed changes
W/fne (19304): sections == null. missed changes
I/art ( 745): Explicit concurrent mark sweep GC freed 20958(939KB) AllocSpace objects, 0(0B) LOS objects, 21% free, 59MB/75MB, paused 10.633ms total 116.259ms
D/Icing (17372): Loaded CLD2 Version V2.0 - 20140131
I/Gmail (19693): getAccountsCursor
E/SQLiteLog(19693): (283) recovered 56 frames from WAL file /data/user/0/com.google.android.gm/databases/mailstore.jordan@notablepdf.com.db-wal
I/Gmail (19693): notifyAccountChanged
I/Gmail (19693): getAccountsCursor
I/Gmail (19693): calculateUnknownSyncRationalesAndPurgeInBackground: queueing
I/Gmail (19693): calculateUnknownSyncRationalesAndPurgeInBackground: queueing
I/Gmail (19693): calculateUnknownSyncRationalesAndPurgeInBackground: running
I/Gmail (19693): calculateUnknownSyncRationalesAndPurgeInBackground: running
I/Gmail (19693): getAccountsCursor
I/Icing (17372): Indexing done C826E4A32AC223279875D9BDD342D1B3E6BD3AB4
I/ActivityManager( 745): Start proc com.android.providers.calendar for content provider com.android.providers.calendar/.CalendarProvider2: pid=19803 uid=10002 gids={50002, 9997, 3003, 1028, 1015} abi=armeabi-v7a
I/ActivityManager( 745): Process com.google.android.gm.exchange (pid 19713) has died
W/ResourcesManager(19803): Asset path '/system/framework/android.test.runner.jar' does not exist or contains no resources.
I/CalendarProvider2(19803): Created com.android.providers.calendar.CalendarAlarmManager@f038f81(com.android.providers.calendar.CalendarProvider2@39039826)
I/CalendarProvider2(19803): Sending notification intent: Intent { act=android.intent.action.PROVIDER_CHANGED dat=content://com.android.calendar }
W/ContentResolver(19803): Failed to get type for: content://com.android.calendar (Unknown URL content://com.android.calendar)
I/ActivityManager( 745): Start proc com.motorola.targetnotif for broadcast com.motorola.targetnotif/com.motorola.motoproxy.calendar.CalendarDataReceiver: pid=19822 uid=10128 gids={50128, 9997, 3002, 3001, 3003, 1028, 1015} abi=armeabi-v7a
I/CWCheckin(19822): EventInsertThread started
D/BluetoothManagerService( 745): Message: 20
D/BluetoothManagerService( 745): Added callback: android.bluetooth.IBluetoothManagerCallback$Stub$Proxy@2b3a651f:true
I/ActivityManager( 745): Process com.chrome.beta (pid 19769) has died
E/CWCheckin(19822): PrivacyHelper() cannot find MotorolaSettings!
D/Checkin (19822): publish the event [tag = MOT_CHECKIN event name = LOG]
D/CWCheckin(19822): Motorola help_improve privacy is -1
D/CWCheckin(19822): Generic privacy config is true
I/BSUtils (19822): device type: NONMOTO
E/ActivityThread(19822): Failed to find provider info for com.motorola.ccc.plm.misc
I/CWCheckin(19822): service created
D/Checkin (19822): publish the event [tag = MOT_CHECKIN event name = LOG]
D/CWCheckin(19822): Motorola help_improve privacy is -1
D/CWCheckin(19822): Generic privacy config is true
I/CWCheckin(19822): service started
D/Checkin (19822): publish the event [tag = MOT_CHECKIN event name = LOG]
D/CWCheckin(19822): Motorola help_improve privacy is -1
D/CWCheckin(19822): Generic privacy config is true
E/ActivityThread(19822): Failed to find provider info for com.motorola.ccc.plm.misc
I/CCE (19822): Default cloud URL does not match to one in our config .. deleting config to force device to reprovision
W/CheckinEventWrapper(19822): Unable to get checkin class.
D/CCE (19822): _setupDefaults() ignoring overlayed setting as it is not defined in our Configuration
D/CCE (19822): blur version: Blur_Version.21.0.1570415.hammerhead.unknown.en.US
E/BlurMotherFrameworkDeps(19822): failed to register tag for checkin logging
D/MMApiWSBase(19822): MMApiWSBase configured as mOAuthToken=null, mOAuthTokenSecret=null, mSocketTimeout=30000, mTimeSkew=0, mChunkSize=8192
E/BlurMotherFrameworkDeps(19822): failed to register tag for checkin logging
D/CCE (19822): AppWSProxy created ...
D/PollingManager(19822): PollingManagerService()
D/PollingManager(19822): init()
I/UserAuthService(19822): service started, account exists: true
D/MMApiProvisionService(19822): Configuring max forced login attempts to 50
E/BlurMotherFrameworkDeps(19822): failed to register tag for checkin logging
D/MMApiProvisionService(19822): MMApiProvisionService created...
D/MMApiProvisionService(19822): isDeviceProvisioned: deviceId = null
D/CCE (19822): sending request: (create_device) to MMApiprovisionService
I/MMApiProvisionService(19822): createDeviceIdOrLogin create_device
D/MMApiProvisionService(19822): isDeviceProvisioned: deviceId = null
I/UserDevice(19822): createDevice
D/BSUtils (19822): Error checking isMultiSimEnabled, Exception:java.lang.ClassNotFoundException: android.telephony.MSimTelephonyManager
D/BSUtils (19822): Error checking isMultiSimEnabled, Exception:java.lang.ClassNotFoundException: android.telephony.MSimTelephonyManager
I/BSUtils (19822): failed to get sys.build.version.checksum. Setting swChkSum to default: FFFF
I/UserDevice(19822): Request: executing...
D/CCE (19822): onBind() called: com.motorola.blur.service.blur.Actions.BIND_WSPROXY_SVC
E/ActivityThread(19822): Failed to find provider info for com.motorola.ccc.plm.misc
D/CCE (19822): App Checkin requested CCE to send settings
D/CCE (19822): onBind() called: com.motorola.blur.service.blur.Actions.BIND_POLLINGMANAGER_WSPROXY_SVC
D/WearableClient(19822): WearableClientImpl.onPostInitHandler: done
D/PollingManager(19822): phone state: 0 0 home 2degrees 53024 UMTS HSPA CSS not supported -1 -1 RoamInd=-1 DefRoamInd=-1 EmergOnly=false
D/PollingManager(19822): ignoring connectivity_action: since I don't like the type: [type: MOBILE[HSPA], state: DISCONNECTED/DISCONNECTED, reason: (unspecified), extra: internet, roaming: false, failover: false, isAvailable: true, isConnectedToProvisioningNetwork: false]
I/CWCheckin(19822): BcsTimer.setTimer(5790, 21600000)
D/Checkin (19822): publish the event [tag = MOT_CHECKIN event name = LOG]
D/CWCheckin(19822): Motorola help_improve privacy is -1
D/CWCheckin(19822): Generic privacy config is true
D/PollingManager(19822): registerApp(): com.motorola.checkin
D/PollingManager(19822): registerApp(): shortest interval is 21600000
D/PollingManager(19822): Polling alarm set to expire at: 554472500 Current Time: 554466711
D/CWCheckin(19822): Checkin StartupReceiver: com.motorola.blur.service.blur.Actions.SERVICES_STARTED received.
D/CWCheckin(19822): Checkin StartupReceiver: com.motorola.cce.Actions.CCE_LAUNCH_CW_CHECKIN received.
D/Checkin (19822): publish the event [tag = MOT_PRIVACY_PROFILE event name = PRIVACY]
D/CWCheckin(19822): Motorola help_improve privacy is -1
D/CWCheckin(19822): Generic privacy config is true
D/Checkin (19822): publish the event [tag = MOT_PRIVACY_PROFILE event name = PRIVACY]
D/CWCheckin(19822): Motorola help_improve privacy is -1
D/CWCheckin(19822): Generic privacy config is true
I/CWCheckin(19822): service started
D/Checkin (19822): publish the event [tag = MOT_CHECKIN event name = LOG]
D/CWCheckin(19822): Motorola help_improve privacy is -1
D/CWCheckin(19822): Generic privacy config is true
I/MotAcct.GoogAccWatcher(19822): account is authenticated: true
D/MMApiWebService(19822): doRequest() with req : [B@e1d6ed
D/MMApiWebService(19822): generating token using payload instead of using session token
D/WearableClient(19822): WearableClientImpl.onPostInitHandler: done
I/MMApiWSBase(19822): doRequest(): url: https://argo.svcmot.com:443/v1/gdi/user/devices.json?appid=6R1TANEX3ZMQ6EU1UH43P34C8B868KTE&userid=9bd58775cf0940c4bac29fda474df1b7
I/CWCheckin(19822): BcsTimer.setTimer(21600000, 21600000)
D/Checkin (19822): publish the event [tag = MOT_CHECKIN event name = LOG]
D/CWCheckin(19822): Motorola help_improve privacy is -1
D/CWCheckin(19822): Generic privacy config is true
D/PollingManager(19822): registerApp(): com.motorola.checkin
D/PollingManager(19822): registerApp(): com.motorola.checkin already registered.
D/PollingManager(19822): modifyApp(): com.motorola.checkin
D/PollingManager(19822): calculateShortestInterval(): shortest interval is 21600000
W/PropertyValuesHolder(19443): Method setBrightness() with type int not found on target class class us
W/PropertyValuesHolder(19443): Method getBrightness() with type null not found on target class class us
I/ActivityManager( 745): START u0 {act=android.intent.action.MAIN cat=[android.intent.category.LAUNCHER] flg=0x10200000 cmp=com.google.android.music/com.android.music.activitymanagement.TopLevelActivity bnds=[276,575][540,871] (has extras)} from uid 10022 on display 0
I/ActivityManager( 745): Start proc com.google.android.music:ui for activity com.google.android.music/.ui.TrackContainerActivity: pid=19869 uid=10060 gids={50060, 9997, 3003, 1028, 1015} abi=armeabi-v7a
I/ActivityManager( 745): Process com.google.android.gm (pid 19693) has died
W/ResourcesManager(19869): Asset path '/system/framework/com.android.media.remotedisplay.jar' does not exist or contains no resources.
W/ResourcesManager(19869): Asset path '/system/framework/com.android.location.provider.jar' does not exist or contains no resources.
V/JNIHelp (19869): Registering com/google/android/gms/org/conscrypt/NativeCrypto's 235 native methods...
I/ProviderInstaller(19869): Installed default security provider GmsCore_OpenSSL
I/ActivityManager( 745): Start proc com.google.android.music:main for service com.google.android.music/.preferences.MusicPreferenceService$MusicPreferenceServiceBinder: pid=19897 uid=10060 gids={50060, 9997, 3003, 1028, 1015} abi=armeabi-v7a
I/MusicStore(19897): Database version: 103
I/ActivityManager( 745): Process com.android.providers.calendar (pid 19803) has died
I/ConfigStore(19897): Config Database version: 1
W/ResourcesManager(19897): Asset path '/system/framework/com.android.media.remotedisplay.jar' does not exist or contains no resources.
W/ResourcesManager(19897): Asset path '/system/framework/com.android.location.provider.jar' does not exist or contains no resources.
V/JNIHelp (19897): Registering com/google/android/gms/org/conscrypt/NativeCrypto's 235 native methods...
I/ProviderInstaller(19897): Installed default security provider GmsCore_OpenSSL
I/MediaRouter(19869): Found default route: MediaRouter.RouteInfo{ uniqueId=android/.support.v7.media.SystemMediaRouteProvider:DEFAULT_ROUTE, name=Phone, description=null, enabled=true, connecting=false, playbackType=0, playbackStream=3, volumeHandling=1, volume=11, volumeMax=15, presentationDisplayId=-1, extras=null, providerPackageName=android }
I/MediaRouter(19897): Found default route: MediaRouter.RouteInfo{ uniqueId=android/.support.v7.media.SystemMediaRouteProvider:DEFAULT_ROUTE, name=Phone, description=null, enabled=true, connecting=false, playbackType=0, playbackStream=3, volumeHandling=1, volume=11, volumeMax=15, presentationDisplayId=-1, extras=null, providerPackageName=android }
W/MediaListFragment(19869): Failed to init from args, expecting init() to be called by subclass.
I/art ( 745): Explicit concurrent mark sweep GC freed 17917(849KB) AllocSpace objects, 4(576KB) LOS objects, 21% free, 59MB/75MB, paused 1.716ms total 130.699ms
W/ArtDownloadService(19897): Setting cache size 276433822
E/FrameworkListener( 183): read() failed (Connection reset by peer)
D/SystemUtils(19897): getSystemProperty: lpa.decode=null
I/ActivityManager( 745): Process com.google.android.apps.inbox (pid 19304) has died
W/ActivityManager( 745): Scheduling restart of crashed service com.google.android.apps.inbox/com.google.android.apps.bigtop.service.BigTopService in 35479ms
I/ActivityManager( 745): Process com.motorola.targetnotif (pid 19822) has died
W/ActivityManager( 745): Scheduling restart of crashed service com.motorola.targetnotif/com.motorola.checkin.uploader.CheckinService in 2611200ms
I/art (16979): Explicit concurrent mark sweep GC freed 7895(388KB) AllocSpace objects, 0(0B) LOS objects, 40% free, 17MB/29MB, paused 997us total 32.856ms
I/NetworkMonitor(19897): type=WIFI subType= reason=null isConnected=true
D/WearableClient(19897): WearableClientImpl.onPostInitHandler: done
I/LocalDevicePlayback(19897): Streaming client created.
I/LocalDevicePlayback(19897): stop: willPlay=false, currentPos=1
D/OpenGLRenderer(19869): Render dirty regions requested: true
D/Atlas (19869): Validating map...
I/art (19869): Background sticky concurrent mark sweep GC freed 29253(2MB) AllocSpace objects, 3(44KB) LOS objects, 8% free, 23MB/25MB, paused 5.157ms total 64.457ms
I/Choreographer(19869): Skipped 43 frames! The application may be doing too much work on its main thread.
I/Adreno-EGL(19869): : QUALCOMM Build: 10/24/14, 167c270, I68fa98814b
I/OpenGLRenderer(19869): Initialized EGL, version 1.4
W/InputDispatcher( 745): channel '16ad590c com.google.android.googlequicksearchbox/com.google.android.launcher.GEL (server)' ~ Consumer closed input channel or an error occurred. events=0x9
E/InputDispatcher( 745): channel '16ad590c com.google.android.googlequicksearchbox/com.google.android.launcher.GEL (server)' ~ Channel is unrecoverably broken and will be disposed!
I/WindowState( 745): WIN DEATH: Window{16ad590c u0 com.google.android.googlequicksearchbox/com.google.android.launcher.GEL}
W/InputDispatcher( 745): Attempted to unregister already unregistered input channel '16ad590c com.google.android.googlequicksearchbox/com.google.android.launcher.GEL (server)'
D/WifiService( 745): Client connection lost with reason: 4
D/OpenGLRenderer(19869): Enabling debug mode 0
I/ActivityManager( 745): Process com.google.android.googlequicksearchbox (pid 19443) has died
I/ActivityManager( 745): Start proc com.facebook.katana for service com.facebook.katana/com.facebook.push.mqtt.service.MqttPushService: pid=19977 uid=10110 gids={50110, 9997, 1028, 1015, 3003} abi=armeabi-v7a
W/ResourcesManager(19977): Asset path '/system/framework/com.google.android.maps.jar' does not exist or contains no resources.
I/ActivityManager( 745): Start proc com.chrome.beta for broadcast com.chrome.beta/com.google.ipc.invalidation.ticl.android2.AndroidInternalScheduler$AlarmReceiver: pid=19994 uid=10091 gids={50091, 9997, 3003, 1028, 1015} abi=armeabi-v7a
W/View (19869): requestLayout() improperly called by android.widget.ListView{3b0920bf IFED.VC. ......ID -912,168-0,1701 #7f0e0203 app:id/play_drawer_list} during layout: running second layout pass
I/ActivityManager( 745): Start proc android.process.media for content provider com.android.providers.media/.MediaProvider: pid=20008 uid=10006 gids={50006, 9997, 2001, 3003, 1028, 1015, 3007, 1023, 1024} abi=armeabi-v7a
D/CatchMeIfYouCan(19977): Process () ca: '/data/data/com.facebook.katana/app_cmiyc/A1657CCD543F12E66E587EE52ED9D802E22AAC4701'
D/CatchMeIfYouCan(19977): Process () fc: '/data/data/com.facebook.katana/app_cmiyc/A1657CCD543F12E66E587EE52ED9D802E22AAC4702'
D/CatchMeIfYouCan(19977): Process () cp: '('default', 3, 120000, silent [true], restart [false], logout [false])'
E/SQLiteLog(20008): (283) recovered 88 frames from WAL file /data/user/0/com.android.providers.media/databases/external.db-wal
D/ACRA (19977): ACRA is enabled for com.facebook.katana, intializing...
D/ACRA (19977): Looking for error files in /data/data/com.facebook.katana/app_acra-reports
D/ACRA (19977): Looking for error files in /data/data/com.facebook.katana/app_minidumps
D/SoLoader(19977): found fb_stl_shared in default place
D/SoLoader(19977): found fb_breakpad_client in default place
I/DexLibLoader(19977): not using cross-dex optimization: ART in use
D/SoLoader(19977): found distract in default place
D/SoLoader(19977): found fb_dalvik-internals in default place
I/dalvik-internals(19977): dlopen(libdvm) failed: no Dalvik modifications possible
V/DexLibLoader(19977): about to lock odex store
V/DexLibLoader(19977): locking odex store took 1 ms
V/DexLibLoader(19977): Secondary program dex metadata: classes2.dex 52a322ae1b1f49afa1ea4c0d2638e7a268885d64 secondary.dex01.Canary
V/DexLibLoader(19977): Secondary program dex metadata: classes3.dex 6affb04c6439083b685c6134b089c804ab883e40 secondary.dex02.Canary
V/DexLibLoader(19977): Secondary program dex metadata: classes4.dex 4659a451175d4f4952dc15f1f0f5d871f4890af3 secondary.dex03.Canary
V/DexLibLoader(19977): Secondary program dex metadata: classes5.dex 4e0eb7d90968200d97f31611f9c35d14d2bc2e15 secondary.dex04.Canary
V/DexLibLoader(19977): Secondary program dex metadata: classes6.dex 39f24fcf20aa2f7ac90ffead67c7761b82e68901 secondary.dex05.Canary
V/DexLibLoader(19977): Secondary program dex metadata: classes7.dex 4e62c7777c0f7c3338ddc181c5e878fbd53ae54b secondary.dex06.Canary
D/MtpService(20008): updating state; isCurrentUser=true, mMtpLocked=false
D/MtpService(20008): addStorageLocked 65537 /storage/emulated/0
D/MtpService(20008): updating state; isCurrentUser=true, mMtpLocked=false
D/DexLibLoader(19977): directory "/data/data/com.facebook.katana/app_secondary_program_dex" is valid
D/DexLibLoader(19977): directory "/data/data/com.facebook.katana/app_secondary_program_dex_opt" is valid
D/MtpService(20008): starting MTP server in MTP mode
D/DexLibLoader(19977): loading pre-built fallback odex files
D/DexLibLoader(19977): released odex store lock
D/DexLibLoader(19977): DexLibLoader.loadAll took 38 ms
D/MtpService(20008): addStorageLocked 65537 /storage/emulated/0
D/SystemClassLoaderAdder(19977): Marked as initialized entry corresponding to path /data/app/com.facebook.katana-2/base.apk
W/AndroidInternalSchedule(19994): [TiclService] Ignoring event with wrong ticl id (not 1417034300792): event_name=Heartbeat ticl_id=1417032977995>
W/View (19869): requestLayout() improperly called by android.widget.ListView{2a1c6ad1 IFED.VC. ......ID -912,168-0,1701 #7f0e0203 app:id/play_drawer_list} during layout: running second layout pass
I/BaseTrackListView(19869): Need to scroll to: 1 which is larger than the current list size: 0
I/BaseTrackListView(19869): Need to scroll to: 1 which is larger than the current list size: 0
I/BaseTrackListView(19869): Need to scroll to: 1 which is larger than the current list size: 0
I/art ( 745): Explicit concurrent mark sweep GC freed 9768(433KB) AllocSpace objects, 0(0B) LOS objects, 20% free, 63MB/79MB, paused 1.596ms total 128.599ms
I/MusicBaseActivity(19869): onNewNautilusStatus status: GOT_NAUTILUS has menu list: false
I/MusicBaseActivity(19869): onNewNautilusStatus status: GOT_NAUTILUS has menu list: false
I/ActivityManager( 745): Start proc com.google.android.youtube for service com.google.android.youtube/.app.remote.YouTubeTvRouteProviderService: pid=20051 uid=10080 gids={50080, 9997, 3003, 1028, 1015} abi=armeabi-v7a
I/ActivityManager( 745): Process com.chrome.beta (pid 19994) has died
I/MediaStoreImporter(19897): Update: incremental Added music: 0 Updated music: 0 Deleted music: 0 Created playlists: 0 Updated playlists: 0 Deleted playlists: 0 Inserted playlist items: 0 Deleted playlist items: 0 Removed orphaned playlist items: 0
I/Choreographer(19869): Skipped 54 frames! The application may be doing too much work on its main thread.
I/ActivityManager( 745): Start proc com.android.providers.calendar for content provider com.android.providers.calendar/.CalendarProvider2: pid=20070 uid=10002 gids={50002, 9997, 3003, 1028, 1015} abi=armeabi-v7a
I/art ( 198): Explicit concurrent mark sweep GC freed 706(30KB) AllocSpace objects, 0(0B) LOS objects, 40% free, 15MB/25MB, paused 246us total 11.115ms
I/art ( 198): Explicit concurrent mark sweep GC freed 5(160B) AllocSpace objects, 0(0B) LOS objects, 40% free, 15MB/25MB, paused 242us total 10.271ms
I/art ( 198): Explicit concurrent mark sweep GC freed 5(160B) AllocSpace objects, 0(0B) LOS objects, 40% free, 15MB/25MB, paused 234us total 10.234ms
I/ActivityManager( 745): Process android.process.media (pid 20008) has died
W/ActivityManager( 745): Scheduling restart of crashed service com.android.providers.media/.MtpService in 61292032ms
W/ResourcesManager(20051): Asset path '/system/framework/com.android.media.remotedisplay.jar' does not exist or contains no resources.
W/ResourcesManager(20051): Asset path '/system/framework/com.android.location.provider.jar' does not exist or contains no resources.
W/ResourcesManager(20070): Asset path '/system/framework/android.test.runner.jar' does not exist or contains no resources.
V/JNIHelp (20051): Registering com/google/android/gms/org/conscrypt/NativeCrypto's 235 native methods...
I/CalendarProvider2(20070): Created com.android.providers.calendar.CalendarAlarmManager@f038f81(com.android.providers.calendar.CalendarProvider2@39039826)
I/ProviderInstaller(20051): Installed default security provider GmsCore_OpenSSL
I/ActivityManager( 745): Process com.android.providers.calendar (pid 20070) has died
W/ActivityManager( 745): Scheduling restart of crashed service com.android.providers.calendar/.EmptyService in 33365ms
I/art (19869): Background sticky concurrent mark sweep GC freed 437(78KB) AllocSpace objects, 0(0B) LOS objects, 0% free, 40MB/40MB, paused 9.975ms total 17.550ms
W/View (19869): requestLayout() improperly called by android.widget.TextView{1fdafa87 V.ED.... ......ID 48,253-411,318 #7f0e0108 app:id/li_title} during layout: running second layout pass
W/View (19869): requestLayout() improperly called by android.widget.TextView{13fbfdb4 V.ED.... ......ID 48,253-411,318 #7f0e0108 app:id/li_title} during layout: running second layout pass
W/View (19869): requestLayout() improperly called by android.widget.TextView{36d00ddd V.ED.... ......ID 48,253-411,318 #7f0e0108 app:id/li_title} during layout: running second layout pass
W/View (19869): requestLayout() improperly called by android.widget.TextView{10bd6d52 V.ED.... ......ID 48,253-411,318 #7f0e0108 app:id/li_title} during layout: running second layout pass
W/View (19869): requestLayout() improperly called by android.widget.TextView{3762b823 V.ED.... ......ID 48,253-411,318 #7f0e0108 app:id/li_title} during layout: running second layout pass
W/View (19869): requestLayout() improperly called by android.widget.TextView{37354120 V.ED.... ......ID 48,253-411,318 #7f0e0108 app:id/li_title} during layout: running second layout pass
W/View (19869): requestLayout() improperly called by android.widget.TextView{3a44aad9 V.ED.... ......ID 48,253-411,318 #7f0e0108 app:id/li_title} during layout: running second layout pass
W/View (19869): requestLayout() improperly called by android.widget.TextView{38210c9e V.ED.... ......ID 48,253-411,318 #7f0e0108 app:id/li_title} during layout: running second layout pass
W/View (19869): requestLayout() improperly called by android.widget.TextView{181eb37f V.ED.... ......ID 48,253-411,318 #7f0e0108 app:id/li_title} during layout: running second layout pass
W/View (19869): requestLayout() improperly called by android.widget.TextView{32fd4f4c V.ED.... ......ID 48,253-411,318 #7f0e0108 app:id/li_title} during layout: running second layout pass
W/View (19869): requestLayout() improperly called by android.widget.TextView{4cc1b95 V.ED.... ......ID 48,253-411,318 #7f0e0108 app:id/li_title} during layout: running second layout pass
W/View (19869): requestLayout() improperly called by android.widget.TextView{258d54aa V.ED.... ......ID 48,253-411,318 #7f0e0108 app:id/li_title} during layout: running second layout pass
W/View (19869): requestLayout() improperly called by android.widget.TextView{3275089b V.ED.... ......ID 48,253-411,318 #7f0e0108 app:id/li_title} during layout: running second layout pass
W/View (19869): requestLayout() improperly called by android.widget.TextView{27561438 V.ED.... ......ID 48,253-411,318 #7f0e0108 app:id/li_title} during layout: running second layout pass
W/View (19869): requestLayout() improperly called by android.widget.TextView{151fdc11 V.ED.... ......ID 48,253-411,318 #7f0e0108 app:id/li_title} during layout: running second layout pass
W/View (19869): requestLayout() improperly called by android.widget.TextView{39c41176 V.ED.... ......ID 48,253-411,318 #7f0e0108 app:id/li_title} during layout: running second layout pass
W/View (19869): requestLayout() improperly called by android.widget.TextView{d119377 V.ED.... ......ID 48,483-411,548 #7f0e0108 app:id/li_title} during layout: running second layout pass
W/View (19869): requestLayout() improperly called by android.widget.TextView{30743be4 V.ED.... ......ID 48,483-411,548 #7f0e0108 app:id/li_title} during layout: running second layout pass
W/View (19869): requestLayout() improperly called by android.widget.TextView{215284d V.ED.... ......ID 48,483-411,548 #7f0e0108 app:id/li_title} during layout: running second layout pass
W/View (19869): requestLayout() improperly called by android.widget.TextView{dd7cf02 V.ED.... ......ID 48,483-411,548 #7f0e0108 app:id/li_title} during layout: running second layout pass
W/View (19869): requestLayout() improperly called by android.widget.TextView{381f013 V.ED.... ......ID 48,483-411,548 #7f0e0108 app:id/li_title} during layout: running second layout pass
W/View (19869): requestLayout() improperly called by android.widget.TextView{172b3250 V.ED.... ......ID 48,483-411,548 #7f0e0108 app:id/li_title} during layout: running second layout pass
W/View (19869): requestLayout() improperly called by android.widget.TextView{98fc49 V.ED.... ......ID 192,0-424,192 #7f0e0256 app:id/shuffle_all_songs} during layout: running second layout pass
W/View (19869): requestLayout() improperly called by com.google.android.music.StatefulShadowTextView{777d94e V.ED.... ......ID 0,0-0,65 #7f0e00d3 app:id/line1} during layout: running second layout pass
W/View (19869): requestLayout() improperly called by com.google.android.music.StatefulShadowTextView{12917a6f V.ED.... ......ID 0,65-0,118 #7f0e00d4 app:id/line2} during layout: running second layout pass
W/View (19869): requestLayout() improperly called by com.google.android.music.StatefulShadowTextView{1c19237c V.ED.... ......ID 0,0-0,65 #7f0e00d3 app:id/line1} during layout: running second layout pass
W/View (19869): requestLayout() improperly called by com.google.android.music.StatefulShadowTextView{d6c1405 V.ED.... ......ID 0,65-0,118 #7f0e00d4 app:id/line2} during layout: running second layout pass
W/View (19869): requestLayout() improperly called by com.google.android.music.StatefulShadowTextView{25fc3c5a V.ED.... ......ID 0,0-0,65 #7f0e00d3 app:id/line1} during layout: running second layout pass
W/View (19869): requestLayout() improperly called by com.google.android.music.StatefulShadowTextView{e654e8b V.ED.... ......ID 0,65-0,118 #7f0e00d4 app:id/line2} during layout: running second layout pass
W/View (19869): requestLayout() improperly called by com.google.android.music.StatefulShadowTextView{992fb68 V.ED.... ......ID 0,0-0,65 #7f0e00d3 app:id/line1} during layout: running second layout pass
W/View (19869): requestLayout() improperly called by com.google.android.music.StatefulShadowTextView{369eeb81 V.ED.... ......ID 0,65-0,118 #7f0e00d4 app:id/line2} during layout: running second layout pass
W/View (19869): requestLayout() improperly called by com.google.android.music.StatefulShadowTextView{1431c426 V.ED.... ......ID 0,0-0,65 #7f0e00d3 app:id/line1} during layout: running second layout pass
W/View (19869): requestLayout() improperly called by com.google.android.music.StatefulShadowTextView{1e584867 V.ED.... ......ID 0,65-0,118 #7f0e00d4 app:id/line2} during layout: running second layout pass
W/View (19869): requestLayout() improperly called by com.google.android.music.StatefulShadowTextView{38506614 V.ED.... ......ID 0,0-0,65 #7f0e00d3 app:id/line1} during layout: running second layout pass
W/View (19869): requestLayout() improperly called by com.google.android.music.StatefulShadowTextView{cdbebd V.ED.... ......ID 0,65-0,118 #7f0e00d4 app:id/line2} during layout: running second layout pass
I/ThermalEngine( 197): TM Id 'battery_LCD_monitor' Sensor 'batt_therm' - alarm raised 2 at 340.0 degC
E/ThermalEngine( 197): override action 7500
E/ThermalEngine( 197): Thermal-Server: Thermal received msg override 7500
E/ThermalEngine( 197): override_notify : SS mode 1 override 7500
W/View (19869): requestLayout() improperly called by android.widget.TextView{2a2f67d3 V.ED.... ......ID 60,60-840,212 #7f0e00b8 app:id/title} during layout: running second layout pass
W/View (19869): requestLayout() improperly called by android.widget.TextView{803af10 V.ED.... ......ID 0,0-720,57 #7f0e00f5 app:id/subtitle} during layout: running second layout pass
W/View (19869): requestLayout() improperly called by android.widget.TextView{3f489a09 V.ED.... ......ID 0,57-80,106 #7f0e00f6 app:id/album_year} during layout: running second layout pass
W/View (19869): requestLayout() improperly called by android.widget.TextView{3cce840e V.ED.... ......ID 80,57-137,106 #7f0e00f7 app:id/album_year_hyphen} during layout: running second layout pass
W/View (19869): requestLayout() improperly called by android.widget.TextView{feae2f V.ED.... ......ID 137,57-285,106 #7f0e00f8 app:id/song_count} during layout: running second layout pass
W/View (19869): requestLayout() improperly called by com.google.android.music.StatefulShadowTextView{2cdcac3c V.ED.... ......ID 58,39-85,104 #7f0e016b app:id/track_number} during layout: running second layout pass
W/View (19869): requestLayout() improperly called by com.google.android.music.StatefulShadowTextView{8d7cdc5 V.ED.... ......ID 0,39-528,104 #7f0e00d3 app:id/line1} during layout: running second layout pass
W/View (19869): requestLayout() improperly called by com.google.android.music.StatefulShadowTextView{2ff2d31a V.ED.... ......ID 792,75-936,140 #7f0e019c app:id/duration} during layout: running second layout pass
E/YouTube MDX(20051): Bogus value in shared preferences for key MdxServerSelection value , returning default value.
W/InputMethodManagerService( 745): Got RemoteException sending setActive(false) notification to pid 19443 uid 10022
I/ActivityManager( 745): Start proc com.google.android.inputmethod.latin for service com.google.android.inputmethod.latin/com.android.inputmethod.latin.LatinIME: pid=20112 uid=10056 gids={50056, 9997, 3003, 1028, 1015} abi=armeabi-v7a
V/InputMethodManagerService( 745): Adding window token: android.os.Binder@3db6c6f5
I/ActivityManager( 745): Displayed com.google.android.music/com.android.music.activitymanagement.TopLevelActivity: +3s492ms (total +3s571ms)
I/ActivityManager( 745): Displayed com.google.android.music/.ui.TrackContainerActivity: +3s572ms
W/View (19869): requestLayout() improperly called by android.widget.TextView{1b3ef07d V.ED.... ......ID 0,0-544,57 #7f0e020b app:id/display_name} during second layout pass: posting in next frame
W/View (19869): requestLayout() improperly called by com.google.android.play.drawer.ShrinkingItem{4c0ab72 V.E..... ......ID 0,192-912,192 #7f0e0207 app:id/secondary_profiles} during second layout pass: posting in next frame
W/View (19869): requestLayout() improperly called by android.widget.TextView{2a2f67d3 V.ED.... ......I. 60,60-840,212 #7f0e00b8 app:id/title} during second layout pass: posting in next frame
W/View (19869): requestLayout() improperly called by android.widget.TextView{803af10 V.ED.... ......I. 0,0-720,57 #7f0e00f5 app:id/subtitle} during second layout pass: posting in next frame
W/View (19869): requestLayout() improperly called by android.widget.TextView{feae2f V.ED.... ......ID 137,57-285,106 #7f0e00f8 app:id/song_count} during second layout pass: posting in next frame
W/View (19869): requestLayout() improperly called by android.widget.TextView{3eb73cb1 V.ED.... ......ID 0,0-544,57 #7f0e020b app:id/display_name} during second layout pass: posting in next frame
W/View (19869): requestLayout() improperly called by com.google.android.play.drawer.ShrinkingItem{2a68f596 V.E..... ......ID 0,192-912,192 #7f0e0207 app:id/secondary_profiles} during second layout pass: posting in next frame
I/Choreographer(19869): Skipped 48 frames! The application may be doing too much work on its main thread.
I/LatinIME(20112): Hardware accelerated drawing: true
W/InputMethodInfo( 745): Duplicated subtype definition found: , voice
W/InputAttributes(20112): No editor info for this field. Bug?
I/LatinIME:LogUtils(20112): Dictionary info: dictionary = PersonalizationDictionary.en_US ; version = 328446 ; date = 1417034338
I/LatinIME:LogUtils(20112): Dictionary info: dictionary = ContextualDictionary.en_US ; version = 1417034371 ; date = ?
