I/art ( 745): Explicit concurrent mark sweep GC freed 13635(717KB) AllocSpace objects, 8(765KB) LOS objects, 20% free, 62MB/78MB, paused 2.175ms total 114.767ms
I/LatinIME:LogUtils(20112): Dictionary info: dictionary = contacts.en_US ; version = 1416991925 ; date = 1416991925
I/LatinIME:LogUtils(20112): Dictionary info: dictionary = UserHistoryDictionary.en_US ; version = 328446 ; date = 1417022667
I/LatinIME:LogUtils(20112): Dictionary info: dictionary = userunigram.en_US ; version = 1416564186 ; date = 1416564186
I/ActivityManager( 745): Start proc android.process.acore for content provider com.android.providers.userdictionary/.UserDictionaryProvider: pid=20181 uid=10004 gids={50004, 9997} abi=armeabi-v7a
I/LatinIME:LogUtils(20112): Dictionary info: dictionary = main:en_us ; version = 52 ; date = 1412572954
I/LatinIME:LogUtils(20112): Dictionary info: dictionary = main:en_us ; version = 52 ; date = 1412572954
I/Choreographer(19869): Skipped 32 frames! The application may be doing too much work on its main thread.
I/ContactLocale(20181): AddressBook Labels [en-US;cs-CZ]: [, A, B, C, D, E, F, G, H, I, J, K, L, M, N, O, P, Q, R, S, T, U, V, W, X, Y, Z, Α, Β, Γ, Δ, Ε, Ζ, Η, Θ, Ι, Κ, Λ, Μ, Ν, Ξ, Ο, Π, Ρ, Σ, Τ, Υ, Φ, Χ, Ψ, Ω, , А, Б, В, Г, Д, Ђ, Е, Є, Ж, З, И, І, Ї, Й, Ј, К, Л, Љ, М, Н, Њ, О, П, Р, С, Т, Ћ, У, Ф, Х, Ц, Ч, Џ, Ш, Щ, Ю, Я, , א, ב, ג, ד, ה, ו, ז, ח, ט, י, כ, ל, מ, נ, ס, ע, פ, צ, ק, ר, ש, ת, , ا, ب, ت, ث, ج, ح, خ, د, ذ, ر, ز, س, ش, ص, ض, ط, ظ, ع, غ, ف, ق, ك, ل, م, ن, ه, و, ي, , ก, ข, ฃ, ค, ฅ, ฆ, ง, จ, ฉ, ช, ซ, ฌ, ญ, ฎ, ฏ, ฐ, ฑ, ฒ, ณ, ด, ต, ถ, ท, ธ, น, บ, ป, ผ, ฝ, พ, ฟ, ภ, ม, ย, ร, ฤ, ล, ฦ, ว, ศ, ษ, ส, ห, ฬ, อ, ฮ, , ㄱ, ㄴ, ㄷ, ㄹ, ㅁ, ㅂ, ㅅ, ㅇ, ㅈ, ㅊ, ㅋ, ㅌ, ㅍ, ㅎ, , あ, か, さ, た, な, は, ま, や, ら, わ, #, ]
I/Icing (17372): Usage reports 1 indexed 0 rejected 0 imm upload false
I/LatinIME:LogUtils(20112): Dictionary info: dictionary = userunigram.en_US ; version = 1416564186 ; date = 1416564186
I/LatinIME:LogUtils(20112): Dictionary info: dictionary = main:en_us ; version = 52 ; date = 1412572954
I/LatinIME:LogUtils(20112): Dictionary info: dictionary = main:en_us ; version = 52 ; date = 1412572954
W/CastMediaRouteProvider(17372): addOrUpdateDevice: device: "Living Room" (bf0c70d0b1107f94aa11ce38768ffbd2) applicationName: null
W/CastMediaRouteProvider(17372): addOrUpdateDevice: device: "Bedroom" (d15d9799f22e16497ac472aa54e505f5) applicationName: null
I/ActivityManager( 745): Start proc com.android.vending for broadcast com.android.vending/com.google.android.finsky.receivers.ConsumptionAppDataChangedReceiver: pid=20218 uid=10016 gids={50016, 9997, 3003, 1028, 1015} abi=armeabi-v7a
I/MusicStore(19897): caqPlay: descriptor=[7, 2243907457, The%20Eminem%20Show%20(Explicit%20Version), , ]
I/ActivityManager( 745): Process android.process.acore (pid 20181) has died
I/LocalDevicePlayback(19897): open: id=[437, DEFAULT], pos=0, playPos=0, fromUser=true, track=Curtains Up (Skit - Album Version (Explicit))
E/FbInjectorInitializer(19977): Multi-binding Key[type=com.facebook.bugreporter.BugReportExtraFileMapProvider, annotation=[none]] wasn't declared.
E/FbInjectorInitializer(19977): Multi-binding Key[type=com.facebook.auth.privacy.IHaveUserData, annotation=[none]] wasn't declared.
E/FbInjectorInitializer(19977): Multi-binding Key[type=com.facebook.auth.component.AuthComponent, annotation=[none]] wasn't declared.
E/FbInjectorInitializer(19977): Multi-binding Key[type=com.facebook.gk.GatekeeperSetProvider, annotation=[none]] wasn't declared.
E/FbInjectorInitializer(19977): Multi-binding Key[type=com.facebook.gk.SessionlessGatekeeperSetProvider, annotation=[none]] wasn't declared.
I/LocalDevicePlayback(19897): setNextTrack: id=[4973, DEFAULT], playPos=1, track=White America (Explicit)
D/Finsky (20218): [1] FinskyApp.onCreate: Initializing network with DFE https://android.clients.google.com/fdfe/
I/GCM (16979): GCM message com.chrome.beta 0:1417034371276609%b733f7f7e652c89d
D/Finsky (20218): [1] DailyHygiene.goMakeHygieneIfDirty: No need to run daily hygiene.
I/art ( 745): Explicit concurrent mark sweep GC freed 8173(346KB) AllocSpace objects, 0(0B) LOS objects, 19% free, 66MB/82MB, paused 9.602ms total 146.879ms
W/Settings(20218): Setting download_manager_max_bytes_over_mobile has moved from android.provider.Settings.Secure to android.provider.Settings.Global.
W/Settings(20218): Setting download_manager_recommended_max_bytes_over_mobile has moved from android.provider.Settings.Secure to android.provider.Settings.Global. W/fb4a(:):StaticBindingVerifier(19977): Verify
D/WifiService( 745): acquireWifiLockLocked: WifiLock{DownloadQueueManager type=3 binder=android.os.BinderProxy@4ecdc3}
D/WifiService( 745): releaseWifiLockLocked: WifiLock{DownloadQueueManager type=3 binder=android.os.BinderProxy@4ecdc3}
D/WifiService( 745): acquireWifiLockLocked: WifiLock{DownloadQueueManager type=3 binder=android.os.BinderProxy@c113640}
D/WifiService( 745): releaseWifiLockLocked: WifiLock{DownloadQueueManager type=3 binder=android.os.BinderProxy@c113640}
D/WifiService( 745): acquireWifiLockLocked: WifiLock{DownloadQueueManager type=3 binder=android.os.BinderProxy@175bc979}
D/WifiService( 745): releaseWifiLockLocked: WifiLock{DownloadQueueManager type=3 binder=android.os.BinderProxy@175bc979}
D/WifiService( 745): New client listening to asynchronous messages
I/ActivityManager( 745): Start proc com.motorola.targetnotif for broadcast com.motorola.targetnotif/com.motorola.blur.service.blur.StartupReceiver: pid=20266 uid=10128 gids={50128, 9997, 3002, 3001, 3003, 1028, 1015} abi=armeabi-v7a
D/Finsky (20218): [1] 2.run: Loaded library for account: [f-CBvLMxkpI6eI7pu28RAfWq8t4]
I/ActivityManager( 745): START u0 {act=android.intent.action.MAIN cat=[android.intent.category.HOME] flg=0x10200000 cmp=com.google.android.googlequicksearchbox/com.google.android.launcher.GEL} from uid 1000 on display 0
D/WifiService( 745): acquireWifiLockLocked: WifiLock{DownloadQueueManager type=3 binder=android.os.BinderProxy@1046831f}
D/WifiService( 745): releaseWifiLockLocked: WifiLock{DownloadQueueManager type=3 binder=android.os.BinderProxy@1046831f}
D/WifiService( 745): acquireWifiLockLocked: WifiLock{DownloadQueueManager type=3 binder=android.os.BinderProxy@32f3766c}
D/WifiService( 745): releaseWifiLockLocked: WifiLock{DownloadQueueManager type=3 binder=android.os.BinderProxy@32f3766c}
I/ActivityManager( 745): Start proc com.google.android.googlequicksearchbox for activity com.google.android.googlequicksearchbox/com.google.android.launcher.GEL: pid=20289 uid=10022 gids={50022, 9997, 3003, 3001, 1028, 3002, 1015, 1005} abi=armeabi-v7a
E/MediaPlayer(19897): Should have subtitle controller already set
E/MediaPlayer(19897): Should have subtitle controller already set
I/ActivityManager( 745): Process com.android.vending (pid 20218) has died
I/StreamRequestHandler(19897): Finished writeTo([mId=[437, DEFAULT] mPriority=0 mOwner=MUSIC_PLAYBACK mRetryAllowed=true mFileLocation=[mFullPath=/data/data/com.google.android.music/files/music/mplayback_437.tmp mStorageType=INTERNAL mCacheType=2] mExplicit=true][ mRemoteId=b109ede4-6087-32bf-8c99-259a1ac32443 mSourceAccount=-140580628 mTrackTitle="Curtains Up (Skit - Album Version (Explicit))" mSeekMs=0]) 600293
E/MediaPlayer(19897): Should have subtitle controller already set
I/LocalDevicePlayback(19897): play: currentPos=0
I/MediaFocusControl( 745): AudioFocus requestAudioFocus() from android.media.AudioManager@2355ceacom.google.android.music.playback.LocalDevicePlayback$10@3a040bdb
E/MediaPlayer(19897): Should have subtitle controller already set
I/NuCachedSource2( 187): ERROR_END_OF_STREAM
E/JavaBinder( 745): !!! FAILED BINDER TRANSACTION !!!
I/CWCheckin(20266): EventInsertThread started
W/BroadcastQueue( 745): Failure sending broadcast Intent { act=com.android.music.playstatechanged flg=0x10 (has extras) }
W/BroadcastQueue( 745): android.os.TransactionTooLargeException
W/BroadcastQueue( 745): at android.os.BinderProxy.transactNative(Native Method)
W/BroadcastQueue( 745): at android.os.BinderProxy.transact(Binder.java:496)
W/BroadcastQueue( 745): at android.app.ApplicationThreadProxy.scheduleRegisteredReceiver(ApplicationThreadNative.java:1089)
W/BroadcastQueue( 745): at com.android.server.am.BroadcastQueue.performReceiveLocked(BroadcastQueue.java:431)
W/BroadcastQueue( 745): at com.android.server.am.BroadcastQueue.deliverToRegisteredReceiverLocked(BroadcastQueue.java:521)
W/BroadcastQueue( 745): at com.android.server.am.BroadcastQueue.processNextBroadcast(BroadcastQueue.java:569)
W/BroadcastQueue( 745): at com.android.server.am.BroadcastQueue$BroadcastHandler.handleMessage(BroadcastQueue.java:149)
W/BroadcastQueue( 745): at android.os.Handler.dispatchMessage(Handler.java:102)
W/BroadcastQueue( 745): at android.os.Looper.loop(Looper.java:135)
W/BroadcastQueue( 745): at android.os.HandlerThread.run(HandlerThread.java:61)
W/BroadcastQueue( 745): at com.android.server.ServiceThread.run(ServiceThread.java:46)
E/JavaBinder( 745): !!! FAILED BINDER TRANSACTION !!!
W/BroadcastQueue( 745): Failure sending broadcast Intent { act=com.android.music.playstatechanged flg=0x10 (has extras) }
W/BroadcastQueue( 745): android.os.TransactionTooLargeException
W/BroadcastQueue( 745): at android.os.BinderProxy.transactNative(Native Method)
W/BroadcastQueue( 745): at android.os.BinderProxy.transact(Binder.java:496)
W/BroadcastQueue( 745): at android.app.ApplicationThreadProxy.scheduleRegisteredReceiver(ApplicationThreadNative.java:1089)
W/BroadcastQueue( 745): at com.android.server.am.BroadcastQueue.performReceiveLocked(BroadcastQueue.java:431)
W/BroadcastQueue( 745): at com.android.server.am.BroadcastQueue.deliverToRegisteredReceiverLocked(BroadcastQueue.java:521)
W/BroadcastQueue( 745): at com.android.server.am.BroadcastQueue.processNextBroadcast(BroadcastQueue.java:569)
W/BroadcastQueue( 745): at com.android.server.am.BroadcastQueue$BroadcastHandler.handleMessage(BroadcastQueue.java:149)
W/BroadcastQueue( 745): at android.os.Handler.dispatchMessage(Handler.java:102)
W/BroadcastQueue( 745): at android.os.Looper.loop(Looper.java:135)
W/BroadcastQueue( 745): at android.os.HandlerThread.run(HandlerThread.java:61)
W/BroadcastQueue( 745): at com.android.server.ServiceThread.run(ServiceThread.java:46)
E/JavaBinder( 745): !!! FAILED BINDER TRANSACTION !!!
W/BroadcastQueue( 745): Failure sending broadcast Intent { act=com.android.music.playstatechanged flg=0x10 (has extras) }
W/BroadcastQueue( 745): android.os.TransactionTooLargeException
W/BroadcastQueue( 745): at android.os.BinderProxy.transactNative(Native Method)
W/BroadcastQueue( 745): at android.os.BinderProxy.transact(Binder.java:496)
W/BroadcastQueue( 745): at android.app.ApplicationThreadProxy.scheduleRegisteredReceiver(ApplicationThreadNative.java:1089)
W/BroadcastQueue( 745): at com.android.server.am.BroadcastQueue.performReceiveLocked(BroadcastQueue.java:431)
W/BroadcastQueue( 745): at com.android.server.am.BroadcastQueue.deliverToRegisteredReceiverLocked(BroadcastQueue.java:521)
W/BroadcastQueue( 745): at com.android.server.am.BroadcastQueue.processNextBroadcast(BroadcastQueue.java:569)
W/BroadcastQueue( 745): at com.android.server.am.BroadcastQueue$BroadcastHandler.handleMessage(BroadcastQueue.java:149)
W/BroadcastQueue( 745): at android.os.Handler.dispatchMessage(Handler.java:102)
W/BroadcastQueue( 745): at android.os.Looper.loop(Looper.java:135)
W/BroadcastQueue( 745): at android.os.HandlerThread.run(HandlerThread.java:61)
W/BroadcastQueue( 745): at com.android.server.ServiceThread.run(ServiceThread.java:46)
E/JavaBinder( 745): !!! FAILED BINDER TRANSACTION !!!
W/BroadcastQueue( 745): Failure sending broadcast Intent { act=com.android.music.playstatechanged flg=0x10 (has extras) }
W/BroadcastQueue( 745): android.os.TransactionTooLargeException
W/BroadcastQueue( 745): at android.os.BinderProxy.transactNative(Native Method)
W/BroadcastQueue( 745): at android.os.BinderProxy.transact(Binder.java:496)
W/BroadcastQueue( 745): at android.app.ApplicationThreadProxy.scheduleRegisteredReceiver(ApplicationThreadNative.java:1089)
W/BroadcastQueue( 745): at com.android.server.am.BroadcastQueue.performReceiveLocked(BroadcastQueue.java:431)
W/BroadcastQueue( 745): at com.android.server.am.BroadcastQueue.deliverToRegisteredReceiverLocked(BroadcastQueue.java:521)
W/BroadcastQueue( 745): at com.android.server.am.BroadcastQueue.processNextBroadcast(BroadcastQueue.java:569)
W/BroadcastQueue( 745): at com.android.server.am.BroadcastQueue$BroadcastHandler.handleMessage(BroadcastQueue.java:149)
W/BroadcastQueue( 745): at android.os.Handler.dispatchMessage(Handler.java:102)
W/BroadcastQueue( 745): at android.os.Looper.loop(Looper.java:135)
W/BroadcastQueue( 745): at android.os.HandlerThread.run(HandlerThread.java:61)
W/BroadcastQueue( 745): at com.android.server.ServiceThread.run(ServiceThread.java:46)
E/JavaBinder( 745): !!! FAILED BINDER TRANSACTION !!!
W/BroadcastQueue( 745): Failure sending broadcast Intent { act=com.android.music.playstatechanged flg=0x10 (has extras) }
W/BroadcastQueue( 745): android.os.TransactionTooLargeException
W/BroadcastQueue( 745): at android.os.BinderProxy.transactNative(Native Method)
W/BroadcastQueue( 745): at android.os.BinderProxy.transact(Binder.java:496)
W/BroadcastQueue( 745): at android.app.ApplicationThreadProxy.scheduleRegisteredReceiver(ApplicationThreadNative.java:1089)
W/BroadcastQueue( 745): at com.android.server.am.BroadcastQueue.performReceiveLocked(BroadcastQueue.java:431)
W/BroadcastQueue( 745): at com.android.server.am.BroadcastQueue.deliverToRegisteredReceiverLocked(BroadcastQueue.java:521)
W/BroadcastQueue( 745): at com.android.server.am.BroadcastQueue.processNextBroadcast(BroadcastQueue.java:569)
W/BroadcastQueue( 745): at com.android.server.am.BroadcastQueue$BroadcastHandler.handleMessage(BroadcastQueue.java:149)
W/BroadcastQueue( 745): at android.os.Handler.dispatchMessage(Handler.java:102)
W/BroadcastQueue( 745): at android.os.Looper.loop(Looper.java:135)
W/BroadcastQueue( 745): at android.os.HandlerThread.run(HandlerThread.java:61)
W/BroadcastQueue( 745): at com.android.server.ServiceThread.run(ServiceThread.java:46)
E/JavaBinder( 745): !!! FAILED BINDER TRANSACTION !!!
W/BroadcastQueue( 745): Failure sending broadcast Intent { act=com.android.music.playstatechanged flg=0x10 (has extras) }
W/BroadcastQueue( 745): android.os.TransactionTooLargeException
W/BroadcastQueue( 745): at android.os.BinderProxy.transactNative(Native Method)
W/BroadcastQueue( 745): at android.os.BinderProxy.transact(Binder.java:496)
W/BroadcastQueue( 745): at android.app.ApplicationThreadProxy.scheduleRegisteredReceiver(ApplicationThreadNative.java:1089)
W/BroadcastQueue( 745): at com.android.server.am.BroadcastQueue.performReceiveLocked(BroadcastQueue.java:431)
W/BroadcastQueue( 745): at com.android.server.am.BroadcastQueue.deliverToRegisteredReceiverLocked(BroadcastQueue.java:521)
W/BroadcastQueue( 745): at com.android.server.am.BroadcastQueue.processNextBroadcast(BroadcastQueue.java:569)
W/BroadcastQueue( 745): at com.android.server.am.BroadcastQueue$BroadcastHandler.handleMessage(BroadcastQueue.java:149)
W/BroadcastQueue( 745): at android.os.Handler.dispatchMessage(Handler.java:102)
W/BroadcastQueue( 745): at android.os.Looper.loop(Looper.java:135)
W/BroadcastQueue( 745): at android.os.HandlerThread.run(HandlerThread.java:61)
W/BroadcastQueue( 745): at com.android.server.ServiceThread.run(ServiceThread.java:46)
E/JavaBinder( 745): !!! FAILED BINDER TRANSACTION !!!
W/BroadcastQueue( 745): Failure sending broadcast Intent { act=com.android.music.playstatechanged flg=0x10 (has extras) }
W/BroadcastQueue( 745): android.os.TransactionTooLargeException
W/BroadcastQueue( 745): at android.os.BinderProxy.transactNative(Native Method)
W/BroadcastQueue( 745): at android.os.BinderProxy.transact(Binder.java:496)
W/BroadcastQueue( 745): at android.app.ApplicationThreadProxy.scheduleRegisteredReceiver(ApplicationThreadNative.java:1089)
W/BroadcastQueue( 745): at com.android.server.am.BroadcastQueue.performReceiveLocked(BroadcastQueue.java:431)
W/BroadcastQueue( 745): at com.android.server.am.BroadcastQueue.deliverToRegisteredReceiverLocked(BroadcastQueue.java:521)
W/BroadcastQueue( 745): at com.android.server.am.BroadcastQueue.processNextBroadcast(BroadcastQueue.java:569)
W/BroadcastQueue( 745): at com.android.server.am.BroadcastQueue$BroadcastHandler.handleMessage(BroadcastQueue.java:149)
W/BroadcastQueue( 745): at android.os.Handler.dispatchMessage(Handler.java:102)
W/BroadcastQueue( 745): at android.os.Looper.loop(Looper.java:135)
W/BroadcastQueue( 745): at android.os.HandlerThread.run(HandlerThread.java:61)
W/BroadcastQueue( 745): at com.android.server.ServiceThread.run(ServiceThread.java:46)
E/JavaBinder( 745): !!! FAILED BINDER TRANSACTION !!!
W/BroadcastQueue( 745): Failure sending broadcast Intent { act=com.android.music.playstatechanged flg=0x10 (has extras) }
W/BroadcastQueue( 745): android.os.TransactionTooLargeException
W/BroadcastQueue( 745): at android.os.BinderProxy.transactNative(Native Method)
W/BroadcastQueue( 745): at android.os.BinderProxy.transact(Binder.java:496)
W/BroadcastQueue( 745): at android.app.ApplicationThreadProxy.scheduleRegisteredReceiver(ApplicationThreadNative.java:1089)
W/BroadcastQueue( 745): at com.android.server.am.BroadcastQueue.performReceiveLocked(BroadcastQueue.java:431)
W/BroadcastQueue( 745): at com.android.server.am.BroadcastQueue.deliverToRegisteredReceiverLocked(BroadcastQueue.java:521)
W/BroadcastQueue( 745): at com.android.server.am.BroadcastQueue.processNextBroadcast(BroadcastQueue.java:569)
W/BroadcastQueue( 745): at com.android.server.am.BroadcastQueue$BroadcastHandler.handleMessage(BroadcastQueue.java:149)
W/BroadcastQueue( 745): at android.os.Handler.dispatchMessage(Handler.java:102)
W/BroadcastQueue( 745): at android.os.Looper.loop(Looper.java:135)
W/BroadcastQueue( 745): at android.os.HandlerThread.run(HandlerThread.java:61)
W/BroadcastQueue( 745): at com.android.server.ServiceThread.run(ServiceThread.java:46)
E/JavaBinder( 745): !!! FAILED BINDER TRANSACTION !!!
W/BroadcastQueue( 745): Failure sending broadcast Intent { act=com.android.music.playstatechanged flg=0x10 (has extras) }
W/BroadcastQueue( 745): android.os.TransactionTooLargeException
W/BroadcastQueue( 745): at android.os.BinderProxy.transactNative(Native Method)
W/BroadcastQueue( 745): at android.os.BinderProxy.transact(Binder.java:496)
W/BroadcastQueue( 745): at android.app.ApplicationThreadProxy.scheduleRegisteredReceiver(ApplicationThreadNative.java:1089)
W/BroadcastQueue( 745): at com.android.server.am.BroadcastQueue.performReceiveLocked(BroadcastQueue.java:431)
W/BroadcastQueue( 745): at com.android.server.am.BroadcastQueue.deliverToRegisteredReceiverLocked(BroadcastQueue.java:521)
W/BroadcastQueue( 745): at com.android.server.am.BroadcastQueue.processNextBroadcast(BroadcastQueue.java:569)
W/BroadcastQueue( 745): at com.android.server.am.BroadcastQueue$BroadcastHandler.handleMessage(BroadcastQueue.java:149)
W/BroadcastQueue( 745): at android.os.Handler.dispatchMessage(Handler.java:102)
W/BroadcastQueue( 745): at android.os.Looper.loop(Looper.java:135)
W/BroadcastQueue( 745): at android.os.HandlerThread.run(HandlerThread.java:61)
W/BroadcastQueue( 745): at com.android.server.ServiceThread.run(ServiceThread.java:46)
E/JavaBinder( 745): !!! FAILED BINDER TRANSACTION !!!
W/BroadcastQueue( 745): Failure sending broadcast Intent { act=com.android.music.playstatechanged flg=0x10 (has extras) }
W/BroadcastQueue( 745): android.os.TransactionTooLargeException
W/BroadcastQueue( 745): at android.os.BinderProxy.transactNative(Native Method)
W/BroadcastQueue( 745): at android.os.BinderProxy.transact(Binder.java:496)
W/BroadcastQueue( 745): at android.app.ApplicationThreadProxy.scheduleRegisteredReceiver(ApplicationThreadNative.java:1089)
W/BroadcastQueue( 745): at com.android.server.am.BroadcastQueue.performReceiveLocked(BroadcastQueue.java:431)
W/BroadcastQueue( 745): at com.android.server.am.BroadcastQueue.deliverToRegisteredReceiverLocked(BroadcastQueue.java:521)
W/BroadcastQueue( 745): at com.android.server.am.BroadcastQueue.processNextBroadcast(BroadcastQueue.java:569)
W/BroadcastQueue( 745): at com.android.server.am.BroadcastQueue$BroadcastHandler.handleMessage(BroadcastQueue.java:149)
W/BroadcastQueue( 745): at android.os.Handler.dispatchMessage(Handler.java:102)
W/BroadcastQueue( 745): at android.os.Looper.loop(Looper.java:135)
W/BroadcastQueue( 745): at android.os.HandlerThread.run(HandlerThread.java:61)
W/BroadcastQueue( 745): at com.android.server.ServiceThread.run(ServiceThread.java:46)
E/JavaBinder( 745): !!! FAILED BINDER TRANSACTION !!!
W/BroadcastQueue( 745): Failure sending broadcast Intent { act=com.android.music.playstatechanged flg=0x10 (has extras) }
W/BroadcastQueue( 745): android.os.TransactionTooLargeException
W/BroadcastQueue( 745): at android.os.BinderProxy.transactNative(Native Method)
W/BroadcastQueue( 745): at android.os.BinderProxy.transact(Binder.java:496)
W/BroadcastQueue( 745): at android.app.ApplicationThreadProxy.scheduleRegisteredReceiver(ApplicationThreadNative.java:1089)
W/BroadcastQueue( 745): at com.android.server.am.BroadcastQueue.performReceiveLocked(BroadcastQueue.java:431)
W/BroadcastQueue( 745): at com.android.server.am.BroadcastQueue.deliverToRegisteredReceiverLocked(BroadcastQueue.java:521)
W/BroadcastQueue( 745): at com.android.server.am.BroadcastQueue.processNextBroadcast(BroadcastQueue.java:569)
W/BroadcastQueue( 745): at com.android.server.am.BroadcastQueue$BroadcastHandler.handleMessage(BroadcastQueue.java:149)
W/BroadcastQueue( 745): at android.os.Handler.dispatchMessage(Handler.java:102)
W/BroadcastQueue( 745): at android.os.Looper.loop(Looper.java:135)
W/BroadcastQueue( 745): at android.os.HandlerThread.run(HandlerThread.java:61)
W/BroadcastQueue( 745): at com.android.server.ServiceThread.run(ServiceThread.java:46)
E/JavaBinder( 745): !!! FAILED BINDER TRANSACTION !!!
W/BroadcastQueue( 745): Failure sending broadcast Intent { act=com.android.music.playstatechanged flg=0x10 (has extras) }
W/BroadcastQueue( 745): android.os.TransactionTooLargeException
W/BroadcastQueue( 745): at android.os.BinderProxy.transactNative(Native Method)
W/BroadcastQueue( 745): at android.os.BinderProxy.transact(Binder.java:496)
W/BroadcastQueue( 745): at android.app.ApplicationThreadProxy.scheduleRegisteredReceiver(ApplicationThreadNative.java:1089)
W/BroadcastQueue( 745): at com.android.server.am.BroadcastQueue.performReceiveLocked(BroadcastQueue.java:431)
W/BroadcastQueue( 745): at com.android.server.am.BroadcastQueue.deliverToRegisteredReceiverLocked(BroadcastQueue.java:521)
W/BroadcastQueue( 745): at com.android.server.am.BroadcastQueue.processNextBroadcast(BroadcastQueue.java:569)
W/BroadcastQueue( 745): at com.android.server.am.BroadcastQueue$BroadcastHandler.handleMessage(BroadcastQueue.java:149)
W/BroadcastQueue( 745): at android.os.Handler.dispatchMessage(Handler.java:102)
W/BroadcastQueue( 745): at android.os.Looper.loop(Looper.java:135)
W/BroadcastQueue( 745): at android.os.HandlerThread.run(HandlerThread.java:61)
W/BroadcastQueue( 745): at com.android.server.ServiceThread.run(ServiceThread.java:46)
E/JavaBinder( 745): !!! FAILED BINDER TRANSACTION !!!
W/BroadcastQueue( 745): Failure sending broadcast Intent { act=com.android.music.playstatechanged flg=0x10 (has extras) }
W/BroadcastQueue( 745): android.os.TransactionTooLargeException
W/BroadcastQueue( 745): at android.os.BinderProxy.transactNative(Native Method)
W/BroadcastQueue( 745): at android.os.BinderProxy.transact(Binder.java:496)
W/BroadcastQueue( 745): at android.app.ApplicationThreadProxy.scheduleRegisteredReceiver(ApplicationThreadNative.java:1089)
W/BroadcastQueue( 745): at com.android.server.am.BroadcastQueue.performReceiveLocked(BroadcastQueue.java:431)
W/BroadcastQueue( 745): at com.android.server.am.BroadcastQueue.deliverToRegisteredReceiverLocked(BroadcastQueue.java:521)
W/BroadcastQueue( 745): at com.android.server.am.BroadcastQueue.processNextBroadcast(BroadcastQueue.java:569)
W/BroadcastQueue( 745): at com.android.server.am.BroadcastQueue$BroadcastHandler.handleMessage(BroadcastQueue.java:149)
W/BroadcastQueue( 745): at android.os.Handler.dispatchMessage(Handler.java:102)
W/BroadcastQueue( 745): at android.os.Looper.loop(Looper.java:135)
W/BroadcastQueue( 745): at android.os.HandlerThread.run(HandlerThread.java:61)
W/BroadcastQueue( 745): at com.android.server.ServiceThread.run(ServiceThread.java:46)
E/JavaBinder( 745): !!! FAILED BINDER TRANSACTION !!!
W/BroadcastQueue( 745): Failure sending broadcast Intent { act=com.android.music.playstatechanged flg=0x10 (has extras) }
W/BroadcastQueue( 745): android.os.TransactionTooLargeException
W/BroadcastQueue( 745): at android.os.BinderProxy.transactNative(Native Method)
W/BroadcastQueue( 745): at android.os.BinderProxy.transact(Binder.java:496)
W/BroadcastQueue( 745): at android.app.ApplicationThreadProxy.scheduleRegisteredReceiver(ApplicationThreadNative.java:1089)
W/BroadcastQueue( 745): at com.android.server.am.BroadcastQueue.performReceiveLocked(BroadcastQueue.java:431)
W/BroadcastQueue( 745): at com.android.server.am.BroadcastQueue.deliverToRegisteredReceiverLocked(BroadcastQueue.java:521)
W/BroadcastQueue( 745): at com.android.server.am.BroadcastQueue.processNextBroadcast(BroadcastQueue.java:569)
W/BroadcastQueue( 745): at com.android.server.am.BroadcastQueue$BroadcastHandler.handleMessage(BroadcastQueue.java:149)
W/BroadcastQueue( 745): at android.os.Handler.dispatchMessage(Handler.java:102)
W/BroadcastQueue( 745): at android.os.Looper.loop(Looper.java:135)
W/BroadcastQueue( 745): at android.os.HandlerThread.run(HandlerThread.java:61)
W/BroadcastQueue( 745): at com.android.server.ServiceThread.run(ServiceThread.java:46)
E/JavaBinder( 745): !!! FAILED BINDER TRANSACTION !!!
W/BroadcastQueue( 745): Failure sending broadcast Intent { act=com.android.music.playstatechanged flg=0x10 (has extras) }
W/BroadcastQueue( 745): android.os.TransactionTooLargeException
W/BroadcastQueue( 745): at android.os.BinderProxy.transactNative(Native Method)
W/BroadcastQueue( 745): at android.os.BinderProxy.transact(Binder.java:496)
W/BroadcastQueue( 745): at android.app.ApplicationThreadProxy.scheduleRegisteredReceiver(ApplicationThreadNative.java:1089)
W/BroadcastQueue( 745): at com.android.server.am.BroadcastQueue.performReceiveLocked(BroadcastQueue.java:431)
W/BroadcastQueue( 745): at com.android.server.am.BroadcastQueue.deliverToRegisteredReceiverLocked(BroadcastQueue.java:521)
W/BroadcastQueue( 745): at com.android.server.am.BroadcastQueue.processNextBroadcast(BroadcastQueue.java:569)
W/BroadcastQueue( 745): at com.android.server.am.BroadcastQueue$BroadcastHandler.handleMessage(BroadcastQueue.java:149)
W/BroadcastQueue( 745): at android.os.Handler.dispatchMessage(Handler.java:102)
W/BroadcastQueue( 745): at android.os.Looper.loop(Looper.java:135)
W/BroadcastQueue( 745): at android.os.HandlerThread.run(HandlerThread.java:61)
W/BroadcastQueue( 745): at com.android.server.ServiceThread.run(ServiceThread.java:46)
E/JavaBinder( 745): !!! FAILED BINDER TRANSACTION !!!
W/BroadcastQueue( 745): Failure sending broadcast Intent { act=com.android.music.playstatechanged flg=0x10 (has extras) }
W/BroadcastQueue( 745): android.os.TransactionTooLargeException
W/BroadcastQueue( 745): at android.os.BinderProxy.transactNative(Native Method)
W/BroadcastQueue( 745): at android.os.BinderProxy.transact(Binder.java:496)
W/BroadcastQueue( 745): at android.app.ApplicationThreadProxy.scheduleRegisteredReceiver(ApplicationThreadNative.java:1089)
W/BroadcastQueue( 745): at com.android.server.am.BroadcastQueue.performReceiveLocked(BroadcastQueue.java:431)
W/BroadcastQueue( 745): at com.android.server.am.BroadcastQueue.deliverToRegisteredReceiverLocked(BroadcastQueue.java:521)
W/BroadcastQueue( 745): at com.android.server.am.BroadcastQueue.processNextBroadcast(BroadcastQueue.java:569)
W/BroadcastQueue( 745): at com.android.server.am.BroadcastQueue$BroadcastHandler.handleMessage(BroadcastQueue.java:149)
W/BroadcastQueue( 745): at android.os.Handler.dispatchMessage(Handler.java:102)
W/BroadcastQueue( 745): at android.os.Looper.loop(Looper.java:135)
W/BroadcastQueue( 745): at android.os.HandlerThread.run(HandlerThread.java:61)
W/BroadcastQueue( 745): at com.android.server.ServiceThread.run(ServiceThread.java:46)
E/JavaBinder( 745): !!! FAILED BINDER TRANSACTION !!!
W/BroadcastQueue( 745): Failure sending broadcast Intent { act=com.android.music.playstatechanged flg=0x10 (has extras) }
W/BroadcastQueue( 745): android.os.TransactionTooLargeException
W/BroadcastQueue( 745): at android.os.BinderProxy.transactNative(Native Method)
W/BroadcastQueue( 745): at android.os.BinderProxy.transact(Binder.java:496)
W/BroadcastQueue( 745): at android.app.ApplicationThreadProxy.scheduleRegisteredReceiver(ApplicationThreadNative.java:1089)
W/BroadcastQueue( 745): at com.android.server.am.BroadcastQueue.performReceiveLocked(BroadcastQueue.java:431)
W/BroadcastQueue( 745): at com.android.server.am.BroadcastQueue.deliverToRegisteredReceiverLocked(BroadcastQueue.java:521)
W/BroadcastQueue( 745): at com.android.server.am.BroadcastQueue.processNextBroadcast(BroadcastQueue.java:569)
W/BroadcastQueue( 745): at com.android.server.am.BroadcastQueue$BroadcastHandler.handleMessage(BroadcastQueue.java:149)
W/BroadcastQueue( 745): at android.os.Handler.dispatchMessage(Handler.java:102)
W/BroadcastQueue( 745): at android.os.Looper.loop(Looper.java:135)
W/BroadcastQueue( 745): at android.os.HandlerThread.run(HandlerThread.java:61)
W/BroadcastQueue( 745): at com.android.server.ServiceThread.run(ServiceThread.java:46)
E/JavaBinder( 745): !!! FAILED BINDER TRANSACTION !!!
W/BroadcastQueue( 745): Failure sending broadcast Intent { act=com.android.music.playstatechanged flg=0x10 (has extras) }
W/BroadcastQueue( 745): android.os.TransactionTooLargeException
W/BroadcastQueue( 745): at android.os.BinderProxy.transactNative(Native Method)
W/BroadcastQueue( 745): at android.os.BinderProxy.transact(Binder.java:496)
W/BroadcastQueue( 745): at android.app.ApplicationThreadProxy.scheduleRegisteredReceiver(ApplicationThreadNative.java:1089)
W/BroadcastQueue( 745): at com.android.server.am.BroadcastQueue.performReceiveLocked(BroadcastQueue.java:431)
W/BroadcastQueue( 745): at com.android.server.am.BroadcastQueue.deliverToRegisteredReceiverLocked(BroadcastQueue.java:521)
W/BroadcastQueue( 745): at com.android.server.am.BroadcastQueue.processNextBroadcast(BroadcastQueue.java:569)
W/BroadcastQueue( 745): at com.android.server.am.BroadcastQueue$BroadcastHandler.handleMessage(BroadcastQueue.java:149)
W/BroadcastQueue( 745): at android.os.Handler.dispatchMessage(Handler.java:102)
W/BroadcastQueue( 745): at android.os.Looper.loop(Looper.java:135)
W/BroadcastQueue( 745): at android.os.HandlerThread.run(HandlerThread.java:61)
W/BroadcastQueue( 745): at com.android.server.ServiceThread.run(ServiceThread.java:46)
E/JavaBinder( 745): !!! FAILED BINDER TRANSACTION !!!
W/BroadcastQueue( 745): Failure sending broadcast Intent { act=com.android.music.playstatechanged flg=0x10 (has extras) }
W/BroadcastQueue( 745): android.os.TransactionTooLargeException
W/BroadcastQueue( 745): at android.os.BinderProxy.transactNative(Native Method)
W/BroadcastQueue( 745): at android.os.BinderProxy.transact(Binder.java:496)
W/BroadcastQueue( 745): at android.app.ApplicationThreadProxy.scheduleRegisteredReceiver(ApplicationThreadNative.java:1089)
W/BroadcastQueue( 745): at com.android.server.am.BroadcastQueue.performReceiveLocked(BroadcastQueue.java:431)
W/BroadcastQueue( 745): at com.android.server.am.BroadcastQueue.deliverToRegisteredReceiverLocked(BroadcastQueue.java:521)
W/BroadcastQueue( 745): at com.android.server.am.BroadcastQueue.processNextBroadcast(BroadcastQueue.java:569)
W/BroadcastQueue( 745): at com.android.server.am.BroadcastQueue$BroadcastHandler.handleMessage(BroadcastQueue.java:149)
W/BroadcastQueue( 745): at android.os.Handler.dispatchMessage(Handler.java:102)
W/BroadcastQueue( 745): at android.os.Looper.loop(Looper.java:135)
W/BroadcastQueue( 745): at android.os.HandlerThread.run(HandlerThread.java:61)
W/BroadcastQueue( 745): at com.android.server.ServiceThread.run(ServiceThread.java:46)
E/JavaBinder( 745): !!! FAILED BINDER TRANSACTION !!!
W/BroadcastQueue( 745): Failure sending broadcast Intent { act=com.android.music.playstatechanged flg=0x10 (has extras) }
W/BroadcastQueue( 745): android.os.TransactionTooLargeException
W/BroadcastQueue( 745): at android.os.BinderProxy.transactNative(Native Method)
W/BroadcastQueue( 745): at android.os.BinderProxy.transact(Binder.java:496)
W/BroadcastQueue( 745): at android.app.ApplicationThreadProxy.scheduleRegisteredReceiver(ApplicationThreadNative.java:1089)
W/BroadcastQueue( 745): at com.android.server.am.BroadcastQueue.performReceiveLocked(BroadcastQueue.java:431)
W/BroadcastQueue( 745): at com.android.server.am.BroadcastQueue.deliverToRegisteredReceiverLocked(BroadcastQueue.java:521)
W/BroadcastQueue( 745): at com.android.server.am.BroadcastQueue.processNextBroadcast(BroadcastQueue.java:569)
W/BroadcastQueue( 745): at com.android.server.am.BroadcastQueue$BroadcastHandler.handleMessage(BroadcastQueue.java:149)
W/BroadcastQueue( 745): at android.os.Handler.dispatchMessage(Handler.java:102)
W/BroadcastQueue( 745): at android.os.Looper.loop(Looper.java:135)
W/BroadcastQueue( 745): at android.os.HandlerThread.run(HandlerThread.java:61)
W/BroadcastQueue( 745): at com.android.server.ServiceThread.run(ServiceThread.java:46)
E/JavaBinder( 745): !!! FAILED BINDER TRANSACTION !!!
W/BroadcastQueue( 745): Failure sending broadcast Intent { act=com.android.music.playstatechanged flg=0x10 (has extras) }
W/BroadcastQueue( 745): android.os.TransactionTooLargeException
W/BroadcastQueue( 745): at android.os.BinderProxy.transactNative(Native Method)
W/BroadcastQueue( 745): at android.os.BinderProxy.transact(Binder.java:496)
W/BroadcastQueue( 745): at android.app.ApplicationThreadProxy.scheduleRegisteredReceiver(ApplicationThreadNative.java:1089)
W/BroadcastQueue( 745): at com.android.server.am.BroadcastQueue.performReceiveLocked(BroadcastQueue.java:431)
W/BroadcastQueue( 745): at com.android.server.am.BroadcastQueue.deliverToRegisteredReceiverLocked(BroadcastQueue.java:521)
W/BroadcastQueue( 745): at com.android.server.am.BroadcastQueue.processNextBroadcast(BroadcastQueue.java:569)
W/BroadcastQueue( 745): at com.android.server.am.BroadcastQueue$BroadcastHandler.handleMessage(BroadcastQueue.java:149)
W/BroadcastQueue( 745): at android.os.Handler.dispatchMessage(Handler.java:102)
W/BroadcastQueue( 745): at android.os.Looper.loop(Looper.java:135)
W/BroadcastQueue( 745): at android.os.HandlerThread.run(HandlerThread.java:61)
W/BroadcastQueue( 745): at com.android.server.ServiceThread.run(ServiceThread.java:46)
E/JavaBinder( 745): !!! FAILED BINDER TRANSACTION !!!
W/BroadcastQueue( 745): Failure sending broadcast Intent { act=com.android.music.playstatechanged flg=0x10 (has extras) }
W/BroadcastQueue( 745): android.os.TransactionTooLargeException
W/BroadcastQueue( 745): at android.os.BinderProxy.transactNative(Native Method)
W/BroadcastQueue( 745): at android.os.BinderProxy.transact(Binder.java:496)
W/BroadcastQueue( 745): at android.app.ApplicationThreadProxy.scheduleRegisteredReceiver(ApplicationThreadNative.java:1089)
W/BroadcastQueue( 745): at com.android.server.am.BroadcastQueue.performReceiveLocked(BroadcastQueue.java:431)
W/BroadcastQueue( 745): at com.android.server.am.BroadcastQueue.deliverToRegisteredReceiverLocked(BroadcastQueue.java:521)
W/BroadcastQueue( 745): at com.android.server.am.BroadcastQueue.processNextBroadcast(BroadcastQueue.java:569)
W/BroadcastQueue( 745): at com.android.server.am.BroadcastQueue$BroadcastHandler.handleMessage(BroadcastQueue.java:149)
W/BroadcastQueue( 745): at android.os.Handler.dispatchMessage(Handler.java:102)
W/BroadcastQueue( 745): at android.os.Looper.loop(Looper.java:135)
W/BroadcastQueue( 745): at android.os.HandlerThread.run(HandlerThread.java:61)
W/BroadcastQueue( 745): at com.android.server.ServiceThread.run(ServiceThread.java:46)
E/JavaBinder( 745): !!! FAILED BINDER TRANSACTION !!!
W/BroadcastQueue( 745): Failure sending broadcast Intent { act=com.android.music.playstatechanged flg=0x10 (has extras) }
W/BroadcastQueue( 745): android.os.TransactionTooLargeException
W/BroadcastQueue( 745): at android.os.BinderProxy.transactNative(Native Method)
W/BroadcastQueue( 745): at android.os.BinderProxy.transact(Binder.java:496)
W/BroadcastQueue( 745): at android.app.ApplicationThreadProxy.scheduleRegisteredReceiver(ApplicationThreadNative.java:1089)
W/BroadcastQueue( 745): at com.android.server.am.BroadcastQueue.performReceiveLocked(BroadcastQueue.java:431)
W/BroadcastQueue( 745): at com.android.server.am.BroadcastQueue.deliverToRegisteredReceiverLocked(BroadcastQueue.java:521)
W/BroadcastQueue( 745): at com.android.server.am.BroadcastQueue.processNextBroadcast(BroadcastQueue.java:569)
W/BroadcastQueue( 745): at com.android.server.am.BroadcastQueue$BroadcastHandler.handleMessage(BroadcastQueue.java:149)
W/BroadcastQueue( 745): at android.os.Handler.dispatchMessage(Handler.java:102)
W/BroadcastQueue( 745): at android.os.Looper.loop(Looper.java:135)
W/BroadcastQueue( 745): at android.os.HandlerThread.run(HandlerThread.java:61)
W/BroadcastQueue( 745): at com.android.server.ServiceThread.run(ServiceThread.java:46)
E/JavaBinder( 745): !!! FAILED BINDER TRANSACTION !!!
W/BroadcastQueue( 745): Failure sending broadcast Intent { act=com.android.music.playstatechanged flg=0x10 (has extras) }
W/BroadcastQueue( 745): android.os.TransactionTooLargeException
W/BroadcastQueue( 745): at android.os.BinderProxy.transactNative(Native Method)
W/BroadcastQueue( 745): at android.os.BinderProxy.transact(Binder.java:496)
W/BroadcastQueue( 745): at android.app.ApplicationThreadProxy.scheduleRegisteredReceiver(ApplicationThreadNative.java:1089)
W/BroadcastQueue( 745): at com.android.server.am.BroadcastQueue.performReceiveLocked(BroadcastQueue.java:431)
W/BroadcastQueue( 745): at com.android.server.am.BroadcastQueue.deliverToRegisteredReceiverLocked(BroadcastQueue.java:521)
W/BroadcastQueue( 745): at com.android.server.am.BroadcastQueue.processNextBroadcast(BroadcastQueue.java:569)
W/BroadcastQueue( 745): at com.android.server.am.BroadcastQueue$BroadcastHandler.handleMessage(BroadcastQueue.java:149)
W/BroadcastQueue( 745): at android.os.Handler.dispatchMessage(Handler.java:102)
W/BroadcastQueue( 745): at android.os.Looper.loop(Looper.java:135)
W/BroadcastQueue( 745): at android.os.HandlerThread.run(HandlerThread.java:61)
W/BroadcastQueue( 745): at com.android.server.ServiceThread.run(ServiceThread.java:46)
E/JavaBinder( 745): !!! FAILED BINDER TRANSACTION !!!
W/BroadcastQueue( 745): Failure sending broadcast Intent { act=com.android.music.playstatechanged flg=0x10 (has extras) }
W/BroadcastQueue( 745): android.os.TransactionTooLargeException
W/BroadcastQueue( 745): at android.os.BinderProxy.transactNative(Native Method)
W/BroadcastQueue( 745): at android.os.BinderProxy.transact(Binder.java:496)
W/BroadcastQueue( 745): at android.app.ApplicationThreadProxy.scheduleRegisteredReceiver(ApplicationThreadNative.java:1089)
W/BroadcastQueue( 745): at com.android.server.am.BroadcastQueue.performReceiveLocked(BroadcastQueue.java:431)
W/BroadcastQueue( 745): at com.android.server.am.BroadcastQueue.deliverToRegisteredReceiverLocked(BroadcastQueue.java:521)
W/BroadcastQueue( 745): at com.android.server.am.BroadcastQueue.processNextBroadcast(BroadcastQueue.java:569)
W/BroadcastQueue( 745): at com.android.server.am.BroadcastQueue$BroadcastHandler.handleMessage(BroadcastQueue.java:149)
W/BroadcastQueue( 745): at android.os.Handler.dispatchMessage(Handler.java:102)
W/BroadcastQueue( 745): at android.os.Looper.loop(Looper.java:135)
W/BroadcastQueue( 745): at android.os.HandlerThread.run(HandlerThread.java:61)
W/BroadcastQueue( 745): at com.android.server.ServiceThread.run(ServiceThread.java:46)
D/NuPlayerDriver( 187): start(0xb4fa9580)
I/GenericSource( 187): start
I/WindowState( 745): WIN DEATH: Window{2c5a05ca u0 com.google.android.music/com.google.android.music.ui.TrackContainerActivity}
I/WindowState( 745): WIN DEATH: Window{903da7c u0 com.google.android.music/com.android.music.activitymanagement.TopLevelActivity}
D/audio_hw_primary( 187): out_set_parameters: enter: usecase(1: low-latency-playback) kvpairs: routing=2
D/audio_hw_primary( 187): select_devices: out_snd_device(2: speaker) in_snd_device(0: none)
D/msm8974_platform( 187): platform_send_audio_calibration: sending audio calibration for snd_device(2) acdb_id(15)
D/audio_hw_primary( 187): enable_snd_device: snd_device(2: speaker)
D/audio_hw_primary( 187): enable_audio_route: apply and update mixer path: low-latency-playback
D/BluetoothManagerService( 745): Message: 20
D/BluetoothManagerService( 745): Added callback: android.bluetooth.IBluetoothManagerCallback$Stub$Proxy@8e82eb1:true
I/ActivityManager( 745): Process com.google.android.music:ui (pid 19869) has died
W/ActivityManager( 745): Force removing ActivityRecord{28ded8b4 u0 com.google.android.music/.ui.TrackContainerActivity t42}: app died, no saved state
E/ActivityThread(20266): Failed to find provider info for com.motorola.ccc.plm.misc
D/BlrStrtRcvr(20266): starting Blur Services
I/BSUtils (20266): device type: NONMOTO
D/BlrStrtRcvr(20266): starting Blur Services
I/BlrStrtRcvr(20266): Blur Services started: {com.motorola.targetnotif/com.motorola.blur.service.blur.BlurServiceMother}
I/ActivityManager( 745): Start proc com.chrome.beta for broadcast com.chrome.beta/com.google.ipc.invalidation.external.client.contrib.MultiplexingGcmListener$GCMReceiver: pid=20333 uid=10091 gids={50091, 9997, 3003, 1028, 1015} abi=armeabi-v7a
E/CWCheckin(20266): PrivacyHelper() cannot find MotorolaSettings!
D/Checkin (20266): publish the event [tag = MOT_CHECKIN event name = LOG]
D/CWCheckin(20266): Motorola help_improve privacy is -1
D/CWCheckin(20266): Generic privacy config is true
E/ActivityThread(20266): Failed to find provider info for com.motorola.ccc.plm.misc
I/CWCheckin(20266): service created
D/Checkin (20266): publish the event [tag = MOT_CHECKIN event name = LOG]
D/CWCheckin(20266): Motorola help_improve privacy is -1
D/CWCheckin(20266): Generic privacy config is true
I/CWCheckin(20266): service started
D/Checkin (20266): publish the event [tag = MOT_CHECKIN event name = LOG]
D/CWCheckin(20266): Motorola help_improve privacy is -1
D/CWCheckin(20266): Generic privacy config is true
E/ActivityThread(20266): Failed to find provider info for com.motorola.ccc.plm.misc
I/CCE (20266): Default cloud URL does not match to one in our config .. deleting config to force device to reprovision
W/CheckinEventWrapper(20266): Unable to get checkin class.
D/CCE (20266): _setupDefaults() ignoring overlayed setting as it is not defined in our Configuration
D/CCE (20266): blur version: Blur_Version.21.0.1570415.hammerhead.unknown.en.US
E/BlurMotherFrameworkDeps(20266): failed to register tag for checkin logging
D/MMApiWSBase(20266): MMApiWSBase configured as mOAuthToken=null, mOAuthTokenSecret=null, mSocketTimeout=30000, mTimeSkew=0, mChunkSize=8192
E/BlurMotherFrameworkDeps(20266): failed to register tag for checkin logging
D/CCE (20266): AppWSProxy created ...
V/GCMBroadcastReceiver(20333): onReceive: com.google.android.c2dm.intent.RECEIVE
V/GCMRegistrar(20333): Setting the name of retry receiver class to com.google.ipc.invalidation.external.client.contrib.MultiplexingGcmListener$GCMReceiver
V/GCMBroadcastReceiver(20333): GCM IntentService class: com.google.ipc.invalidation.external.client.contrib.MultiplexingGcmListener
V/GCMBaseIntentService(20333): Acquiring wakelock
V/GCMBaseIntentService(20333): Intent service name: GCMIntentService-DynamicSenderIds-1
D/PollingManager(20266): PollingManagerService()
D/PollingManager(20266): init()
V/GCMBaseIntentService(20333): Releasing wakelock
I/GEL (20289): handleIntent(Intent { act=android.intent.action.MAIN cat=[android.intent.category.HOME] flg=0x10200000 cmp=com.google.android.googlequicksearchbox/com.google.android.launcher.GEL })
W/Launcher(20289): setApplicationContext called twice! old=com.google.android.velvet.VelvetApplication@32478c67 new=com.google.android.velvet.VelvetApplication@32478c67
W/art (19977): Suspending all threads took: 442.981ms
I/UserAuthService(20266): service started, account exists: true
D/MMApiProvisionService(20266): Configuring max forced login attempts to 50
W/ResourcesManager(20289): Asset path '/system/framework/com.google.android.dialer.support.jar' does not exist or contains no resources.
E/BlurMotherFrameworkDeps(20266): failed to register tag for checkin logging
D/MMApiProvisionService(20266): MMApiProvisionService created...
D/MMApiProvisionService(20266): isDeviceProvisioned: deviceId = null
D/CCE (20266): sending request: (create_device) to MMApiprovisionService
I/MMApiProvisionService(20266): createDeviceIdOrLogin create_device
D/MMApiProvisionService(20266): isDeviceProvisioned: deviceId = null
I/UserDevice(20266): createDevice
D/BSUtils (20266): Error checking isMultiSimEnabled, Exception:java.lang.ClassNotFoundException: android.telephony.MSimTelephonyManager
W/ResourcesManager(20289): Asset path '/system/framework/com.google.android.media.effects.jar' does not exist or contains no resources.
D/BSUtils (20266): Error checking isMultiSimEnabled, Exception:java.lang.ClassNotFoundException: android.telephony.MSimTelephonyManager
I/BSUtils (20266): failed to get sys.build.version.checksum. Setting swChkSum to default: FFFF
I/GEL (20289): handleIntent(Intent { act=android.intent.action.MAIN cat=[android.intent.category.HOME] flg=0x10600000 cmp=com.google.android.googlequicksearchbox/com.google.android.launcher.GEL })
I/art (19897): Explicit concurrent mark sweep GC freed 83320(3MB) AllocSpace objects, 4(4MB) LOS objects, 25% free, 20MB/27MB, paused 814us total 152.017ms
D/OpenGLRenderer(20289): Render dirty regions requested: true
D/Atlas (20289): Validating map...
D/WearableClient(19897): WearableClientImpl.onPostInitHandler: done
I/art (16979): Explicit concurrent mark sweep GC freed 4573(206KB) AllocSpace objects, 0(0B) LOS objects, 40% free, 17MB/29MB, paused 1.057ms total 37.013ms
I/ActivityManager( 745): Start proc com.android.musicfx for broadcast com.android.musicfx/.ControlPanelReceiver: pid=20371 uid=10015 gids={50015, 9997, 3003, 3002} abi=armeabi-v7a
W/art (19977): Suspending all threads took: 10.735ms
I/UserDevice(20266): Request: executing...
D/CCE (20266): onBind() called: com.motorola.blur.service.blur.Actions.BIND_WSPROXY_SVC
I/art (19977): Rejecting re-init on previously-failed class java.lang.Class
I/art (19977): Rejecting re-init on previously-failed class java.lang.Class
D/CCE (20266): onBind() called: com.motorola.blur.service.blur.Actions.BIND_POLLINGMANAGER_WSPROXY_SVC
D/WearableClient(19897): WearableClientImpl.onPostInitHandler: done
D/PollingManager(20266): phone state: 0 0 home 2degrees 53024 UMTS HSPA CSS not supported -1 -1 RoamInd=-1 DefRoamInd=-1 EmergOnly=false
D/PollingManager(20266): ignoring connectivity_action: since I don't like the type: [type: MOBILE[HSPA], state: DISCONNECTED/DISCONNECTED, reason: (unspecified), extra: internet, roaming: false, failover: false, isAvailable: true, isConnectedToProvisioningNetwork: false]
I/CWCheckin(20266): BcsTimer.setTimer(7593, 21600000)
D/Checkin (20266): publish the event [tag = MOT_CHECKIN event name = LOG]
D/CWCheckin(20266): Motorola help_improve privacy is -1
D/CWCheckin(20266): Generic privacy config is true
D/PollingManager(20266): registerApp(): com.motorola.checkin
D/PollingManager(20266): registerApp(): shortest interval is 21600000
D/PollingManager(20266): Polling alarm set to expire at: 554482048 Current Time: 554474456
D/MMApiWebService(20266): doRequest() with req : [B@e43671a
D/MMApiWebService(20266): generating token using payload instead of using session token
I/Adreno-EGL(20289): : QUALCOMM Build: 10/24/14, 167c270, I68fa98814b
I/OpenGLRenderer(20289): Initialized EGL, version 1.4
D/OpenGLRenderer(20289): Enabling debug mode 0
V/MusicFXControlPanelReceiver(20371): onReceive
V/MusicFXControlPanelReceiver(20371): Action: android.media.action.OPEN_AUDIO_EFFECT_CONTROL_SESSION
V/MusicFXControlPanelReceiver(20371): Package name: com.google.android.music
V/MusicFXControlPanelReceiver(20371): Audio session: 8197
I/MMApiWSBase(20266): doRequest(): url: https://argo.svcmot.com:443/v1/gdi/user/devices.json?appid=6R1TANEX3ZMQ6EU1UH43P34C8B868KTE&userid=9bd58775cf0940c4bac29fda474df1b7
V/MusicFXControlPanelEffect(20371): openSession(android.app.ReceiverRestrictedContext@140e7805, com.google.android.music, 8197)
V/MusicFXControlPanelReceiver(20371): onReceive
V/MusicFXControlPanelReceiver(20371): Action: android.media.action.OPEN_AUDIO_EFFECT_CONTROL_SESSION
V/MusicFXControlPanelReceiver(20371): Package name: com.google.android.music
V/MusicFXControlPanelReceiver(20371): Audio session: 8197
V/MusicFXControlPanelEffect(20371): openSession(android.app.ReceiverRestrictedContext@140e7805, com.google.android.music, 8197)
V/MusicFXControlPanelReceiver(20371): onReceive
V/MusicFXControlPanelReceiver(20371): Action: android.media.action.OPEN_AUDIO_EFFECT_CONTROL_SESSION
V/MusicFXControlPanelReceiver(20371): Package name: com.google.android.music
V/MusicFXControlPanelReceiver(20371): Audio session: 8197
V/MusicFXControlPanelEffect(20371): openSession(android.app.ReceiverRestrictedContext@140e7805, com.google.android.music, 8197)
E/ActivityThread(20266): Failed to find provider info for com.motorola.ccc.plm.misc
D/CCE (20266): App Checkin requested CCE to send settings
I/ActivityManager( 745): Displayed com.google.android.googlequicksearchbox/com.google.android.launcher.GEL: +1s597ms
W/InputMethodManagerService( 745): Got RemoteException sending setActive(false) notification to pid 19869 uid 10060
