D/NowFetcherService(21719): delete old card: wear://6ea9356f-df00-4185-8f84-25f2b4ebb55b/now/now_reminder/0
D/NowFetcherService(21719): delete old card: wear://6ea9356f-df00-4185-8f84-25f2b4ebb55b/now/now_reminder/1
D/NowFetcherService(21719): delete old card: wear://6ea9356f-df00-4185-8f84-25f2b4ebb55b/now/now_stock_list/0
D/NowFetcherService(21719): delete old card: wear://6ea9356f-df00-4185-8f84-25f2b4ebb55b/now/now_weather/0
D/NowFetcherService(21719): set new card: /now/now_stock_list/0
D/NowFetcherService(21719): set new card: /now/now_weather/0
D/NowFetcherService(21719): set new card: /now/now_reminder/1
D/NowFetcherService(21719): set new card: /now/now_reminder/0
I/ActivityManager( 745): Process android.process.acore (pid 23318) has died
I/LibraryLoader(23449): Loading: chromium_android_linker
I/LibraryLoader(23449): Loading: chrome.2171.90
I/art (23449): Explicit concurrent mark sweep GC freed 10499(870KB) AllocSpace objects, 5(80KB) LOS objects, 40% free, 17MB/28MB, paused 1.566ms total 58.752ms
D/OpenGLRenderer(23449): Render dirty regions requested: true
D/Atlas (23449): Validating map...
I/LibraryLoader(23449): Time to load native libraries: 319 ms (timestamps 4995-5314)
I/LibraryLoader(23449): Expected native library version number "39.0.2171.90",actual native library version number "39.0.2171.90"
I/chromium(23449): [INFO:library_loader_hooks.cc(104)] Chromium logging enabled: level = 0, default verbosity = 0
D/ChildProcessLauncher(23449): Allocator allocated a connection, sandbox: true, slot: 0
I/ActivityManager( 745): Start proc com.chrome.beta:sandboxed_process0 for service com.chrome.beta/org.chromium.content.app.SandboxedProcessService0: pid=23480 uid=99391 gids={} abi=armeabi-v7a
I/Adreno-EGL(23449): : QUALCOMM Build: 10/24/14, 167c270, I68fa98814b
I/OpenGLRenderer(23449): Initialized EGL, version 1.4
D/OpenGLRenderer(23449): Enabling debug mode 0
I/ChildProcessService(23480): Creating new ChildProcessService pid=23480
I/BrowserStartupController(23449): Initializing chromium process, singleProcess=false
I/ActivityManager( 745): Displayed com.chrome.beta/com.google.android.apps.chrome.document.DocumentActivity: +1s391ms (total +1s782ms)
W/art (23449): Attempt to remove local handle scope entry from IRT, ignoring
W/AudioManagerAndroid(23449): Requires BLUETOOTH permission
I/ActivityManager( 745): Process com.android.providers.calendar (pid 23251) has died
W/chromium(23449): [WARNING:data_reduction_proxy_settings.cc(331)] SPDY proxy OFF at startup
W/InputDispatcher( 745): channel '3e981cb8 com.google.android.music/com.android.music.activitymanagement.TopLevelActivity (server)' ~ Consumer closed input channel or an error occurred. events=0x9
E/InputDispatcher( 745): channel '3e981cb8 com.google.android.music/com.android.music.activitymanagement.TopLevelActivity (server)' ~ Channel is unrecoverably broken and will be disposed!
I/WindowState( 745): WIN DEATH: Window{3e981cb8 u0 com.google.android.music/com.android.music.activitymanagement.TopLevelActivity}
W/InputDispatcher( 745): Attempted to unregister already unregistered input channel '3e981cb8 com.google.android.music/com.android.music.activitymanagement.TopLevelActivity (server)'
I/ActivityManager( 745): Process com.google.android.music:ui (pid 22529) has died
W/art (23449): Attempt to remove local handle scope entry from IRT, ignoring
I/ActivityManager( 745): Process com.motorola.targetnotif (pid 22440) has died
W/ActivityManager( 745): Scheduling restart of crashed service com.motorola.targetnotif/com.motorola.checkin.uploader.CheckinService in 668467200ms
W/ActivityManager( 745): Scheduling restart of crashed service com.motorola.targetnotif/com.motorola.loop.BluetoothService in 1000ms
I/WindowState( 745): WIN DEATH: Window{27c2e41e u0 com.google.android.googlequicksearchbox/com.google.android.launcher.GEL}
D/WifiService( 745): Client connection lost with reason: 4
I/ActivityManager( 745): Process com.google.android.googlequicksearchbox (pid 23176) has died
W/KnoxSettingsProvider(23449): Permission to read device policy denied.
W/KnoxSettingsProvider(23449): Device policy content provider not found.
D/ChildProcessLauncher(23449): Setting up connection to process: slot=0
D/ChildProcessLauncher(23449): on connect callback, pid=23480 context=-1350401960
I/LibraryLoader(23480): Loading: chromium_android_linker
I/LibraryLoader(23480): Loading: chrome.2171.90
D/WifiService( 745): Client connection lost with reason: 4
I/LibraryLoader(23480): Time to load native libraries: 47 ms (timestamps 7027-7074)
I/LibraryLoader(23480): Expected native library version number "39.0.2171.90",actual native library version number "39.0.2171.90"
I/chromium(23480): [INFO:library_loader_hooks.cc(104)] Chromium logging enabled: level = 0, default verbosity = 0
I/ActivityManager( 745): Process com.google.android.googlequicksearchbox:search (pid 23299) has died
W/ActivityManager( 745): Scheduling restart of crashed service com.google.android.googlequicksearchbox/com.google.android.search.core.service.SearchService in 1000ms
W/ActivityManager( 745): Canceling start item Intent { act=com.google.android.search.core.service.BroadcastListenerService.action.UPDATE cmp=com.google.android.googlequicksearchbox/com.google.android.search.core.service.BroadcastListenerService (has extras) } in service ComponentInfo{com.google.android.googlequicksearchbox/com.google.android.search.core.service.BroadcastListenerService}
W/ActivityManager( 745): Scheduling restart of crashed service com.google.android.googlequicksearchbox/com.google.android.search.core.service.BroadcastListenerService in 17336500224ms
D/audio_hw_primary( 187): disable_audio_route: reset and update mixer path: audio-record
D/audio_hw_primary( 187): disable_snd_device: snd_device(55: voice-rec-mic)
W/art (23480): Attempt to remove local handle scope entry from IRT, ignoring
W/art (23480): Attempt to remove local handle scope entry from IRT, ignoring
D/NuPlayerDriver( 187): reset(0xb4fa91c0)
W/MediaFocusControl( 745): AudioFocus audio focus client died
I/MediaFocusControl( 745): AudioFocus removeFocusStackEntry(): removing entry for android.os.BinderProxy@3129a54f
D/NuPlayerDriver( 187): notifyResetComplete(0xb4fa91c0)
W/AudioFlinger( 187): session id 8209 not found for pid 22562
D/NuPlayerDriver( 187): reset(0xb4fa92e0)
D/NuPlayerDriver( 187): notifyResetComplete(0xb4fa92e0)
I/ActivityManager( 745): Process com.google.android.music:main (pid 22562) has died
W/ActivityManager( 745): Scheduling restart of crashed service com.google.android.music/.download.artwork.ArtDownloadService in 812810240ms
W/ActivityManager( 745): Scheduling restart of crashed service com.google.android.music/.playback.MusicPlaybackService in 11748352ms
I/art ( 745): Explicit concurrent mark sweep GC freed 11361(554KB) AllocSpace objects, 4(64KB) LOS objects, 21% free, 58MB/74MB, paused 2.677ms total 153.276ms
V/PhoneStatusBar( 1323): DEBUG_MEDIA: Disconnecting from old controller: android.media.session.MediaController@b10a1c6
I/Choreographer(23449): Skipped 48 frames! The application may be doing too much work on its main thread.
I/GoogleHttpClient(21701): Falling back to old SSLCertificateSocketFactory
I/GoogleHttpClient(21701): Using GMS GoogleHttpClient
W/GoogleHttpClient(21701): Ignoring unsupported parameter: http.conn-manager.max-per-route
W/ActivityThread(21701): ClassLoader.loadClass: The class loader returned by Thread.getContextClassLoader() may fail for processes that host multiple applications. You should explicitly specify a context class loader. For example: Thread.setContextClassLoader(getClass().getClassLoader());
D/WifiService( 745): releaseWifiLockLocked: WifiLock{NlpWifiLock type=2 binder=android.os.BinderProxy@117640f0}
I/ActivityManager( 745): Start proc com.google.android.googlequicksearchbox:search for broadcast com.google.android.googlequicksearchbox/com.google.android.velvet.location.LocationReceiver: pid=23589 uid=10022 gids={50022, 9997, 3003, 3001, 1028, 3002, 1015, 1005} abi=armeabi-v7a
I/art (23449): Explicit concurrent mark sweep GC freed 35179(1926KB) AllocSpace objects, 6(1157KB) LOS objects, 40% free, 19MB/32MB, paused 999us total 40.936ms
W/chromium(23449): [WARNING:jni_string.cc(28)] ConvertJavaStringToUTF8 called with null string.
I/ActivityManager( 745): Start proc com.google.android.partnersetup for content provider com.google.android.partnersetup/.RlzAppProvider: pid=23617 uid=10013 gids={50013, 9997, 3003} abi=armeabi-v7a
W/LocationOracleImpl(23589): Not started: ignore location
D/WifiService( 745): New client listening to asynchronous messages
W/InputMethodInfo( 745): Duplicated subtype definition found: , voice
I/MediaRouter(23589): Found default route: MediaRouter.RouteInfo{ uniqueId=android/mo:DEFAULT_ROUTE, name=Phone, description=null, enabled=true, connecting=false, playbackType=0, playbackStream=3, volumeHandling=1, volume=11, volumeMax=15, presentationDisplayId=-1, extras=null, providerPackageName=android }
I/FavoriteContactNamesSup(23589): get() : Execute runnable (UI thread)
I/ContactLabelSupplier(23589): get() : Execute runnable (UI thread)
I/ActivityManager( 745): Start proc android.process.acore for content provider com.android.providers.contacts/.ContactsProvider2: pid=23653 uid=10004 gids={50004, 9997} abi=armeabi-v7a
W/HandlerScheduledExecuto(23589): Task does not implement UiTask. Consider using NamedUiRunnable for fjp@20bc758
W/NowFetcherService(21719): Receives a Now broadcast while not connected to GSA
W/GAV2 (23589): Thread[main,5,main]: Need to call initialize() and be in fallback mode to start dispatch.
D/WifiService( 745): acquireWifiLockLocked: WifiLock{NlpWifiLock type=2 binder=android.os.BinderProxy@117640f0}
E/WifiStateMachine( 745): WifiStateMachine CMD_START_SCAN source 10008 txSuccessRate=48.25 rxSuccessRate=38.94 targetRoamBSSID=00:00:00:00:00:00 RSSI=-61
I/wpa_supplicant(12600): wlan0: CTRL-EVENT-SCAN-STARTED
D/NowFetcherService(21719): onServiceConnected: connected to NowRemoteService
W/HandlerScheduledExecuto(23589): Task does not implement UiTask. Consider using NamedUiRunnable for fjp@20bc758
I/ContactLocale(23653): AddressBook Labels [en-US;cs-CZ]: [, A, B, C, D, E, F, G, H, I, J, K, L, M, N, O, P, Q, R, S, T, U, V, W, X, Y, Z, Α, Β, Γ, Δ, Ε, Ζ, Η, Θ, Ι, Κ, Λ, Μ, Ν, Ξ, Ο, Π, Ρ, Σ, Τ, Υ, Φ, Χ, Ψ, Ω, , А, Б, В, Г, Д, Ђ, Е, Є, Ж, З, И, І, Ї, Й, Ј, К, Л, Љ, М, Н, Њ, О, П, Р, С, Т, Ћ, У, Ф, Х, Ц, Ч, Џ, Ш, Щ, Ю, Я, , א, ב, ג, ד, ה, ו, ז, ח, ט, י, כ, ל, מ, נ, ס, ע, פ, צ, ק, ר, ש, ת, , ا, ب, ت, ث, ج, ح, خ, د, ذ, ر, ز, س, ش, ص, ض, ط, ظ, ع, غ, ف, ق, ك, ل, م, ن, ه, و, ي, , ก, ข, ฃ, ค, ฅ, ฆ, ง, จ, ฉ, ช, ซ, ฌ, ญ, ฎ, ฏ, ฐ, ฑ, ฒ, ณ, ด, ต, ถ, ท, ธ, น, บ, ป, ผ, ฝ, พ, ฟ, ภ, ม, ย, ร, ฤ, ล, ฦ, ว, ศ, ษ, ส, ห, ฬ, อ, ฮ, , ㄱ, ㄴ, ㄷ, ㄹ, ㅁ, ㅂ, ㅅ, ㅇ, ㅈ, ㅊ, ㅋ, ㅌ, ㅍ, ㅎ, , あ, か, さ, た, な, は, ま, や, ら, わ, #, ]
I/ContactLabelSupplier(23589): get() : OptedIn = true
I/ContactLabelSupplier(23589): get() : Looking up 20 labels
I/ContactLabelSupplier(23589): get() : Lookup time = 46 ms
I/VS.Container(23589): create_speech_recognizer
I/MicrophoneInputStream(23589): mic_starting gfk@125c34cc
I/AudioFlinger( 187): AudioFlinger's thread 0xb2a01000 ready to run
I/HotwordRecognitionRnr(23589): Starting hotword detection.
I/MicrophoneInputStream(23589): mic_started gfk@125c34cc
D/audio_hw_primary( 187): select_devices: out_snd_device(0: none) in_snd_device(55: voice-rec-mic)
D/msm8974_platform( 187): platform_send_audio_calibration: sending audio calibration for snd_device(55) acdb_id(62)
D/ ( 187): Failed to fetch the lookup information of the device 0000003E
E/ACDB-LOADER( 187): Error: ACDB AudProc vol returned = -19
D/audio_hw_primary( 187): enable_snd_device: snd_device(55: voice-rec-mic)
D/audio_hw_primary( 187): enable_audio_route: apply and update mixer path: audio-record
E/WifiStateMachine( 745): WifiStateMachine CMD_START_SCAN source -2 txSuccessRate=48.25 rxSuccessRate=38.94 targetRoamBSSID=00:00:00:00:00:00 RSSI=-61
I/HotwordWorker(23589): onReady
I/LatinIME:LogUtils(23003): Dictionary info: dictionary = PersonalizationDictionary.en_US ; version = 328446 ; date = 1417034438
D/NowFetcherService(21719): now card fetch: getting cards...
D/NowFetcherService(21719): delete old card: wear://6ea9356f-df00-4185-8f84-25f2b4ebb55b/now/now_reminder/0
D/NowFetcherService(21719): delete old card: wear://6ea9356f-df00-4185-8f84-25f2b4ebb55b/now/now_reminder/1
D/NowFetcherService(21719): delete old card: wear://6ea9356f-df00-4185-8f84-25f2b4ebb55b/now/now_stock_list/0
D/NowFetcherService(21719): delete old card: wear://6ea9356f-df00-4185-8f84-25f2b4ebb55b/now/now_weather/0
D/NowFetcherService(21719): set new card: /now/now_stock_list/0
D/NowFetcherService(21719): set new card: /now/now_weather/0
D/NowFetcherService(21719): set new card: /now/now_reminder/1
I/ActivityManager( 745): Start proc com.android.providers.calendar for content provider com.android.providers.calendar/.CalendarProvider2: pid=23706 uid=10002 gids={50002, 9997, 3003, 1028, 1015} abi=armeabi-v7a
D/NowFetcherService(21719): set new card: /now/now_reminder/0
W/ResourcesManager(23706): Asset path '/system/framework/android.test.runner.jar' does not exist or contains no resources.
I/CalendarProvider2(23706): Created com.android.providers.calendar.CalendarAlarmManager@f038f81(com.android.providers.calendar.CalendarProvider2@39039826)
I/art ( 745): Explicit concurrent mark sweep GC freed 20629(1062KB) AllocSpace objects, 9(659KB) LOS objects, 21% free, 57MB/73MB, paused 2.595ms total 166.799ms
D/audio_hw_primary( 187): disable_audio_route: reset and update mixer path: low-latency-playback
D/audio_hw_primary( 187): disable_snd_device: snd_device(2: speaker)
I/ActivityManager( 745): START u0 {act=android.intent.action.MAIN cat=[android.intent.category.HOME] flg=0x10200000 cmp=com.google.android.googlequicksearchbox/com.google.android.launcher.GEL} from uid 1000 on display 0
I/ActivityManager( 745): Start proc com.google.android.googlequicksearchbox for activity com.google.android.googlequicksearchbox/com.google.android.launcher.GEL: pid=23744 uid=10022 gids={50022, 9997, 3003, 3001, 1028, 3002, 1015, 1005} abi=armeabi-v7a
I/CalendarProvider2(23706): Sending notification intent: Intent { act=android.intent.action.PROVIDER_CHANGED dat=content://com.android.calendar }
W/ContentResolver(23706): Failed to get type for: content://com.android.calendar (Unknown URL content://com.android.calendar)
E/AppWidgetServiceImpl( 745): Widget host dead: HostId{user:0, app:10022, hostId:1024, pkg:com.google.android.googlequicksearchbox}
E/AppWidgetServiceImpl( 745): android.os.DeadObjectException
E/AppWidgetServiceImpl( 745): at android.os.BinderProxy.transactNative(Native Method)
E/AppWidgetServiceImpl( 745): at android.os.BinderProxy.transact(Binder.java:496)
E/AppWidgetServiceImpl( 745): at com.android.internal.appwidget.IAppWidgetHost$Stub$Proxy.updateAppWidget(IAppWidgetHost.java:123)
E/AppWidgetServiceImpl( 745): at com.android.server.appwidget.AppWidgetServiceImpl.handleNotifyUpdateAppWidget(AppWidgetServiceImpl.java:1640)
E/AppWidgetServiceImpl( 745): at com.android.server.appwidget.AppWidgetServiceImpl.access$1200(AppWidgetServiceImpl.java:107)
E/AppWidgetServiceImpl( 745): at com.android.server.appwidget.AppWidgetServiceImpl$CallbackHandler.handleMessage(AppWidgetServiceImpl.java:2964)
E/AppWidgetServiceImpl( 745): at android.os.Handler.dispatchMessage(Handler.java:102)
E/AppWidgetServiceImpl( 745): at android.os.Looper.loop(Looper.java:135)
E/AppWidgetServiceImpl( 745): at com.android.server.SystemServer.run(SystemServer.java:269)
E/AppWidgetServiceImpl( 745): at com.android.server.SystemServer.main(SystemServer.java:170)
E/AppWidgetServiceImpl( 745): at java.lang.reflect.Method.invoke(Native Method)
E/AppWidgetServiceImpl( 745): at java.lang.reflect.Method.invoke(Method.java:372)
E/AppWidgetServiceImpl( 745): at com.android.internal.os.ZygoteInit$MethodAndArgsCaller.run(ZygoteInit.java:899)
E/AppWidgetServiceImpl( 745): at com.android.internal.os.ZygoteInit.main(ZygoteInit.java:694)
I/ActivityManager( 745): Start proc com.motorola.targetnotif for broadcast com.motorola.targetnotif/com.motorola.motoproxy.calendar.CalendarDataReceiver: pid=23775 uid=10128 gids={50128, 9997, 3002, 3001, 3003, 1028, 1015} abi=armeabi-v7a
E/SQLiteLog(23744): (539) recovered 5 pages from /data/data/com.google.android.googlequicksearchbox/databases/launcher.db-journal
D/WearableClient(21719): WearableClientImpl.onPostInitHandler: done
I/CWCheckin(23775): EventInsertThread started
D/BluetoothManagerService( 745): Message: 20
D/BluetoothManagerService( 745): Added callback: android.bluetooth.IBluetoothManagerCallback$Stub$Proxy@27dbeaef:true
E/CWCheckin(23775): PrivacyHelper() cannot find MotorolaSettings!
D/Checkin (23775): publish the event [tag = MOT_CHECKIN event name = LOG]
D/CWCheckin(23775): Motorola help_improve privacy is -1
D/CWCheckin(23775): Generic privacy config is true
I/BSUtils (23775): device type: NONMOTO
E/ActivityThread(23775): Failed to find provider info for com.motorola.ccc.plm.misc
I/CWCheckin(23775): service created
D/Checkin (23775): publish the event [tag = MOT_CHECKIN event name = LOG]
D/CWCheckin(23775): Motorola help_improve privacy is -1
D/CWCheckin(23775): Generic privacy config is true
I/CWCheckin(23775): service started
D/Checkin (23775): publish the event [tag = MOT_CHECKIN event name = LOG]
D/CWCheckin(23775): Motorola help_improve privacy is -1
D/CWCheckin(23775): Generic privacy config is true
E/ActivityThread(23775): Failed to find provider info for com.motorola.ccc.plm.misc
I/CCE (23775): Default cloud URL does not match to one in our config .. deleting config to force device to reprovision
W/CheckinEventWrapper(23775): Unable to get checkin class.
D/CCE (23775): _setupDefaults() ignoring overlayed setting as it is not defined in our Configuration
D/CCE (23775): blur version: Blur_Version.21.0.1570415.hammerhead.unknown.en.US
E/BlurMotherFrameworkDeps(23775): failed to register tag for checkin logging
D/MMApiWSBase(23775): MMApiWSBase configured as mOAuthToken=null, mOAuthTokenSecret=null, mSocketTimeout=30000, mTimeSkew=0, mChunkSize=8192
I/ActivityManager( 745): Process com.google.android.partnersetup (pid 23617) has died
W/Launcher(23744): setApplicationContext called twice! old=com.google.android.velvet.VelvetApplication@32478c67 new=com.google.android.velvet.VelvetApplication@32478c67
E/BlurMotherFrameworkDeps(23775): failed to register tag for checkin logging
D/CCE (23775): AppWSProxy created ...
I/GEL (23744): handleIntent(Intent { act=android.intent.action.MAIN cat=[android.intent.category.HOME] flg=0x10200000 cmp=com.google.android.googlequicksearchbox/com.google.android.launcher.GEL })
D/PollingManager(23775): PollingManagerService()
D/PollingManager(23775): init()
W/ResourcesManager(23744): Asset path '/system/framework/com.google.android.dialer.support.jar' does not exist or contains no resources.
W/ResourcesManager(23744): Asset path '/system/framework/com.google.android.media.effects.jar' does not exist or contains no resources.
I/UserAuthService(23775): service started, account exists: true
D/MMApiProvisionService(23775): Configuring max forced login attempts to 50
E/BlurMotherFrameworkDeps(23775): failed to register tag for checkin logging
D/MMApiProvisionService(23775): MMApiProvisionService created...
D/MMApiProvisionService(23775): isDeviceProvisioned: deviceId = null
D/CCE (23775): sending request: (create_device) to MMApiprovisionService
I/MMApiProvisionService(23775): createDeviceIdOrLogin create_device
D/MMApiProvisionService(23775): isDeviceProvisioned: deviceId = null
I/GEL (23744): handleIntent(Intent { act=android.intent.action.MAIN cat=[android.intent.category.HOME] flg=0x10600000 cmp=com.google.android.googlequicksearchbox/com.google.android.launcher.GEL })
I/UserDevice(23775): createDevice
D/OpenGLRenderer(23744): Render dirty regions requested: true
D/Atlas (23744): Validating map...
D/BSUtils (23775): Error checking isMultiSimEnabled, Exception:java.lang.ClassNotFoundException: android.telephony.MSimTelephonyManager
D/DelayedSyncController(23449): No delayed sync.
D/BSUtils (23775): Error checking isMultiSimEnabled, Exception:java.lang.ClassNotFoundException: android.telephony.MSimTelephonyManager
I/BSUtils (23775): failed to get sys.build.version.checksum. Setting swChkSum to default: FFFF
I/Adreno-EGL(23744): : QUALCOMM Build: 10/24/14, 167c270, I68fa98814b
I/OpenGLRenderer(23744): Initialized EGL, version 1.4
D/OpenGLRenderer(23744): Enabling debug mode 0
D/WifiService( 745): releaseWifiLockLocked: WifiLock{NlpWifiLock type=2 binder=android.os.BinderProxy@117640f0}
I/ActivityManager( 745): Displayed com.google.android.googlequicksearchbox/com.google.android.launcher.GEL: +1s634ms
I/art (23744): Background sticky concurrent mark sweep GC freed 13454(1206KB) AllocSpace objects, 21(1251KB) LOS objects, 7% free, 23MB/25MB, paused 10.494ms total 102.977ms
I/UserDevice(23775): Request: executing...
D/CCE (23775): onBind() called: com.motorola.blur.service.blur.Actions.BIND_WSPROXY_SVC
E/ActivityThread(23775): Failed to find provider info for com.motorola.ccc.plm.misc
D/CCE (23775): App Checkin requested CCE to send settings
W/IInputConnectionWrapper(23449): showStatusIcon on inactive InputConnection
D/CCE (23775): onBind() called: com.motorola.blur.service.blur.Actions.BIND_POLLINGMANAGER_WSPROXY_SVC
D/WearableClient(23775): WearableClientImpl.onPostInitHandler: done
D/PollingManager(23775): phone state: 0 0 home 2degrees 53024 UMTS HSPA CSS not supported -1 -1 RoamInd=-1 DefRoamInd=-1 EmergOnly=false
D/PollingManager(23775): ignoring connectivity_action: since I don't like the type: [type: MOBILE[HSPA], state: DISCONNECTED/DISCONNECTED, reason: (unspecified), extra: internet, roaming: false, failover: false, isAvailable: true, isConnectedToProvisioningNetwork: false]
I/CWCheckin(23775): BcsTimer.setTimer(20832, 21600000)
D/Checkin (23775): publish the event [tag = MOT_CHECKIN event name = LOG]
D/CWCheckin(23775): Motorola help_improve privacy is -1
D/CWCheckin(23775): Generic privacy config is true
D/PollingManager(23775): registerApp(): com.motorola.checkin
D/PollingManager(23775): registerApp(): shortest interval is 21600000
D/PollingManager(23775): Polling alarm set to expire at: 554562531 Current Time: 554541701
D/MMApiWebService(23775): doRequest() with req : [B@1e137827
D/MMApiWebService(23775): generating token using payload instead of using session token
D/Checkin (23775): publish the event [tag = MOT_PRIVACY_PROFILE event name = PRIVACY]
D/CWCheckin(23775): Motorola help_improve privacy is -1
D/CWCheckin(23775): Generic privacy config is true
D/CWCheckin(23775): Checkin StartupReceiver: com.motorola.blur.service.blur.Actions.SERVICES_STARTED received.
D/CWCheckin(23775): Checkin StartupReceiver: com.motorola.cce.Actions.CCE_LAUNCH_CW_CHECKIN received.
D/Checkin (23775): publish the event [tag = MOT_PRIVACY_PROFILE event name = PRIVACY]
I/CWCheckin(23775): service started
D/Checkin (23775): publish the event [tag = MOT_CHECKIN event name = LOG]
D/CWCheckin(23775): Motorola help_improve privacy is -1
D/CWCheckin(23775): Generic privacy config is true
D/CWCheckin(23775): Motorola help_improve privacy is -1
D/CWCheckin(23775): Generic privacy config is true
I/MotAcct.GoogAccWatcher(23775): account is authenticated: true
I/MMApiWSBase(23775): doRequest(): url: https://argo.svcmot.com:443/v1/gdi/user/devices.json?appid=6R1TANEX3ZMQ6EU1UH43P34C8B868KTE&userid=9bd58775cf0940c4bac29fda474df1b7
D/WearableClient(23775): WearableClientImpl.onPostInitHandler: done
W/Icing (22756): Received bad json for section weights override -- ignoring.
W/Icing (22756): Received bad json for corpus scoring config -- ignoring.
W/Icing (22756): Received bad json for corpus context scoring override -- ignoring.
I/Icing (22756): Usage reports 1 indexed 0 rejected 0 imm upload true
W/HandlerScheduledExecuto(23589): Task does not implement UiTask. Consider using NamedUiRunnable for Consumers.consumeAsync
I/art (23744): Background partial concurrent mark sweep GC freed 6193(400KB) AllocSpace objects, 5(384KB) LOS objects, 40% free, 23MB/39MB, paused 5.408ms total 69.867ms
I/art (22756): Explicit concurrent mark sweep GC freed 37372(3MB) AllocSpace objects, 24(516KB) LOS objects, 40% free, 18MB/30MB, paused 2.125ms total 128.406ms
D/WifiService( 745): New client listening to asynchronous messages
I/Choreographer(23744): Skipped 33 frames! The application may be doing too much work on its main thread.
I/CWCheckin(23775): BcsTimer.setTimer(21600000, 21600000)
D/Checkin (23775): publish the event [tag = MOT_CHECKIN event name = LOG]
D/CWCheckin(23775): Motorola help_improve privacy is -1
D/CWCheckin(23775): Generic privacy config is true
D/PollingManager(23775): registerApp(): com.motorola.checkin
D/PollingManager(23775): registerApp(): com.motorola.checkin already registered.
D/PollingManager(23775): modifyApp(): com.motorola.checkin
D/PollingManager(23775): calculateShortestInterval(): shortest interval is 21600000
I/GAV2 (23589): Thread[GAThread,5,main]: No campaign data found.
V/RenderScript(23744): Application requested CPU execution
V/RenderScript(23744): 0xaf218a00 Launching thread(s), CPUs 4
E/AppWidgetServiceImpl( 745): Error clearing service interface
E/AppWidgetServiceImpl( 745): android.os.DeadObjectException
E/AppWidgetServiceImpl( 745): at android.os.BinderProxy.transactNative(Native Method)
E/AppWidgetServiceImpl( 745): at android.os.BinderProxy.transact(Binder.java:496)
E/AppWidgetServiceImpl( 745): at com.android.internal.widget.IRemoteViewsAdapterConnection$Stub$Proxy.onServiceDisconnected(IRemoteViewsAdapterConnection.java:101)
E/AppWidgetServiceImpl( 745): at com.android.server.appwidget.AppWidgetServiceImpl$ServiceConnectionProxy.disconnect(AppWidgetServiceImpl.java:3430)
E/AppWidgetServiceImpl( 745): at com.android.server.appwidget.AppWidgetServiceImpl.bindRemoteViewsService(AppWidgetServiceImpl.java:945)
E/AppWidgetServiceImpl( 745): at com.android.internal.appwidget.IAppWidgetService$Stub.onTransact(IAppWidgetService.java:370)
E/AppWidgetServiceImpl( 745): at android.os.Binder.execTransact(Binder.java:446)
W/HandlerScheduledExecuto(23589): Task does not implement UiTask. Consider using NamedUiRunnable for Consumers.consumeAsync
I/Icing (22756): Indexing 3C9009886FEE0F26C40D8809FDFA0F4665463B0A from com.chrome.beta
D/Icing (22756): Loaded CLD2 Version V2.0 - 20140131
W/HandlerScheduledExecuto(23589): Task does not implement UiTask. Consider using NamedUiRunnable for Consumers.consumeAsync
W/HandlerScheduledExecuto(23589): Task does not implement UiTask. Consider using NamedUiRunnable for Consumers.consumeAsync
I/Icing (22756): Indexing done 3C9009886FEE0F26C40D8809FDFA0F4665463B0A
W/HandlerScheduledExecuto(23589): Task does not implement UiTask. Consider using NamedUiRunnable for Consumers.consumeAsync
W/HandlerScheduledExecuto(23589): Task does not implement UiTask. Consider using NamedUiRunnable for Consumers.consumeAsync
W/HandlerScheduledExecuto(23589): Task does not implement UiTask. Consider using NamedUiRunnable for Consumers.consumeAsync
W/HandlerScheduledExecuto(23589): Task does not implement UiTask. Consider using NamedUiRunnable for Consumers.consumeAsync
W/HandlerScheduledExecuto(23589): Task does not implement UiTask. Consider using NamedUiRunnable for Consumers.consumeAsync
W/PropertyValuesHolder(23744): Method setBrightness() with type int not found on target class class us
W/PropertyValuesHolder(23744): Method getBrightness() with type null not found on target class class us
I/ActivityManager( 745): START u0 {act=android.intent.action.MAIN cat=[android.intent.category.LAUNCHER] flg=0x10200000 cmp=com.google.android.music/com.android.music.activitymanagement.TopLevelActivity bnds=[276,575][540,871] (has extras)} from uid 10022 on display 0
I/ActivityManager( 745): Start proc com.google.android.music:ui for activity com.google.android.music/com.android.music.activitymanagement.TopLevelActivity: pid=23892 uid=10060 gids={50060, 9997, 3003, 1028, 1015} abi=armeabi-v7a
I/art ( 745): Explicit concurrent mark sweep GC freed 25366(1404KB) AllocSpace objects, 7(2MB) LOS objects, 21% free, 58MB/74MB, paused 2.182ms total 169.827ms
W/ResourcesManager(23892): Asset path '/system/framework/com.android.media.remotedisplay.jar' does not exist or contains no resources.
W/ResourcesManager(23892): Asset path '/system/framework/com.android.location.provider.jar' does not exist or contains no resources.
V/JNIHelp (23892): Registering com/google/android/gms/org/conscrypt/NativeCrypto's 235 native methods...
I/ProviderInstaller(23892): Installed default security provider GmsCore_OpenSSL
I/ActivityManager( 745): Start proc com.google.android.music:main for service com.google.android.music/.preferences.MusicPreferenceService$MusicPreferenceServiceBinder: pid=23924 uid=10060 gids={50060, 9997, 3003, 1028, 1015} abi=armeabi-v7a
I/Icing (22756): Usage reports 1 indexed 0 rejected 0 imm upload false
I/MusicStore(23924): Database version: 103
I/ConfigStore(23924): Config Database version: 1
W/ResourcesManager(23924): Asset path '/system/framework/com.android.media.remotedisplay.jar' does not exist or contains no resources.
W/ResourcesManager(23924): Asset path '/system/framework/com.android.location.provider.jar' does not exist or contains no resources.
V/JNIHelp (23924): Registering com/google/android/gms/org/conscrypt/NativeCrypto's 235 native methods...
I/ProviderInstaller(23924): Installed default security provider GmsCore_OpenSSL
I/art (16979): Explicit concurrent mark sweep GC freed 11673(650KB) AllocSpace objects, 0(0B) LOS objects, 39% free, 17MB/29MB, paused 954us total 34.171ms
I/MediaRouter(23892): Found default route: MediaRouter.RouteInfo{ uniqueId=android/.support.v7.media.SystemMediaRouteProvider:DEFAULT_ROUTE, name=Phone, description=null, enabled=true, connecting=false, playbackType=0, playbackStream=3, volumeHandling=1, volume=11, volumeMax=15, presentationDisplayId=-1, extras=null, providerPackageName=android }
I/MediaRouter(23924): Found default route: MediaRouter.RouteInfo{ uniqueId=android/.support.v7.media.SystemMediaRouteProvider:DEFAULT_ROUTE, name=Phone, description=null, enabled=true, connecting=false, playbackType=0, playbackStream=3, volumeHandling=1, volume=11, volumeMax=15, presentationDisplayId=-1, extras=null, providerPackageName=android }
W/MediaListFragment(23892): Failed to init from args, expecting init() to be called by subclass.
I/NetworkMonitor(23924): type=WIFI subType= reason=null isConnected=true
D/SystemUtils(23924): getSystemProperty: lpa.decode=null
I/LocalDevicePlayback(23924): Streaming client created.
W/ArtDownloadService(23924): Setting cache size 276433822
I/LocalDevicePlayback(23924): stop: willPlay=false, currentPos=0
I/art ( 745): Explicit concurrent mark sweep GC freed 13267(603KB) AllocSpace objects, 4(576KB) LOS objects, 21% free, 57MB/73MB, paused 1.968ms total 154.551ms
I/Icing (22756): Usage reports 1 indexed 0 rejected 0 imm upload false
W/ResourcesManager(23744): Asset path '/system/framework/com.google.android.media.effects.jar' does not exist or contains no resources.
W/ResourcesManager(23744): Asset path '/system/framework/com.google.android.maps.jar' does not exist or contains no resources.
D/OpenGLRenderer(23892): Render dirty regions requested: true
D/Atlas (23892): Validating map...
W/ResourcesManager(23744): Asset path '/system/framework/com.google.android.maps.jar' does not exist or contains no resources.
W/ResourcesManager(23744): Asset path '/system/framework/com.google.android.maps.jar' does not exist or contains no resources.
I/Adreno-EGL(23892): : QUALCOMM Build: 10/24/14, 167c270, I68fa98814b
I/OpenGLRenderer(23892): Initialized EGL, version 1.4
D/OpenGLRenderer(23892): Enabling debug mode 0
I/ActivityManager( 745): Process android.process.acore (pid 23653) has died
W/art (23892): Suspending all threads took: 14.940ms
I/ActivityManager( 745): Start proc android.process.media for content provider com.android.providers.media/.MediaProvider: pid=24000 uid=10006 gids={50006, 9997, 2001, 3003, 1028, 1015, 3007, 1023, 1024} abi=armeabi-v7a
I/art ( 198): Explicit concurrent mark sweep GC freed 706(30KB) AllocSpace objects, 0(0B) LOS objects, 40% free, 15MB/25MB, paused 361us total 18.188ms
I/art (23892): Background sticky concurrent mark sweep GC freed 28498(2020KB) AllocSpace objects, 3(44KB) LOS objects, 6% free, 23MB/25MB, paused 23.932ms total 97.666ms
I/art ( 198): Explicit concurrent mark sweep GC freed 5(160B) AllocSpace objects, 0(0B) LOS objects, 40% free, 15MB/25MB, paused 318us total 13.861ms
I/art ( 198): Explicit concurrent mark sweep GC freed 5(160B) AllocSpace objects, 0(0B) LOS objects, 40% free, 15MB/25MB, paused 315us total 13.700ms
I/art (23924): Explicit concurrent mark sweep GC freed 59204(3MB) AllocSpace objects, 10(160KB) LOS objects, 40% free, 17MB/29MB, paused 7.431ms total 228.215ms
W/View (23892): requestLayout() improperly called by android.widget.ListView{d9c75ee IFED.VC. ......ID -912,168-0,1701 #7f0e0203 app:id/play_drawer_list} during layout: running second layout pass
E/SQLiteLog(24000): (283) recovered 88 frames from WAL file /data/user/0/com.android.providers.media/databases/external.db-wal
I/WindowState( 745): WIN DEATH: Window{1e967cdf u0 SurfaceView}
I/WindowState( 745): WIN DEATH: Window{32f9cc95 u0 com.chrome.beta/com.google.android.apps.chrome.document.DocumentActivity}
I/ActivityManager( 745): Process com.android.providers.calendar (pid 23706) has died
I/ActivityManager( 745): Process com.chrome.beta (pid 23449) has died
E/lowmemorykiller( 169): Error opening /proc/23480/oom_score_adj; errno=2
W/ActivityManager( 745): Exception when unbinding service com.chrome.beta/org.chromium.content.app.SandboxedProcessService0
W/ActivityManager( 745): android.os.DeadObjectException
W/ActivityManager( 745): at android.os.BinderProxy.transactNative(Native Method)
W/ActivityManager( 745): at android.os.BinderProxy.transact(Binder.java:496)
W/ActivityManager( 745): at android.app.ApplicationThreadProxy.scheduleUnbindService(ApplicationThreadNative.java:917)
W/ActivityManager( 745): at com.android.server.am.ActiveServices.removeConnectionLocked(ActiveServices.java:1772)
W/ActivityManager( 745): at com.android.server.am.ActiveServices.killServicesLocked(ActiveServices.java:2156)
W/ActivityManager( 745): at com.android.server.am.ActivityManagerService.cleanUpApplicationRecordLocked(ActivityManagerService.java:14494)
W/ActivityManager( 745): at com.android.server.am.ActivityManagerService.handleAppDiedLocked(ActivityManagerService.java:4728)
W/ActivityManager( 745): at com.android.server.am.ActivityManagerService.appDiedLocked(ActivityManagerService.java:4891)
W/ActivityManager( 745): at com.android.server.am.ActivityManagerService$AppDeathRecipient.binderDied(ActivityManagerService.java:1164)
W/ActivityManager( 745): at android.os.BinderProxy.sendDeathNotice(Binder.java:551)
E/lowmemorykiller( 169): Error opening /proc/23480/oom_score_adj; errno=2
I/ActivityManager( 745): Killing 23480:com.chrome.beta:sandboxed_process0/u0a91i391 (adj 9): isolated not needed
W/libprocessgroup( 745): failed to open /acct/uid_10091/pid_23480/cgroup.procs: No such file or directory
W/libprocessgroup( 745): failed to open /acct/uid_10091/pid_23480/cgroup.procs: No such file or directory
I/ActivityManager( 745): Process com.motorola.targetnotif (pid 23775) has died
W/ActivityManager( 745): Scheduling restart of crashed service com.motorola.targetnotif/com.motorola.checkin.uploader.CheckinService in 2673868800ms
I/MusicBaseActivity(23892): onNewNautilusStatus status: GOT_NAUTILUS has menu list: false
D/MtpService(24000): updating state; isCurrentUser=true, mMtpLocked=false
D/MtpService(24000): addStorageLocked 65537 /storage/emulated/0
D/MtpService(24000): updating state; isCurrentUser=true, mMtpLocked=false
I/ActivityManager( 745): Start proc com.google.android.youtube for service com.google.android.youtube/.app.remote.YouTubeTvRouteProviderService: pid=24025 uid=10080 gids={50080, 9997, 3003, 1028, 1015} abi=armeabi-v7a
D/MtpService(24000): starting MTP server in MTP mode
D/MtpService(24000): addStorageLocked 65537 /storage/emulated/0
I/MediaStoreImporter(23924): Update: incremental Added music: 0 Updated music: 0 Deleted music: 0 Created playlists: 0 Updated playlists: 0 Deleted playlists: 0 Inserted playlist items: 0 Deleted playlist items: 0 Removed orphaned playlist items: 0
I/Choreographer(23892): Skipped 63 frames! The application may be doing too much work on its main thread.
W/ResourcesManager(24025): Asset path '/system/framework/com.android.media.remotedisplay.jar' does not exist or contains no resources.
W/ResourcesManager(24025): Asset path '/system/framework/com.android.location.provider.jar' does not exist or contains no resources.
V/JNIHelp (24025): Registering com/google/android/gms/org/conscrypt/NativeCrypto's 235 native methods...
I/ProviderInstaller(24025): Installed default security provider GmsCore_OpenSSL
W/View (23892): requestLayout() improperly called by android.widget.TextView{1dcd6cf7 V.ED.... ......ID 48,253-411,318 #7f0e0108 app:id/li_title} during layout: running second layout pass
W/View (23892): requestLayout() improperly called by android.widget.TextView{5b4d764 V.ED.... ......ID 48,253-411,318 #7f0e0108 app:id/li_title} during layout: running second layout pass
W/View (23892): requestLayout() improperly called by android.widget.TextView{2f85dcd V.ED.... ......ID 48,253-411,318 #7f0e0108 app:id/li_title} during layout: running second layout pass
W/View (23892): requestLayout() improperly called by android.widget.TextView{9e29682 V.ED.... ......ID 48,253-411,318 #7f0e0108 app:id/li_title} during layout: running second layout pass
W/View (23892): requestLayout() improperly called by android.widget.TextView{29e1e193 V.ED.... ......ID 48,253-411,318 #7f0e0108 app:id/li_title} during layout: running second layout pass
W/View (23892): requestLayout() improperly called by android.widget.TextView{329a05d0 V.ED.... ......ID 48,253-411,318 #7f0e0108 app:id/li_title} during layout: running second layout pass
W/View (23892): requestLayout() improperly called by android.widget.TextView{83a09c9 V.ED.... ......ID 48,253-411,318 #7f0e0108 app:id/li_title} during layout: running second layout pass
W/View (23892): requestLayout() improperly called by android.widget.TextView{a2798ce V.ED.... ......ID 48,253-411,318 #7f0e0108 app:id/li_title} during layout: running second layout pass
W/View (23892): requestLayout() improperly called by android.widget.TextView{20bf03ef V.ED.... ......ID 48,483-411,548 #7f0e0108 app:id/li_title} during layout: running second layout pass
W/View (23892): requestLayout() improperly called by android.widget.TextView{1e61aefc V.ED.... ......ID 48,483-411,548 #7f0e0108 app:id/li_title} during layout: running second layout pass
W/View (23892): requestLayout() improperly called by android.widget.TextView{5d07985 V.ED.... ......ID 48,483-411,548 #7f0e0108 app:id/li_title} during layout: running second layout pass
W/View (23892): requestLayout() improperly called by android.widget.TextView{a873da V.ED.... ......ID 48,483-411,548 #7f0e0108 app:id/li_title} during layout: running second layout pass
W/View (23892): requestLayout() improperly called by android.widget.TextView{fa1f00b V.ED.... ......ID 48,483-411,548 #7f0e0108 app:id/li_title} during layout: running second layout pass
W/View (23892): requestLayout() improperly called by android.widget.TextView{3298bee8 V.ED.... ......ID 48,483-411,548 #7f0e0108 app:id/li_title} during layout: running second layout pass
W/View (23892): requestLayout() improperly called by android.widget.TextView{24a42901 V.ED.... ......ID 192,0-424,192 #7f0e0256 app:id/shuffle_all_songs} during layout: running second layout pass
W/View (23892): requestLayout() improperly called by com.google.android.music.StatefulShadowTextView{1629f3a6 V.ED.... ......ID 0,0-0,65 #7f0e00d3 app:id/line1} during layout: running second layout pass
W/View (23892): requestLayout() improperly called by com.google.android.music.StatefulShadowTextView{107d81e7 V.ED.... ......ID 0,65-0,118 #7f0e00d4 app:id/line2} during layout: running second layout pass
W/View (23892): requestLayout() improperly called by com.google.android.music.StatefulShadowTextView{22aee194 V.ED.... ......ID 0,0-0,65 #7f0e00d3 app:id/line1} during layout: running second layout pass
W/View (23892): requestLayout() improperly called by com.google.android.music.StatefulShadowTextView{19a9543d V.ED.... ......ID 0,65-0,118 #7f0e00d4 app:id/line2} during layout: running second layout pass
W/View (23892): requestLayout() improperly called by com.google.android.music.StatefulShadowTextView{28f1a432 V.ED.... ......ID 0,0-0,65 #7f0e00d3 app:id/line1} during layout: running second layout pass
W/View (23892): requestLayout() improperly called by com.google.android.music.StatefulShadowTextView{3f965583 V.ED.... ......ID 0,65-0,118 #7f0e00d4 app:id/line2} during layout: running second layout pass
W/View (23892): requestLayout() improperly called by com.google.android.music.StatefulShadowTextView{7628300 V.ED.... ......ID 0,0-0,65 #7f0e00d3 app:id/line1} during layout: running second layout pass
W/View (23892): requestLayout() improperly called by com.google.android.music.StatefulShadowTextView{3adbf739 V.ED.... ......ID 0,65-0,118 #7f0e00d4 app:id/line2} during layout: running second layout pass
W/View (23892): requestLayout() improperly called by com.google.android.music.StatefulShadowTextView{411d17e V.ED.... ......ID 0,0-0,65 #7f0e00d3 app:id/line1} during layout: running second layout pass
W/View (23892): requestLayout() improperly called by com.google.android.music.StatefulShadowTextView{2edec6df V.ED.... ......ID 0,65-0,118 #7f0e00d4 app:id/line2} during layout: running second layout pass
W/View (23892): requestLayout() improperly called by com.google.android.music.StatefulShadowTextView{4eccf2c V.ED.... ......ID 0,0-0,65 #7f0e00d3 app:id/line1} during layout: running second layout pass
W/View (23892): requestLayout() improperly called by com.google.android.music.StatefulShadowTextView{27fbcdf5 V.ED.... ......ID 0,65-0,118 #7f0e00d4 app:id/line2} during layout: running second layout pass
I/ActivityManager( 745): Displayed com.google.android.music/com.android.music.activitymanagement.TopLevelActivity: +3s840ms
W/View (23892): requestLayout() improperly called by android.widget.TextView{289d1e65 V.ED.... ......ID 0,0-544,57 #7f0e020b app:id/display_name} during second layout pass: posting in next frame
W/View (23892): requestLayout() improperly called by com.google.android.play.drawer.ShrinkingItem{1146e73a V.E..... ......ID 0,192-912,192 #7f0e0207 app:id/secondary_profiles} during second layout pass: posting in next frame
E/YouTube MDX(24025): Bogus value in shared preferences for key MdxServerSelection value , returning default value.
I/art (16979): Explicit concurrent mark sweep GC freed 4888(207KB) AllocSpace objects, 0(0B) LOS objects, 39% free, 17MB/29MB, paused 1.109ms total 27.049ms
I/art ( 745): Explicit concurrent mark sweep GC freed 12871(610KB) AllocSpace objects, 6(736KB) LOS objects, 20% free, 61MB/77MB, paused 1.806ms total 157.383ms
W/View (23892): requestLayout() improperly called by android.widget.TextView{2486fb74 V.ED.... ......ID 48,253-411,318 #7f0e0108 app:id/li_title} during layout: running second layout pass
W/View (23892): requestLayout() improperly called by android.widget.TextView{1dce989d V.ED.... ......ID 48,253-411,318 #7f0e0108 app:id/li_title} during layout: running second layout pass
W/View (23892): requestLayout() improperly called by android.widget.TextView{9e50112 V.ED.... ......ID 48,253-411,318 #7f0e0108 app:id/li_title} during layout: running second layout pass
W/View (23892): requestLayout() improperly called by android.widget.TextView{22c120e3 V.ED.... ......ID 48,253-411,318 #7f0e0108 app:id/li_title} during layout: running second layout pass
W/View (23892): requestLayout() improperly called by android.widget.TextView{36d25ae0 V.ED.... ......ID 48,253-411,318 #7f0e0108 app:id/li_title} during layout: running second layout pass
W/View (23892): requestLayout() improperly called by android.widget.TextView{18812199 V.ED.... ......ID 48,253-411,318 #7f0e0108 app:id/li_title} during layout: running second layout pass
W/View (23892): requestLayout() improperly called by android.widget.TextView{1c8e1c5e V.ED.... ......ID 48,253-411,318 #7f0e0108 app:id/li_title} during layout: running second layout pass
W/View (23892): requestLayout() improperly called by android.widget.TextView{3dae83f V.ED.... ......ID 48,253-411,318 #7f0e0108 app:id/li_title} during layout: running second layout pass
I/Choreographer(23892): Skipped 33 frames! The application may be doing too much work on its main thread.
W/SocketClient( 183): write error (Broken pipe)
W/DnsProxyListener( 183): Error writing DNS result to client
I/art (23924): Explicit concurrent mark sweep GC freed 5451(322KB) AllocSpace objects, 4(4MB) LOS objects, 40% free, 19MB/32MB, paused 1.109ms total 61.703ms
W/CastMediaRouteProvider(22756): addOrUpdateDevice: device: "Living Room" (bf0c70d0b1107f94aa11ce38768ffbd2) applicationName: null
W/CastMediaRouteProvider(22756): addOrUpdateDevice: device: "Bedroom" (d15d9799f22e16497ac472aa54e505f5) applicationName: null
I/ActivityManager( 745): Start proc com.android.providers.calendar for content provider com.android.providers.calendar/.CalendarProvider2: pid=24129 uid=10002 gids={50002, 9997, 3003, 1028, 1015} abi=armeabi-v7a
W/ResourcesManager(24129): Asset path '/system/framework/android.test.runner.jar' does not exist or contains no resources.
I/CalendarProvider2(24129): Created com.android.providers.calendar.CalendarAlarmManager@f038f81(com.android.providers.calendar.CalendarProvider2@39039826)
D/WearableClient(23924): WearableClientImpl.onPostInitHandler: done
D/WearableClient(23924): WearableClientImpl.onPostInitHandler: done
I/MusicLeanback(23924): Conditions not met for autocaching.
I/MusicLeanback(23924): Stop autocaching.
I/LocalDevicePlayback(23924): play: currentPos=0
I/MediaFocusControl( 745): AudioFocus requestAudioFocus() from android.media.AudioManager@2355ceacom.google.android.music.playback.LocalDevicePlayback$10@3a040bdb
I/LocalDevicePlayback(23924): open: id=[437, DEFAULT], pos=0, playPos=0, fromUser=true, track=Curtains Up (Skit - Album Version (Explicit))
I/CalendarProvider2(24129): Sending notification intent: Intent { act=android.intent.action.PROVIDER_CHANGED dat=content://com.android.calendar }
W/ContentResolver(24129): Failed to get type for: content://com.android.calendar (Unknown URL content://com.android.calendar)
I/ActivityManager( 745): Start proc com.motorola.targetnotif for broadcast com.motorola.targetnotif/com.motorola.motoproxy.calendar.CalendarDataReceiver: pid=24183 uid=10128 gids={50128, 9997, 3002, 3001, 3003, 1028, 1015} abi=armeabi-v7a
I/ActivityManager( 745): Start proc android.process.acore for content provider com.android.providers.contacts/.ContactsProvider2: pid=24200 uid=10004 gids={50004, 9997} abi=armeabi-v7a
I/art ( 745): Explicit concurrent mark sweep GC freed 6978(313KB) AllocSpace objects, 0(0B) LOS objects, 20% free, 62MB/78MB, paused 2.633ms total 178.212ms
D/WearableClient(21719): WearableClientImpl.onPostInitHandler: done
I/CWCheckin(24183): EventInsertThread started
D/WifiService( 745): acquireWifiLockLocked: WifiLock{DownloadQueueManager type=3 binder=android.os.BinderProxy@46d305}
D/WifiService( 745): releaseWifiLockLocked: WifiLock{DownloadQueueManager type=3 binder=android.os.BinderProxy@46d305}
D/WifiService( 745): acquireWifiLockLocked: WifiLock{DownloadQueueManager type=3 binder=android.os.BinderProxy@2d518f5a}
D/WifiService( 745): releaseWifiLockLocked: WifiLock{DownloadQueueManager type=3 binder=android.os.BinderProxy@2d518f5a}
D/WifiService( 745): acquireWifiLockLocked: WifiLock{DownloadQueueManager type=3 binder=android.os.BinderProxy@1f03a58b}
D/WifiService( 745): releaseWifiLockLocked: WifiLock{DownloadQueueManager type=3 binder=android.os.BinderProxy@1f03a58b}
D/BluetoothManagerService( 745): Message: 20
D/BluetoothManagerService( 745): Added callback: android.bluetooth.IBluetoothManagerCallback$Stub$Proxy@15e69a81:true
I/ContactLocale(24200): AddressBook Labels [en-US;cs-CZ]: [, A, B, C, D, E, F, G, H, I, J, K, L, M, N, O, P, Q, R, S, T, U, V, W, X, Y, Z, Α, Β, Γ, Δ, Ε, Ζ, Η, Θ, Ι, Κ, Λ, Μ, Ν, Ξ, Ο, Π, Ρ, Σ, Τ, Υ, Φ, Χ, Ψ, Ω, , А, Б, В, Г, Д, Ђ, Е, Є, Ж, З, И, І, Ї, Й, Ј, К, Л, Љ, М, Н, Њ, О, П, Р, С, Т, Ћ, У, Ф, Х, Ц, Ч, Џ, Ш, Щ, Ю, Я, , א, ב, ג, ד, ה, ו, ז, ח, ט, י, כ, ל, מ, נ, ס, ע, פ, צ, ק, ר, ש, ת, , ا, ب, ت, ث, ج, ح, خ, د, ذ, ر, ز, س, ش, ص, ض, ط, ظ, ع, غ, ف, ق, ك, ل, م, ن, ه, و, ي, , ก, ข, ฃ, ค, ฅ, ฆ, ง, จ, ฉ, ช, ซ, ฌ, ญ, ฎ, ฏ, ฐ, ฑ, ฒ, ณ, ด, ต, ถ, ท, ธ, น, บ, ป, ผ, ฝ, พ, ฟ, ภ, ม, ย, ร, ฤ, ล, ฦ, ว, ศ, ษ, ส, ห, ฬ, อ, ฮ, , ㄱ, ㄴ, ㄷ, ㄹ, ㅁ, ㅂ, ㅅ, ㅇ, ㅈ, ㅊ, ㅋ, ㅌ, ㅍ, ㅎ, , あ, か, さ, た, な, は, ま, や, ら, わ, #, ]
E/CWCheckin(24183): PrivacyHelper() cannot find MotorolaSettings!
D/Checkin (24183): publish the event [tag = MOT_CHECKIN event name = LOG]
D/CWCheckin(24183): Motorola help_improve privacy is -1
I/ActivityManager( 745): Process com.android.providers.calendar (pid 24129) has died
D/CWCheckin(24183): Generic privacy config is true
I/ActivityManager( 745): Process android.process.media (pid 24000) has died
W/ActivityManager( 745): Scheduling restart of crashed service com.android.providers.media/.MtpService in 3922690048ms
I/BSUtils (24183): device type: NONMOTO
I/LocalDevicePlayback(23924): setNextTrack: id=[4973, DEFAULT], playPos=1, track=White America (Explicit)
I/ActivityManager( 745): Start proc com.android.providers.calendar for content provider com.android.providers.calendar/.CalendarProvider2: pid=24231 uid=10002 gids={50002, 9997, 3003, 1028, 1015} abi=armeabi-v7a
