D/audio_hw_primary( 187): out_set_parameters: enter: usecase(3: compress-offload-playback) kvpairs: routing=2
D/audio_hw_primary( 187): out_set_parameters: enter: usecase(3: compress-offload-playback) kvpairs: delay_samples=576;music_offload_avg_bit_rate=160000;music_offload_sample_rate=44100;padding_samples=704
I/ActivityManager( 745): Start proc com.android.musicfx for broadcast com.android.musicfx/.ControlPanelReceiver: pid=25099 uid=10015 gids={50015, 9997, 3003, 3002} abi=armeabi-v7a
D/audio_hw_primary( 187): out_set_parameters: enter: usecase(3: compress-offload-playback) kvpairs: delay_samples=576;music_offload_avg_bit_rate=160000;music_offload_sample_rate=44100;padding_samples=704
D/InvalidationService(24392): Registration status for Oid: <1004, EXPERIMENTS>: REGISTERED
I/chromium(24392): [INFO:CONSOLE(61)] "Invalid App Id: Must be a number or numeric string representing the application id.", source: http://connect.facebook.net/en_US/all.js (61)
I/art ( 198): Explicit concurrent mark sweep GC freed 706(30KB) AllocSpace objects, 0(0B) LOS objects, 40% free, 15MB/25MB, paused 333us total 22.127ms
D/audio_hw_primary( 187): select_devices: out_snd_device(2: speaker) in_snd_device(0: none)
D/audio_hw_primary( 187): enable_audio_route: apply and update mixer path: compress-offload-playback
I/art ( 198): Explicit concurrent mark sweep GC freed 5(160B) AllocSpace objects, 0(0B) LOS objects, 40% free, 15MB/25MB, paused 324us total 14.483ms
E/GoogleApiIcingClientImpl(24392): NoSuchMethodException while trying to construct DocumentContents
I/art ( 198): Explicit concurrent mark sweep GC freed 5(160B) AllocSpace objects, 0(0B) LOS objects, 40% free, 15MB/25MB, paused 319us total 13.805ms
D/offload_visualizer( 187): thread enter
D/InvalidationService(24392): Registration status for Oid: <1004, FAVICON_TRACKING>: REGISTERED
D/InvalidationService(24392): Registration status for Oid: <1004, DEVICE_INFO>: REGISTERED
D/ChildProcessLauncher(24392): Allocator allocated a connection, sandbox: true, slot: 1
I/ActivityManager( 745): Start proc com.chrome.beta:sandboxed_process1 for service com.chrome.beta/org.chromium.content.app.SandboxedProcessService1: pid=25119 uid=99393 gids={} abi=armeabi-v7a
D/InvalidationService(24392): Registration status for Oid: <1004, SESSION>: REGISTERED
I/NuCachedSource2( 187): ERROR_END_OF_STREAM
D/ChildProcessLauncher(24392): Setting up connection to process: slot=1
I/chromium(24392): [INFO:CONSOLE(61)] "FB.getLoginStatus() called before calling FB.init().", source: http://connect.facebook.net/en_US/all.js (61)
D/DrmWidevine( 187): calling OEMCrypto_Initialize, g_qsee_apps_version = 20006
D/QSEECOMAPI: ( 187): QSEECom_get_handle sb_length = 0x5000
D/QSEECOMAPI: ( 187): App is already loaded QSEE and app id = 3
I/chromium(24392): [INFO:CONSOLE(61)] "FB.init has already been called - this could indicate a problem", source: http://connect.facebook.net/en_US/all.js (61)
D/QSAPPSVER( 187): qsappsver_checkversion hlos_version major version = 2, tz_version major version = 2
D/QSAPPSVER( 187): qsappsver_checkversion hlos_version minor version = 6, tz_version minor version = 2
D/DrmWidevine( 187): OEMCrypto_Initialize sion_buffer g_wv_fhandle->ion_sbuffer 0x0xb5856000
E/DrmWidevine( 187): sion_buffer g_wv_fhandle->ion_sbuffer 0x0xb5856000
D/DrmWidevine( 187): OEMCrypto_Initialize exit returns 0
D/WVMLogging( 187): Thu Nov 27 09:41:19 2014 (b3c25f80):WVSession::SetError: status=1001, desc=Invalid data format
E/WVMFileSource( 187): mDataSource-readAt returned error -1011
E/WVMExtractorImpl( 187): WV_Setup returned status 1001 in WVMMediaSource::start
D/DrmWidevine( 187): calling OEMCrypto_Terminate...
D/QSEECOMAPI: ( 187): QSEECom_dealloc_memory
D/QSEECOMAPI: ( 187): QSEECom_shutdown_app, app_id = 3
D/DrmWidevine( 187): OEMCrypto_Terminate returns 0
D/MediaResourceGetter(24392): resource doesn't have video
D/MediaResourceGetter(24392): extracted valid metadata: MediaMetadata[durationInMilliseconds=0, width=0, height=0, success=true]
V/MusicFXControlPanelReceiver(25099): onReceive
V/MusicFXControlPanelReceiver(25099): Action: android.media.action.OPEN_AUDIO_EFFECT_CONTROL_SESSION
V/MusicFXControlPanelReceiver(25099): Package name: com.google.android.music
V/MusicFXControlPanelReceiver(25099): Audio session: 8221
I/ChildProcessService(25119): Creating new ChildProcessService pid=25119
V/MusicFXControlPanelEffect(25099): openSession(android.app.ReceiverRestrictedContext@140e7805, com.google.android.music, 8221)
I/LibraryLoader(25119): Loading: chromium_android_linker
I/LibraryLoader(25119): Loading: chrome.2171.90
D/ChildProcessLauncher(24392): on connect callback, pid=25119 context=-1660222232
W/CastMediaRouteProvider(22756): addOrUpdateDevice: device: "Bedroom" (d15d9799f22e16497ac472aa54e505f5) applicationName: null
I/art (16979): Explicit concurrent mark sweep GC freed 16621(920KB) AllocSpace objects, 0(0B) LOS objects, 39% free, 17MB/29MB, paused 5.546ms total 189.899ms
W/CastMediaRouteProvider(22756): addOrUpdateDevice: device: "Living Room" (bf0c70d0b1107f94aa11ce38768ffbd2) applicationName: null
D/WifiService( 745): releaseWifiLockLocked: WifiLock{NlpWifiLock type=2 binder=android.os.BinderProxy@be13ecc}
I/art ( 745): Explicit concurrent mark sweep GC freed 17406(901KB) AllocSpace objects, 10(550KB) LOS objects, 21% free, 58MB/74MB, paused 2.166ms total 392.285ms
W/ResourcesManager(25063): Asset path '/system/framework/com.android.media.remotedisplay.jar' does not exist or contains no resources.
I/LibraryLoader(25119): Time to load native libraries: 741 ms (timestamps 833-1574)
I/LibraryLoader(25119): Expected native library version number "39.0.2171.90",actual native library version number "39.0.2171.90"
I/chromium(25119): [INFO:library_loader_hooks.cc(104)] Chromium logging enabled: level = 0, default verbosity = 0
W/ResourcesManager(25063): Asset path '/system/framework/com.android.location.provider.jar' does not exist or contains no resources.
I/Icing (22756): Indexing 3C9009886FEE0F26C40D8809FDFA0F4665463B0A from com.chrome.beta
W/art (25119): Attempt to remove local handle scope entry from IRT, ignoring
W/art (25119): Attempt to remove local handle scope entry from IRT, ignoring
V/JNIHelp (25063): Registering com/google/android/gms/org/conscrypt/NativeCrypto's 235 native methods...
I/GAV2 (24889): Thread[GAThread,5,main]: No campaign data found.
I/chromium(25119): [INFO:child_process_service.cc(165)] ChildProcessService: Exiting child process.
I/ActivityManager( 745): Process com.android.musicfx (pid 25099) has died
W/libprocessgroup( 745): failed to open /acct/uid_10091/pid_25119/cgroup.procs: No such file or directory
I/ActivityManager( 745): Process com.chrome.beta:sandboxed_process1 (pid 25119) has died
W/ActivityManager( 745): Scheduling restart of crashed service com.chrome.beta/org.chromium.content.app.SandboxedProcessService1 in 1000ms
I/GCoreUlr(21701): Successfully inserted location
I/ProviderInstaller(25063): Installed default security provider GmsCore_OpenSSL
W/ChildProcessConnection(24392): onServiceDisconnected (crash or killed by oom): pid=25119
D/ChildProcessLauncher(24392): stopping child connection: pid=25119
D/ChildProcessLauncher(24392): Allocator freed a connection, sandbox: true, slot: 1
I/GCoreUlr(21701): Starting service, intent=Intent { act=com.google.android.location.reporting.UPLOAD cmp=com.google.android.gms/com.google.android.location.reporting.service.DispatchingService }, extras=null
I/Icing (22756): Indexing done 3C9009886FEE0F26C40D8809FDFA0F4665463B0A
I/art ( 1323): Background partial concurrent mark sweep GC freed 33376(1931KB) AllocSpace objects, 37(12MB) LOS objects, 27% free, 42MB/58MB, paused 2.139ms total 191.320ms
D/audio_hw_primary( 187): disable_audio_route: reset and update mixer path: low-latency-playback
I/art (23924): Background sticky concurrent mark sweep GC freed 144402(4MB) AllocSpace objects, 26(3MB) LOS objects, 23% free, 25MB/33MB, paused 1.738ms total 145.353ms
I/LocalDevicePlayback(23924): setNextTrack: id=[440, DEFAULT], playPos=2, track=Business (Explicit)
I/Fitness (21701): FlushServiceReceiver.onReceive
I/Icing (22756): Usage reports 1 indexed 0 rejected 0 imm upload false
E/YouTube MDX(25063): Bogus value in shared preferences for key MdxServerSelection value , returning default value.
E/WifiStateMachine( 745): WifiStateMachine CMD_START_SCAN source -2 txSuccessRate=157.58 rxSuccessRate=148.24 targetRoamBSSID=00:00:00:00:00:00 RSSI=-60
D/WifiService( 745): acquireWifiLockLocked: WifiLock{DownloadQueueManager type=3 binder=android.os.BinderProxy@6f383c6}
D/WifiService( 745): releaseWifiLockLocked: WifiLock{DownloadQueueManager type=3 binder=android.os.BinderProxy@6f383c6}
D/WifiService( 745): acquireWifiLockLocked: WifiLock{DownloadQueueManager type=3 binder=android.os.BinderProxy@5941652}
D/WifiService( 745): releaseWifiLockLocked: WifiLock{DownloadQueueManager type=3 binder=android.os.BinderProxy@5941652}
D/WifiService( 745): Client connection lost with reason: 4
D/audio_hw_primary( 187): disable_audio_route: reset and update mixer path: audio-record
D/audio_hw_primary( 187): disable_snd_device: snd_device(55: voice-rec-mic)
D/NuPlayerDriver( 187): reset(0xb4fa92e0)
D/NuPlayerDriver( 187): notifyResetComplete(0xb4fa92e0)
D/NuPlayerDriver( 187): reset(0xb49293a0)
I/ActivityManager( 745): Process com.google.android.googlequicksearchbox:search (pid 24889) has died
E/Parcel ( 187): Reading a NULL string not supported here.
W/ActivityManager( 745): Scheduling restart of crashed service com.google.android.googlequicksearchbox/com.google.android.search.core.service.SearchService in 50148ms
W/ActivityManager( 745): Canceling start item Intent { act=com.google.android.search.core.service.BroadcastListenerService.action.UPDATE cmp=com.google.android.googlequicksearchbox/com.google.android.search.core.service.BroadcastListenerService (has extras) } in service ComponentInfo{com.google.android.googlequicksearchbox/com.google.android.search.core.service.BroadcastListenerService}
W/ActivityManager( 745): Scheduling restart of crashed service com.google.android.googlequicksearchbox/com.google.android.search.core.service.BroadcastListenerService in 277384003584ms
W/MediaFocusControl( 745): AudioFocus audio focus client died
I/MediaFocusControl( 745): AudioFocus removeFocusStackEntry(): removing entry for android.os.BinderProxy@1446ad23
W/AudioFlinger( 187): session id 8221 not found for pid 23924
D/NuPlayerDriver( 187): notifyResetComplete(0xb49293a0)
I/ActivityManager( 745): Process com.google.android.music:main (pid 23924) has died
W/ActivityManager( 745): Scheduling restart of crashed service com.google.android.music/.download.artwork.ArtDownloadService in 3251240960ms
W/ActivityManager( 745): Scheduling restart of crashed service com.google.android.music/.playback.MusicPlaybackService in 46993408ms
D/audio_hw_primary( 187): out_set_parameters: enter: usecase(3: compress-offload-playback) kvpairs: routing=0
D/audio_hw_primary( 187): out_set_parameters: enter: usecase(3: compress-offload-playback) kvpairs: closing=true
D/audio_hw_primary( 187): out_set_parameters: enter: usecase(3: compress-offload-playback) kvpairs: exiting=1
W/InputMethodManagerService( 745): Session failed to close due to remote exception
W/InputMethodManagerService( 745): android.os.DeadObjectException
W/InputMethodManagerService( 745): at android.os.BinderProxy.transactNative(Native Method)
W/InputMethodManagerService( 745): at android.os.BinderProxy.transact(Binder.java:496)
W/InputMethodManagerService( 745): at com.android.internal.view.IInputMethodSession$Stub$Proxy.finishSession(IInputMethodSession.java:305)
W/InputMethodManagerService( 745): at com.android.server.InputMethodManagerService.finishSessionLocked(InputMethodManagerService.java:1415)
W/InputMethodManagerService( 745): at com.android.server.InputMethodManagerService.clearClientSessionLocked(InputMethodManagerService.java:1406)
W/InputMethodManagerService( 745): at com.android.server.InputMethodManagerService.clearCurMethodLocked(InputMethodManagerService.java:1432)
W/InputMethodManagerService( 745): at com.android.server.InputMethodManagerService.onServiceDisconnected(InputMethodManagerService.java:1451)
W/InputMethodManagerService( 745): at android.app.LoadedApk$ServiceDispatcher.doDeath(LoadedApk.java:1208)
W/InputMethodManagerService( 745): at android.app.LoadedApk$ServiceDispatcher$RunConnection.run(LoadedApk.java:1222)
W/InputMethodManagerService( 745): at android.os.Handler.handleCallback(Handler.java:739)
W/InputMethodManagerService( 745): at android.os.Handler.dispatchMessage(Handler.java:95)
W/InputMethodManagerService( 745): at android.os.Looper.loop(Looper.java:135)
W/InputMethodManagerService( 745): at com.android.server.SystemServer.run(SystemServer.java:269)
W/InputMethodManagerService( 745): at com.android.server.SystemServer.main(SystemServer.java:170)
W/InputMethodManagerService( 745): at java.lang.reflect.Method.invoke(Native Method)
W/InputMethodManagerService( 745): at java.lang.reflect.Method.invoke(Method.java:372)
W/InputMethodManagerService( 745): at com.android.internal.os.ZygoteInit$MethodAndArgsCaller.run(ZygoteInit.java:899)
W/InputMethodManagerService( 745): at com.android.internal.os.ZygoteInit.main(ZygoteInit.java:694)
D/WifiService( 745): Client connection lost with reason: 4
D/GpsStatusListenerHelper( 745): Remote Listener died: android.location.IGpsStatusListener$Stub$Proxy@36ea9220
D/offload_visualizer( 187): thread exit
D/audio_hw_primary( 187): disable_audio_route: reset and update mixer path: compress-offload-playback
D/audio_hw_primary( 187): disable_snd_device: snd_device(2: speaker)
E/audio_hw_primary( 187): offload_thread_loop: Compress handle is NULL
W/AudioFlinger( 187): moveEffectChain_l() effect chain for session 0 not on source thread 0xb5723000
V/BackupManagerService( 745): Disconnected from transport ComponentInfo{com.google.android.gms/com.google.android.gms.backup.BackupTransportService}
V/BackupManagerService( 745): Registering transport com.google.android.gms/.backup.BackupTransportService::null = null
I/ActivityManager( 745): Process com.google.android.inputmethod.latin (pid 23003) has died
W/ActivityManager( 745): Scheduling restart of crashed service com.google.android.inputmethod.latin/com.android.inputmethod.latin.LatinIME in 1000ms
I/ActivityManager( 745): Process com.google.process.location (pid 21701) has died
W/ActivityManager( 745): Scheduling restart of crashed service com.google.android.gms/.fitness.store.buffer.FlushService in 10946ms
W/ActivityManager( 745): Scheduling restart of crashed service com.google.android.gms/.backup.BackupTransportService in 10943ms
W/ActivityManager( 745): Scheduling restart of crashed service com.google.android.gms/.fitness.service.BrokeredFitnessService in 20943ms
W/ActivityManager( 745): Scheduling restart of crashed service com.google.android.gms/com.google.android.location.network.NetworkLocationService in 59914ms
W/ActivityManager( 745): Scheduling restart of crashed service com.google.android.gms/com.google.android.location.geofencer.service.GeofenceProviderService in 69914ms
W/ActivityManager( 745): Scheduling restart of crashed service com.google.android.gms/com.google.android.location.fused.FusedLocationService in 79914ms
W/ActivityManager( 745): Scheduling restart of crashed service com.google.android.gms/.auth.trustagent.GoogleTrustAgent in 89908ms
W/ActivityManager( 745): Scheduling restart of crashed service com.google.android.gms/com.google.android.location.reporting.service.DispatchingService in 99908ms
W/ActivityManager( 745): Scheduling restart of crashed service com.google.android.gms/com.google.android.location.internal.GoogleLocationManagerService in 109908ms
W/ActivityManager( 745): Scheduling restart of crashed service com.google.android.gms/com.google.android.location.internal.PendingIntentCallbackService in 119908ms
W/ActivityManager( 745): Scheduling restart of crashed service com.google.android.gms/.deviceconnection.service.DeviceConnectionServiceBroker in 129908ms
W/ActivityManager( 745): Scheduling restart of crashed service com.google.android.gms/com.google.android.location.internal.server.GoogleLocationService in 139907ms
W/ActivityManager( 745): Scheduling restart of crashed service com.google.android.gms/com.google.android.location.fused.service.FusedProviderService in 149907ms
W/ActivityManager( 745): Scheduling restart of crashed service com.google.android.gms/com.google.android.location.fused.NlpLocationReceiverService in 159907ms
W/ActivityManager( 745): Scheduling restart of crashed service com.google.android.gms/com.google.android.location.geocode.GeocodeService in 169907ms
W/ActivityManager( 745): Scheduling restart of crashed service com.google.android.gms/.fitness.sensors.activity.ActivityRecognitionService in 192991ms
V/PhoneStatusBar( 1323): DEBUG_MEDIA: Disconnecting from old controller: android.media.session.MediaController@3bebecc8
I/ActivityManager( 745): Process com.google.android.youtube (pid 25063) has died
W/ActivityManager( 745): Scheduling restart of crashed service com.google.android.youtube/.app.remote.YouTubeTvRouteProviderService in 192549ms
I/ActivityManager( 745): Start proc com.google.android.inputmethod.latin for service com.google.android.inputmethod.latin/com.android.inputmethod.latin.LatinIME: pid=25245 uid=10056 gids={50056, 9997, 3003, 1028, 1015} abi=armeabi-v7a
I/LatinIME(25245): Hardware accelerated drawing: true
W/InputMethodInfo( 745): Duplicated subtype definition found: , voice
W/InputAttributes(25245): No editor info for this field. Bug?
I/LatinIME:LogUtils(25245): Dictionary info: dictionary = ContextualDictionary.en_US ; version = 1417034484 ; date = ?
I/LatinIME:LogUtils(25245): Dictionary info: dictionary = PersonalizationDictionary.en_US ; version = 328446 ; date = 1417034438
I/LatinIME:LogUtils(25245): Dictionary info: dictionary = contacts.en_US ; version = 1416991925 ; date = 1416991925
I/LatinIME:LogUtils(25245): Dictionary info: dictionary = UserHistoryDictionary.en_US ; version = 328446 ; date = 1417022667
I/LatinIME:LogUtils(25245): Dictionary info: dictionary = userunigram.en_US ; version = 1416564186 ; date = 1416564186
I/ActivityManager( 745): Start proc android.process.acore for content provider com.android.providers.userdictionary/.UserDictionaryProvider: pid=25270 uid=10004 gids={50004, 9997} abi=armeabi-v7a
I/LatinIME:LogUtils(25245): Dictionary info: dictionary = main:en_us ; version = 52 ; date = 1412572954
I/LatinIME:LogUtils(25245): Dictionary info: dictionary = main:en_us ; version = 52 ; date = 1412572954
I/LatinIME:LogUtils(25245): Dictionary info: dictionary = userunigram.en_US ; version = 1416564186 ; date = 1416564186
I/ContactLocale(25270): AddressBook Labels [en-US;cs-CZ]: [, A, B, C, D, E, F, G, H, I, J, K, L, M, N, O, P, Q, R, S, T, U, V, W, X, Y, Z, Α, Β, Γ, Δ, Ε, Ζ, Η, Θ, Ι, Κ, Λ, Μ, Ν, Ξ, Ο, Π, Ρ, Σ, Τ, Υ, Φ, Χ, Ψ, Ω, , А, Б, В, Г, Д, Ђ, Е, Є, Ж, З, И, І, Ї, Й, Ј, К, Л, Љ, М, Н, Њ, О, П, Р, С, Т, Ћ, У, Ф, Х, Ц, Ч, Џ, Ш, Щ, Ю, Я, , א, ב, ג, ד, ה, ו, ז, ח, ט, י, כ, ל, מ, נ, ס, ע, פ, צ, ק, ר, ש, ת, , ا, ب, ت, ث, ج, ح, خ, د, ذ, ر, ز, س, ش, ص, ض, ط, ظ, ع, غ, ف, ق, ك, ل, م, ن, ه, و, ي, , ก, ข, ฃ, ค, ฅ, ฆ, ง, จ, ฉ, ช, ซ, ฌ, ญ, ฎ, ฏ, ฐ, ฑ, ฒ, ณ, ด, ต, ถ, ท, ธ, น, บ, ป, ผ, ฝ, พ, ฟ, ภ, ม, ย, ร, ฤ, ล, ฦ, ว, ศ, ษ, ส, ห, ฬ, อ, ฮ, , ㄱ, ㄴ, ㄷ, ㄹ, ㅁ, ㅂ, ㅅ, ㅇ, ㅈ, ㅊ, ㅋ, ㅌ, ㅍ, ㅎ, , あ, か, さ, た, な, は, ま, や, ら, わ, #, ]
I/LatinIME:LogUtils(25245): Dictionary info: dictionary = main:en_us ; version = 52 ; date = 1412572954
I/LatinIME:LogUtils(25245): Dictionary info: dictionary = main:en_us ; version = 52 ; date = 1412572954