D/NowFetcherService(21119): set new card: /now/now_reminder/0
I/VS.Container(21164): create_speech_recognizer
I/ContactLabelSupplier(21164): get() : Lookup time = 94 ms
W/NowFetcherService(21119): Receives a Now broadcast while not connected to GSA
D/NowFetcherService(21119): onServiceConnected: connected to NowRemoteService
I/WearablePkgInstaller(21119): Fingerprint matches, not requesting installs for com.motorola.targetnotif
I/ActivityManager( 745): Process android.process.acore (pid 21249) has died
I/MicrophoneInputStream(21164): mic_starting gfk@370fcaf6
I/AudioFlinger( 187): AudioFlinger's thread 0xa8578000 ready to run
I/HotwordRecognitionRnr(21164): Starting hotword detection.
I/MicrophoneInputStream(21164): mic_started gfk@370fcaf6
D/audio_hw_primary( 187): select_devices: out_snd_device(0: none) in_snd_device(55: voice-rec-mic)
D/msm8974_platform( 187): platform_send_audio_calibration: sending audio calibration for snd_device(55) acdb_id(62)
D/ ( 187): Failed to fetch the lookup information of the device 0000003E
E/ACDB-LOADER( 187): Error: ACDB AudProc vol returned = -19
D/audio_hw_primary( 187): enable_snd_device: snd_device(55: voice-rec-mic)
D/audio_hw_primary( 187): enable_audio_route: apply and update mixer path: audio-record
I/CalendarProvider2(21232): Sending notification intent: Intent { act=android.intent.action.PROVIDER_CHANGED dat=content://com.android.calendar }
W/ContentResolver(21232): Failed to get type for: content://com.android.calendar (Unknown URL content://com.android.calendar)
I/ActivityManager( 745): Start proc com.google.android.calendar for broadcast com.google.android.calendar/com.android.calendar.alerts.AlertReceiver: pid=21286 uid=10031 gids={50031, 9997, 3003, 1028, 1015} abi=armeabi-v7a
I/art (21119): Explicit concurrent mark sweep GC freed 18505(1015KB) AllocSpace objects, 8(180KB) LOS objects, 40% free, 17MB/29MB, paused 1.105ms total 37.820ms
I/HotwordWorker(21164): onReady
E/SQLiteLog(21286): (283) recovered 83 frames from WAL file /data/data/com.google.android.calendar/databases/timelydata.db-wal
I/AnalyticsLogBase(21286): PlayLogger.onLoggerConnected
I/AnalyticsLogBase(21286): PlayLogger.onLoggerConnected
E/AppWidgetServiceImpl( 745): Widget host dead: HostId{user:0, app:10022, hostId:1024, pkg:com.google.android.googlequicksearchbox}
E/AppWidgetServiceImpl( 745): android.os.DeadObjectException
E/AppWidgetServiceImpl( 745): at android.os.BinderProxy.transactNative(Native Method)
E/AppWidgetServiceImpl( 745): at android.os.BinderProxy.transact(Binder.java:496)
E/AppWidgetServiceImpl( 745): at com.android.internal.appwidget.IAppWidgetHost$Stub$Proxy.updateAppWidget(IAppWidgetHost.java:123)
E/AppWidgetServiceImpl( 745): at com.android.server.appwidget.AppWidgetServiceImpl.handleNotifyUpdateAppWidget(AppWidgetServiceImpl.java:1640)
E/AppWidgetServiceImpl( 745): at com.android.server.appwidget.AppWidgetServiceImpl.access$1200(AppWidgetServiceImpl.java:107)
E/AppWidgetServiceImpl( 745): at com.android.server.appwidget.AppWidgetServiceImpl$CallbackHandler.handleMessage(AppWidgetServiceImpl.java:2964)
E/AppWidgetServiceImpl( 745): at android.os.Handler.dispatchMessage(Handler.java:102)
E/AppWidgetServiceImpl( 745): at android.os.Looper.loop(Looper.java:135)
E/AppWidgetServiceImpl( 745): at com.android.server.SystemServer.run(SystemServer.java:269)
E/AppWidgetServiceImpl( 745): at com.android.server.SystemServer.main(SystemServer.java:170)
E/AppWidgetServiceImpl( 745): at java.lang.reflect.Method.invoke(Native Method)
E/AppWidgetServiceImpl( 745): at java.lang.reflect.Method.invoke(Method.java:372)
E/AppWidgetServiceImpl( 745): at com.android.internal.os.ZygoteInit$MethodAndArgsCaller.run(ZygoteInit.java:899)
E/AppWidgetServiceImpl( 745): at com.android.internal.os.ZygoteInit.main(ZygoteInit.java:694)
E/AppWidgetServiceImpl( 745): Widget host dead: HostId{user:0, app:10022, hostId:1024, pkg:com.google.android.googlequicksearchbox}
E/AppWidgetServiceImpl( 745): android.os.DeadObjectException
E/AppWidgetServiceImpl( 745): at android.os.BinderProxy.transactNative(Native Method)
E/AppWidgetServiceImpl( 745): at android.os.BinderProxy.transact(Binder.java:496)
E/AppWidgetServiceImpl( 745): at com.android.internal.appwidget.IAppWidgetHost$Stub$Proxy.updateAppWidget(IAppWidgetHost.java:123)
E/AppWidgetServiceImpl( 745): at com.android.server.appwidget.AppWidgetServiceImpl.handleNotifyUpdateAppWidget(AppWidgetServiceImpl.java:1640)
E/AppWidgetServiceImpl( 745): at com.android.server.appwidget.AppWidgetServiceImpl.access$1200(AppWidgetServiceImpl.java:107)
E/AppWidgetServiceImpl( 745): at com.android.server.appwidget.AppWidgetServiceImpl$CallbackHandler.handleMessage(AppWidgetServiceImpl.java:2964)
E/AppWidgetServiceImpl( 745): at android.os.Handler.dispatchMessage(Handler.java:102)
E/AppWidgetServiceImpl( 745): at android.os.Looper.loop(Looper.java:135)
E/AppWidgetServiceImpl( 745): at com.android.server.SystemServer.run(SystemServer.java:269)
E/AppWidgetServiceImpl( 745): at com.android.server.SystemServer.main(SystemServer.java:170)
E/AppWidgetServiceImpl( 745): at java.lang.reflect.Method.invoke(Native Method)
E/AppWidgetServiceImpl( 745): at java.lang.reflect.Method.invoke(Method.java:372)
E/AppWidgetServiceImpl( 745): at com.android.internal.os.ZygoteInit$MethodAndArgsCaller.run(ZygoteInit.java:899)
E/AppWidgetServiceImpl( 745): at com.android.internal.os.ZygoteInit.main(ZygoteInit.java:694)
I/ActivityManager( 745): Start proc com.motorola.targetnotif for broadcast com.motorola.targetnotif/com.motorola.motoproxy.calendar.CalendarDataReceiver: pid=21317 uid=10128 gids={50128, 9997, 3002, 3001, 3003, 1028, 1015} abi=armeabi-v7a
I/ActivityManager( 745): Process com.google.android.calendar (pid 21286) has died
W/ActivityManager( 745): Scheduling restart of crashed service com.google.android.calendar/com.android.calendar.alerts.AlertService in 1000ms
I/ActivityManager( 745): Start proc android.process.acore for content provider com.android.providers.contacts/.ContactsProvider2: pid=21334 uid=10004 gids={50004, 9997} abi=armeabi-v7a
D/WearableClient(21119): WearableClientImpl.onPostInitHandler: done
I/art (17423): Explicit concurrent mark sweep GC freed 21934(1811KB) AllocSpace objects, 0(0B) LOS objects, 40% free, 17MB/29MB, paused 1.215ms total 28.037ms
I/CWCheckin(21317): EventInsertThread started
I/ActivityManager( 745): Process com.android.providers.calendar (pid 21232) has died
D/BluetoothManagerService( 745): Message: 20
D/BluetoothManagerService( 745): Added callback: android.bluetooth.IBluetoothManagerCallback$Stub$Proxy@24ee9dbc:true
I/ActivityManager( 745): Process com.google.android.gms.wearable (pid 17423) has died
W/ActivityManager( 745): Scheduling restart of crashed service com.google.android.gms/.wearable.service.WearableService in 23790ms
W/ActivityManager( 745): Scheduling restart of crashed service com.google.android.gms/.wearable.node.bluetooth.BluetoothClientService in 196884ms
W/bt-btif (23530): bta_jv_rfc_port_to_cb(port_handle:0x10):jv handle:0x0 not FOUND
I/ActivityManager( 745): Process com.google.android.inputmethod.latin (pid 21008) has died
W/ActivityManager( 745): Scheduling restart of crashed service com.google.android.inputmethod.latin/com.android.inputmethod.latin.LatinIME in 33778ms
W/InputMethodManagerService( 745): Session failed to close due to remote exception
W/InputMethodManagerService( 745): android.os.DeadObjectException
W/InputMethodManagerService( 745): at android.os.BinderProxy.transactNative(Native Method)
W/InputMethodManagerService( 745): at android.os.BinderProxy.transact(Binder.java:496)
W/InputMethodManagerService( 745): at com.android.internal.view.IInputMethodSession$Stub$Proxy.finishSession(IInputMethodSession.java:305)
W/InputMethodManagerService( 745): at com.android.server.InputMethodManagerService.finishSessionLocked(InputMethodManagerService.java:1415)
W/InputMethodManagerService( 745): at com.android.server.InputMethodManagerService.clearClientSessionLocked(InputMethodManagerService.java:1406)
W/InputMethodManagerService( 745): at com.android.server.InputMethodManagerService.clearCurMethodLocked(InputMethodManagerService.java:1432)
W/InputMethodManagerService( 745): at com.android.server.InputMethodManagerService.onServiceDisconnected(InputMethodManagerService.java:1451)
W/InputMethodManagerService( 745): at android.app.LoadedApk$ServiceDispatcher.doDeath(LoadedApk.java:1208)
W/InputMethodManagerService( 745): at android.app.LoadedApk$ServiceDispatcher$RunConnection.run(LoadedApk.java:1222)
W/InputMethodManagerService( 745): at android.os.Handler.handleCallback(Handler.java:739)
W/InputMethodManagerService( 745): at android.os.Handler.dispatchMessage(Handler.java:95)
W/InputMethodManagerService( 745): at android.os.Looper.loop(Looper.java:135)
W/InputMethodManagerService( 745): at com.android.server.SystemServer.run(SystemServer.java:269)
W/InputMethodManagerService( 745): at com.android.server.SystemServer.main(SystemServer.java:170)
W/InputMethodManagerService( 745): at java.lang.reflect.Method.invoke(Native Method)
W/InputMethodManagerService( 745): at java.lang.reflect.Method.invoke(Method.java:372)
W/InputMethodManagerService( 745): at com.android.internal.os.ZygoteInit$MethodAndArgsCaller.run(ZygoteInit.java:899)
W/InputMethodManagerService( 745): at com.android.internal.os.ZygoteInit.main(ZygoteInit.java:694)
I/WearablePkgInstaller(21119): Fingerprint matches, not requesting installs for com.google.android.music
I/ActivityManager( 745): Start proc com.google.android.calendar for broadcast com.google.android.calendar/com.android.calendar.widget.WidgetDataReceiver: pid=21370 uid=10031 gids={50031, 9997, 3003, 1028, 1015} abi=armeabi-v7a
I/ContactLocale(21334): AddressBook Labels [en-US;cs-CZ]: [, A, B, C, D, E, F, G, H, I, J, K, L, M, N, O, P, Q, R, S, T, U, V, W, X, Y, Z, Α, Β, Γ, Δ, Ε, Ζ, Η, Θ, Ι, Κ, Λ, Μ, Ν, Ξ, Ο, Π, Ρ, Σ, Τ, Υ, Φ, Χ, Ψ, Ω, , А, Б, В, Г, Д, Ђ, Е, Є, Ж, З, И, І, Ї, Й, Ј, К, Л, Љ, М, Н, Њ, О, П, Р, С, Т, Ћ, У, Ф, Х, Ц, Ч, Џ, Ш, Щ, Ю, Я, , א, ב, ג, ד, ה, ו, ז, ח, ט, י, כ, ל, מ, נ, ס, ע, פ, צ, ק, ר, ש, ת, , ا, ب, ت, ث, ج, ح, خ, د, ذ, ر, ز, س, ش, ص, ض, ط, ظ, ع, غ, ف, ق, ك, ل, م, ن, ه, و, ي, , ก, ข, ฃ, ค, ฅ, ฆ, ง, จ, ฉ, ช, ซ, ฌ, ญ, ฎ, ฏ, ฐ, ฑ, ฒ, ณ, ด, ต, ถ, ท, ธ, น, บ, ป, ผ, ฝ, พ, ฟ, ภ, ม, ย, ร, ฤ, ล, ฦ, ว, ศ, ษ, ส, ห, ฬ, อ, ฮ, , ㄱ, ㄴ, ㄷ, ㄹ, ㅁ, ㅂ, ㅅ, ㅇ, ㅈ, ㅊ, ㅋ, ㅌ, ㅍ, ㅎ, , あ, か, さ, た, な, は, ま, や, ら, わ, #, ]
E/SQLiteLog(21370): (283) recovered 83 frames from WAL file /data/data/com.google.android.calendar/databases/timelydata.db-wal
E/CWCheckin(21317): PrivacyHelper() cannot find MotorolaSettings!
D/Checkin (21317): publish the event [tag = MOT_CHECKIN event name = LOG]
D/CWCheckin(21317): Motorola help_improve privacy is -1
D/CWCheckin(21317): Generic privacy config is true
I/BSUtils (21317): device type: NONMOTO
I/ActivityManager( 745): Start proc com.android.providers.calendar for content provider com.android.providers.calendar/.CalendarProvider2: pid=21408 uid=10002 gids={50002, 9997, 3003, 1028, 1015} abi=armeabi-v7a
E/ActivityThread(21317): Failed to find provider info for com.motorola.ccc.plm.misc
I/CWCheckin(21317): service created
D/Checkin (21317): publish the event [tag = MOT_CHECKIN event name = LOG]
D/CWCheckin(21317): Motorola help_improve privacy is -1
D/CWCheckin(21317): Generic privacy config is true
I/CWCheckin(21317): service started
D/Checkin (21317): publish the event [tag = MOT_CHECKIN event name = LOG]
D/CWCheckin(21317): Motorola help_improve privacy is -1
D/CWCheckin(21317): Generic privacy config is true
W/ResourcesManager(21408): Asset path '/system/framework/android.test.runner.jar' does not exist or contains no resources.
I/ActivityManager( 745): Start proc com.google.android.gms.wearable for service com.google.android.gms/.wearable.service.WearableService: pid=21427 uid=10008 gids={50008, 9997, 2001, 3003, 1007, 3006, 1028, 1015, 3002, 3001, 1005, 3007} abi=armeabi-v7a
E/ActivityThread(21317): Failed to find provider info for com.motorola.ccc.plm.misc
I/CCE (21317): Default cloud URL does not match to one in our config .. deleting config to force device to reprovision
W/CheckinEventWrapper(21317): Unable to get checkin class.
D/CCE (21317): _setupDefaults() ignoring overlayed setting as it is not defined in our Configuration
D/CCE (21317): blur version: Blur_Version.21.0.1570415.hammerhead.unknown.en.US
I/CalendarProvider2(21408): Created com.android.providers.calendar.CalendarAlarmManager@f038f81(com.android.providers.calendar.CalendarProvider2@39039826)
E/BlurMotherFrameworkDeps(21317): failed to register tag for checkin logging
W/ResourcesManager(21427): Asset path '/system/framework/com.android.media.remotedisplay.jar' does not exist or contains no resources.
W/ResourcesManager(21427): Asset path '/system/framework/com.android.location.provider.jar' does not exist or contains no resources.
I/AnalyticsLogBase(21370): PlayLogger.onLoggerConnected
I/AnalyticsLogBase(21370): PlayLogger.onLoggerConnected
D/NowFetcherService(21119): now card fetch: getting cards...
D/MMApiWSBase(21317): MMApiWSBase configured as mOAuthToken=null, mOAuthTokenSecret=null, mSocketTimeout=30000, mTimeSkew=0, mChunkSize=8192
E/BlurMotherFrameworkDeps(21317): failed to register tag for checkin logging
D/CCE (21317): AppWSProxy created ...
D/PollingManager(21317): PollingManagerService()
D/PollingManager(21317): init()
I/ActivityManager( 745): Process android.process.acore (pid 21334) has died
I/UserAuthService(21317): service started, account exists: true
D/MMApiProvisionService(21317): Configuring max forced login attempts to 50
E/BlurMotherFrameworkDeps(21317): failed to register tag for checkin logging
D/MMApiProvisionService(21317): MMApiProvisionService created...
D/MMApiProvisionService(21317): isDeviceProvisioned: deviceId = null
D/CCE (21317): sending request: (create_device) to MMApiprovisionService
I/MMApiProvisionService(21317): createDeviceIdOrLogin create_device
D/MMApiProvisionService(21317): isDeviceProvisioned: deviceId = null
I/UserDevice(21317): createDevice
D/BSUtils (21317): Error checking isMultiSimEnabled, Exception:java.lang.ClassNotFoundException: android.telephony.MSimTelephonyManager
I/MultiDex(21427): VM with version 2.1.0 has multidex support
I/MultiDex(21427): install
I/MultiDex(21427): VM has multidex support, MultiDex support library is disabled.
D/BSUtils (21317): Error checking isMultiSimEnabled, Exception:java.lang.ClassNotFoundException: android.telephony.MSimTelephonyManager
I/BSUtils (21317): failed to get sys.build.version.checksum. Setting swChkSum to default: FFFF
I/ActivityManager( 745): Process com.android.providers.calendar (pid 21408) has died
W/ActivityManager( 745): Scheduling restart of crashed service com.android.providers.calendar/.EmptyService in 1000ms
I/ActivityManager( 745): Killing 21370:com.google.android.calendar/u0a31 (adj 5): depends on provider com.android.providers.calendar/.CalendarProvider2 in dying proc com.android.providers.calendar
I/art ( 745): Explicit concurrent mark sweep GC freed 14162(1220KB) AllocSpace objects, 0(0B) LOS objects, 21% free, 59MB/75MB, paused 7.021ms total 141.425ms
I/UserDevice(21317): Request: executing...
D/CCE (21317): onBind() called: com.motorola.blur.service.blur.Actions.BIND_WSPROXY_SVC
W/libprocessgroup( 745): failed to open /acct/uid_10031/pid_21370/cgroup.procs: No such file or directory
W/ActivityManager( 745): Scheduling restart of crashed service com.google.android.calendar/com.android.calendar.alerts.AlertService in 42942ms
D/CCE (21317): onBind() called: com.motorola.blur.service.blur.Actions.BIND_POLLINGMANAGER_WSPROXY_SVC
I/ProviderInstaller(21427): Insert disabled by gate 'gms:security:enable_conscrypt_in_gms_application'
E/ActivityThread(21317): Failed to find provider info for com.motorola.ccc.plm.misc
D/CCE (21317): App Checkin requested CCE to send settings
D/PollingManager(21317): phone state: 0 0 home 2degrees 53024 UMTS HSPA CSS not supported -1 -1 RoamInd=-1 DefRoamInd=-1 EmergOnly=false
D/PollingManager(21317): ignoring connectivity_action: since I don't like the type: [type: MOBILE[HSPA], state: DISCONNECTED/DISCONNECTED, reason: (unspecified), extra: internet, roaming: false, failover: false, isAvailable: true, isConnectedToProvisioningNetwork: false]
I/CWCheckin(21317): BcsTimer.setTimer(31462, 21600000)
D/Checkin (21317): publish the event [tag = MOT_CHECKIN event name = LOG]
D/CWCheckin(21317): Motorola help_improve privacy is -1
D/CWCheckin(21317): Generic privacy config is true
D/PollingManager(21317): registerApp(): com.motorola.checkin
D/PollingManager(21317): registerApp(): shortest interval is 21600000
D/PollingManager(21317): Polling alarm set to expire at: 554537996 Current Time: 554506535
D/CWCheckin(21317): Checkin StartupReceiver: com.motorola.blur.service.blur.Actions.SERVICES_STARTED received.
D/CWCheckin(21317): Checkin StartupReceiver: com.motorola.cce.Actions.CCE_LAUNCH_CW_CHECKIN received.
D/MMApiWebService(21317): doRequest() with req : [B@36cdd47d
D/MMApiWebService(21317): generating token using payload instead of using session token
I/MotAcct.GoogAccWatcher(21317): account is authenticated: true
I/CWCheckin(21317): service started
D/Checkin (21317): publish the event [tag = MOT_CHECKIN event name = LOG]
D/CWCheckin(21317): Motorola help_improve privacy is -1
D/CWCheckin(21317): Generic privacy config is true
D/Checkin (21317): publish the event [tag = MOT_PRIVACY_PROFILE event name = PRIVACY]
D/CWCheckin(21317): Motorola help_improve privacy is -1
D/CWCheckin(21317): Generic privacy config is true
D/Checkin (21317): publish the event [tag = MOT_PRIVACY_PROFILE event name = PRIVACY]
D/CWCheckin(21317): Motorola help_improve privacy is -1
D/CWCheckin(21317): Generic privacy config is true
I/ActivityManager( 745): Start proc com.google.android.calendar for broadcast com.google.android.calendar/com.android.calendar.widget.CalendarAppWidgetProvider: pid=21462 uid=10031 gids={50031, 9997, 3003, 1028, 1015} abi=armeabi-v7a
I/MMApiWSBase(21317): doRequest(): url: https://argo.svcmot.com:443/v1/gdi/user/devices.json?appid=6R1TANEX3ZMQ6EU1UH43P34C8B868KTE&userid=9bd58775cf0940c4bac29fda474df1b7
E/SQLiteLog(21462): (283) recovered 83 frames from WAL file /data/data/com.google.android.calendar/databases/timelydata.db-wal
I/ActivityManager( 745): Start proc com.android.providers.calendar for content provider com.android.providers.calendar/.CalendarProvider2: pid=21492 uid=10002 gids={50002, 9997, 3003, 1028, 1015} abi=armeabi-v7a
E/SQLiteLog(21427): (284) automatic index on assetrefs(dataitems_id)
D/BluetoothManagerService( 745): Message: 20
D/BluetoothManagerService( 745): Added callback: android.bluetooth.IBluetoothManagerCallback$Stub$Proxy@33be66ac:true
W/WearableService(21427): Client died while brokering wearable service
D/WearableClient(21119): WearableClientImpl.onPostInitHandler: done
I/ActivityManager( 745): Process com.motorola.targetnotif (pid 21317) has died
W/ActivityManager( 745): Scheduling restart of crashed service com.motorola.targetnotif/com.motorola.checkin.uploader.CheckinService in 41779200ms
W/ActivityManager( 745): Scheduling restart of crashed service com.motorola.targetnotif/com.motorola.motoproxy.MotoProxyIntentService in 42610ms
W/ResourcesManager(21492): Asset path '/system/framework/android.test.runner.jar' does not exist or contains no resources.
I/WearableConn(21427): Connecting to "Moto 360 0360"
D/GCM (16979): GcmService start Intent { act=com.google.android.gms.INITIALIZE flg=0x10 pkg=com.google.android.gms cmp=com.google.android.gms/.gcm.GcmService } com.google.android.gms.INITIALIZE
W/BluetoothAdapter(21427): getBluetoothService() called with no BluetoothManagerCallback
D/LocationInitializer(17372): Restart initialization of location
W/ResourcesManager(21119): Asset path '/system/framework/com.android.media.remotedisplay.jar' does not exist or contains no resources.
W/ResourcesManager(21119): Asset path '/system/framework/com.android.location.provider.jar' does not exist or contains no resources.
I/AnalyticsLogBase(21462): PlayLogger.onLoggerConnected
I/AnalyticsLogBase(21462): PlayLogger.onLoggerConnected
I/CalendarProvider2(21492): Created com.android.providers.calendar.CalendarAlarmManager@f038f81(com.android.providers.calendar.CalendarProvider2@39039826)
D/BTIF_SOCK(23530): service_uuid: 5e8945b0-9525-11e3-a5e2-0800200c9a66
D/AuthorizationBluetoothService(16979): Received GmsCore event: Intent { act=com.google.android.gms.INITIALIZE flg=0x10 pkg=com.google.android.gms cmp=com.google.android.gms/.auth.be.proximity.authorization.bt.AuthorizationBluetoothService$AutoStarter }.
D/c (16979): Getting all permits...
D/a (16979): Opening database...
D/a (16979): Opening database auth.proximity.permit_store...
D/a (16979): Closing database...
I/Fitness (17372): GmsCore initialized. Initializing Fitness
I/WearableConn(21427): Connecting to "Moto 360 0360"
W/BluetoothAdapter(21427): getBluetoothService() called with no BluetoothManagerCallback
D/BTIF_SOCK(23530): service_uuid: 5e8945b0-9525-11e3-a5e2-0800200c9a66
W/bt-sdp (23530): process_service_search_attr_rsp
W/bt-sdp (23530): process_service_search_attr_rsp
E/bt-rfcomm(23530): RFCOMM_CreateConnection - already opened state:1, RFC state:1, MCB state:5
E/bt-btif (23530): bta_jv_rfcomm_connect, RFCOMM_CreateConnection failed
W/bt-btif (23530): invalid rfc slot id: 159
W/bt-btif (23530): new conn_srvc id:26, app_id:1
I/WearableConn(21427): Connected, running sync loop
W/WearableConn(21427): Error writing to device, error: read failed, socket might closed or timeout, read ret: -1
D/WearableBluetooth(21427): onSocketReady returned, closing socket
I/WearableConn(21427): Waiting 1.0 seconds to retry connection
D/WifiService( 745): releaseWifiLockLocked: WifiLock{NlpWifiLock type=2 binder=android.os.BinderProxy@2ad968ea}
I/GAV2 (21164): Thread[GAThread,5,main]: No campaign data found.
I/ActivityManager( 745): Process com.android.providers.calendar (pid 21492) has died
W/ActivityManager( 745): Scheduling restart of crashed service com.android.providers.calendar/.EmptyService in 42090ms
I/ActivityManager( 745): Process com.google.android.calendar (pid 21462) has died
W/ActivityManager( 745): Scheduling restart of crashed service com.google.android.calendar/com.android.calendar.alerts.AlertService in 171768ms
D/wearable(21427): Peer handshake connect succeeded, peer version: 1
W/WearableConn(21427): Connection interrupted., error: null
E/wearable(21427): Error getting connection reference for nodeId: b9611de2-3eef-433a-bcbe-7418f286614f. A thread may have leaked!
D/WearableBluetooth(21427): onSocketReady returned, closing socket
I/WearableConn(21427): Android Wear BluetoothThread finished
W/bt-btif (23530): bta_jv_rfc_port_to_cb(port_handle:0x11):jv handle:0x0 not FOUND
I/ActivityManager( 745): Start proc com.google.android.keep for service com.google.android.keep/.microapp.WearableService: pid=21532 uid=10071 gids={50071, 9997, 3003, 1028, 1015} abi=armeabi-v7a
I/ActivityManager( 745): Start proc com.google.android.music:main for service com.google.android.music/.wear.MusicWearableListenerService: pid=21549 uid=10060 gids={50060, 9997, 3003, 1028, 1015} abi=armeabi-v7a
V/NotificationListeners( 745): notification listener connection lost: ComponentInfo{com.google.android.wearable.app/com.google.android.clockwork.stream.NotificationCollectorService}
I/ActivityManager( 745): Start proc com.tinder for service com.tinder/.services.WearClientService: pid=21567 uid=10126 gids={50126, 9997, 3003, 1028, 1015, 3002} abi=armeabi-v7a
I/art ( 198): Explicit concurrent mark sweep GC freed 709(30KB) AllocSpace objects, 0(0B) LOS objects, 40% free, 15MB/25MB, paused 243us total 11.579ms
I/art ( 198): Explicit concurrent mark sweep GC freed 5(160B) AllocSpace objects, 0(0B) LOS objects, 40% free, 15MB/25MB, paused 240us total 10.577ms
I/art ( 198): Explicit concurrent mark sweep GC freed 5(160B) AllocSpace objects, 0(0B) LOS objects, 40% free, 15MB/25MB, paused 238us total 10.444ms
I/ActivityManager( 745): Process com.google.android.wearable.app (pid 21119) has died
W/ActivityManager( 745): Scheduling restart of crashed service com.google.android.wearable.app/com.google.android.clockwork.stream.NotificationCollectorMonitorService in 1000ms
W/ActivityManager( 745): Scheduling restart of crashed service com.google.android.wearable.app/com.google.android.clockwork.host.DispatchingWearableListenerService in 1000ms
W/ActivityManager( 745): Scheduling restart of crashed service com.google.android.wearable.app/com.google.android.clockwork.now.NowFetcherService in 71517ms
W/ActivityManager( 745): Scheduling restart of crashed service com.google.android.wearable.app/com.google.android.clockwork.stream.NotificationCollectorService in 119844ms
W/ActivityManager( 745): Scheduling restart of crashed service com.google.android.wearable.app/com.google.android.clockwork.companion.packagemanager.PackageUpdateService in 71516ms
W/ActivityManager( 745): Scheduling restart of crashed service com.google.android.wearable.app/com.google.android.clockwork.calendar.CalendarQueryService in 71516ms
I/ActivityManager( 745): Start proc com.google.android.maps.mytracks for service com.google.android.maps.mytracks/com.google.android.apps.mytracks.wear.MobileListenerService: pid=21584 uid=10117 gids={50117, 9997, 3002, 3001, 3003, 1028, 1015} abi=armeabi-v7a
I/ActivityManager( 745): Start proc org.leetzone.android.yatsewidgetfree for service org.leetzone.android.yatsewidgetfree/org.leetzone.android.yatsewidget.service.WearableService: pid=21599 uid=10129 gids={50129, 9997, 3003, 1028, 1015} abi=armeabi-v7a
I/ActivityManager( 745): Start proc com.facebook.orca for service com.facebook.orca/com.facebook.wearlistener.DataLayerListenerService: pid=21618 uid=10136 gids={50136, 9997, 3003, 1028, 1015} abi=armeabi-v7a
I/ActivityManager( 745): Start proc com.google.android.apps.fitness for service com.google.android.apps.fitness/.wearable.WearableWatcher: pid=21631 uid=10045 gids={50045, 9997, 3003, 1028, 1015, 3002, 3001} abi=armeabi-v7a
D/WifiService( 745): Client connection lost with reason: 4
I/ActivityManager( 745): Process com.google.android.googlequicksearchbox:search (pid 21164) has died
W/ActivityManager( 745): Scheduling restart of crashed service com.google.android.googlequicksearchbox/com.google.android.search.core.service.SearchService in 159768ms
W/ActivityManager( 745): Canceling start item Intent { act=com.google.android.search.core.service.BroadcastListenerService.action.UPDATE cmp=com.google.android.googlequicksearchbox/com.google.android.search.core.service.BroadcastListenerService (has extras) } in service ComponentInfo{com.google.android.googlequicksearchbox/com.google.android.search.core.service.BroadcastListenerService}
W/ActivityManager( 745): Scheduling restart of crashed service com.google.android.googlequicksearchbox/com.google.android.search.core.service.BroadcastListenerService in 270882816ms
D/audio_hw_primary( 187): disable_audio_route: reset and update mixer path: audio-record
D/audio_hw_primary( 187): disable_snd_device: snd_device(55: voice-rec-mic)
D/GpsStatusListenerHelper( 745): Remote Listener died: android.location.IGpsStatusListener$Stub$Proxy@9ec71ca
D/WifiService( 745): Client connection lost with reason: 4
V/BackupManagerService( 745): Disconnected from transport ComponentInfo{com.google.android.gms/com.google.android.gms.backup.BackupTransportService}
V/BackupManagerService( 745): Registering transport com.google.android.gms/.backup.BackupTransportService::null = null
I/ActivityManager( 745): Start proc com.mailchimp.mailchimp for service com.mailchimp.mailchimp/.WearableService: pid=21655 uid=10096 gids={50096, 9997, 3003, 1028, 1015} abi=armeabi-v7a
I/ActivityManager( 745): Process com.google.process.location (pid 17347) has died
W/ActivityManager( 745): Scheduling restart of crashed service com.google.android.gms/.backup.BackupTransportService in 71118ms
W/ActivityManager( 745): Scheduling restart of crashed service com.google.android.gms/.fitness.service.BrokeredFitnessService in 81118ms
W/ActivityManager( 745): Scheduling restart of crashed service com.google.android.gms/com.google.android.location.network.NetworkLocationService in 91118ms
W/ActivityManager( 745): Scheduling restart of crashed service com.google.android.gms/com.google.android.location.geofencer.service.GeofenceProviderService in 101118ms
W/ActivityManager( 745): Scheduling restart of crashed service com.google.android.gms/com.google.android.location.fused.FusedLocationService in 129445ms
W/ActivityManager( 745): Scheduling restart of crashed service com.google.android.gms/.auth.trustagent.GoogleTrustAgent in 139445ms
W/ActivityManager( 745): Scheduling restart of crashed service com.google.android.gms/com.google.android.location.reporting.service.DispatchingService in 149445ms
W/ActivityManager( 745): Scheduling restart of crashed service com.google.android.gms/com.google.android.location.internal.GoogleLocationManagerService in 180906ms
W/ActivityManager( 745): Scheduling restart of crashed service com.google.android.gms/com.google.android.location.internal.PendingIntentCallbackService in 190906ms
W/ActivityManager( 745): Scheduling restart of crashed service com.google.android.gms/.deviceconnection.service.DeviceConnectionServiceBroker in 200906ms
W/ActivityManager( 745): Scheduling restart of crashed service com.google.android.gms/com.google.android.location.internal.server.GoogleLocationService in 210905ms
W/ActivityManager( 745): Scheduling restart of crashed service com.google.android.gms/com.google.android.location.fused.service.FusedProviderService in 220905ms
W/ActivityManager( 745): Scheduling restart of crashed service com.google.android.gms/com.google.android.location.fused.NlpLocationReceiverService in 230905ms
W/ActivityManager( 745): Scheduling restart of crashed service com.google.android.gms/.fitness.sensors.activity.ActivityRecognitionService in 240905ms
W/ActivityManager( 745): Scheduling restart of crashed service com.google.android.gms/com.google.android.location.geocode.GeocodeService in 240905ms
I/MusicStore(21549): Database version: 103
W/SocketClient( 183): write error (Broken pipe)
W/DnsProxyListener( 183): Error writing DNS result to client
I/Crashlytics(21567): Initializing Crashlytics 1.1.13.29
W/ResourcesManager(21618): Asset path '/system/framework/com.google.android.maps.jar' does not exist or contains no resources.
I/art ( 745): Explicit concurrent mark sweep GC freed 23028(1563KB) AllocSpace objects, 8(640KB) LOS objects, 21% free, 59MB/75MB, paused 4.640ms total 407.689ms
D/ACRA (21618): ACRA is enabled for com.facebook.orca, intializing...
I/ActivityManager( 745): Process com.google.android.youtube (pid 20905) has died
W/ActivityManager( 745): Scheduling restart of crashed service com.google.android.youtube/.app.remote.YouTubeTvRouteProviderService in 266959ms
I/ActivityManager( 745): Start proc com.motorola.targetnotif for service com.motorola.targetnotif/com.motorola.motoproxy.MotoProxyService: pid=21681 uid=10128 gids={50128, 9997, 3002, 3001, 3003, 1028, 1015} abi=armeabi-v7a
I/WearableConn(21427): Connecting to "Moto 360 0360"
W/BluetoothAdapter(21427): getBluetoothService() called with no BluetoothManagerCallback
D/ACRA (21618): Looking for error files in /data/data/com.facebook.orca/app_acra-reports
D/ACRA (21618): Looking for error files in /data/data/com.facebook.orca/app_minidumps
I/ActivityManager( 745): Start proc com.google.process.location for service com.google.android.gms/com.google.android.location.wearable.LocationWearableListenerService: pid=21701 uid=10008 gids={50008, 9997, 2001, 3003, 1007, 3006, 1028, 1015, 3002, 3001, 1005, 3007} abi=armeabi-v7a
I/Crashlytics(21599): Initializing Crashlytics 1.1.13.29
D/SoLoader(21618): found fb_stl_shared in default place
D/SoLoader(21618): found fb_breakpad_client in default place
I/FitnessApp(21631): Validating ObjectGraph
I/ActivityManager( 745): Start proc com.google.android.wearable.app for service com.google.android.wearable.app/com.google.android.clockwork.host.DispatchingWearableListenerService: pid=21719 uid=10116 gids={50116, 9997, 3002, 3001, 3003} abi=armeabi-v7a
D/BTIF_SOCK(23530): service_uuid: 5e8945b0-9525-11e3-a5e2-0800200c9a66
I/DexLibLoader(21618): not using cross-dex optimization: ART in use
W/bt-sdp (23530): process_service_search_attr_rsp
D/SoLoader(21618): found distract in default place
D/SoLoader(21618): found fb_dalvik-internals in default place
I/dalvik-internals(21618): dlopen(libdvm) failed: no Dalvik modifications possible
V/DexLibLoader(21618): about to lock odex store
E/bt-btif (23530): SOCK_THREAD_FD_RD signaled when rfc is not connected, slot id:160, channel:-1
V/DexLibLoader(21618): locking odex store took 4 ms
V/DexLibLoader(21618): Secondary program dex metadata: secondary-1.dex.jar 0058e50a60a24aba67657a5c793570adcff61cca secondary.dex01.Canary
V/DexLibLoader(21618): Secondary program dex metadata: secondary-2.dex.jar 73963e3d7efd743d6f63fb04268870d728016952 secondary.dex02.Canary
V/DexLibLoader(21618): directory "/data/data/com.facebook.orca/app_secondary_program_dex" contains "program-0058e50a60a24aba67657a5c793570adcff61cca2c0cbebd.dex.jar" as expected
V/DexLibLoader(21618): directory "/data/data/com.facebook.orca/app_secondary_program_dex" contains "program-73963e3d7efd743d6f63fb04268870d7280169522c0cbebd.dex.jar" as expected
D/DexLibLoader(21618): directory "/data/data/com.facebook.orca/app_secondary_program_dex" is valid
V/DexLibLoader(21618): directory "/data/data/com.facebook.orca/app_secondary_program_dex_opt" contains "program-0058e50a60a24aba67657a5c793570adcff61cca2c0cbebd.dex.dex" as expected
V/DexLibLoader(21618): directory "/data/data/com.facebook.orca/app_secondary_program_dex_opt" contains "program-73963e3d7efd743d6f63fb04268870d7280169522c0cbebd.dex.dex" as expected
D/DexLibLoader(21618): directory "/data/data/com.facebook.orca/app_secondary_program_dex_opt" is valid
D/DexLibLoader(21618): loading pre-built fallback odex files
W/ResourcesManager(21549): Asset path '/system/framework/com.android.media.remotedisplay.jar' does not exist or contains no resources.
W/ResourcesManager(21549): Asset path '/system/framework/com.android.location.provider.jar' does not exist or contains no resources.
W/ResourcesManager(21701): Asset path '/system/framework/com.android.media.remotedisplay.jar' does not exist or contains no resources.
I/FitnessApp(21631): Initializing Google Cloud Messaging
W/ResourcesManager(21701): Asset path '/system/framework/com.android.location.provider.jar' does not exist or contains no resources.
I/ActivityManager( 745): Process com.google.android.gms.wearable (pid 21427) has died
I/FitnessApp(21631): Initializers took 10 milliseconds D/MixpanelAPI - App Links (OPTIONAL)(21567): Context is not an instance of Activity. To detect inbound App Links, pass an instance of an Activity to getInstance.
W/ActivityManager( 745): Scheduling restart of crashed service com.google.android.gms/.wearable.service.WearableService in 276627ms
W/ActivityManager( 745): Scheduling restart of crashed service com.google.android.gms/.wearable.node.bluetooth.BluetoothClientService in 286627ms
D/DexLibLoader(21618): released odex store lock
D/DexLibLoader(21618): DexLibLoader.loadAll took 157 ms
I/MultiDex(21701): VM with version 2.1.0 has multidex support
I/MultiDex(21701): install
I/MultiDex(21701): VM has multidex support, MultiDex support library is disabled.
D/WifiService( 745): Client connection lost with reason: 4
I/ActivityManager( 745): Start proc com.google.android.gms.wearable for service com.google.android.gms/.wearable.service.WearableService: pid=21750 uid=10008 gids={50008, 9997, 2001, 3003, 1007, 3006, 1028, 1015, 3002, 3001, 1005, 3007} abi=armeabi-v7a
I/ActivityManager( 745): Process com.google.android.gms (pid 17372) has died
W/ActivityManager( 745): Scheduling restart of crashed service com.google.android.gms/.cast.media.CastMediaRouteProviderService in 70087ms
W/ActivityManager( 745): Scheduling restart of crashed service com.google.android.gms/.analytics.service.AnalyticsService in 80087ms
V/JNIHelp (21549): Registering com/google/android/gms/org/conscrypt/NativeCrypto's 235 native methods...
I/ProviderInstaller(21701): Insert disabled by gate 'gms:security:enable_conscrypt_in_gms_application'
W/bt-btif (23530): invalid rfc slot id: 160
I/art (16979): Explicit concurrent mark sweep GC freed 9644(511KB) AllocSpace objects, 0(0B) LOS objects, 39% free, 17MB/29MB, paused 1.820ms total 118.127ms
I/CWCheckin(21681): EventInsertThread started
E/SQLiteLog(21681): (539) recovered 4 pages from /data/data/com.motorola.targetnotif/databases/checkin_mot.db-journal
I/GoogleHttpClient(21701): Falling back to old SSLCertificateSocketFactory
W/ResourcesManager(21750): Asset path '/system/framework/com.android.media.remotedisplay.jar' does not exist or contains no resources.
W/ResourcesManager(21750): Asset path '/system/framework/com.android.location.provider.jar' does not exist or contains no resources.
I/ProviderInstaller(21549): Installed default security provider GmsCore_OpenSSL
I/MultiDex(21750): VM with version 2.1.0 has multidex support
I/MultiDex(21750): install
I/MultiDex(21750): VM has multidex support, MultiDex support library is disabled.
I/ProviderInstaller(21750): Insert disabled by gate 'gms:security:enable_conscrypt_in_gms_application'
V/BackupManagerService( 745): Connected to transport ComponentInfo{com.google.android.gms/com.google.android.gms.backup.BackupTransportService}
V/BackupManagerService( 745): Registering transport com.google.android.gms/.backup.BackupTransportService::com.google.android.gms/.backup.BackupTransportService = com.android.internal.backup.IBackupTransport$Stub$Proxy@114d0ee2
I/ConfigStore(21549): Config Database version: 1
W/GAV4 (21599): Thread[main,5,main]: string configuration name not recognized: ga_logLevel
W/GAV4 (21599): Thread[main,5,main]: int configuration name not recognized: ga_dispatchPeriod
E/PackageNameComparator(21719): Couldn't find package ranking in gservices.
I/FitnessApp(21631): WearableSyncReceiver
I/FitnessApp(21631): WearableSyncReceiver starting service
I/MediaRemoteController(21719): registering MediaRemoteController21
D/GCM (16979): GcmService start Intent { act=com.google.android.gms.INITIALIZE flg=0x10 pkg=com.google.android.gms cmp=com.google.android.gms/.gcm.GcmService } com.google.android.gms.INITIALIZE
I/ActivityManager( 745): Start proc com.google.android.gms for broadcast com.google.android.gms/.subscribedfeeds.ConfigurationReceiver: pid=21823 uid=10008 gids={50008, 9997, 2001, 3003, 1007, 3006, 1028, 1015, 3002, 3001, 1005, 3007} abi=armeabi-v7a
I/ActivityManager( 745): Start proc com.android.vending for service com.android.vending/com.google.android.finsky.billing.iab.InAppBillingService: pid=21837 uid=10016 gids={50016, 9997, 3003, 1028, 1015} abi=armeabi-v7a
I/art ( 198): Explicit concurrent mark sweep GC freed 704(30KB) AllocSpace objects, 0(0B) LOS objects, 39% free, 15MB/25MB, paused 251us total 16.420ms
I/art ( 198): Explicit concurrent mark sweep GC freed 7(240B) AllocSpace objects, 0(0B) LOS objects, 40% free, 15MB/25MB, paused 238us total 11.636ms
I/art ( 198): Explicit concurrent mark sweep GC freed 5(160B) AllocSpace objects, 0(0B) LOS objects, 40% free, 15MB/25MB, paused 236us total 10.458ms
I/ActivityManager( 745): Process com.mailchimp.mailchimp (pid 21655) has died
I/FitnessApp(21631): Performing Wearable Account Sync true
E/SQLiteLog(21750): (284) automatic index on assetrefs(dataitems_id)
I/ActivityManager( 745): Process com.tinder (pid 21567) has died
W/ResourcesManager(21823): Asset path '/system/framework/com.android.media.remotedisplay.jar' does not exist or contains no resources.
W/ResourcesManager(21823): Asset path '/system/framework/com.android.location.provider.jar' does not exist or contains no resources.
I/ActivityManager( 745): Process com.google.android.maps.mytracks (pid 21584) has died
I/MultiDex(21823): VM with version 2.1.0 has multidex support
I/MultiDex(21823): install
I/MultiDex(21823): VM has multidex support, MultiDex support library is disabled.
D/BluetoothManagerService( 745): Message: 20
D/BluetoothManagerService( 745): Added callback: android.bluetooth.IBluetoothManagerCallback$Stub$Proxy@c9823f2:true
D/BluetoothManagerService( 745): Message: 20
D/BluetoothManagerService( 745): Added callback: android.bluetooth.IBluetoothManagerCallback$Stub$Proxy@270668c0:true
I/WearableConn(21750): Connecting to "Moto 360 0360"
W/InputDispatcher( 745): channel 'a8b3bca com.chrome.beta/com.google.android.apps.chrome.document.DocumentActivity (server)' ~ Consumer closed input channel or an error occurred. events=0x9
E/InputDispatcher( 745): channel 'a8b3bca com.chrome.beta/com.google.android.apps.chrome.document.DocumentActivity (server)' ~ Channel is unrecoverably broken and will be disposed!
I/Fitness (21701): WearableSyncHostService.start
I/WindowState( 745): WIN DEATH: Window{3a347b97 u0 SurfaceView}
I/WindowState( 745): WIN DEATH: Window{a8b3bca u0 com.chrome.beta/com.google.android.apps.chrome.document.DocumentActivity}
W/InputDispatcher( 745): Attempted to unregister already unregistered input channel 'a8b3bca com.chrome.beta/com.google.android.apps.chrome.document.DocumentActivity (server)'
D/WearableClient(21599): WearableClientImpl.onPostInitHandler: done
I/ActivityManager( 745): Process com.chrome.beta (pid 20448) has died
W/ActivityManager( 745): Force removing ActivityRecord{1b4c981a u0 com.chrome.beta/com.google.android.apps.chrome.document.DocumentActivity t380}: app died, no saved state
I/ActivityManager( 745): Killing 20613:com.chrome.beta:sandboxed_process0/u0a91i389 (adj 0): isolated not needed
W/libprocessgroup( 745): failed to open /acct/uid_10091/pid_20613/cgroup.procs: No such file or directory
W/libprocessgroup( 745): failed to open /acct/uid_10091/pid_20613/cgroup.procs: No such file or directory
I/WearablePkgInstaller(21719): Syncing all apps on first start.
W/BluetoothAdapter(21750): getBluetoothService() called with no BluetoothManagerCallback
D/BTIF_SOCK(23530): service_uuid: 5e8945b0-9525-11e3-a5e2-0800200c9a66
V/GmsNetworkLocationProvi(21701): onSetRequest: ProviderRequestUnbundled, reportLocation is true and interval is 86400000
W/bt-sdp (23530): process_service_search_attr_rsp I/Coffee - GoogleTrustAgent(21701): GoogleTrustAgent created.
D/BluetoothManagerService( 745): Message: 20
I/MediaRouter(21549): Found default route: MediaRouter.RouteInfo{ uniqueId=android/.support.v7.media.SystemMediaRouteProvider:DEFAULT_ROUTE, name=Phone, description=null, enabled=true, connecting=false, playbackType=0, playbackStream=3, volumeHandling=1, volume=11, volumeMax=15, presentationDisplayId=-1, extras=null, providerPackageName=android }
D/BluetoothManagerService( 745): Added callback: android.bluetooth.IBluetoothManagerCallback$Stub$Proxy@1f7aec8b:true
D/WearableClient(21719): WearableClientImpl.onPostInitHandler: done
I/ActivityManager( 745): Start proc com.google.android.googlequicksearchbox:search for service com.google.android.googlequicksearchbox/com.google.android.sidekick.main.remoteservice.GoogleNowRemoteService: pid=21890 uid=10022 gids={50022, 9997, 3003, 3001, 1028, 3002, 1015, 1005} abi=armeabi-v7a
W/NowFetcherService(21719): Receives a Now broadcast while not connected to GSA
I/ActivityManager( 745): Start proc com.android.providers.calendar for content provider com.android.providers.calendar/.CalendarProvider2: pid=21910 uid=10002 gids={50002, 9997, 3003, 1028, 1015} abi=armeabi-v7a
I/ThermalEngine( 197): TM Id 'SKIN_THERMAL_management_1' Sensor 'xo_therm_pu2' - alarm raised 3 at 44.0 degC
I/ThermalEngine( 197): ACTION: CPU - Setting CPU[0] to 1190400
I/ThermalEngine( 197): ACTION: CPU - Setting CPU[1] to 1190400
I/ThermalEngine( 197): ACTION: CPU - Setting CPU[2] to 1190400
I/ThermalEngine( 197): ACTION: CPU - Setting CPU[3] to 1190400
I/ThermalEngine( 197): ACTION: LCD - Setting max LCD brightness to 178
E/CWCheckin(21681): PrivacyHelper() cannot find MotorolaSettings!
D/Checkin (21681): publish the event [tag = MOT_CHECKIN event name = LOG]
D/CWCheckin(21681): Motorola help_improve privacy is -1
D/CWCheckin(21681): Generic privacy config is true
W/InputMethodManagerService( 745): Got RemoteException sending setActive(false) notification to pid 20448 uid 10091
I/art ( 745): Explicit concurrent mark sweep GC freed 19601(1386KB) AllocSpace objects, 1(1296KB) LOS objects, 21% free, 57MB/73MB, paused 30.382ms total 366.615ms
W/ResourcesManager(21910): Asset path '/system/framework/android.test.runner.jar' does not exist or contains no resources.
I/ActivityManager( 745): Start proc com.google.android.inputmethod.latin for service com.google.android.inputmethod.latin/com.android.inputmethod.latin.LatinIME: pid=21935 uid=10056 gids={50056, 9997, 3003, 1028, 1015} abi=armeabi-v7a
V/InputMethodManagerService( 745): Adding window token: android.os.Binder@8537675
I/BSUtils (21681): device type: NONMOTO I/Coffee - TrustletManager(21701): Starting trustlet Bluetooth
I/CalendarProvider2(21910): Created com.android.providers.calendar.CalendarAlarmManager@f038f81(com.android.providers.calendar.CalendarProvider2@39039826) I/Coffee - GoogleTrustAgent(21701): Can provide trust state change: true
E/ActivityThread(21681): Failed to find provider info for com.motorola.ccc.plm.misc
I/ProviderInstaller(21823): Insert disabled by gate 'gms:security:enable_conscrypt_in_gms_application'
I/CWCheckin(21681): service created
D/Checkin (21681): publish the event [tag = MOT_CHECKIN event name = LOG]
D/CWCheckin(21681): Motorola help_improve privacy is -1
D/CWCheckin(21681): Generic privacy config is true
I/CWCheckin(21681): service started
D/Checkin (21681): publish the event [tag = MOT_CHECKIN event name = LOG]
D/CWCheckin(21681): Motorola help_improve privacy is -1
D/CWCheckin(21681): Generic privacy config is true
D/WearableClient(21681): WearableClientImpl.onPostInitHandler: done
E/ActivityThread(21681): Failed to find provider info for com.motorola.ccc.plm.misc
I/CCE (21681): Default cloud URL does not match to one in our config .. deleting config to force device to reprovision
D/WearableClient(21681): WearableClientImpl.onPostInitHandler: done
W/CheckinEventWrapper(21681): Unable to get checkin class.
W/ResourcesManager(21719): Asset path '/system/framework/com.android.media.remotedisplay.jar' does not exist or contains no resources.
W/ResourcesManager(21719): Asset path '/system/framework/com.android.location.provider.jar' does not exist or contains no resources.
D/BluetoothManagerService( 745): Message: 20
D/BluetoothManagerService( 745): Added callback: android.bluetooth.IBluetoothManagerCallback$Stub$Proxy@3bc1980d:true
D/CCE (21681): _setupDefaults() ignoring overlayed setting as it is not defined in our Configuration I/Coffee - BluetoothTrustlet(21701): Enabling trust, connected to trusted device: Moto 360 0360 I/Coffee - GoogleTrustAgent(21701): Trust state changed, trusted: true reason: Securely connected to Bluetooth device Moto 360 0360
D/CCE (21681): blur version: Blur_Version.21.0.1570415.hammerhead.unknown.en.US I/Coffee - TrustletManager(21701): Starting trustlet NFC
D/UserSettingsManager(21719): setState: skipping set state: state already matches: State[interruptionFilter=1]
D/ZenLog ( 745): set_zen_mode: off,listener
W/bt-btif (23530): new conn_srvc id:26, app_id:1
I/ActivityManager( 745): Start proc android.process.acore for content provider com.android.providers.contacts/.ContactsProvider2: pid=21976 uid=10004 gids={50004, 9997} abi=armeabi-v7a
I/art (16979): Explicit concurrent mark sweep GC freed 3895(150KB) AllocSpace objects, 0(0B) LOS objects, 39% free, 17MB/29MB, paused 1.344ms total 38.825ms
I/WearableConn(21750): Connected, running sync loop W/Coffee - Trustlet(21701): Trustlet NFC attempted to change its canProvideTrust state to the current state (ignored).
I/ActivityManager( 745): START u0 {act=android.intent.action.MAIN cat=[android.intent.category.HOME] flg=0x10200000 cmp=com.google.android.googlequicksearchbox/com.google.android.launcher.GEL} from uid 1000 on display 0
E/BlurMotherFrameworkDeps(21681): failed to register tag for checkin logging
D/WearableClient(21719): WearableClientImpl.onPostInitHandler: done I/Coffee - TrustletManager(21701): Starting trustlet Place
D/MMApiWSBase(21681): MMApiWSBase configured as mOAuthToken=null, mOAuthTokenSecret=null, mSocketTimeout=30000, mTimeSkew=0, mChunkSize=8192
I/LatinIME(21935): Hardware accelerated drawing: true
I/ActivityManager( 745): Start proc com.google.android.googlequicksearchbox for activity com.google.android.googlequicksearchbox/com.google.android.launcher.GEL: pid=22006 uid=10022 gids={50022, 9997, 3003, 3001, 1028, 3002, 1015, 1005} abi=armeabi-v7a
D/Finsky (21837): [1] FinskyApp.onCreate: Initializing network with DFE https://android.clients.google.com/fdfe/
I/ActivityManager( 745): Start proc com.google.android.partnersetup for content provider com.google.android.partnersetup/.RlzAppProvider: pid=22023 uid=10013 gids={50013, 9997, 3003} abi=armeabi-v7a
I/ActivityManager( 745): START u0 {act=android.intent.action.MAIN cat=[android.intent.category.HOME] flg=0x10200000 cmp=com.google.android.googlequicksearchbox/com.google.android.launcher.GEL} from uid 1000 on display 0
W/InputMethodInfo( 745): Duplicated subtype definition found: , voice
D/wearable(21750): Peer handshake connect succeeded, peer version: 1 I/Coffee - TrustletManager(21701): Starting trustlet Face Unlock W/Coffee - Trustlet(21701): Trustlet Face Unlock attempted to change its canProvideTrust state to the current state (ignored).
E/BlurMotherFrameworkDeps(21681): failed to register tag for checkin logging
D/CCE (21681): AppWSProxy created ...
D/PollingManager(21681): PollingManagerService()
D/PollingManager(21681): init()
