I/GCoreUlr(21701): Starting service, intent=Intent { act=com.google.android.location.reporting.ACTION_LOCATION_STATUS cmp=com.google.android.gms/com.google.android.location.reporting.service.DispatchingService (has extras) }, extras=Bundle[{status=LocationStatus[cell status: STATUS_UNKNOWN, wifi status: STATUS_UNKNOWN, elapsed realtime ns: 0]}]
E/lowmemorykiller( 169): Error writing /proc/22778/oom_score_adj; errno=22
I/ActivityThread(21719): Removing dead content provider:android.content.ContentProviderProxy@30526bff
I/Adreno-EGL(22529): : QUALCOMM Build: 10/24/14, 167c270, I68fa98814b
I/OpenGLRenderer(22529): Initialized EGL, version 1.4
I/ActivityManager( 745): Start proc android.process.media for content provider com.android.providers.media/.MediaProvider: pid=22881 uid=10006 gids={50006, 9997, 2001, 3003, 1028, 1015, 3007, 1023, 1024} abi=armeabi-v7a
I/ActivityManager( 745): Process com.android.providers.calendar (pid 22778) early provider death
D/OpenGLRenderer(22529): Enabling debug mode 0
I/art (21719): Explicit concurrent mark sweep GC freed 35729(2041KB) AllocSpace objects, 15(353KB) LOS objects, 40% free, 18MB/30MB, paused 1.078ms total 44.483ms
I/FitnessApp(21631): ULRSettingsReceiver Intent { act=com.google.android.gms.location.reporting.SETTINGS_CHANGED flg=0x10 cmp=com.google.android.apps.fitness/.api.recording.UlrSettingsReceiver }
E/DataBuffer(21719): Internal data leak within a DataBuffer object detected! Be sure to explicitly call release() on all DataBuffer extending objects when you are done with them. (com.google.android.gms.wearable.DataItemBuffer@96bc91b)
I/ActivityManager( 745): Process com.android.providers.calendar (pid 22778) has died
I/ActivityManager( 745): Start proc com.android.providers.calendar for content provider com.android.providers.calendar/.CalendarProvider2: pid=22900 uid=10002 gids={50002, 9997, 3003, 1028, 1015} abi=armeabi-v7a
I/ActivityManager( 745): Process android.process.acore (pid 22845) has died
W/ActivityManager( 745): Spurious death for ProcessRecord{13bc653d 0:com.android.providers.calendar/u0a2}, curProc for 22778: null
I/art ( 745): Explicit concurrent mark sweep GC freed 20155(1075KB) AllocSpace objects, 6(96KB) LOS objects, 21% free, 58MB/74MB, paused 2.038ms total 145.389ms
W/ResourcesManager(22900): Asset path '/system/framework/android.test.runner.jar' does not exist or contains no resources.
I/Fitness (21701): Account supported from cache: true
W/View (22529): requestLayout() improperly called by android.widget.ListView{10bf3206 IFED.VC. ......ID -912,168-0,1701 #7f0e0203 app:id/play_drawer_list} during layout: running second layout pass
E/SQLiteLog(22881): (283) recovered 88 frames from WAL file /data/user/0/com.android.providers.media/databases/external.db-wal
I/CalendarProvider2(22900): Created com.android.providers.calendar.CalendarAlarmManager@f038f81(com.android.providers.calendar.CalendarProvider2@39039826)
D/MtpService(22881): updating state; isCurrentUser=true, mMtpLocked=false
D/MtpService(22881): addStorageLocked 65537 /storage/emulated/0
D/MtpService(22881): updating state; isCurrentUser=true, mMtpLocked=false
I/MusicBaseActivity(22529): onNewNautilusStatus status: GOT_NAUTILUS has menu list: false
D/MtpService(22881): starting MTP server in MTP mode
D/MtpService(22881): addStorageLocked 65537 /storage/emulated/0
I/ActivityManager( 745): Process com.android.providers.calendar (pid 22900) has died
W/ActivityManager( 745): Scheduling restart of crashed service com.android.providers.calendar/.EmptyService in 1000ms
I/ActivityManager( 745): Start proc com.android.providers.calendar for content provider com.android.providers.calendar/.CalendarProvider2: pid=22928 uid=10002 gids={50002, 9997, 3003, 1028, 1015} abi=armeabi-v7a
D/btif_config_util(23530): btif_config_save_file(L188): in file name:/data/misc/bluedroid/bt_config.new
I/ActivityManager( 745): Start proc com.google.android.youtube for service com.google.android.youtube/.app.remote.YouTubeTvRouteProviderService: pid=22946 uid=10080 gids={50080, 9997, 3003, 1028, 1015} abi=armeabi-v7a
I/Choreographer(22529): Skipped 58 frames! The application may be doing too much work on its main thread.
W/ResourcesManager(22928): Asset path '/system/framework/android.test.runner.jar' does not exist or contains no resources.
I/CalendarProvider2(22928): Created com.android.providers.calendar.CalendarAlarmManager@f038f81(com.android.providers.calendar.CalendarProvider2@39039826)
D/WifiService( 745): New client listening to asynchronous messages
I/ActivityManager( 745): Start proc android.process.acore for content provider com.android.providers.contacts/.ContactsProvider2: pid=22967 uid=10004 gids={50004, 9997} abi=armeabi-v7a
W/ResourcesManager(22946): Asset path '/system/framework/com.android.media.remotedisplay.jar' does not exist or contains no resources.
W/ResourcesManager(22946): Asset path '/system/framework/com.android.location.provider.jar' does not exist or contains no resources.
V/JNIHelp (22946): Registering com/google/android/gms/org/conscrypt/NativeCrypto's 235 native methods...
I/art (16979): Explicit concurrent mark sweep GC freed 3807(177KB) AllocSpace objects, 0(0B) LOS objects, 40% free, 17MB/29MB, paused 1.950ms total 31.698ms
I/ProviderInstaller(22946): Installed default security provider GmsCore_OpenSSL
I/CastSocket(22756): 21 >= 18. Adding new CastClientAuthKeyManager.
W/BulkCursor(22562): Remote process exception when closing
I/MediaStoreImporter(22562): Update: incremental Added music: 0 Updated music: 0 Deleted music: 0 Created playlists: 0 Updated playlists: 0 Deleted playlists: 0 Inserted playlist items: 0 Deleted playlist items: 0 Removed orphaned playlist items: 0
I/ActivityManager( 745): Process android.process.media (pid 22881) has died
W/ActivityManager( 745): Scheduling restart of crashed service com.android.providers.media/.MtpService in 980672512ms
I/art (22529): Background partial concurrent mark sweep GC freed 6057(729KB) AllocSpace objects, 31(917KB) LOS objects, 40% free, 23MB/39MB, paused 6.472ms total 76.115ms
I/PollingManager(22440): alarm fired!
D/PollingManager(22440): now: 554524751 ,futureTime: 576120865
D/PollingManager(22440): Polling alarm set to expire at: 576120865 Current Time: 554524751
D/NowFetcherService(21719): now card fetch: getting cards...
E/ActivityThread(22440): Failed to find provider info for com.motorola.ccc.plm.misc
I/GAV2 (22581): Thread[GAThread,5,main]: No campaign data found.
I/ContactLocale(22967): AddressBook Labels [en-US;cs-CZ]: [, A, B, C, D, E, F, G, H, I, J, K, L, M, N, O, P, Q, R, S, T, U, V, W, X, Y, Z, Α, Β, Γ, Δ, Ε, Ζ, Η, Θ, Ι, Κ, Λ, Μ, Ν, Ξ, Ο, Π, Ρ, Σ, Τ, Υ, Φ, Χ, Ψ, Ω, , А, Б, В, Г, Д, Ђ, Е, Є, Ж, З, И, І, Ї, Й, Ј, К, Л, Љ, М, Н, Њ, О, П, Р, С, Т, Ћ, У, Ф, Х, Ц, Ч, Џ, Ш, Щ, Ю, Я, , א, ב, ג, ד, ה, ו, ז, ח, ט, י, כ, ל, מ, נ, ס, ע, פ, צ, ק, ר, ש, ת, , ا, ب, ت, ث, ج, ح, خ, د, ذ, ر, ز, س, ش, ص, ض, ط, ظ, ع, غ, ف, ق, ك, ل, م, ن, ه, و, ي, , ก, ข, ฃ, ค, ฅ, ฆ, ง, จ, ฉ, ช, ซ, ฌ, ญ, ฎ, ฏ, ฐ, ฑ, ฒ, ณ, ด, ต, ถ, ท, ธ, น, บ, ป, ผ, ฝ, พ, ฟ, ภ, ม, ย, ร, ฤ, ล, ฦ, ว, ศ, ษ, ส, ห, ฬ, อ, ฮ, , ㄱ, ㄴ, ㄷ, ㄹ, ㅁ, ㅂ, ㅅ, ㅇ, ㅈ, ㅊ, ㅋ, ㅌ, ㅍ, ㅎ, , あ, か, さ, た, な, は, ま, や, ら, わ, #, ]
D/NowFetcherService(21719): delete old card: wear://6ea9356f-df00-4185-8f84-25f2b4ebb55b/now/now_reminder/0
D/NowFetcherService(21719): delete old card: wear://6ea9356f-df00-4185-8f84-25f2b4ebb55b/now/now_reminder/1
W/ResourcesManager(22006): Asset path '/system/framework/com.google.android.media.effects.jar' does not exist or contains no resources.
W/View (22529): requestLayout() improperly called by android.widget.TextView{186836be V.ED.... ......ID 48,253-411,318 #7f0e0108 app:id/li_title} during layout: running second layout pass
W/View (22529): requestLayout() improperly called by android.widget.TextView{3a01631f V.ED.... ......ID 48,253-411,318 #7f0e0108 app:id/li_title} during layout: running second layout pass
W/View (22529): requestLayout() improperly called by android.widget.TextView{27c4d66c V.ED.... ......ID 48,253-411,318 #7f0e0108 app:id/li_title} during layout: running second layout pass
W/View (22529): requestLayout() improperly called by android.widget.TextView{2bac6435 V.ED.... ......ID 48,253-411,318 #7f0e0108 app:id/li_title} during layout: running second layout pass
W/View (22529): requestLayout() improperly called by android.widget.TextView{14ed00ca V.ED.... ......ID 48,253-411,318 #7f0e0108 app:id/li_title} during layout: running second layout pass
W/View (22529): requestLayout() improperly called by android.widget.TextView{563123b V.ED.... ......ID 48,253-411,318 #7f0e0108 app:id/li_title} during layout: running second layout pass
W/View (22529): requestLayout() improperly called by android.widget.TextView{f5eed58 V.ED.... ......ID 48,253-411,318 #7f0e0108 app:id/li_title} during layout: running second layout pass
W/View (22529): requestLayout() improperly called by android.widget.TextView{21cc0eb1 V.ED.... ......ID 48,253-411,318 #7f0e0108 app:id/li_title} during layout: running second layout pass
W/View (22529): requestLayout() improperly called by android.widget.TextView{1e425f96 V.ED.... ......ID 48,253-411,318 #7f0e0108 app:id/li_title} during layout: running second layout pass
W/View (22529): requestLayout() improperly called by android.widget.TextView{1f669717 V.ED.... ......ID 48,253-411,318 #7f0e0108 app:id/li_title} during layout: running second layout pass
W/View (22529): requestLayout() improperly called by android.widget.TextView{13818704 V.ED.... ......ID 48,253-411,318 #7f0e0108 app:id/li_title} during layout: running second layout pass
W/View (22529): requestLayout() improperly called by android.widget.TextView{3661e4ed V.ED.... ......ID 48,253-411,318 #7f0e0108 app:id/li_title} during layout: running second layout pass
W/View (22529): requestLayout() improperly called by android.widget.TextView{37bcdf22 V.ED.... ......ID 48,253-411,318 #7f0e0108 app:id/li_title} during layout: running second layout pass
W/View (22529): requestLayout() improperly called by android.widget.TextView{3db38db3 V.ED.... ......ID 48,253-411,318 #7f0e0108 app:id/li_title} during layout: running second layout pass
W/View (22529): requestLayout() improperly called by android.widget.TextView{6120f70 V.ED.... ......ID 48,253-411,318 #7f0e0108 app:id/li_title} during layout: running second layout pass
W/View (22529): requestLayout() improperly called by android.widget.TextView{3704e2e9 V.ED.... ......ID 48,253-411,318 #7f0e0108 app:id/li_title} during layout: running second layout pass
W/View (22529): requestLayout() improperly called by android.widget.TextView{136dcb6e V.ED.... ......ID 48,483-411,548 #7f0e0108 app:id/li_title} during layout: running second layout pass
W/View (22529): requestLayout() improperly called by android.widget.TextView{3ecf520f V.ED.... ......ID 48,483-411,548 #7f0e0108 app:id/li_title} during layout: running second layout pass
W/View (22529): requestLayout() improperly called by android.widget.TextView{2fe0b29c V.ED.... ......ID 48,483-411,548 #7f0e0108 app:id/li_title} during layout: running second layout pass
W/View (22529): requestLayout() improperly called by android.widget.TextView{19bfc4a5 V.ED.... ......ID 48,483-411,548 #7f0e0108 app:id/li_title} during layout: running second layout pass
W/View (22529): requestLayout() improperly called by android.widget.TextView{212f307a V.ED.... ......ID 48,483-411,548 #7f0e0108 app:id/li_title} during layout: running second layout pass
W/View (22529): requestLayout() improperly called by android.widget.TextView{3a39002b V.ED.... ......ID 48,483-411,548 #7f0e0108 app:id/li_title} during layout: running second layout pass
W/View (22529): requestLayout() improperly called by android.widget.TextView{34945c88 V.ED.... ......ID 192,0-424,192 #7f0e0256 app:id/shuffle_all_songs} during layout: running second layout pass
W/View (22529): requestLayout() improperly called by com.google.android.music.StatefulShadowTextView{308d0621 V.ED.... ......ID 0,0-0,65 #7f0e00d3 app:id/line1} during layout: running second layout pass
W/View (22529): requestLayout() improperly called by com.google.android.music.StatefulShadowTextView{26fda46 V.ED.... ......ID 0,65-0,118 #7f0e00d4 app:id/line2} during layout: running second layout pass
W/View (22529): requestLayout() improperly called by com.google.android.music.StatefulShadowTextView{36457407 V.ED.... ......ID 0,0-0,65 #7f0e00d3 app:id/line1} during layout: running second layout pass
W/View (22529): requestLayout() improperly called by com.google.android.music.StatefulShadowTextView{956b934 V.ED.... ......ID 0,65-0,118 #7f0e00d4 app:id/line2} during layout: running second layout pass
W/View (22529): requestLayout() improperly called by com.google.android.music.StatefulShadowTextView{1892e35d V.ED.... ......ID 0,0-0,65 #7f0e00d3 app:id/line1} during layout: running second layout pass
W/View (22529): requestLayout() improperly called by com.google.android.music.StatefulShadowTextView{2ebf54d2 V.ED.... ......ID 0,65-0,118 #7f0e00d4 app:id/line2} during layout: running second layout pass
W/View (22529): requestLayout() improperly called by com.google.android.music.StatefulShadowTextView{1fbb49a3 V.ED.... ......ID 0,0-0,65 #7f0e00d3 app:id/line1} during layout: running second layout pass
W/View (22529): requestLayout() improperly called by com.google.android.music.StatefulShadowTextView{2a4034a0 V.ED.... ......ID 0,65-0,118 #7f0e00d4 app:id/line2} during layout: running second layout pass
W/View (22529): requestLayout() improperly called by com.google.android.music.StatefulShadowTextView{211f5859 V.ED.... ......ID 0,0-0,65 #7f0e00d3 app:id/line1} during layout: running second layout pass
W/View (22529): requestLayout() improperly called by com.google.android.music.StatefulShadowTextView{1519ec1e V.ED.... ......ID 0,65-0,118 #7f0e00d4 app:id/line2} during layout: running second layout pass
W/View (22529): requestLayout() improperly called by com.google.android.music.StatefulShadowTextView{1f2edcff V.ED.... ......ID 0,0-0,65 #7f0e00d3 app:id/line1} during layout: running second layout pass
W/View (22529): requestLayout() improperly called by com.google.android.music.StatefulShadowTextView{3a83facc V.ED.... ......ID 0,65-0,118 #7f0e00d4 app:id/line2} during layout: running second layout pass
W/ResourcesManager(22006): Asset path '/system/framework/com.google.android.maps.jar' does not exist or contains no resources.
I/FitnessApp(21631): No need to update registrations as ULR settings are unchanged
D/NowFetcherService(21719): delete old card: wear://6ea9356f-df00-4185-8f84-25f2b4ebb55b/now/now_stock_list/0
D/NowFetcherService(21719): delete old card: wear://6ea9356f-df00-4185-8f84-25f2b4ebb55b/now/now_weather/0
D/NowFetcherService(21719): set new card: /now/now_stock_list/0
W/ResourcesManager(22006): Asset path '/system/framework/com.google.android.maps.jar' does not exist or contains no resources.
W/ResourcesManager(22006): Asset path '/system/framework/com.google.android.maps.jar' does not exist or contains no resources.
D/NowFetcherService(21719): set new card: /now/now_weather/0
D/NowFetcherService(21719): set new card: /now/now_reminder/1
I/ActivityManager( 745): Process com.android.providers.calendar (pid 22928) has died
W/ActivityManager( 745): Scheduling restart of crashed service com.android.providers.calendar/.EmptyService in 4000ms
I/ActivityManager( 745): Displayed com.google.android.music/com.android.music.activitymanagement.TopLevelActivity: +7s153ms
D/NowFetcherService(21719): set new card: /now/now_reminder/0
I/art ( 745): Explicit concurrent mark sweep GC freed 13050(625KB) AllocSpace objects, 5(720KB) LOS objects, 21% free, 57MB/73MB, paused 2.591ms total 163.380ms
I/ActivityManager( 745): Start proc com.google.android.inputmethod.latin for service com.google.android.inputmethod.latin/com.android.inputmethod.latin.LatinIME: pid=23003 uid=10056 gids={50056, 9997, 3003, 1028, 1015} abi=armeabi-v7a
V/InputMethodManagerService( 745): Adding window token: android.os.Binder@1397f8a8
D/WearableClient(22562): WearableClientImpl.onPostInitHandler: done
D/WearableClient(22562): WearableClientImpl.onPostInitHandler: done
W/View (22529): requestLayout() improperly called by android.widget.TextView{3f965583 V.ED.... ......ID 0,0-544,57 #7f0e020b app:id/display_name} during second layout pass: posting in next frame
W/View (22529): requestLayout() improperly called by com.google.android.play.drawer.ShrinkingItem{7628300 V.E..... ......ID 0,192-912,192 #7f0e0207 app:id/secondary_profiles} during second layout pass: posting in next frame
I/Choreographer(22529): Skipped 78 frames! The application may be doing too much work on its main thread.
I/ActivityManager( 745): Start proc com.android.providers.calendar for content provider com.android.providers.calendar/.CalendarProvider2: pid=23027 uid=10002 gids={50002, 9997, 3003, 1028, 1015} abi=armeabi-v7a
I/art ( 198): Explicit concurrent mark sweep GC freed 706(30KB) AllocSpace objects, 0(0B) LOS objects, 40% free, 15MB/25MB, paused 1.206ms total 15.769ms
I/art ( 198): Explicit concurrent mark sweep GC freed 5(160B) AllocSpace objects, 0(0B) LOS objects, 40% free, 15MB/25MB, paused 646us total 16.600ms
I/art ( 198): Explicit concurrent mark sweep GC freed 5(160B) AllocSpace objects, 0(0B) LOS objects, 40% free, 15MB/25MB, paused 311us total 13.830ms
I/ActivityManager( 745): Process android.process.acore (pid 22967) has died
W/ResourcesManager(23027): Asset path '/system/framework/android.test.runner.jar' does not exist or contains no resources.
I/CalendarProvider2(23027): Created com.android.providers.calendar.CalendarAlarmManager@f038f81(com.android.providers.calendar.CalendarProvider2@39039826)
I/LatinIME(23003): Hardware accelerated drawing: true
W/InputMethodInfo( 745): Duplicated subtype definition found: , voice
E/YouTube MDX(22946): Bogus value in shared preferences for key MdxServerSelection value , returning default value.
W/InputAttributes(23003): No editor info for this field. Bug?
I/LatinIME:LogUtils(23003): Dictionary info: dictionary = ContextualDictionary.en_US ; version = 1417034425 ; date = ?
I/MusicLeanback(22562): Conditions not met for autocaching.
I/MusicLeanback(22562): Stop autocaching.
I/LatinIME:LogUtils(23003): Dictionary info: dictionary = userunigram.en_US ; version = 1416564186 ; date = 1416564186
I/LatinIME:LogUtils(23003): Dictionary info: dictionary = contacts.en_US ; version = 1416991925 ; date = 1416991925
I/LatinIME:LogUtils(23003): Dictionary info: dictionary = PersonalizationDictionary.en_US ; version = 328446 ; date = 1417034391
I/LatinIME:LogUtils(23003): Dictionary info: dictionary = UserHistoryDictionary.en_US ; version = 328446 ; date = 1417022667
I/ActivityManager( 745): Start proc android.process.acore for content provider com.android.providers.userdictionary/.UserDictionaryProvider: pid=23066 uid=10004 gids={50004, 9997} abi=armeabi-v7a
I/ActivityManager( 745): Process com.android.providers.calendar (pid 23027) has died
W/ActivityManager( 745): Scheduling restart of crashed service com.android.providers.calendar/.EmptyService in 16000ms
I/Choreographer(22529): Skipped 38 frames! The application may be doing too much work on its main thread.
E/ActivityThread(22006): Performing stop of activity that is not resumed: {com.google.android.googlequicksearchbox/com.google.android.launcher.GEL}
E/ActivityThread(22006): java.lang.RuntimeException: Performing stop of activity that is not resumed: {com.google.android.googlequicksearchbox/com.google.android.launcher.GEL}
E/ActivityThread(22006): at android.app.ActivityThread.performStopActivityInner(ActivityThread.java:3309)
E/ActivityThread(22006): at android.app.ActivityThread.handleStopActivity(ActivityThread.java:3390)
E/ActivityThread(22006): at android.app.ActivityThread.access$1100(ActivityThread.java:144)
E/ActivityThread(22006): at android.app.ActivityThread$H.handleMessage(ActivityThread.java:1307)
E/ActivityThread(22006): at android.os.Handler.dispatchMessage(Handler.java:102)
E/ActivityThread(22006): at android.os.Looper.loop(Looper.java:135)
E/ActivityThread(22006): at android.app.ActivityThread.main(ActivityThread.java:5221)
E/ActivityThread(22006): at java.lang.reflect.Method.invoke(Native Method)
E/ActivityThread(22006): at java.lang.reflect.Method.invoke(Method.java:372)
E/ActivityThread(22006): at com.android.internal.os.ZygoteInit$MethodAndArgsCaller.run(ZygoteInit.java:899)
E/ActivityThread(22006): at com.android.internal.os.ZygoteInit.main(ZygoteInit.java:694)
I/LatinIME:LogUtils(23003): Dictionary info: dictionary = main:en_us ; version = 52 ; date = 1412572954
I/LatinIME:LogUtils(23003): Dictionary info: dictionary = main:en_us ; version = 52 ; date = 1412572954
I/ContactLocale(23066): AddressBook Labels [en-US;cs-CZ]: [, A, B, C, D, E, F, G, H, I, J, K, L, M, N, O, P, Q, R, S, T, U, V, W, X, Y, Z, Α, Β, Γ, Δ, Ε, Ζ, Η, Θ, Ι, Κ, Λ, Μ, Ν, Ξ, Ο, Π, Ρ, Σ, Τ, Υ, Φ, Χ, Ψ, Ω, , А, Б, В, Г, Д, Ђ, Е, Є, Ж, З, И, І, Ї, Й, Ј, К, Л, Љ, М, Н, Њ, О, П, Р, С, Т, Ћ, У, Ф, Х, Ц, Ч, Џ, Ш, Щ, Ю, Я, , א, ב, ג, ד, ה, ו, ז, ח, ט, י, כ, ל, מ, נ, ס, ע, פ, צ, ק, ר, ש, ת, , ا, ب, ت, ث, ج, ح, خ, د, ذ, ر, ز, س, ش, ص, ض, ط, ظ, ع, غ, ف, ق, ك, ل, م, ن, ه, و, ي, , ก, ข, ฃ, ค, ฅ, ฆ, ง, จ, ฉ, ช, ซ, ฌ, ญ, ฎ, ฏ, ฐ, ฑ, ฒ, ณ, ด, ต, ถ, ท, ธ, น, บ, ป, ผ, ฝ, พ, ฟ, ภ, ม, ย, ร, ฤ, ล, ฦ, ว, ศ, ษ, ส, ห, ฬ, อ, ฮ, , ㄱ, ㄴ, ㄷ, ㄹ, ㅁ, ㅂ, ㅅ, ㅇ, ㅈ, ㅊ, ㅋ, ㅌ, ㅍ, ㅎ, , あ, か, さ, た, な, は, ま, や, ら, わ, #, ]
I/Icing (22756): Storage manager: low false usage 14.23MB avail 17.05GB capacity 22.76GB
W/ActivityThread(22756): ClassLoader.getResources: The class loader returned by Thread.getContextClassLoader() may fail for processes that host multiple applications. You should explicitly specify a context class loader. For example: Thread.setContextClassLoader(getClass().getClassLoader());
W/Icing (22756): Received bad json for section weights override -- ignoring.
W/Icing (22756): Received bad json for corpus scoring config -- ignoring.
W/Icing (22756): Received bad json for corpus context scoring override -- ignoring.
D/WifiService( 745): releaseWifiLockLocked: WifiLock{NlpWifiLock type=2 binder=android.os.BinderProxy@337dcce9}
I/art (16979): Explicit concurrent mark sweep GC freed 3251(138KB) AllocSpace objects, 0(0B) LOS objects, 39% free, 17MB/29MB, paused 1.705ms total 46.613ms
W/CastMediaRouteProvider(22756): addOrUpdateDevice: device: "Living Room" (bf0c70d0b1107f94aa11ce38768ffbd2) applicationName: null
W/CastMediaRouteProvider(22756): addOrUpdateDevice: device: "Bedroom" (d15d9799f22e16497ac472aa54e505f5) applicationName: null
I/art (22562): Explicit concurrent mark sweep GC freed 13948(878KB) AllocSpace objects, 6(4MB) LOS objects, 40% free, 19MB/32MB, paused 995us total 54.977ms
I/art ( 745): Explicit concurrent mark sweep GC freed 14686(796KB) AllocSpace objects, 7(107KB) LOS objects, 21% free, 57MB/73MB, paused 4.377ms total 187.862ms
I/LocalDevicePlayback(22562): play: currentPos=0
I/MediaFocusControl( 745): AudioFocus requestAudioFocus() from android.media.AudioManager@2cbda066com.google.android.music.playback.LocalDevicePlayback$10@8808fa7
I/LocalDevicePlayback(22562): open: id=[437, DEFAULT], pos=0, playPos=0, fromUser=true, track=Curtains Up (Skit - Album Version (Explicit))
I/art (21701): Explicit concurrent mark sweep GC freed 112812(8MB) AllocSpace objects, 0(0B) LOS objects, 39% free, 21MB/36MB, paused 1.037ms total 126.266ms
I/UserDevice(22440): Response: received statusCode=200
D/MMApiWSBase(22440): doRequest(): /v1/gdi/user/devices.json resp length: 135
I/UserDevice(22440): Response: processing...
I/UserDevice(22440): Response: success
I/Icing (22756): updateResources: need to parse e{com.google.android.gms}
I/Icing (22756): doRemovePackageData com.android.chrome
I/GCoreUlr(21701): Successfully inserted location
I/GCoreUlr(21701): Not uploading first location since start (in case we're in restart loop)
V/wearable(21750): ensureBuffersHaveSpace: increasing size from 1526 to 13517
D/WifiService( 745): acquireWifiLockLocked: WifiLock{DownloadQueueManager type=3 binder=android.os.BinderProxy@1287caf8}
D/WifiService( 745): releaseWifiLockLocked: WifiLock{DownloadQueueManager type=3 binder=android.os.BinderProxy@1287caf8}
D/WifiService( 745): acquireWifiLockLocked: WifiLock{DownloadQueueManager type=3 binder=android.os.BinderProxy@37792bd1}
D/WifiService( 745): releaseWifiLockLocked: WifiLock{DownloadQueueManager type=3 binder=android.os.BinderProxy@37792bd1}
D/WifiService( 745): acquireWifiLockLocked: WifiLock{DownloadQueueManager type=3 binder=android.os.BinderProxy@3e978636}
D/WifiService( 745): releaseWifiLockLocked: WifiLock{DownloadQueueManager type=3 binder=android.os.BinderProxy@3e978636}
D/ (23530): PORT_WriteDataCO: tx queue is full,tx.queue_size:10890,tx.queue.count:11,available:68351
D/ (23530): PORT_WriteDataCO: tx queue is full,tx.queue_size:10890,tx.queue.count:11,available:105639
I/Icing (22756): Internal init done: storage state 0
D/ (23530): PORT_WriteDataCO: tx queue is full,tx.queue_size:10890,tx.queue.count:11,available:93759
I/LatinIME:LogUtils(23003): Dictionary info: dictionary = userunigram.en_US ; version = 1416564186 ; date = 1416564186
D/ (23530): PORT_WriteDataCO: tx queue is full,tx.queue_size:10890,tx.queue.count:11,available:81879
I/LatinIME:LogUtils(23003): Dictionary info: dictionary = main:en_us ; version = 52 ; date = 1412572954
I/LatinIME:LogUtils(23003): Dictionary info: dictionary = main:en_us ; version = 52 ; date = 1412572954
D/ (23530): PORT_WriteDataCO: tx queue is full,tx.queue_size:10890,tx.queue.count:11,available:69999
I/Icing (22756): Post-init done
D/ (23530): PORT_WriteDataCO: tx queue is full,tx.queue_size:10890,tx.queue.count:11,available:58119
I/ActivityManager( 745): Start proc com.android.providers.calendar for content provider com.android.providers.calendar/.CalendarProvider2: pid=23157 uid=10002 gids={50002, 9997, 3003, 1028, 1015} abi=armeabi-v7a
I/WindowState( 745): WIN DEATH: Window{170d9bd2 u0 com.google.android.googlequicksearchbox/com.google.android.launcher.GEL}
D/WifiService( 745): Client connection lost with reason: 4
I/ActivityManager( 745): Process android.process.acore (pid 23066) has died
I/ActivityManager( 745): Process com.google.android.googlequicksearchbox (pid 22006) has died
I/ActivityManager( 745): START u0 {act=android.intent.action.MAIN cat=[android.intent.category.HOME] flg=0x10200000 cmp=com.google.android.googlequicksearchbox/com.google.android.launcher.GEL} from uid 1000 on display 0
W/ResourcesManager(23157): Asset path '/system/framework/android.test.runner.jar' does not exist or contains no resources.
I/ActivityManager( 745): Start proc com.google.android.googlequicksearchbox for activity com.google.android.googlequicksearchbox/com.google.android.launcher.GEL: pid=23176 uid=10022 gids={50022, 9997, 3003, 3001, 1028, 3002, 1015, 1005} abi=armeabi-v7a
I/CalendarProvider2(23157): Created com.android.providers.calendar.CalendarAlarmManager@f038f81(com.android.providers.calendar.CalendarProvider2@39039826)
I/Icing (22756): Usage reports 1 indexed 0 rejected 0 imm upload false
I/LocalDevicePlayback(22562): setNextTrack: id=[4973, DEFAULT], playPos=1, track=White America (Explicit)
I/ActivityManager( 745): Start proc com.chrome.beta for broadcast com.chrome.beta/com.google.ipc.invalidation.ticl.android2.AndroidInternalScheduler$AlarmReceiver: pid=23197 uid=10091 gids={50091, 9997, 3003, 1028, 1015} abi=armeabi-v7a
D/WifiService( 745): acquireWifiLockLocked: WifiLock{DownloadQueueManager type=3 binder=android.os.BinderProxy@1568c36e}
D/WifiService( 745): releaseWifiLockLocked: WifiLock{DownloadQueueManager type=3 binder=android.os.BinderProxy@1568c36e}
D/WifiService( 745): acquireWifiLockLocked: WifiLock{DownloadQueueManager type=3 binder=android.os.BinderProxy@1e3aea0f}
D/WifiService( 745): releaseWifiLockLocked: WifiLock{DownloadQueueManager type=3 binder=android.os.BinderProxy@1e3aea0f}
W/AndroidInternalSchedule(23197): [TiclService] Ignoring event with wrong ticl id (not 1417034396524): event_name=Heartbeat ticl_id=1417033018582>
E/MediaPlayer(22562): Should have subtitle controller already set
I/ActivityManager( 745): Start proc com.android.musicfx for broadcast com.android.musicfx/.ControlPanelReceiver: pid=23231 uid=10015 gids={50015, 9997, 3003, 3002} abi=armeabi-v7a
D/NuPlayerDriver( 187): stop(0xb49292e0)
D/NuPlayerDriver( 187): reset(0xb49292e0)
I/NuCachedSource2( 187): ERROR_END_OF_STREAM
D/NuPlayerDriver( 187): notifyResetComplete(0xb49292e0)
D/NuPlayerDriver( 187): reset(0xb49292e0)
E/StreamingHttpServer(22562): HTTP server disrupted: java.net.SocketException: sendto failed: ECONNRESET (Connection reset by peer)
E/StreamingHttpServer(22562): java.net.SocketException: sendto failed: ECONNRESET (Connection reset by peer)
E/StreamingHttpServer(22562): at libcore.io.IoBridge.maybeThrowAfterSendto(IoBridge.java:546)
E/StreamingHttpServer(22562): at libcore.io.IoBridge.sendto(IoBridge.java:515)
E/StreamingHttpServer(22562): at java.net.PlainSocketImpl.write(PlainSocketImpl.java:504)
E/StreamingHttpServer(22562): at java.net.PlainSocketImpl.access$100(PlainSocketImpl.java:37)
E/StreamingHttpServer(22562): at java.net.PlainSocketImpl$PlainSocketOutputStream.write(PlainSocketImpl.java:266)
E/StreamingHttpServer(22562): at org.apache.http.impl.io.AbstractSessionOutputBuffer.write(AbstractSessionOutputBuffer.java:109)
E/StreamingHttpServer(22562): at org.apache.http.impl.io.IdentityOutputStream.write(IdentityOutputStream.java:86)
E/StreamingHttpServer(22562): at com.google.android.music.download.stream.StreamRequestHandler$InputStreamEntity.writeTo(StreamRequestHandler.java:176)
E/StreamingHttpServer(22562): at org.apache.http.impl.entity.EntitySerializer.serialize(EntitySerializer.java:97)
E/StreamingHttpServer(22562): at org.apache.http.impl.AbstractHttpServerConnection.sendResponseEntity(AbstractHttpServerConnection.java:182)
E/StreamingHttpServer(22562): at org.apache.http.protocol.HttpService.handleRequest(HttpService.java:209)
E/StreamingHttpServer(22562): at com.google.android.music.download.stream.StreamingHttpServer$WorkerThread.run(StreamingHttpServer.java:220)
E/StreamingHttpServer(22562): Caused by: android.system.ErrnoException: sendto failed: ECONNRESET (Connection reset by peer)
E/StreamingHttpServer(22562): at libcore.io.Posix.sendtoBytes(Native Method)
E/StreamingHttpServer(22562): at libcore.io.Posix.sendto(Posix.java:176)
E/StreamingHttpServer(22562): at libcore.io.BlockGuardOs.sendto(BlockGuardOs.java:278)
E/StreamingHttpServer(22562): at libcore.io.IoBridge.sendto(IoBridge.java:513)
E/StreamingHttpServer(22562): ... 10 more
I/CalendarProvider2(23157): Sending notification intent: Intent { act=android.intent.action.PROVIDER_CHANGED dat=content://com.android.calendar }
W/ContentResolver(23157): Failed to get type for: content://com.android.calendar (Unknown URL content://com.android.calendar)
E/MediaPlayer(22562): Should have subtitle controller already set
I/ActivityManager( 745): Process com.chrome.beta (pid 23197) has died
E/LocalDevicePlayback(22562): failed to set next: nextAudioId=[4973, DEFAULT]
E/LocalDevicePlayback(22562): java.lang.RuntimeException: java.lang.reflect.InvocationTargetException
E/LocalDevicePlayback(22562): at com.google.android.music.playback.CompatMediaPlayer.setNextMediaPlayerCompat(CompatMediaPlayer.java:60)
E/LocalDevicePlayback(22562): at com.google.android.music.playback.LocalAsyncMediaPlayer.setNextPlayer(LocalAsyncMediaPlayer.java:320)
E/LocalDevicePlayback(22562): at com.google.android.music.playback.LocalDevicePlayback$26$1.onSuccess(LocalDevicePlayback.java:3272)
E/LocalDevicePlayback(22562): at com.google.android.music.playback.LocalAsyncMediaPlayer.setDataSourceImpl(LocalAsyncMediaPlayer.java:525)
E/LocalDevicePlayback(22562): at com.google.android.music.playback.LocalAsyncMediaPlayer.handleMessageImp(LocalAsyncMediaPlayer.java:208)
E/LocalDevicePlayback(22562): at com.google.android.music.playback.LocalAsyncMediaPlayer.handleMessage(LocalAsyncMediaPlayer.java:188)
E/LocalDevicePlayback(22562): at android.os.Handler.dispatchMessage(Handler.java:102)
E/LocalDevicePlayback(22562): at com.google.android.music.utils.LoggableHandler.dispatchMessage(LoggableHandler.java:82)
E/LocalDevicePlayback(22562): at android.os.Looper.loop(Looper.java:135)
E/LocalDevicePlayback(22562): at android.os.HandlerThread.run(HandlerThread.java:61)
E/LocalDevicePlayback(22562): Caused by: java.lang.reflect.InvocationTargetException
E/LocalDevicePlayback(22562): at java.lang.reflect.Method.invoke(Native Method)
E/LocalDevicePlayback(22562): at java.lang.reflect.Method.invoke(Method.java:372)
E/LocalDevicePlayback(22562): at com.google.android.music.playback.CompatMediaPlayer.setNextMediaPlayerCompat(CompatMediaPlayer.java:54)
E/LocalDevicePlayback(22562): ... 9 more
E/LocalDevicePlayback(22562): Caused by: java.lang.IllegalArgumentException: setNextMediaPlayer failed.: status=0xFFFFFFED
E/LocalDevicePlayback(22562): at android.media.MediaPlayer.setNextMediaPlayer(Native Method)
E/LocalDevicePlayback(22562): ... 12 more
E/MediaPlayer(22562): Should have subtitle controller already set
W/Launcher(23176): setApplicationContext called twice! old=com.google.android.velvet.VelvetApplication@32478c67 new=com.google.android.velvet.VelvetApplication@32478c67
W/ResourcesManager(23176): Asset path '/system/framework/com.google.android.dialer.support.jar' does not exist or contains no resources.
D/WifiService( 745): Client connection lost with reason: 4
I/GEL (23176): handleIntent(Intent { act=android.intent.action.MAIN cat=[android.intent.category.HOME] flg=0x10200000 cmp=com.google.android.googlequicksearchbox/com.google.android.launcher.GEL })
W/ResourcesManager(23176): Asset path '/system/framework/com.google.android.media.effects.jar' does not exist or contains no resources.
D/audio_hw_primary( 187): disable_audio_route: reset and update mixer path: audio-record
D/audio_hw_primary( 187): disable_snd_device: snd_device(55: voice-rec-mic)
I/ActivityManager( 745): Process com.google.android.googlequicksearchbox:search (pid 22581) has died
W/ActivityManager( 745): Scheduling restart of crashed service com.google.android.googlequicksearchbox/com.google.android.search.core.service.SearchService in 2556288ms
W/ActivityManager( 745): Canceling start item Intent { act=com.google.android.search.core.service.BroadcastListenerService.action.UPDATE cmp=com.google.android.googlequicksearchbox/com.google.android.search.core.service.BroadcastListenerService (has extras) } in service ComponentInfo{com.google.android.googlequicksearchbox/com.google.android.search.core.service.BroadcastListenerService}
W/ActivityManager( 745): Scheduling restart of crashed service com.google.android.googlequicksearchbox/com.google.android.search.core.service.BroadcastListenerService in 4334125056ms
V/MusicFXControlPanelReceiver(23231): onReceive
V/MusicFXControlPanelReceiver(23231): Action: android.media.action.OPEN_AUDIO_EFFECT_CONTROL_SESSION
V/MusicFXControlPanelReceiver(23231): Package name: com.google.android.music
V/MusicFXControlPanelReceiver(23231): Audio session: 8209
V/MusicFXControlPanelEffect(23231): openSession(android.app.ReceiverRestrictedContext@140e7805, com.google.android.music, 8209)
I/ActivityManager( 745): Process com.android.providers.calendar (pid 23157) has died
I/ActivityManager( 745): Start proc com.android.providers.calendar for content provider com.android.providers.calendar/.CalendarProvider2: pid=23251 uid=10002 gids={50002, 9997, 3003, 1028, 1015} abi=armeabi-v7a
I/GEL (23176): handleIntent(Intent { act=android.intent.action.MAIN cat=[android.intent.category.HOME] flg=0x10600000 cmp=com.google.android.googlequicksearchbox/com.google.android.launcher.GEL })
D/OpenGLRenderer(23176): Render dirty regions requested: true
W/ResourcesManager(23251): Asset path '/system/framework/android.test.runner.jar' does not exist or contains no resources.
D/Atlas (23176): Validating map...
I/ActivityManager( 745): Process com.android.musicfx (pid 23231) has died
E/lowmemorykiller( 169): Error opening /proc/21532/oom_score_adj; errno=2
I/ActivityManager( 745): Process com.google.android.keep (pid 21532) has died
I/art ( 745): Explicit concurrent mark sweep GC freed 23591(1354KB) AllocSpace objects, 10(7MB) LOS objects, 21% free, 58MB/74MB, paused 38.666ms total 292.566ms
D/WifiService( 745): acquireWifiLockLocked: WifiLock{DownloadQueueManager type=3 binder=android.os.BinderProxy@2635242a}
D/WifiService( 745): releaseWifiLockLocked: WifiLock{DownloadQueueManager type=3 binder=android.os.BinderProxy@2635242a}
D/WifiService( 745): acquireWifiLockLocked: WifiLock{DownloadQueueManager type=3 binder=android.os.BinderProxy@1821621b}
D/WifiService( 745): releaseWifiLockLocked: WifiLock{DownloadQueueManager type=3 binder=android.os.BinderProxy@1821621b}
D/ (23530): PORT_WriteDataCO: tx queue is full,tx.queue_size:10890,tx.queue.count:11,available:96383
I/Adreno-EGL(23176): : QUALCOMM Build: 10/24/14, 167c270, I68fa98814b
I/OpenGLRenderer(23176): Initialized EGL, version 1.4
I/ActivityManager( 745): Process com.google.android.maps.mytracks (pid 22094) has died
I/CalendarProvider2(23251): Created com.android.providers.calendar.CalendarAlarmManager@f038f81(com.android.providers.calendar.CalendarProvider2@39039826)
D/OpenGLRenderer(23176): Enabling debug mode 0
D/ (23530): PORT_WriteDataCO: tx queue is full,tx.queue_size:10890,tx.queue.count:11,available:84503
D/ (23530): PORT_WriteDataCO: tx queue is full,tx.queue_size:10890,tx.queue.count:11,available:72623
D/ (23530): PORT_WriteDataCO: tx queue is full,tx.queue_size:10890,tx.queue.count:11,available:60743
I/Choreographer(23176): Skipped 32 frames! The application may be doing too much work on its main thread.
I/ActivityManager( 745): Start proc com.android.musicfx for broadcast com.android.musicfx/.ControlPanelReceiver: pid=23280 uid=10015 gids={50015, 9997, 3003, 3002} abi=armeabi-v7a
D/ (23530): PORT_WriteDataCO: tx queue is full,tx.queue_size:10890,tx.queue.count:11,available:48863
I/ActivityManager( 745): Start proc com.google.android.googlequicksearchbox:search for service com.google.android.googlequicksearchbox/com.google.android.search.core.service.SearchService: pid=23299 uid=10022 gids={50022, 9997, 3003, 3001, 1028, 3002, 1015, 1005} abi=armeabi-v7a
D/ (23530): PORT_WriteDataCO: tx queue is full,tx.queue_size:10890,tx.queue.count:11,available:36983
W/InputMethodManagerService( 745): Starting input on non-focused client com.android.internal.view.IInputMethodClient$Stub$Proxy@35e7eba6 (uid=10060 pid=22529)
I/ActivityManager( 745): Displayed com.google.android.googlequicksearchbox/com.google.android.launcher.GEL: +2s615ms
D/ (23530): PORT_WriteDataCO: tx queue is full,tx.queue_size:10890,tx.queue.count:11,available:25103
I/ActivityManager( 745): Start proc android.process.acore for content provider com.android.providers.contacts/.ContactsProvider2: pid=23318 uid=10004 gids={50004, 9997} abi=armeabi-v7a
V/MusicFXControlPanelReceiver(23280): onReceive
V/MusicFXControlPanelReceiver(23280): Action: android.media.action.OPEN_AUDIO_EFFECT_CONTROL_SESSION
V/MusicFXControlPanelReceiver(23280): Package name: com.google.android.music
V/MusicFXControlPanelReceiver(23280): Audio session: 8209
I/ActivityManager( 745): Process com.facebook.orca (pid 21618) has died
V/MusicFXControlPanelEffect(23280): openSession(android.app.ReceiverRestrictedContext@140e7805, com.google.android.music, 8209)
D/WearableClient(21719): WearableClientImpl.onPostInitHandler: done
I/ActivityManager( 745): Start proc com.google.android.partnersetup for content provider com.google.android.partnersetup/.RlzAppProvider: pid=23345 uid=10013 gids={50013, 9997, 3003} abi=armeabi-v7a
I/art (21750): Explicit concurrent mark sweep GC freed 51986(4MB) AllocSpace objects, 1(20KB) LOS objects, 39% free, 17MB/29MB, paused 1.207ms total 83.665ms
I/art (22562): Background sticky concurrent mark sweep GC freed 99772(3MB) AllocSpace objects, 28(7MB) LOS objects, 26% free, 21MB/29MB, paused 9.490ms total 237.700ms
D/WearableClient(22440): WearableClientImpl.onPostInitHandler: done
D/WifiService( 745): New client listening to asynchronous messages
D/WifiService( 745): New client listening to asynchronous messages
I/ContactLocale(23318): AddressBook Labels [en-US;cs-CZ]: [, A, B, C, D, E, F, G, H, I, J, K, L, M, N, O, P, Q, R, S, T, U, V, W, X, Y, Z, Α, Β, Γ, Δ, Ε, Ζ, Η, Θ, Ι, Κ, Λ, Μ, Ν, Ξ, Ο, Π, Ρ, Σ, Τ, Υ, Φ, Χ, Ψ, Ω, , А, Б, В, Г, Д, Ђ, Е, Є, Ж, З, И, І, Ї, Й, Ј, К, Л, Љ, М, Н, Њ, О, П, Р, С, Т, Ћ, У, Ф, Х, Ц, Ч, Џ, Ш, Щ, Ю, Я, , א, ב, ג, ד, ה, ו, ז, ח, ט, י, כ, ל, מ, נ, ס, ע, פ, צ, ק, ר, ש, ת, , ا, ب, ت, ث, ج, ح, خ, د, ذ, ر, ز, س, ش, ص, ض, ط, ظ, ع, غ, ف, ق, ك, ل, م, ن, ه, و, ي, , ก, ข, ฃ, ค, ฅ, ฆ, ง, จ, ฉ, ช, ซ, ฌ, ญ, ฎ, ฏ, ฐ, ฑ, ฒ, ณ, ด, ต, ถ, ท, ธ, น, บ, ป, ผ, ฝ, พ, ฟ, ภ, ม, ย, ร, ฤ, ล, ฦ, ว, ศ, ษ, ส, ห, ฬ, อ, ฮ, , ㄱ, ㄴ, ㄷ, ㄹ, ㅁ, ㅂ, ㅅ, ㅇ, ㅈ, ㅊ, ㅋ, ㅌ, ㅍ, ㅎ, , あ, か, さ, た, な, は, ま, や, ら, わ, #, ]
I/CalendarProvider2(23251): Sending notification intent: Intent { act=android.intent.action.PROVIDER_CHANGED dat=content://com.android.calendar }
W/ContentResolver(23251): Failed to get type for: content://com.android.calendar (Unknown URL content://com.android.calendar)
E/MediaPlayer(22562): Should have subtitle controller already set
I/ActivityManager( 745): Process com.google.android.apps.fitness (pid 21631) has died
D/NuPlayerDriver( 187): start(0xb4fa91c0)
I/GenericSource( 187): start
D/audio_hw_primary( 187): out_set_parameters: enter: usecase(1: low-latency-playback) kvpairs: routing=2
D/audio_hw_primary( 187): select_devices: out_snd_device(2: speaker) in_snd_device(0: none)
D/msm8974_platform( 187): platform_send_audio_calibration: sending audio calibration for snd_device(2) acdb_id(15)
D/audio_hw_primary( 187): enable_snd_device: snd_device(2: speaker)
D/audio_hw_primary( 187): enable_audio_route: apply and update mixer path: low-latency-playback
I/ActivityManager( 745): Process com.android.musicfx (pid 23280) has died
D/ (23530): PORT_WriteDataCO: tx queue is full,tx.queue_size:10890,tx.queue.count:11,available:10666
I/Choreographer(23176): Skipped 43 frames! The application may be doing too much work on its main thread.
E/MediaPlayer(22562): Should have subtitle controller already set
I/MediaRouter(23299): Found default route: MediaRouter.RouteInfo{ uniqueId=android/mo:DEFAULT_ROUTE, name=Phone, description=null, enabled=true, connecting=false, playbackType=0, playbackStream=3, volumeHandling=1, volume=11, volumeMax=15, presentationDisplayId=-1, extras=null, providerPackageName=android }
I/FavoriteContactNamesSup(23299): get() : Execute runnable (UI thread)
I/ContactLabelSupplier(23299): get() : Execute runnable (UI thread)
W/InputMethodInfo( 745): Duplicated subtype definition found: , voice
I/ActivityManager( 745): Start proc com.android.musicfx for broadcast com.android.musicfx/.ControlPanelReceiver: pid=23391 uid=10015 gids={50015, 9997, 3003, 3002} abi=armeabi-v7a
I/art ( 198): Explicit concurrent mark sweep GC freed 706(30KB) AllocSpace objects, 0(0B) LOS objects, 40% free, 15MB/25MB, paused 327us total 15.078ms
I/art ( 198): Explicit concurrent mark sweep GC freed 5(160B) AllocSpace objects, 0(0B) LOS objects, 40% free, 15MB/25MB, paused 310us total 14.247ms
I/art ( 198): Explicit concurrent mark sweep GC freed 5(160B) AllocSpace objects, 0(0B) LOS objects, 40% free, 15MB/25MB, paused 317us total 13.619ms
I/StreamRequestHandler(22562): Finished writeTo([mId=[437, DEFAULT] mPriority=0 mOwner=MUSIC_PLAYBACK mRetryAllowed=true mFileLocation=[mFullPath=/data/data/com.google.android.music/files/music/mplayback_437.tmp mStorageType=INTERNAL mCacheType=2] mExplicit=true][ mRemoteId=b109ede4-6087-32bf-8c99-259a1ac32443 mSourceAccount=-140580628 mTrackTitle="Curtains Up (Skit - Album Version (Explicit))" mSeekMs=141]) 597375
I/NuCachedSource2( 187): ERROR_END_OF_STREAM
V/MusicFXControlPanelReceiver(23391): onReceive
V/MusicFXControlPanelReceiver(23391): Action: android.media.action.OPEN_AUDIO_EFFECT_CONTROL_SESSION
V/MusicFXControlPanelReceiver(23391): Package name: com.google.android.music
V/MusicFXControlPanelReceiver(23391): Audio session: 8209
D/WearableClient(21719): WearableClientImpl.onPostInitHandler: done
V/MusicFXControlPanelEffect(23391): openSession(android.app.ReceiverRestrictedContext@140e7805, com.google.android.music, 8209)
D/WearableClient(22440): WearableClientImpl.onPostInitHandler: done
V/RenderScript(23176): Application requested CPU execution
V/RenderScript(23176): 0xaf219800 Launching thread(s), CPUs 4
W/GAV2 (23299): Thread[main,5,main]: Need to call initialize() and be in fallback mode to start dispatch.
I/ContactLabelSupplier(23299): get() : OptedIn = true
I/ContactLabelSupplier(23299): get() : Looking up 20 labels
E/AppWidgetServiceImpl( 745): Error clearing service interface
E/AppWidgetServiceImpl( 745): android.os.DeadObjectException
E/AppWidgetServiceImpl( 745): at android.os.BinderProxy.transactNative(Native Method)
E/AppWidgetServiceImpl( 745): at android.os.BinderProxy.transact(Binder.java:496)
E/AppWidgetServiceImpl( 745): at com.android.internal.widget.IRemoteViewsAdapterConnection$Stub$Proxy.onServiceDisconnected(IRemoteViewsAdapterConnection.java:101)
E/AppWidgetServiceImpl( 745): at com.android.server.appwidget.AppWidgetServiceImpl$ServiceConnectionProxy.disconnect(AppWidgetServiceImpl.java:3430)
E/AppWidgetServiceImpl( 745): at com.android.server.appwidget.AppWidgetServiceImpl.bindRemoteViewsService(AppWidgetServiceImpl.java:945)
E/AppWidgetServiceImpl( 745): at com.android.internal.appwidget.IAppWidgetService$Stub.onTransact(IAppWidgetService.java:370)
E/AppWidgetServiceImpl( 745): at android.os.Binder.execTransact(Binder.java:446)
I/VS.Container(23299): create_speech_recognizer
I/ContactLabelSupplier(23299): get() : Lookup time = 294 ms
I/MicrophoneInputStream(23299): mic_starting gfk@f927b01
I/HotwordRecognitionRnr(23299): Starting hotword detection.
I/AudioFlinger( 187): AudioFlinger's thread 0xa6001000 ready to run
I/MicrophoneInputStream(23299): mic_started gfk@f927b01
D/audio_hw_primary( 187): select_devices: out_snd_device(0: none) in_snd_device(55: voice-rec-mic)
D/msm8974_platform( 187): platform_send_audio_calibration: sending audio calibration for snd_device(55) acdb_id(62)
D/ ( 187): Failed to fetch the lookup information of the device 0000003E
E/ACDB-LOADER( 187): Error: ACDB AudProc vol returned = -19
D/audio_hw_primary( 187): enable_snd_device: snd_device(55: voice-rec-mic)
D/audio_hw_primary( 187): enable_audio_route: apply and update mixer path: audio-record
I/art ( 745): Explicit concurrent mark sweep GC freed 24829(2MB) AllocSpace objects, 5(464KB) LOS objects, 21% free, 58MB/74MB, paused 2.755ms total 234.664ms
D/WifiService( 745): acquireWifiLockLocked: WifiLock{NlpWifiLock type=2 binder=android.os.BinderProxy@117640f0}
I/HotwordWorker(23299): onReady
E/WifiStateMachine( 745): WifiStateMachine CMD_START_SCAN source 10008 txSuccessRate=32.99 rxSuccessRate=41.78 targetRoamBSSID=00:00:00:00:00:00 RSSI=-66
I/wpa_supplicant(12600): wlan0: CTRL-EVENT-SCAN-STARTED
W/HandlerScheduledExecuto(23299): Task does not implement UiTask. Consider using NamedUiRunnable for fjp@3ccb2e32
W/NowFetcherService(21719): Receives a Now broadcast while not connected to GSA
D/NowFetcherService(21719): onServiceConnected: connected to NowRemoteService
W/PropertyValuesHolder(23176): Method setBrightness() with type int not found on target class class us
W/PropertyValuesHolder(23176): Method getBrightness() with type null not found on target class class us
I/ActivityManager( 745): Process com.google.android.partnersetup (pid 23345) has died
W/HandlerScheduledExecuto(23299): Task does not implement UiTask. Consider using NamedUiRunnable for fjp@3ccb2e32
I/ActivityManager( 745): START u0 {act=android.intent.action.MAIN cat=[android.intent.category.LAUNCHER] flg=0x10200000 cmp=com.chrome.beta/com.google.android.apps.chrome.Main bnds=[246,1532][447,1784] (has extras)} from uid 10022 on display 0
W/Icing (22756): Received bad json for section weights override -- ignoring.
W/Icing (22756): Received bad json for corpus scoring config -- ignoring.
W/Icing (22756): Received bad json for corpus context scoring override -- ignoring.
I/StreamRequestHandler(22562): Finished writeTo([mId=[4973, DEFAULT] mPriority=1 mOwner=MUSIC_PLAYBACK mRetryAllowed=true mFileLocation=[mFullPath=/data/data/com.google.android.music/files/music/mplayback_4973.tmp mStorageType=INTERNAL mCacheType=2] mExplicit=false][ mRemoteId=4e4ae43c-dd6f-3258-82a5-37e4ebc9756c mSourceAccount=-140580628 mTrackTitle="White America (Explicit)" mSeekMs=0]) 6492473
I/ActivityManager( 745): Start proc com.chrome.beta for activity com.chrome.beta/com.google.android.apps.chrome.Main: pid=23449 uid=10091 gids={50091, 9997, 3003, 1028, 1015} abi=armeabi-v7a
I/ActivityManager( 745): Process com.android.musicfx (pid 23391) has died
W/HandlerScheduledExecuto(23299): Task does not implement UiTask. Consider using NamedUiRunnable for Consumers.consumeAsync
I/art (23176): Background sticky concurrent mark sweep GC freed 22283(1109KB) AllocSpace objects, 3(9MB) LOS objects, 21% free, 29MB/37MB, paused 5.769ms total 82.317ms
I/ActivityManager( 745): Process com.google.android.youtube (pid 22946) has died
I/ActivityManager( 745): START u0 {act=android.intent.action.VIEW dat=document://380?https://t.co/x3eKLbdr8U flg=0x10182000 cmp=com.chrome.beta/com.google.android.apps.chrome.document.DocumentActivity (has extras)} from uid 10091 on display 0
I/NuCachedSource2( 187): ERROR_END_OF_STREAM
E/DocumentTabList(23449): Failed to restore tab state for tab 195
I/art ( 745): Explicit concurrent mark sweep GC freed 12439(903KB) AllocSpace objects, 2(32KB) LOS objects, 21% free, 58MB/74MB, paused 1.911ms total 156.018ms
D/NowFetcherService(21719): now card fetch: getting cards...
