--------- beginning of crash
F/libc (19094): Fatal signal 11 (SIGSEGV), code -6, fault addr 0x4a96 in tid 20433 (RenderThread)
I/DEBUG ( 184): *** *** *** *** *** *** *** *** *** *** *** *** *** *** *** ***
I/DEBUG ( 184): Build fingerprint: 'google/hammerhead/hammerhead:5.0/LRX21O/1570415:user/release-keys'
I/DEBUG ( 184): Revision: '11'
I/DEBUG ( 184): ABI: 'arm'
I/DEBUG ( 184): pid: 19094, tid: 20433, name: RenderThread >>> com.chrome.beta <<<
I/DEBUG ( 184): signal 11 (SIGSEGV), code -6 (SI_TKILL), fault addr 0x54
I/DEBUG ( 184): r0 00000000 r1 00000009 r2 a2dffc94 r3 00000000
I/DEBUG ( 184): r4 956b2e80 r5 a2dffcc0 r6 a2dffcc0 r7 00000000
I/DEBUG ( 184): r8 00000000 r9 a2dffd08 sl a2dffd00 fp a310c8c8
I/DEBUG ( 184): ip b6f27734 sp a2dffc90 lr b676fad9 pc b676faee cpsr 000f0030
I/DEBUG ( 184):
I/DEBUG ( 184): backtrace:
I/DEBUG ( 184): #00 pc 0003baee /system/lib/libhwui.so
I/DEBUG ( 184): #01 pc 0003c6a9 /system/lib/libhwui.so
I/DEBUG ( 184): #02 pc 0003c735 /system/lib/libhwui.so
I/DEBUG ( 184): #03 pc 0003e27b /system/lib/libhwui.so (android::uirenderer::renderthread::RenderThread::threadLoop()+66)
I/DEBUG ( 184): #04 pc 000104d5 /system/lib/libutils.so (android::Thread::_threadLoop(void*)+112)
I/DEBUG ( 184): #05 pc 0005df4d /system/lib/libandroid_runtime.so (android::AndroidRuntime::javaThreadShell(void*)+72)
I/DEBUG ( 184): #06 pc 00010045 /system/lib/libutils.so
I/DEBUG ( 184): #07 pc 000162e3 /system/lib/libc.so (__pthread_start(void*)+30)
I/DEBUG ( 184): #08 pc 000142d3 /system/lib/libc.so (__start_thread+6)
F/libc (21464): Fatal signal 11 (SIGSEGV), code -6, fault addr 0x53d8 in tid 21496 (RenderThread)
I/DEBUG ( 184): *** *** *** *** *** *** *** *** *** *** *** *** *** *** *** ***
I/DEBUG ( 184): Build fingerprint: 'google/hammerhead/hammerhead:5.0/LRX21O/1570415:user/release-keys'
I/DEBUG ( 184): Revision: '11'
I/DEBUG ( 184): ABI: 'arm'
I/DEBUG ( 184): pid: 21464, tid: 21496, name: RenderThread >>> com.chrome.beta <<<
I/DEBUG ( 184): signal 11 (SIGSEGV), code -6 (SI_TKILL), fault addr 0x54
I/DEBUG ( 184): r0 00000000 r1 00000009 r2 a083fc94 r3 00000000
I/DEBUG ( 184): r4 9ef79520 r5 a083fcc0 r6 a083fcc0 r7 00000000
I/DEBUG ( 184): r8 00000000 r9 a083fd08 sl a083fd00 fp a2d0f8c8
I/DEBUG ( 184): ip b6f27734 sp a083fc90 lr b676fad9 pc b676faee cpsr 000f0030
I/DEBUG ( 184):
I/DEBUG ( 184): backtrace:
I/DEBUG ( 184): #00 pc 0003baee /system/lib/libhwui.so
I/DEBUG ( 184): #01 pc 0003c6a9 /system/lib/libhwui.so
I/DEBUG ( 184): #02 pc 0003c735 /system/lib/libhwui.so
I/DEBUG ( 184): #03 pc 0003e27b /system/lib/libhwui.so (android::uirenderer::renderthread::RenderThread::threadLoop()+66)
I/DEBUG ( 184): #04 pc 000104d5 /system/lib/libutils.so (android::Thread::_threadLoop(void*)+112)
I/DEBUG ( 184): #05 pc 0005df4d /system/lib/libandroid_runtime.so (android::AndroidRuntime::javaThreadShell(void*)+72)
I/DEBUG ( 184): #06 pc 00010045 /system/lib/libutils.so
I/DEBUG ( 184): #07 pc 000162e3 /system/lib/libc.so (__pthread_start(void*)+30)
I/DEBUG ( 184): #08 pc 000142d3 /system/lib/libc.so (__start_thread+6)
E/AndroidRuntime( 8959): FATAL EXCEPTION: main
E/AndroidRuntime( 8959): Process: com.google.android.gm, PID: 8959
E/AndroidRuntime( 8959): java.lang.IllegalStateException: Can not perform this action after onSaveInstanceState
E/AndroidRuntime( 8959): at android.app.FragmentManagerImpl.checkStateLoss(FragmentManager.java:1328)
E/AndroidRuntime( 8959): at android.app.FragmentManagerImpl.enqueueAction(FragmentManager.java:1346)
E/AndroidRuntime( 8959): at android.app.BackStackRecord.commitInternal(BackStackRecord.java:728)
E/AndroidRuntime( 8959): at android.app.BackStackRecord.commit(BackStackRecord.java:704)
E/AndroidRuntime( 8959): at android.app.DialogFragment.show(DialogFragment.java:230)
E/AndroidRuntime( 8959): at com.google.android.gm.c.h.a(SourceFile:233)
E/AndroidRuntime( 8959): at com.google.android.gm.c.h.a(SourceFile:206)
E/AndroidRuntime( 8959): at com.google.android.gms.common.internal.n.c(Unknown Source)
E/AndroidRuntime( 8959): at com.google.android.gms.common.api.x.d(Unknown Source)
E/AndroidRuntime( 8959): at com.google.android.gms.common.api.B.a(Unknown Source)
E/AndroidRuntime( 8959): at com.google.android.gms.common.internal.n.c(Unknown Source)
E/AndroidRuntime( 8959): at com.google.android.gms.common.internal.g.handleMessage(Unknown Source)
E/AndroidRuntime( 8959): at android.os.Handler.dispatchMessage(Handler.java:102)
E/AndroidRuntime( 8959): at android.os.Looper.loop(Looper.java:135)
E/AndroidRuntime( 8959): at android.app.ActivityThread.main(ActivityThread.java:5221)
E/AndroidRuntime( 8959): at java.lang.reflect.Method.invoke(Native Method)
E/AndroidRuntime( 8959): at java.lang.reflect.Method.invoke(Method.java:372)
E/AndroidRuntime( 8959): at com.android.internal.os.ZygoteInit$MethodAndArgsCaller.run(ZygoteInit.java:899)
E/AndroidRuntime( 8959): at com.android.internal.os.ZygoteInit.main(ZygoteInit.java:694)
E/AndroidRuntime(11050): FATAL EXCEPTION: main
E/AndroidRuntime(11050): Process: com.motorola.targetnotif, PID: 11050
E/AndroidRuntime(11050): java.lang.RuntimeException: Unable to start receiver com.motorola.loop.bluetooth.BluetoothReceiver: java.lang.IllegalStateException: android.os.DeadObjectException
E/AndroidRuntime(11050): at android.app.ActivityThread.handleReceiver(ActivityThread.java:2586)
E/AndroidRuntime(11050): at android.app.ActivityThread.access$1700(ActivityThread.java:144)
E/AndroidRuntime(11050): at android.app.ActivityThread$H.handleMessage(ActivityThread.java:1355)
E/AndroidRuntime(11050): at android.os.Handler.dispatchMessage(Handler.java:102)
E/AndroidRuntime(11050): at android.os.Looper.loop(Looper.java:135)
E/AndroidRuntime(11050): at android.app.ActivityThread.main(ActivityThread.java:5221)
E/AndroidRuntime(11050): at java.lang.reflect.Method.invoke(Native Method)
E/AndroidRuntime(11050): at java.lang.reflect.Method.invoke(Method.java:372)
E/AndroidRuntime(11050): at com.android.internal.os.ZygoteInit$MethodAndArgsCaller.run(ZygoteInit.java:899)
E/AndroidRuntime(11050): at com.android.internal.os.ZygoteInit.main(ZygoteInit.java:694)
E/AndroidRuntime(11050): Caused by: java.lang.IllegalStateException: android.os.DeadObjectException
E/AndroidRuntime(11050): at com.google.android.gms.internal.jg.getLastLocation(Unknown Source)
E/AndroidRuntime(11050): at com.google.android.gms.internal.jh.getLastLocation(Unknown Source)
E/AndroidRuntime(11050): at com.google.android.gms.location.LocationClient.getLastLocation(Unknown Source)
E/AndroidRuntime(11050): at com.motorola.loop.plugin.manager.PluginManager.getLocation(PluginManager.java:462)
E/AndroidRuntime(11050): at com.motorola.loop.plugin.manager.PluginManager.registerDeviceUpdate(PluginManager.java:419)
E/AndroidRuntime(11050): at com.motorola.loop.bluetooth.BluetoothReceiver.deviceFound(BluetoothReceiver.java:121)
E/AndroidRuntime(11050): at com.motorola.loop.bluetooth.BluetoothReceiver.onReceive(BluetoothReceiver.java:48)
E/AndroidRuntime(11050): at android.app.ActivityThread.handleReceiver(ActivityThread.java:2579)
E/AndroidRuntime(11050): ... 9 more
E/AndroidRuntime(11050): Caused by: android.os.DeadObjectException
E/AndroidRuntime(11050): at android.os.BinderProxy.transactNative(Native Method)
E/AndroidRuntime(11050): at android.os.BinderProxy.transact(Binder.java:496)
E/AndroidRuntime(11050): at com.google.android.gms.internal.jf$a$a.bo(Unknown Source)
E/AndroidRuntime(11050): ... 17 more --------- beginning of system
I/ActivityManager( 745): Start proc com.google.android.gms for service com.google.android.gms/.common.service.AccountService: pid=12576 uid=10008 gids={50008, 9997, 2001, 3003, 1007, 3006, 1028, 1015, 3002, 3001, 1005, 3007} abi=armeabi-v7a
W/ResourcesManager(12576): Asset path '/system/framework/com.android.media.remotedisplay.jar' does not exist or contains no resources.
W/ResourcesManager(12576): Asset path '/system/framework/com.android.location.provider.jar' does not exist or contains no resources.
E/ActivityThread(12191): Failed to find provider info for com.motorola.ccc.plm.misc
W/InputMethodInfo( 745): Duplicated subtype definition found: , voice
W/ActivityThread(12233): ClassLoader.loadClass: The class loader returned by Thread.getContextClassLoader() may fail for processes that host multiple applications. You should explicitly specify a context class loader. For example: Thread.setContextClassLoader(getClass().getClassLoader());
W/ResourcesManager(12321): Asset path '/system/framework/com.google.android.dialer.support.jar' does not exist or contains no resources.
I/ActivityManager( 745): Start proc com.google.android.calendar for broadcast com.google.android.calendar/com.android.calendar.alerts.AlertReceiver: pid=12647 uid=10031 gids={50031, 9997, 3003, 1028, 1015} abi=armeabi-v7a
W/ResourcesManager(12321): Asset path '/system/framework/com.google.android.media.effects.jar' does not exist or contains no resources.
W/AlarmManager( 745): Window length 9223372036854775807ms suspiciously long; limiting to 1 hour
W/AlarmManager( 745): Window length 9223372036854775807ms suspiciously long; limiting to 1 hour
D/WifiService( 745): acquireWifiLockLocked: WifiLock{NlpWifiLock type=2 binder=android.os.BinderProxy@1de3ba6c}
W/InputMethodManagerService( 745): Got RemoteException sending setActive(false) notification to pid 10777 uid 10091
I/ActivityManager( 745): Start proc com.google.android.inputmethod.latin for service com.google.android.inputmethod.latin/com.android.inputmethod.latin.LatinIME: pid=12684 uid=10056 gids={50056, 9997, 3003, 1028, 1015} abi=armeabi-v7a
V/InputMethodManagerService( 745): Adding window token: android.os.Binder@31ca2396
I/ActivityManager( 745): Process com.google.android.partnersetup (pid 12517) has died
D/WifiService( 745): New client listening to asynchronous messages
W/InputMethodInfo( 745): Duplicated subtype definition found: , voice
I/ActivityManager( 745): Process com.chrome.beta (pid 12384) has died
I/ActivityManager( 745): Process android.process.media (pid 12302) has died
W/ActivityManager( 745): Scheduling restart of crashed service com.android.providers.media/.MtpService in 215536ms
D/WifiService( 745): New client listening to asynchronous messages
I/ActivityManager( 745): Process android.process.acore (pid 12281) has died
I/ActivityManager( 745): Start proc android.process.acore for content provider com.android.providers.contacts/.ContactsProvider2: pid=12749 uid=10004 gids={50004, 9997} abi=armeabi-v7a
I/ActivityManager( 745): Process com.google.android.calendar (pid 12647) has died
W/ActivityManager( 745): Scheduling restart of crashed service com.google.android.calendar/com.android.calendar.alerts.AlertService in 13964ms
D/WifiService( 745): acquireWifiLockLocked: WifiLock{NlpWifiLock type=2 binder=android.os.BinderProxy@a72f4a9}
D/WifiService( 745): releaseWifiLockLocked: WifiLock{NlpWifiLock type=2 binder=android.os.BinderProxy@a72f4a9}
I/ActivityManager( 745): Process com.android.providers.calendar (pid 12433) has died
I/ActivityManager( 745): Start proc com.chrome.beta for broadcast com.chrome.beta/com.google.ipc.invalidation.external.client.contrib.MultiplexingGcmListener$GCMReceiver: pid=12782 uid=10091 gids={50091, 9997, 3003, 1028, 1015} abi=armeabi-v7a
I/ActivityManager( 745): Start proc com.google.android.calendar for service com.google.android.calendar/com.android.calendar.widget.CalendarAppWidgetService: pid=12802 uid=10031 gids={50031, 9997, 3003, 1028, 1015} abi=armeabi-v7a
I/ActivityManager( 745): Start proc com.android.providers.calendar for content provider com.android.providers.calendar/.CalendarProvider2: pid=12827 uid=10002 gids={50002, 9997, 3003, 1028, 1015} abi=armeabi-v7a
I/ActivityManager( 745): Process android.process.acore (pid 12749) has died
W/ResourcesManager(12827): Asset path '/system/framework/android.test.runner.jar' does not exist or contains no resources.
I/ActivityManager( 745): Process com.chrome.beta (pid 12782) has died
I/ActivityManager( 745): Start proc com.chrome.beta for broadcast com.chrome.beta/com.google.ipc.invalidation.ticl.android2.channel.AndroidMessageReceiverService$Receiver: pid=12864 uid=10091 gids={50091, 9997, 3003, 1028, 1015} abi=armeabi-v7a
E/ActivityThread(11593): Service com.google.android.music.download.TrackDownloadQueueService has leaked ServiceConnection com.google.android.gms.http.GoogleURLConnectionFactory$1@5398d8c that was originally bound here
E/ActivityThread(11593): android.app.ServiceConnectionLeaked: Service com.google.android.music.download.TrackDownloadQueueService has leaked ServiceConnection com.google.android.gms.http.GoogleURLConnectionFactory$1@5398d8c that was originally bound here
E/ActivityThread(11593): at android.app.LoadedApk$ServiceDispatcher.(LoadedApk.java:1072)
E/ActivityThread(11593): at android.app.LoadedApk.getServiceDispatcher(LoadedApk.java:966)
E/ActivityThread(11593): at android.app.ContextImpl.bindServiceCommon(ContextImpl.java:1768)
E/ActivityThread(11593): at android.app.ContextImpl.bindService(ContextImpl.java:1751)
E/ActivityThread(11593): at android.content.ContextWrapper.bindService(ContextWrapper.java:538)
E/ActivityThread(11593): at com.google.android.gms.http.GoogleURLConnectionFactory.(Unknown Source)
E/ActivityThread(11593): at com.google.android.gms.http.GoogleHttpClient.(Unknown Source)
E/ActivityThread(11593): at com.google.android.music.GoogleHttpClientFactory.createGoogleHttpClient(GoogleHttpClientFactory.java:43)
E/ActivityThread(11593): at com.google.android.music.cloudclient.MusicRequest.createHttpClient(MusicRequest.java:115)
E/ActivityThread(11593): at com.google.android.music.cloudclient.MusicRequest.getSharedHttpClient(MusicRequest.java:105)
E/ActivityThread(11593): at com.google.android.music.download.BaseDownloadQueueManager.(BaseDownloadQueueManager.java:110)
E/ActivityThread(11593): at com.google.android.music.download.TrackDownloadQueueManager.(TrackDownloadQueueManager.java:10)
E/ActivityThread(11593): at com.google.android.music.download.TrackDownloadQueueService.onCreate(TrackDownloadQueueService.java:25)
E/ActivityThread(11593): at android.app.ActivityThread.handleCreateService(ActivityThread.java:2731)
E/ActivityThread(11593): at android.app.ActivityThread.access$1800(ActivityThread.java:144)
E/ActivityThread(11593): at android.app.ActivityThread$H.handleMessage(ActivityThread.java:1361)
E/ActivityThread(11593): at android.os.Handler.dispatchMessage(Handler.java:102)
E/ActivityThread(11593): at android.os.Looper.loop(Looper.java:135)
E/ActivityThread(11593): at android.app.ActivityThread.main(ActivityThread.java:5221)
E/ActivityThread(11593): at java.lang.reflect.Method.invoke(Native Method)
E/ActivityThread(11593): at java.lang.reflect.Method.invoke(Method.java:372)
E/ActivityThread(11593): at com.android.internal.os.ZygoteInit$MethodAndArgsCaller.run(ZygoteInit.java:899)
E/ActivityThread(11593): at com.android.internal.os.ZygoteInit.main(ZygoteInit.java:694)
I/ActivityManager( 745): Process com.android.providers.calendar (pid 12827) has died
W/ActivityManager( 745): Scheduling restart of crashed service com.android.providers.calendar/.EmptyService in 12634ms
W/ResourcesManager(11979): Asset path '/system/framework/com.google.android.media.effects.jar' does not exist or contains no resources.
W/BroadcastQueue( 745): Permission Denial: broadcasting Intent { act=android.net.conn.INET_CONDITION_ACTION flg=0x4000010 (has extras) } from null (pid=-1, uid=-1) requires com.facebook.permission.prod.FB_APP_COMMUNICATION due to registered receiver BroadcastFilter{315b187f u0 ReceiverList{1aabe59e 12101 com.facebook.orca/10136/u0 remote:213f47d9}}
W/BroadcastQueue( 745): Permission Denial: broadcasting Intent { act=android.net.conn.CONNECTIVITY_CHANGE flg=0x4000010 (has extras) } from null (pid=-1, uid=-1) requires com.facebook.permission.prod.FB_APP_COMMUNICATION due to registered receiver BroadcastFilter{315b187f u0 ReceiverList{1aabe59e 12101 com.facebook.orca/10136/u0 remote:213f47d9}}
I/ActivityManager( 745): Process com.chrome.beta (pid 12864) has died
W/ResourcesManager(11979): Asset path '/system/framework/com.google.android.dialer.support.jar' does not exist or contains no resources.
D/WifiService( 745): releaseWifiLockLocked: WifiLock{NlpWifiLock type=2 binder=android.os.BinderProxy@1de3ba6c}
W/BroadcastQueue( 745): Permission Denial: broadcasting Intent { act=android.net.conn.CONNECTIVITY_CHANGE flg=0x4000010 (has extras) } from null (pid=-1, uid=-1) requires com.facebook.permission.prod.FB_APP_COMMUNICATION due to registered receiver BroadcastFilter{3128c105 u0 ReceiverList{2d58647c 12101 com.facebook.orca/10136/u0 remote:2a311f6f}}
W/ResourcesManager(12321): Asset path '/system/framework/com.google.android.media.effects.jar' does not exist or contains no resources.
W/ResourcesManager(12321): Asset path '/system/framework/com.google.android.maps.jar' does not exist or contains no resources.
W/ResourcesManager(12321): Asset path '/system/framework/com.google.android.maps.jar' does not exist or contains no resources.
W/ResourcesManager(12321): Asset path '/system/framework/com.google.android.maps.jar' does not exist or contains no resources.
I/ActivityManager( 745): Start proc com.lastpass.lpandroid for service com.lastpass.lpandroid/.LPAccessibilityService: pid=12939 uid=10112 gids={50112, 9997, 3003, 1028, 1015} abi=armeabi-v7a
I/ActivityManager( 745): Start proc com.android.providers.calendar for content provider com.android.providers.calendar/.CalendarProvider2: pid=12980 uid=10002 gids={50002, 9997, 3003, 1028, 1015} abi=armeabi-v7a
W/ResourcesManager(12980): Asset path '/system/framework/android.test.runner.jar' does not exist or contains no resources.
I/ActivityManager( 745): Process com.lastpass.lpandroid (pid 12939) has died
W/ActivityManager( 745): Scheduling restart of crashed service com.lastpass.lpandroid/.LPAccessibilityService in 1860480ms
I/ActivityManager( 745): Process com.android.providers.calendar (pid 12980) has died
W/ActivityManager( 745): Scheduling restart of crashed service com.android.providers.calendar/.EmptyService in 57673ms
I/ActivityManager( 745): Waited long enough for: ServiceRecord{5d9157e u0 com.google.android.calendar/com.android.calendar.alerts.AlertService}
D/ConnectivityService( 745): updateNetworkScore for NetworkAgentInfo [WIFI () - 334] to 56
D/ConnectivityService( 745): rematching NetworkAgentInfo [WIFI () - 334]
D/ConnectivityService( 745): Network NetworkAgentInfo [WIFI () - 334] was already satisfying request 1. No change.
D/ConnectivityService( 745): notifyType AVAILABLE for NetworkAgentInfo [WIFI () - 334]
D/ConnectivityService( 745): updateNetworkScore for NetworkAgentInfo [WIFI () - 334] to 60
D/ConnectivityService( 745): rematching NetworkAgentInfo [WIFI () - 334]
D/ConnectivityService( 745): Network NetworkAgentInfo [WIFI () - 334] was already satisfying request 1. No change.
D/ConnectivityService( 745): notifyType AVAILABLE for NetworkAgentInfo [WIFI () - 334]
I/ActivityManager( 745): Start proc com.facebook.katana for service com.facebook.katana/com.facebook.push.mqtt.service.MqttPushService: pid=13101 uid=10110 gids={50110, 9997, 1028, 1015, 3003} abi=armeabi-v7a
W/ResourcesManager(13101): Asset path '/system/framework/com.google.android.maps.jar' does not exist or contains no resources.
D/WifiService( 745): New client listening to asynchronous messages
I/ActivityManager( 745): Start proc com.chrome.beta for broadcast com.chrome.beta/com.google.ipc.invalidation.ticl.android2.AndroidInternalScheduler$AlarmReceiver: pid=13153 uid=10091 gids={50091, 9997, 3003, 1028, 1015} abi=armeabi-v7a
W/BroadcastQueue( 745): Permission Denial: broadcasting Intent { act=android.net.conn.INET_CONDITION_ACTION flg=0x4000010 (has extras) } from null (pid=-1, uid=-1) requires com.facebook.permission.prod.FB_APP_COMMUNICATION due to registered receiver BroadcastFilter{2caff9b1 u0 ReceiverList{2703a458 13101 com.facebook.katana/10110/u0 remote:c5c453b}}
W/BroadcastQueue( 745): Permission Denial: broadcasting Intent { act=android.net.conn.CONNECTIVITY_CHANGE flg=0x4000010 (has extras) } from null (pid=-1, uid=-1) requires com.facebook.permission.prod.FB_APP_COMMUNICATION due to registered receiver BroadcastFilter{2caff9b1 u0 ReceiverList{2703a458 13101 com.facebook.katana/10110/u0 remote:c5c453b}}
W/BroadcastQueue( 745): Permission Denial: broadcasting Intent { act=android.net.conn.CONNECTIVITY_CHANGE flg=0x4000010 (has extras) } from null (pid=-1, uid=-1) requires com.facebook.permission.prod.FB_APP_COMMUNICATION due to registered receiver BroadcastFilter{4cb9b1e u0 ReceiverList{4de6359 13101 com.facebook.katana/10110/u0 remote:16b88ba0}}
I/ActivityManager( 745): Process com.tinder (pid 12040) has died
D/WifiService( 745): acquireWifiLockLocked: WifiLock{NlpWifiLock type=2 binder=android.os.BinderProxy@138a5401}
D/WifiService( 745): releaseWifiLockLocked: WifiLock{NlpWifiLock type=2 binder=android.os.BinderProxy@138a5401}
W/ActivityThread(11461): ClassLoader.loadClass: The class loader returned by Thread.getContextClassLoader() may fail for processes that host multiple applications. You should explicitly specify a context class loader. For example: Thread.setContextClassLoader(getClass().getClassLoader());
I/ActivityManager( 745): Start proc com.android.providers.calendar for service com.android.providers.calendar/.EmptyService: pid=13290 uid=10002 gids={50002, 9997, 3003, 1028, 1015} abi=armeabi-v7a
W/ResourcesManager(13290): Asset path '/system/framework/android.test.runner.jar' does not exist or contains no resources.
I/ActivityManager( 745): Start proc android.process.acore for content provider com.android.providers.contacts/.ContactsProvider2: pid=13318 uid=10004 gids={50004, 9997} abi=armeabi-v7a
I/ActivityManager( 745): Process com.google.android.keep (pid 11996) has died
I/ActivityManager( 745): Process com.facebook.orca (pid 12101) has died
D/ConnectivityService( 745): updateNetworkScore for NetworkAgentInfo [WIFI () - 334] to 56
D/ConnectivityService( 745): rematching NetworkAgentInfo [WIFI () - 334]
D/ConnectivityService( 745): Network NetworkAgentInfo [WIFI () - 334] was already satisfying request 1. No change.
D/ConnectivityService( 745): notifyType AVAILABLE for NetworkAgentInfo [WIFI () - 334]
I/ActivityManager( 745): Start proc com.google.android.googlequicksearchbox:interactor for service com.google.android.googlequicksearchbox/com.google.android.voiceinteraction.GsaVoiceInteractionService: pid=13389 uid=10022 gids={50022, 9997, 3003, 3001, 1028, 3002, 1015, 1005} abi=armeabi-v7a
W/KeyphraseEnrollmentInfo(13389): Enrollment application doesn't support keyphrases
E/ActivityThread(12191): Failed to find provider info for com.motorola.ccc.cce.datausage
D/WifiService( 745): acquireWifiLockLocked: WifiLock{NlpWifiLock type=2 binder=android.os.BinderProxy@105d1990}
D/WifiService( 745): releaseWifiLockLocked: WifiLock{NlpWifiLock type=2 binder=android.os.BinderProxy@105d1990}
I/ActivityManager( 745): Start proc com.google.android.apps.inbox for service com.google.android.apps.inbox/com.google.android.apps.bigtop.service.BigTopSyncService: pid=13468 uid=10087 gids={50087, 9997, 3003, 1028, 1015} abi=armeabi
I/ActivityManager( 745): Start proc com.google.android.gm for service com.google.android.gm/.provider.MailSyncAdapterService: pid=13480 uid=10070 gids={50070, 9997, 3003, 1028, 1015} abi=armeabi-v7a
I/ActivityManager( 745): START u0 {act=android.settings.SETTINGS flg=0x14000000 cmp=com.android.settings/.Settings} from uid 10020 on display 0
W/InputMethodManagerService( 745): Window already focused, ignoring focus gain of: com.android.internal.view.IInputMethodClient$Stub$Proxy@398a4531 attribute=null, token = android.os.BinderProxy@37c82741
I/ActivityManager( 745): Start proc com.android.settings for activity com.android.settings/.Settings: pid=13524 uid=1000 gids={41000, 9997, 1028, 1015, 3002, 3001, 3003} abi=armeabi-v7a
I/ActivityManager( 745): Process org.leetzone.android.yatsewidgetfree (pid 12084) has died
I/ActivityManager( 745): Start proc com.google.android.gm.exchange for service com.google.android.gm.exchange/com.android.exchange.service.EasService: pid=13558 uid=10069 gids={50069, 9997, 3003, 1028, 1015} abi=armeabi-v7a
W/ActivityManager( 745): Unable to start service Intent { cmp=com.google.android.gm/com.android.email.service.AttachmentService } U=0: not found
I/ActivityManager( 745): Start proc com.android.cellbroadcastreceiver for content provider com.android.cellbroadcastreceiver/.CellBroadcastSearchIndexableProvider: pid=13588 uid=10003 gids={50003, 9997} abi=armeabi-v7a
I/ActivityManager( 745): Process com.android.vending (pid 11884) has died
W/ResourcesManager(13480): Asset path '/system/framework/com.android.media.remotedisplay.jar' does not exist or contains no resources.
W/ResourcesManager(13480): Asset path '/system/framework/com.android.location.provider.jar' does not exist or contains no resources.
I/ActivityManager( 745): Process com.google.android.maps.mytracks (pid 12257) has died
I/ActivityManager( 745): Process com.google.android.apps.maps (pid 12233) has died
I/ActivityManager( 745): Process com.chrome.beta (pid 13153) has died
I/ActivityManager( 745): Process com.mailchimp.mailchimp (pid 12171) has died
W/ResourcesManager(13468): Asset path '/system/framework/com.android.media.remotedisplay.jar' does not exist or contains no resources.
W/ResourcesManager(13468): Asset path '/system/framework/com.android.location.provider.jar' does not exist or contains no resources.
I/ActivityManager( 745): START u0 {act=android.intent.action.MAIN cmp=com.android.settings/.SubSettings (has extras)} from uid 1000 on display 0
I/ActivityManager( 745): Process com.google.android.apps.fitness (pid 12133) has died
W/ResourcesManager(13480): Asset path '/system/framework/com.android.media.remotedisplay.jar' does not exist or contains no resources.
W/ResourcesManager(13480): Asset path '/system/framework/com.android.location.provider.jar' does not exist or contains no resources.
D/ConnectivityService( 745): updateNetworkScore for NetworkAgentInfo [WIFI () - 334] to 60
D/ConnectivityService( 745): rematching NetworkAgentInfo [WIFI () - 334]
D/ConnectivityService( 745): Network NetworkAgentInfo [WIFI () - 334] was already satisfying request 1. No change.
D/ConnectivityService( 745): notifyType AVAILABLE for NetworkAgentInfo [WIFI () - 334]
I/ActivityManager( 745): Process android.process.acore (pid 13318) has died
I/ActivityManager( 745): Process com.android.providers.calendar (pid 13290) has died
I/ActivityManager( 745): Process com.google.android.calendar (pid 12802) has died
I/ActivityManager( 745): START u0 {act=android.intent.action.MAIN cmp=com.android.settings/.deviceinfo.Status} from uid 1000 on display 0
W/BroadcastQueue( 745): Permission Denial: broadcasting Intent { act=android.net.conn.CONNECTIVITY_CHANGE_IMMEDIATE flg=0x4000010 (has extras) } from null (pid=-1, uid=-1) requires android.permission.CHANGE_NETWORK_STATE due to registered receiver BroadcastFilter{32c33bdb u0 ReceiverList{16b34cea 1609 com.android.phone/1001/u0 remote:29e9ccd5}}
W/BroadcastQueue( 745): Permission Denial: broadcasting Intent { act=android.net.wifi.STATE_CHANGE flg=0x4000010 (has extras) } from null (pid=-1, uid=-1) requires android.permission.CHANGE_NETWORK_STATE due to registered receiver BroadcastFilter{32c33bdb u0 ReceiverList{16b34cea 1609 com.android.phone/1001/u0 remote:29e9ccd5}}
E/ActivityThread(12191): Failed to find provider info for com.motorola.ccc.plm.misc
D/ConnectivityService( 745): updateNetworkScore for NetworkAgentInfo [WIFI () - 334] to 56
D/ConnectivityService( 745): rematching NetworkAgentInfo [WIFI () - 334]
D/ConnectivityService( 745): Network NetworkAgentInfo [WIFI () - 334] was already satisfying request 1. No change.
D/ConnectivityService( 745): notifyType AVAILABLE for NetworkAgentInfo [WIFI () - 334]
D/ConnectivityService( 745): updateNetworkScore for NetworkAgentInfo [WIFI () - 334] to 60
D/ConnectivityService( 745): rematching NetworkAgentInfo [WIFI () - 334]
D/ConnectivityService( 745): Network NetworkAgentInfo [WIFI () - 334] was already satisfying request 1. No change.
D/ConnectivityService( 745): notifyType AVAILABLE for NetworkAgentInfo [WIFI () - 334]
I/ActivityManager( 745): Start proc com.google.android.deskclock for broadcast com.google.android.deskclock/com.android.alarmclock.DigitalAppWidgetProvider: pid=13766 uid=10038 gids={50038, 9997, 1028} abi=armeabi-v7a
D/WifiService( 745): acquireWifiLockLocked: WifiLock{NlpWifiLock type=2 binder=android.os.BinderProxy@393daf43}
D/WifiService( 745): releaseWifiLockLocked: WifiLock{NlpWifiLock type=2 binder=android.os.BinderProxy@393daf43}
D/ConnectivityService( 745): updateNetworkScore for NetworkAgentInfo [WIFI () - 334] to 56
D/ConnectivityService( 745): rematching NetworkAgentInfo [WIFI () - 334]
D/ConnectivityService( 745): Network NetworkAgentInfo [WIFI () - 334] was already satisfying request 1. No change.
D/ConnectivityService( 745): notifyType AVAILABLE for NetworkAgentInfo [WIFI () - 334]
I/ActivityManager( 745): Start proc android.process.media for service com.android.providers.media/.MtpService: pid=13856 uid=10006 gids={50006, 9997, 2001, 3003, 1028, 1015, 3007, 1023, 1024} abi=armeabi-v7a
D/WifiService( 745): acquireWifiLockLocked: WifiLock{NlpWifiLock type=2 binder=android.os.BinderProxy@393daf43}
I/ActivityManager( 745): Process com.android.cellbroadcastreceiver (pid 13588) has died
D/WifiService( 745): releaseWifiLockLocked: WifiLock{NlpWifiLock type=2 binder=android.os.BinderProxy@393daf43}
I/ActivityManager( 745): Start proc uk.co.economist for service uk.co.economist/.service.EditionDownloadManager: pid=13970 uid=10094 gids={50094, 9997, 3003, 1028, 1015} abi=armeabi-v7a
I/ActivityManager( 745): Process com.google.android.gm.exchange (pid 13558) has died
I/ActivityManager( 745): Process com.google.android.gm (pid 13480) has died
D/ConnectivityService( 745): updateNetworkScore for NetworkAgentInfo [WIFI () - 334] to 60
D/ConnectivityService( 745): rematching NetworkAgentInfo [WIFI () - 334]
D/ConnectivityService( 745): Network NetworkAgentInfo [WIFI () - 334] was already satisfying request 1. No change.
D/ConnectivityService( 745): notifyType AVAILABLE for NetworkAgentInfo [WIFI () - 334]
I/ActivityManager( 745): Process com.google.android.deskclock (pid 13766) has died
D/ConnectivityService( 745): updateNetworkScore for NetworkAgentInfo [WIFI () - 334] to 56
D/ConnectivityService( 745): rematching NetworkAgentInfo [WIFI () - 334]
D/ConnectivityService( 745): Network NetworkAgentInfo [WIFI () - 334] was already satisfying request 1. No change.
D/ConnectivityService( 745): notifyType AVAILABLE for NetworkAgentInfo [WIFI () - 334]
I/ActivityManager( 745): Waited long enough for: ServiceRecord{2cfc0b23 u0 uk.co.economist/com.economist.httpservice.HttpService}
D/WifiService( 745): acquireWifiLockLocked: WifiLock{NlpWifiLock type=2 binder=android.os.BinderProxy@3d7cbb9e}
D/WifiService( 745): releaseWifiLockLocked: WifiLock{NlpWifiLock type=2 binder=android.os.BinderProxy@3d7cbb9e}
D/ConnectivityService( 745): updateNetworkScore for NetworkAgentInfo [WIFI () - 334] to 60
D/ConnectivityService( 745): rematching NetworkAgentInfo [WIFI () - 334]
D/ConnectivityService( 745): Network NetworkAgentInfo [WIFI () - 334] was already satisfying request 1. No change.
D/ConnectivityService( 745): notifyType AVAILABLE for NetworkAgentInfo [WIFI () - 334]
D/ConnectivityService( 745): updateNetworkScore for NetworkAgentInfo [WIFI () - 334] to 56
D/ConnectivityService( 745): rematching NetworkAgentInfo [WIFI () - 334]
D/ConnectivityService( 745): Network NetworkAgentInfo [WIFI () - 334] was already satisfying request 1. No change.
D/ConnectivityService( 745): notifyType AVAILABLE for NetworkAgentInfo [WIFI () - 334]
I/ActivityManager( 745): Start proc com.qualcomm.qcrilmsgtunnel for service com.qualcomm.qcrilmsgtunnel/.QcrilMsgTunnelService: pid=14116 uid=1001 gids={41001, 9997, 3003, 2001, 1028, 1015, 3002, 3001} abi=armeabi-v7a
D/WifiService( 745): acquireWifiLockLocked: WifiLock{NlpWifiLock type=2 binder=android.os.BinderProxy@3d7cbb9e}
I/ActivityManager( 745): Start proc com.chrome.beta for broadcast com.chrome.beta/com.google.ipc.invalidation.ticl.android2.AndroidInternalScheduler$AlarmReceiver: pid=14136 uid=10091 gids={50091, 9997, 3003, 1028, 1015} abi=armeabi-v7a
D/WifiService( 745): releaseWifiLockLocked: WifiLock{NlpWifiLock type=2 binder=android.os.BinderProxy@3d7cbb9e}
D/ConnectivityService( 745): updateNetworkScore for NetworkAgentInfo [WIFI () - 334] to 60
D/ConnectivityService( 745): rematching NetworkAgentInfo [WIFI () - 334]
D/ConnectivityService( 745): Network NetworkAgentInfo [WIFI () - 334] was already satisfying request 1. No change.
D/ConnectivityService( 745): notifyType AVAILABLE for NetworkAgentInfo [WIFI () - 334]
D/ConnectivityService( 745): updateNetworkScore for NetworkAgentInfo [WIFI () - 334] to 56
D/ConnectivityService( 745): rematching NetworkAgentInfo [WIFI () - 334]
D/ConnectivityService( 745): Network NetworkAgentInfo [WIFI () - 334] was already satisfying request 1. No change.
D/ConnectivityService( 745): notifyType AVAILABLE for NetworkAgentInfo [WIFI () - 334]
I/ActivityManager( 745): Process com.google.android.apps.inbox (pid 13468) has died
D/WifiService( 745): acquireWifiLockLocked: WifiLock{NlpWifiLock type=2 binder=android.os.BinderProxy@3d7cbb9e}
D/WifiService( 745): releaseWifiLockLocked: WifiLock{NlpWifiLock type=2 binder=android.os.BinderProxy@3d7cbb9e}
I/ActivityManager( 745): Start proc com.google.android.apps.plus for service com.google.android.apps.plus/com.google.android.apps.moviemaker.service.PluggedInAnalyzerService: pid=14263 uid=10067 gids={50067, 9997, 3003, 3002, 1028, 1015} abi=armeabi-v7a
W/ResourcesManager(14263): Asset path '/system/framework/com.google.android.maps.jar' does not exist or contains no resources.
I/ActivityManager( 745): Process com.chrome.beta (pid 14136) has died
I/ActivityManager( 745): Start proc android.process.acore for content provider com.android.providers.contacts/.ContactsProvider2: pid=14307 uid=10004 gids={50004, 9997} abi=armeabi-v7a
I/ActivityManager( 745): Process android.process.acore (pid 14307) has died
D/WifiService( 745): Client connection lost with reason: 4
I/ActivityManager( 745): Process com.facebook.katana (pid 13101) has died
W/ActivityManager( 745): Scheduling restart of crashed service com.facebook.katana/com.facebook.push.mqtt.service.MqttPushService in 1000ms
D/ConnectivityService( 745): updateNetworkScore for NetworkAgentInfo [WIFI () - 334] to 60
D/ConnectivityService( 745): rematching NetworkAgentInfo [WIFI () - 334]
D/ConnectivityService( 745): Network NetworkAgentInfo [WIFI () - 334] was already satisfying request 1. No change.
D/ConnectivityService( 745): notifyType AVAILABLE for NetworkAgentInfo [WIFI () - 334]
I/ActivityManager( 745): Start proc com.facebook.katana for service com.facebook.katana/com.facebook.push.mqtt.service.MqttPushService: pid=14333 uid=10110 gids={50110, 9997, 1028, 1015, 3003} abi=armeabi-v7a
W/ResourcesManager(14333): Asset path '/system/framework/com.google.android.maps.jar' does not exist or contains no resources.
D/WifiService( 745): New client listening to asynchronous messages
I/ActivityManager( 745): Process uk.co.economist (pid 13970) has died
W/ActivityManager( 745): Scheduling restart of crashed service uk.co.economist/.service.EditionDownloadManager in 1000ms
I/ActivityManager( 745): Start proc uk.co.economist for service uk.co.economist/.service.EditionDownloadManager: pid=14388 uid=10094 gids={50094, 9997, 3003, 1028, 1015} abi=armeabi-v7a
I/ActivityManager( 745): Process com.google.android.apps.plus (pid 14263) has died
W/ActivityManager( 745): Scheduling restart of crashed service com.google.android.apps.plus/com.google.android.libraries.social.async.BackgroundTaskService in 1000ms
W/ActivityManager( 745): Scheduling restart of crashed service com.google.android.apps.plus/com.google.android.apps.moviemaker.service.PluggedInAnalyzerService in 1000ms
W/BroadcastQueue( 745): Permission Denial: broadcasting Intent { act=android.net.conn.INET_CONDITION_ACTION flg=0x4000010 (has extras) } from null (pid=-1, uid=-1) requires com.facebook.permission.prod.FB_APP_COMMUNICATION due to registered receiver BroadcastFilter{8a1cb7d u0 ReceiverList{2d6dadd4 14333 com.facebook.katana/10110/u0 remote:d82d727}}
W/BroadcastQueue( 745): Permission Denial: broadcasting Intent { act=android.net.conn.CONNECTIVITY_CHANGE flg=0x4000010 (has extras) } from null (pid=-1, uid=-1) requires com.facebook.permission.prod.FB_APP_COMMUNICATION due to registered receiver BroadcastFilter{8a1cb7d u0 ReceiverList{2d6dadd4 14333 com.facebook.katana/10110/u0 remote:d82d727}}
W/BroadcastQueue( 745): Permission Denial: broadcasting Intent { act=android.net.conn.CONNECTIVITY_CHANGE flg=0x4000010 (has extras) } from null (pid=-1, uid=-1) requires com.facebook.permission.prod.FB_APP_COMMUNICATION due to registered receiver BroadcastFilter{fd1c57a u0 ReceiverList{2bab8da5 14333 com.facebook.katana/10110/u0 remote:3469ff9c}}
I/ActivityManager( 745): Start proc com.facebook.orca for content provider com.facebook.orca/.notify.MessengerLoggedInUserProvider: pid=14486 uid=10136 gids={50136, 9997, 3003, 1028, 1015} abi=armeabi-v7a
I/ActivityManager( 745): Process com.google.android.music:main (pid 11593) has died
W/ActivityManager( 745): Scheduling restart of crashed service com.google.android.music/.download.artwork.ArtDownloadService in 1000ms
W/ActivityManager( 745): Scheduling restart of crashed service com.google.android.music/.wear.WearDataTransferConnectionService in 10999ms
W/ResourcesManager(14486): Asset path '/system/framework/com.google.android.maps.jar' does not exist or contains no resources.
I/ActivityManager( 745): Start proc com.google.android.music:main for service com.google.android.music/.download.artwork.ArtDownloadService: pid=14532 uid=10060 gids={50060, 9997, 3003, 1028, 1015} abi=armeabi-v7a
I/ActivityManager( 745): Process uk.co.economist (pid 14388) has died
W/ActivityManager( 745): Scheduling restart of crashed service uk.co.economist/.service.EditionDownloadManager in 19908ms
W/ActivityManager( 745): Scheduling restart of crashed service uk.co.economist/com.economist.httpservice.HttpService in 29908ms
W/ResourcesManager(14532): Asset path '/system/framework/com.android.media.remotedisplay.jar' does not exist or contains no resources.
W/ResourcesManager(14532): Asset path '/system/framework/com.android.location.provider.jar' does not exist or contains no resources.
I/ActivityManager( 745): Process com.facebook.orca (pid 14486) has died
W/ResourcesManager(14532): Asset path '/system/framework/com.android.media.remotedisplay.jar' does not exist or contains no resources.
W/ResourcesManager(14532): Asset path '/system/framework/com.android.location.provider.jar' does not exist or contains no resources.
E/ActivityThread(14532): Service com.google.android.music.download.TrackDownloadQueueService has leaked ServiceConnection com.google.android.gms.http.GoogleURLConnectionFactory$1@3ccb2e32 that was originally bound here
E/ActivityThread(14532): android.app.ServiceConnectionLeaked: Service com.google.android.music.download.TrackDownloadQueueService has leaked ServiceConnection com.google.android.gms.http.GoogleURLConnectionFactory$1@3ccb2e32 that was originally bound here
E/ActivityThread(14532): at android.app.LoadedApk$ServiceDispatcher.(LoadedApk.java:1072)
E/ActivityThread(14532): at android.app.LoadedApk.getServiceDispatcher(LoadedApk.java:966)
E/ActivityThread(14532): at android.app.ContextImpl.bindServiceCommon(ContextImpl.java:1768)
E/ActivityThread(14532): at android.app.ContextImpl.bindService(ContextImpl.java:1751)
E/ActivityThread(14532): at android.content.ContextWrapper.bindService(ContextWrapper.java:538)
E/ActivityThread(14532): at com.google.android.gms.http.GoogleURLConnectionFactory.(Unknown Source)
E/ActivityThread(14532): at com.google.android.gms.http.GoogleHttpClient.(Unknown Source)
E/ActivityThread(14532): at com.google.android.music.GoogleHttpClientFactory.createGoogleHttpClient(GoogleHttpClientFactory.java:43)
E/ActivityThread(14532): at com.google.android.music.cloudclient.MusicRequest.createHttpClient(MusicRequest.java:115)
E/ActivityThread(14532): at com.google.android.music.cloudclient.MusicRequest.getSharedHttpClient(MusicRequest.java:105)
E/ActivityThread(14532): at com.google.android.music.download.BaseDownloadQueueManager.(BaseDownloadQueueManager.java:110)
E/ActivityThread(14532): at com.google.android.music.download.TrackDownloadQueueManager.(TrackDownloadQueueManager.java:10)
E/ActivityThread(14532): at com.google.android.music.download.TrackDownloadQueueService.onCreate(TrackDownloadQueueService.java:25)
E/ActivityThread(14532): at android.app.ActivityThread.handleCreateService(ActivityThread.java:2731)
E/ActivityThread(14532): at android.app.ActivityThread.access$1800(ActivityThread.java:144)
E/ActivityThread(14532): at android.app.ActivityThread$H.handleMessage(ActivityThread.java:1361)
E/ActivityThread(14532): at android.os.Handler.dispatchMessage(Handler.java:102)
E/ActivityThread(14532): at android.os.Looper.loop(Looper.java:135)
E/ActivityThread(14532): at android.app.ActivityThread.main(ActivityThread.java:5221)
E/ActivityThread(14532): at java.lang.reflect.Method.invoke(Native Method)
E/ActivityThread(14532): at java.lang.reflect.Method.invoke(Method.java:372)
E/ActivityThread(14532): at com.android.internal.os.ZygoteInit$MethodAndArgsCaller.run(ZygoteInit.java:899)
E/ActivityThread(14532): at com.android.internal.os.ZygoteInit.main(ZygoteInit.java:694)
D/ConnectivityService( 745): updateNetworkScore for NetworkAgentInfo [WIFI () - 334] to 56
D/ConnectivityService( 745): rematching NetworkAgentInfo [WIFI () - 334]
D/ConnectivityService( 745): Network NetworkAgentInfo [WIFI () - 334] was already satisfying request 1. No change.
D/ConnectivityService( 745): notifyType AVAILABLE for NetworkAgentInfo [WIFI () - 334]
I/ActivityManager( 745): Start proc uk.co.economist for service uk.co.economist/.service.EditionDownloadManager: pid=14611 uid=10094 gids={50094, 9997, 3003, 1028, 1015} abi=armeabi-v7a
D/ConnectivityService( 745): updateNetworkScore for NetworkAgentInfo [WIFI () - 334] to 60
D/ConnectivityService( 745): rematching NetworkAgentInfo [WIFI () - 334]
D/ConnectivityService( 745): Network NetworkAgentInfo [WIFI () - 334] was already satisfying request 1. No change.
D/ConnectivityService( 745): notifyType AVAILABLE for NetworkAgentInfo [WIFI () - 334]
V/ActivityManager( 745): Display changed displayId=0
I/ActivityManager( 745): Config changes=480 {1.0 530mcc24mnc en_US ldltr sw360dp w598dp h335dp 480dpi nrml land finger -keyb/v/h -nav/h s.129}
I/ActivityManager( 745): Start proc android.process.acore for content provider com.android.providers.contacts/.ContactsProvider2: pid=14707 uid=10004 gids={50004, 9997} abi=armeabi-v7a
W/BroadcastQueue( 745): Permission Denial: broadcasting Intent { act=android.net.conn.CONNECTIVITY_CHANGE_IMMEDIATE flg=0x4000010 (has extras) } from null (pid=-1, uid=-1) requires android.permission.CHANGE_NETWORK_STATE due to registered receiver BroadcastFilter{761d1a2 u0 ReceiverList{b91116d 1609 com.android.phone/1001/u0 remote:25779584}}
W/BroadcastQueue( 745): Permission Denial: broadcasting Intent { act=android.net.wifi.STATE_CHANGE flg=0x4000010 (has extras) } from null (pid=-1, uid=-1) requires android.permission.CHANGE_NETWORK_STATE due to registered receiver BroadcastFilter{761d1a2 u0 ReceiverList{b91116d 1609 com.android.phone/1001/u0 remote:25779584}}
I/WindowManager( 745): Screen frozen for +240ms due to Window{1fd11a8f u0 com.android.settings/com.android.settings.deviceinfo.Status}
V/ActivityManager( 745): Display changed displayId=0
I/ActivityManager( 745): Config changes=480 {1.0 530mcc24mnc en_US ldltr sw360dp w360dp h567dp 480dpi nrml port finger -keyb/v/h -nav/h s.130}
D/ConnectivityService( 745): updateNetworkScore for NetworkAgentInfo [WIFI () - 334] to 56
D/ConnectivityService( 745): rematching NetworkAgentInfo [WIFI () - 334]
D/ConnectivityService( 745): Network NetworkAgentInfo [WIFI () - 334] was already satisfying request 1. No change.
D/ConnectivityService( 745): notifyType AVAILABLE for NetworkAgentInfo [WIFI () - 334]
W/BroadcastQueue( 745): Permission Denial: broadcasting Intent { act=android.net.conn.CONNECTIVITY_CHANGE_IMMEDIATE flg=0x4000010 (has extras) } from null (pid=-1, uid=-1) requires android.permission.CHANGE_NETWORK_STATE due to registered receiver BroadcastFilter{37daecd9 u0 ReceiverList{24134b20 1609 com.android.phone/1001/u0 remote:382aaa23}}
W/BroadcastQueue( 745): Permission Denial: broadcasting Intent { act=android.net.wifi.STATE_CHANGE flg=0x4000010 (has extras) } from null (pid=-1, uid=-1) requires android.permission.CHANGE_NETWORK_STATE due to registered receiver BroadcastFilter{37daecd9 u0 ReceiverList{24134b20 1609 com.android.phone/1001/u0 remote:382aaa23}}
I/WindowManager( 745): Screen frozen for +247ms due to Window{16eb0eaa u0 com.android.settings/com.android.settings.deviceinfo.Status}
I/ActivityManager( 745): START u0 {act=android.intent.action.MAIN cat=[android.intent.category.HOME] flg=0x10200000 cmp=com.google.android.googlequicksearchbox/com.google.android.launcher.GEL} from uid 1000 on display 0
I/ActivityManager( 745): Process android.process.acore (pid 14707) has died
D/WifiService( 745): Client connection lost with reason: 4
I/ActivityManager( 745): Process com.facebook.katana (pid 14333) has died
W/ActivityManager( 745): Scheduling restart of crashed service com.facebook.katana/com.facebook.analytics.service.AnalyticsService in 1000ms
W/ActivityManager( 745): Scheduling restart of crashed service com.facebook.katana/com.facebook.push.mqtt.service.MqttPushService in 4000ms
I/ActivityManager( 745): START u0 {act=android.intent.action.MAIN cat=[android.intent.category.LAUNCHER] flg=0x10200000 cmp=com.google.android.music/com.android.music.activitymanagement.TopLevelActivity bnds=[276,575][540,871] (has extras)} from uid 10022 on display 0
I/ActivityManager( 745): Start proc com.google.android.music:ui for activity com.google.android.music/.ui.TrackContainerActivity: pid=14780 uid=10060 gids={50060, 9997, 3003, 1028, 1015} abi=armeabi-v7a
W/ActivityManager( 745): Exception in new application when starting activity com.google.android.music/.ui.TrackContainerActivity
W/ActivityManager( 745): android.os.TransactionTooLargeException
W/ActivityManager( 745): at android.os.BinderProxy.transactNative(Native Method)
W/ActivityManager( 745): at android.os.BinderProxy.transact(Binder.java:496)
W/ActivityManager( 745): at android.app.ApplicationThreadProxy.scheduleLaunchActivity(ApplicationThreadNative.java:793)
W/ActivityManager( 745): at com.android.server.am.ActivityStackSupervisor.realStartActivityLocked(ActivityStackSupervisor.java:1157)
W/ActivityManager( 745): at com.android.server.am.ActivityStackSupervisor.attachApplicationLocked(ActivityStackSupervisor.java:526)
W/ActivityManager( 745): at com.android.server.am.ActivityManagerService.attachApplicationLocked(ActivityManagerService.java:6192)
W/ActivityManager( 745): at com.android.server.am.ActivityManagerService.attachApplication(ActivityManagerService.java:6254)
W/ActivityManager( 745): at android.app.ActivityManagerNative.onTransact(ActivityManagerNative.java:481)
W/ActivityManager( 745): at com.android.server.am.ActivityManagerService.onTransact(ActivityManagerService.java:2407)
W/ActivityManager( 745): at android.os.Binder.execTransact(Binder.java:446)
F/ActivityManager( 745): Exception thrown launching activities in ProcessRecord{1dc1ef5f 14780:com.google.android.music:ui/u0a60}
F/ActivityManager( 745): android.os.TransactionTooLargeException
F/ActivityManager( 745): at android.os.BinderProxy.transactNative(Native Method)
F/ActivityManager( 745): at android.os.BinderProxy.transact(Binder.java:496)
F/ActivityManager( 745): at android.app.ApplicationThreadProxy.scheduleLaunchActivity(ApplicationThreadNative.java:793)
F/ActivityManager( 745): at com.android.server.am.ActivityStackSupervisor.realStartActivityLocked(ActivityStackSupervisor.java:1157)
F/ActivityManager( 745): at com.android.server.am.ActivityStackSupervisor.attachApplicationLocked(ActivityStackSupervisor.java:526)
F/ActivityManager( 745): at com.android.server.am.ActivityManagerService.attachApplicationLocked(ActivityManagerService.java:6192)
F/ActivityManager( 745): at com.android.server.am.ActivityManagerService.attachApplication(ActivityManagerService.java:6254)
F/ActivityManager( 745): at android.app.ActivityManagerNative.onTransact(ActivityManagerNative.java:481)
F/ActivityManager( 745): at com.android.server.am.ActivityManagerService.onTransact(ActivityManagerService.java:2407)
F/ActivityManager( 745): at android.os.Binder.execTransact(Binder.java:446)
I/ActivityManager( 745): Killing 14780:com.google.android.music:ui/u0a60 (adj 0): error during init
I/ActivityManager( 745): Start proc com.google.android.music:ui for activity com.google.android.music/.ui.TrackContainerActivity: pid=14800 uid=10060 gids={50060, 9997, 3003, 1028, 1015} abi=armeabi-v7a
W/ActivityManager( 745): Spurious death for ProcessRecord{1dc1ef5f 0:com.google.android.music:ui/u0a60}, curProc for 14780: null
W/ActivityManager( 745): Exception in new application when starting activity com.google.android.music/.ui.TrackContainerActivity
W/ActivityManager( 745): android.os.TransactionTooLargeException
W/ActivityManager( 745): at android.os.BinderProxy.transactNative(Native Method)
W/ActivityManager( 745): at android.os.BinderProxy.transact(Binder.java:496)
W/ActivityManager( 745): at android.app.ApplicationThreadProxy.scheduleLaunchActivity(ApplicationThreadNative.java:793)
