W/ActivityManager( 745): Scheduling restart of crashed service com.google.android.apps.fitness/.wearable.WearableSyncService in 34151ms
W/ActivityManager( 745): Scheduling restart of crashed service com.google.android.apps.fitness/.api.recording.ApiRecordingService in 34151ms
I/ActivityManager( 745): Start proc com.google.android.maps.mytracks for service com.google.android.maps.mytracks/com.google.android.apps.mytracks.wear.MobileListenerService: pid=17215 uid=10117 gids={50117, 9997, 3002, 3001, 3003, 1028, 1015} abi=armeabi-v7a
D/WifiService( 745): Client connection lost with reason: 4
V/BackupManagerService( 745): Disconnected from transport ComponentInfo{com.google.android.gms/com.google.android.gms.backup.BackupTransportService}
V/BackupManagerService( 745): Registering transport com.google.android.gms/.backup.BackupTransportService::null = null
D/WifiService( 745): releaseWifiLockLocked: WifiLock{NlpWifiLock type=2 binder=android.os.BinderProxy@14f1c3b7}
I/ActivityManager( 745): Start proc org.leetzone.android.yatsewidgetfree for service org.leetzone.android.yatsewidgetfree/org.leetzone.android.yatsewidget.service.WearableService: pid=17235 uid=10129 gids={50129, 9997, 3003, 1028, 1015} abi=armeabi-v7a
I/ActivityManager( 745): Process com.google.process.location (pid 16717) has died
W/ActivityManager( 745): Scheduling restart of crashed service com.google.android.gms/.backup.BackupTransportService in 401880ms
W/ActivityManager( 745): Scheduling restart of crashed service com.google.android.gms/.fitness.service.BrokeredFitnessService in 33985ms
W/ActivityManager( 745): Scheduling restart of crashed service com.google.android.gms/com.google.android.location.network.NetworkLocationService in 481876ms
W/ActivityManager( 745): Scheduling restart of crashed service com.google.android.gms/com.google.android.location.geofencer.service.GeofenceProviderService in 521876ms
W/ActivityManager( 745): Scheduling restart of crashed service com.google.android.gms/com.google.android.location.fused.FusedLocationService in 561876ms
W/ActivityManager( 745): Scheduling restart of crashed service com.google.android.gms/.auth.trustagent.GoogleTrustAgent in 601876ms
W/ActivityManager( 745): Scheduling restart of crashed service com.google.android.gms/com.google.android.location.reporting.service.DispatchingService in 641876ms
W/ActivityManager( 745): Scheduling restart of crashed service com.google.android.gms/com.google.android.location.internal.GoogleLocationManagerService in 43984ms
W/ActivityManager( 745): Scheduling restart of crashed service com.google.android.gms/com.google.android.location.internal.PendingIntentCallbackService in 721876ms
W/ActivityManager( 745): Scheduling restart of crashed service com.google.android.gms/.deviceconnection.service.DeviceConnectionServiceBroker in 761876ms
W/ActivityManager( 745): Scheduling restart of crashed service com.google.android.gms/com.google.android.location.internal.server.GoogleLocationService in 801876ms
W/ActivityManager( 745): Scheduling restart of crashed service com.google.android.gms/com.google.android.location.fused.service.FusedProviderService in 841876ms
W/ActivityManager( 745): Scheduling restart of crashed service com.google.android.gms/com.google.android.location.fused.NlpLocationReceiverService in 881872ms
W/ActivityManager( 745): Scheduling restart of crashed service com.google.android.gms/com.google.android.location.geocode.GeocodeService in 921872ms
I/ActivityManager( 745): Start proc com.facebook.orca for service com.facebook.orca/com.facebook.wearlistener.DataLayerListenerService: pid=17255 uid=10136 gids={50136, 9997, 3003, 1028, 1015} abi=armeabi-v7a
I/ActivityManager( 745): Start proc com.google.android.apps.fitness for service com.google.android.apps.fitness/.wearable.WearableWatcher: pid=17275 uid=10045 gids={50045, 9997, 3003, 1028, 1015, 3002, 3001} abi=armeabi-v7a
D/WifiService( 745): Client connection lost with reason: 4
I/ActivityManager( 745): Start proc com.mailchimp.mailchimp for service com.mailchimp.mailchimp/.WearableService: pid=17293 uid=10096 gids={50096, 9997, 3003, 1028, 1015} abi=armeabi-v7a
I/ActivityManager( 745): Process com.google.android.gms (pid 16960) has died
W/ActivityManager( 745): Scheduling restart of crashed service com.google.android.gms/.cast.media.CastMediaRouteProviderService in 16593920ms
W/ActivityManager( 745): Scheduling restart of crashed service com.google.android.gms/.icing.service.IndexService in 428240ms
W/ResourcesManager(17255): Asset path '/system/framework/com.google.android.maps.jar' does not exist or contains no resources.
I/ActivityManager( 745): Start proc com.motorola.targetnotif for service com.motorola.targetnotif/com.motorola.motoproxy.MotoProxyService: pid=17314 uid=10128 gids={50128, 9997, 3002, 3001, 3003, 1028, 1015} abi=armeabi-v7a
I/ActivityManager( 745): Process com.google.android.gms.wearable (pid 17085) has died
W/ActivityManager( 745): Scheduling restart of crashed service com.google.android.gms/.wearable.node.bluetooth.BluetoothClientService in 93647ms
W/ActivityManager( 745): Scheduling restart of crashed service com.google.android.gms/.wearable.service.WearableService in 103647ms
I/ActivityManager( 745): Process com.google.android.googlequicksearchbox:interactor (pid 13389) has died
W/ActivityManager( 745): Scheduling restart of crashed service com.google.android.googlequicksearchbox/com.google.android.voiceinteraction.GsaVoiceInteractionService in 113630ms
W/ResourcesManager(17178): Asset path '/system/framework/com.android.media.remotedisplay.jar' does not exist or contains no resources.
W/ResourcesManager(17178): Asset path '/system/framework/com.android.location.provider.jar' does not exist or contains no resources.
I/ActivityManager( 745): Start proc com.google.process.location for service com.google.android.gms/.fitness.service.BrokeredFitnessService: pid=17347 uid=10008 gids={50008, 9997, 2001, 3003, 1007, 3006, 1028, 1015, 3002, 3001, 1005, 3007} abi=armeabi-v7a
I/ActivityManager( 745): Process com.google.android.maps.mytracks (pid 17215) has died
I/ActivityManager( 745): Process com.google.android.apps.fitness (pid 17275) has died
W/ActivityManager( 745): Scheduling restart of crashed service com.google.android.apps.fitness/.wearable.WearableSyncService in 23495ms
W/ResourcesManager(17347): Asset path '/system/framework/com.android.media.remotedisplay.jar' does not exist or contains no resources.
W/ResourcesManager(17347): Asset path '/system/framework/com.android.location.provider.jar' does not exist or contains no resources.
I/ActivityManager( 745): Start proc com.google.android.gms for service com.google.android.gms/.icing.service.IndexService: pid=17372 uid=10008 gids={50008, 9997, 2001, 3003, 1007, 3006, 1028, 1015, 3002, 3001, 1005, 3007} abi=armeabi-v7a
I/WindowState( 745): WIN DEATH: Window{2a977ca8 u0 com.chrome.beta/com.google.android.apps.chrome.document.DocumentActivity}
W/WindowManager( 745): Force-removing child win Window{17affe78 u0 SurfaceView} from container Window{2a977ca8 u0 com.chrome.beta/com.google.android.apps.chrome.document.DocumentActivity}
W/WindowManager( 745): Failed looking up window
W/WindowManager( 745): java.lang.IllegalArgumentException: Requested window android.os.BinderProxy@2d3bbb54 does not exist
W/WindowManager( 745): at com.android.server.wm.WindowManagerService.windowForClientLocked(WindowManagerService.java:8412)
W/WindowManager( 745): at com.android.server.wm.WindowManagerService.windowForClientLocked(WindowManagerService.java:8403)
W/WindowManager( 745): at com.android.server.wm.WindowState$DeathRecipient.binderDied(WindowState.java:1113)
W/WindowManager( 745): at android.os.BinderProxy.sendDeathNotice(Binder.java:551)
I/WindowState( 745): WIN DEATH: null
I/ActivityManager( 745): Process com.chrome.beta (pid 16174) has died
W/ActivityManager( 745): Exception when unbinding service com.chrome.beta/org.chromium.content.app.SandboxedProcessService0
W/ActivityManager( 745): android.os.DeadObjectException
W/ActivityManager( 745): at android.os.BinderProxy.transactNative(Native Method)
W/ActivityManager( 745): at android.os.BinderProxy.transact(Binder.java:496)
W/ActivityManager( 745): at android.app.ApplicationThreadProxy.scheduleUnbindService(ApplicationThreadNative.java:917)
W/ActivityManager( 745): at com.android.server.am.ActiveServices.removeConnectionLocked(ActiveServices.java:1772)
W/ActivityManager( 745): at com.android.server.am.ActiveServices.killServicesLocked(ActiveServices.java:2156)
W/ActivityManager( 745): at com.android.server.am.ActivityManagerService.cleanUpApplicationRecordLocked(ActivityManagerService.java:14494)
W/ActivityManager( 745): at com.android.server.am.ActivityManagerService.handleAppDiedLocked(ActivityManagerService.java:4728)
W/ActivityManager( 745): at com.android.server.am.ActivityManagerService.appDiedLocked(ActivityManagerService.java:4891)
W/ActivityManager( 745): at com.android.server.am.ActivityManagerService$AppDeathRecipient.binderDied(ActivityManagerService.java:1164)
W/ActivityManager( 745): at android.os.BinderProxy.sendDeathNotice(Binder.java:551)
W/ActivityManager( 745): Force removing ActivityRecord{7adf642 u0 com.chrome.beta/com.google.android.apps.chrome.document.DocumentActivity t380}: app died, no saved state
I/ActivityManager( 745): Start proc com.google.android.googlequicksearchbox for activity com.google.android.googlequicksearchbox/com.google.android.launcher.GEL: pid=17403 uid=10022 gids={50022, 9997, 3003, 3001, 1028, 3002, 1015, 1005} abi=armeabi-v7a
I/ActivityManager( 745): Killing 16208:com.chrome.beta:sandboxed_process0/u0a91i386 (adj 9): isolated not needed
W/libprocessgroup( 745): failed to open /acct/uid_10091/pid_16208/cgroup.procs: No such file or directory
W/ResourcesManager(17372): Asset path '/system/framework/com.android.media.remotedisplay.jar' does not exist or contains no resources.
W/ResourcesManager(17372): Asset path '/system/framework/com.android.location.provider.jar' does not exist or contains no resources.
I/ActivityManager( 745): Start proc com.google.android.gms.wearable for service com.google.android.gms/.wearable.service.WearableService: pid=17423 uid=10008 gids={50008, 9997, 2001, 3003, 1007, 3006, 1028, 1015, 3002, 3001, 1005, 3007} abi=armeabi-v7a
W/libprocessgroup( 745): failed to open /acct/uid_10091/pid_16208/cgroup.procs: No such file or directory
I/ActivityManager( 745): Start proc com.chrome.beta for broadcast com.chrome.beta/com.google.ipc.invalidation.external.client.contrib.MultiplexingGcmListener$GCMReceiver: pid=17432 uid=10091 gids={50091, 9997, 3003, 1028, 1015} abi=armeabi-v7a
W/ResourcesManager(17423): Asset path '/system/framework/com.android.media.remotedisplay.jar' does not exist or contains no resources.
W/ResourcesManager(17423): Asset path '/system/framework/com.android.location.provider.jar' does not exist or contains no resources.
W/ResourcesManager(17143): Asset path '/system/framework/com.android.media.remotedisplay.jar' does not exist or contains no resources.
W/ResourcesManager(17143): Asset path '/system/framework/com.android.location.provider.jar' does not exist or contains no resources.
I/ActivityManager( 745): Start proc com.google.android.googlequicksearchbox:search for service com.google.android.googlequicksearchbox/com.google.android.sidekick.main.remoteservice.GoogleNowRemoteService: pid=17508 uid=10022 gids={50022, 9997, 3003, 3001, 1028, 3002, 1015, 1005} abi=armeabi-v7a
I/ActivityManager( 745): Start proc com.android.vending for service com.android.vending/com.google.android.finsky.billing.iab.InAppBillingService: pid=17530 uid=10016 gids={50016, 9997, 3003, 1028, 1015} abi=armeabi-v7a
I/ActivityManager( 745): Start proc com.android.providers.calendar for content provider com.android.providers.calendar/.CalendarProvider2: pid=17543 uid=10002 gids={50002, 9997, 3003, 1028, 1015} abi=armeabi-v7a
W/ResourcesManager(17543): Asset path '/system/framework/android.test.runner.jar' does not exist or contains no resources.
V/BackupManagerService( 745): Connected to transport ComponentInfo{com.google.android.gms/com.google.android.gms.backup.BackupTransportService}
V/BackupManagerService( 745): Registering transport com.google.android.gms/.backup.BackupTransportService::com.google.android.gms/.backup.BackupTransportService = com.android.internal.backup.IBackupTransport$Stub$Proxy@131e723f
E/ActivityThread(17314): Failed to find provider info for com.motorola.ccc.plm.misc
I/ActivityManager( 745): Start proc com.google.android.partnersetup for content provider com.google.android.partnersetup/.RlzAppProvider: pid=17607 uid=10013 gids={50013, 9997, 3003} abi=armeabi-v7a
E/ActivityThread(17314): Failed to find provider info for com.motorola.ccc.plm.misc
D/WifiService( 745): New client listening to asynchronous messages
I/ActivityManager( 745): Start proc android.process.acore for content provider com.android.providers.contacts/.ContactsProvider2: pid=17645 uid=10004 gids={50004, 9997} abi=armeabi-v7a
W/InputMethodInfo( 745): Duplicated subtype definition found: , voice
E/ActivityThread(17314): Failed to find provider info for com.motorola.ccc.plm.misc
W/ResourcesManager(17403): Asset path '/system/framework/com.google.android.dialer.support.jar' does not exist or contains no resources.
I/ActivityManager( 745): Start proc android.process.media for content provider com.android.providers.downloads/.DownloadProvider: pid=17736 uid=10006 gids={50006, 9997, 2001, 3003, 1028, 1015, 3007, 1023, 1024} abi=armeabi-v7a
D/WifiService( 745): New client listening to asynchronous messages
W/ResourcesManager(17403): Asset path '/system/framework/com.google.android.media.effects.jar' does not exist or contains no resources.
I/ActivityManager( 745): Start proc com.google.android.calendar for broadcast com.google.android.calendar/com.android.calendar.alerts.AlertReceiver: pid=17766 uid=10031 gids={50031, 9997, 3003, 1028, 1015} abi=armeabi-v7a
I/ActivityManager( 745): Start proc com.google.android.maps.mytracks for service com.google.android.maps.mytracks/com.google.android.apps.mytracks.wear.MobileListenerService: pid=17799 uid=10117 gids={50117, 9997, 3002, 3001, 3003, 1028, 1015} abi=armeabi-v7a
I/ActivityManager( 745): Start proc com.google.android.apps.fitness for service com.google.android.apps.fitness/.wearable.WearableWatcher: pid=17821 uid=10045 gids={50045, 9997, 3003, 1028, 1015, 3002, 3001} abi=armeabi-v7a
I/ActivityManager( 745): Start proc com.google.android.apps.maps for service com.google.android.apps.maps/com.google.android.apps.gmm.navigation.base.WearableService: pid=17842 uid=10058 gids={50058, 9997, 3003, 1028, 1015} abi=armeabi-v7a
W/InputMethodManagerService( 745): Got RemoteException sending setActive(false) notification to pid 16174 uid 10091
I/ActivityManager( 745): Start proc com.google.android.inputmethod.latin for service com.google.android.inputmethod.latin/com.android.inputmethod.latin.LatinIME: pid=17872 uid=10056 gids={50056, 9997, 3003, 1028, 1015} abi=armeabi-v7a
V/InputMethodManagerService( 745): Adding window token: android.os.Binder@39653c3d
I/ActivityManager( 745): Process com.google.android.partnersetup (pid 17607) has died
I/ActivityManager( 745): Start proc com.qualcomm.qcrilmsgtunnel for service com.qualcomm.qcrilmsgtunnel/.QcrilMsgTunnelService: pid=17912 uid=1001 gids={41001, 9997, 3003, 2001, 1028, 1015, 3002, 3001} abi=armeabi-v7a
I/ActivityManager( 745): Process com.chrome.beta (pid 17432) has died
W/InputMethodInfo( 745): Duplicated subtype definition found: , voice
I/ActivityManager( 745): Process android.process.acore (pid 17645) has died
I/ActivityManager( 745): Start proc android.process.acore for content provider com.android.providers.userdictionary/.UserDictionaryProvider: pid=17971 uid=10004 gids={50004, 9997} abi=armeabi-v7a
I/ActivityManager( 745): Process android.process.media (pid 17736) has died
W/ActivityManager( 745): Scheduling restart of crashed service com.android.providers.media/.MtpService in 957688ms
D/WifiService( 745): New client listening to asynchronous messages
I/ActivityManager( 745): Process com.qualcomm.qcrilmsgtunnel (pid 17912) has died
W/ActivityManager( 745): Scheduling restart of crashed service com.qualcomm.qcrilmsgtunnel/.QcrilMsgTunnelService in 83800ms
I/ActivityManager( 745): Process com.google.android.music:main (pid 17178) has died
W/ActivityManager( 745): Scheduling restart of crashed service com.google.android.music/.download.artwork.ArtDownloadService in 198440ms
W/ActivityManager( 745): Scheduling restart of crashed service com.google.android.music/.wear.WearDataTransferConnectionService in 19160ms
W/ActivityManager( 745): Scheduling restart of crashed service com.google.android.music/.playback.MusicPlaybackService in 278440ms
W/ActivityManager( 745): Scheduling restart of crashed service com.google.android.music/.wear.MusicWearableListenerService in 29160ms
W/ActivityThread(17842): ClassLoader.loadClass: The class loader returned by Thread.getContextClassLoader() may fail for processes that host multiple applications. You should explicitly specify a context class loader. For example: Thread.setContextClassLoader(getClass().getClassLoader());
I/ActivityManager( 745): Process android.process.acore (pid 17971) has died
I/ActivityManager( 745): Start proc android.process.acore for content provider com.android.providers.userdictionary/.UserDictionaryProvider: pid=18044 uid=10004 gids={50004, 9997} abi=armeabi-v7a
I/ActivityManager( 745): Process com.android.providers.calendar (pid 17543) has died
I/ActivityManager( 745): Process android.process.acore (pid 18044) has died
W/AlarmManager( 745): Window length 9223372036854775807ms suspiciously long; limiting to 1 hour
W/AlarmManager( 745): Window length 9223372036854775807ms suspiciously long; limiting to 1 hour
D/WifiService( 745): New client listening to asynchronous messages
D/WifiService( 745): acquireWifiLockLocked: WifiLock{NlpWifiLock type=2 binder=android.os.BinderProxy@33158374}
D/WifiService( 745): releaseWifiLockLocked: WifiLock{NlpWifiLock type=2 binder=android.os.BinderProxy@33158374}
D/WifiService( 745): acquireWifiLockLocked: WifiLock{NlpWifiLock type=2 binder=android.os.BinderProxy@102ac912}
I/ActivityManager( 745): Start proc com.android.providers.calendar for content provider com.android.providers.calendar/.CalendarProvider2: pid=18097 uid=10002 gids={50002, 9997, 3003, 1028, 1015} abi=armeabi-v7a
W/ResourcesManager(18097): Asset path '/system/framework/android.test.runner.jar' does not exist or contains no resources.
I/ActivityManager( 745): Process com.android.providers.calendar (pid 18097) has died
W/ActivityManager( 745): Scheduling restart of crashed service com.android.providers.calendar/.EmptyService in 37450ms
W/ResourcesManager(17403): Asset path '/system/framework/com.google.android.media.effects.jar' does not exist or contains no resources.
W/ResourcesManager(17403): Asset path '/system/framework/com.google.android.maps.jar' does not exist or contains no resources.
W/ResourcesManager(17403): Asset path '/system/framework/com.google.android.maps.jar' does not exist or contains no resources.
W/ResourcesManager(17403): Asset path '/system/framework/com.google.android.maps.jar' does not exist or contains no resources.
W/BroadcastQueue( 745): Permission Denial: broadcasting Intent { act=android.net.conn.INET_CONDITION_ACTION flg=0x4000010 (has extras) } from null (pid=-1, uid=-1) requires com.facebook.permission.prod.FB_APP_COMMUNICATION due to registered receiver BroadcastFilter{38ab2e17 u0 ReceiverList{2beef296 17255 com.facebook.orca/10136/u0 remote:2cd30db1}}
W/BroadcastQueue( 745): Permission Denial: broadcasting Intent { act=android.net.conn.CONNECTIVITY_CHANGE flg=0x4000010 (has extras) } from null (pid=-1, uid=-1) requires com.facebook.permission.prod.FB_APP_COMMUNICATION due to registered receiver BroadcastFilter{38ab2e17 u0 ReceiverList{2beef296 17255 com.facebook.orca/10136/u0 remote:2cd30db1}}
W/BroadcastQueue( 745): Permission Denial: broadcasting Intent { act=android.net.conn.CONNECTIVITY_CHANGE flg=0x4000010 (has extras) } from null (pid=-1, uid=-1) requires com.facebook.permission.prod.FB_APP_COMMUNICATION due to registered receiver BroadcastFilter{16d1c521 u0 ReceiverList{3008b788 17255 com.facebook.orca/10136/u0 remote:1a9e72b}}
D/WifiService( 745): releaseWifiLockLocked: WifiLock{NlpWifiLock type=2 binder=android.os.BinderProxy@102ac912}
I/ActivityManager( 745): Start proc com.android.providers.calendar for content provider com.android.providers.calendar/.CalendarProvider2: pid=18180 uid=10002 gids={50002, 9997, 3003, 1028, 1015} abi=armeabi-v7a
W/ResourcesManager(18180): Asset path '/system/framework/android.test.runner.jar' does not exist or contains no resources.
I/ActivityManager( 745): Process com.android.providers.calendar (pid 18180) has died
I/ActivityManager( 745): Start proc uk.co.economist for service uk.co.economist/.service.EditionDownloadManager: pid=18240 uid=10094 gids={50094, 9997, 3003, 1028, 1015} abi=armeabi-v7a
I/ActivityManager( 745): Process com.google.android.keep (pid 17160) has died
I/ActivityManager( 745): Start proc com.android.providers.calendar for content provider com.android.providers.calendar/.CalendarProvider2: pid=18296 uid=10002 gids={50002, 9997, 3003, 1028, 1015} abi=armeabi-v7a
I/ActivityManager( 745): Process com.tinder (pid 17195) has died
W/ResourcesManager(18296): Asset path '/system/framework/android.test.runner.jar' does not exist or contains no resources.
I/ActivityManager( 745): Start proc com.google.android.music:main for service com.google.android.music/.wear.WearDataTransferConnectionService: pid=18405 uid=10060 gids={50060, 9997, 3003, 1028, 1015} abi=armeabi-v7a
W/ResourcesManager(18405): Asset path '/system/framework/com.android.media.remotedisplay.jar' does not exist or contains no resources.
W/ResourcesManager(18405): Asset path '/system/framework/com.android.location.provider.jar' does not exist or contains no resources.
I/ActivityManager( 745): Process org.leetzone.android.yatsewidgetfree (pid 17235) has died
I/ActivityManager( 745): Process com.android.vending (pid 17530) has died
I/ActivityManager( 745): Process com.google.android.maps.mytracks (pid 17799) has died
D/ConnectivityService( 745): updateNetworkScore for NetworkAgentInfo [WIFI () - 334] to 56
D/ConnectivityService( 745): rematching NetworkAgentInfo [WIFI () - 334]
D/ConnectivityService( 745): Network NetworkAgentInfo [WIFI () - 334] was already satisfying request 1. No change.
D/ConnectivityService( 745): notifyType AVAILABLE for NetworkAgentInfo [WIFI () - 334]
I/ActivityManager( 745): Waited long enough for: ServiceRecord{21c849d7 u0 uk.co.economist/com.economist.httpservice.HttpService}
I/ActivityManager( 745): Start proc com.android.musicfx for broadcast com.android.musicfx/.ControlPanelReceiver: pid=18501 uid=10015 gids={50015, 9997, 3003, 3002} abi=armeabi-v7a
E/ActivityThread(18405): Service com.google.android.music.playback.MusicPlaybackService has leaked ServiceConnection com.google.android.gms.http.GoogleURLConnectionFactory$1@15f720b that was originally bound here
E/ActivityThread(18405): android.app.ServiceConnectionLeaked: Service com.google.android.music.playback.MusicPlaybackService has leaked ServiceConnection com.google.android.gms.http.GoogleURLConnectionFactory$1@15f720b that was originally bound here
E/ActivityThread(18405): at android.app.LoadedApk$ServiceDispatcher.(LoadedApk.java:1072)
E/ActivityThread(18405): at android.app.LoadedApk.getServiceDispatcher(LoadedApk.java:966)
E/ActivityThread(18405): at android.app.ContextImpl.bindServiceCommon(ContextImpl.java:1768)
E/ActivityThread(18405): at android.app.ContextImpl.bindService(ContextImpl.java:1751)
E/ActivityThread(18405): at android.content.ContextWrapper.bindService(ContextWrapper.java:538)
E/ActivityThread(18405): at com.google.android.gms.http.GoogleURLConnectionFactory.(Unknown Source)
E/ActivityThread(18405): at com.google.android.gms.http.GoogleHttpClient.(Unknown Source)
E/ActivityThread(18405): at com.google.android.music.GoogleHttpClientFactory.createGoogleHttpClient(GoogleHttpClientFactory.java:43)
E/ActivityThread(18405): at com.google.android.music.cloudclient.MusicRequest.createHttpClient(MusicRequest.java:115)
E/ActivityThread(18405): at com.google.android.music.cloudclient.MusicRequest.getSharedHttpClient(MusicRequest.java:105)
E/ActivityThread(18405): at com.google.android.music.cloudclient.MusicCloudImpl.(MusicCloudImpl.java:93)
E/ActivityThread(18405): at com.google.android.music.mix.PlayQueueFeeder.(PlayQueueFeeder.java:98)
E/ActivityThread(18405): at com.google.android.music.playback.LocalDevicePlayback.onCreate(LocalDevicePlayback.java:1588)
E/ActivityThread(18405): at com.google.android.music.playback.MusicPlaybackService.onCreate(MusicPlaybackService.java:334)
E/ActivityThread(18405): at android.app.ActivityThread.handleCreateService(ActivityThread.java:2731)
E/ActivityThread(18405): at android.app.ActivityThread.access$1800(ActivityThread.java:144)
E/ActivityThread(18405): at android.app.ActivityThread$H.handleMessage(ActivityThread.java:1361)
E/ActivityThread(18405): at android.os.Handler.dispatchMessage(Handler.java:102)
E/ActivityThread(18405): at android.os.Looper.loop(Looper.java:135)
E/ActivityThread(18405): at android.app.ActivityThread.main(ActivityThread.java:5221)
E/ActivityThread(18405): at java.lang.reflect.Method.invoke(Native Method)
E/ActivityThread(18405): at java.lang.reflect.Method.invoke(Method.java:372)
E/ActivityThread(18405): at com.android.internal.os.ZygoteInit$MethodAndArgsCaller.run(ZygoteInit.java:899)
E/ActivityThread(18405): at com.android.internal.os.ZygoteInit.main(ZygoteInit.java:694)
I/ActivityManager( 745): Start proc com.chrome.beta for broadcast com.chrome.beta/com.google.ipc.invalidation.ticl.android2.AndroidInternalScheduler$AlarmReceiver: pid=18548 uid=10091 gids={50091, 9997, 3003, 1028, 1015} abi=armeabi-v7a
I/ActivityManager( 745): START u0 {act=android.intent.action.MAIN cat=[android.intent.category.LAUNCHER] flg=0x10200000 cmp=com.google.android.music/com.android.music.activitymanagement.TopLevelActivity bnds=[276,575][540,871] (has extras)} from uid 10022 on display 0
I/ActivityManager( 745): Start proc com.google.android.music:ui for activity com.google.android.music/.ui.TrackContainerActivity: pid=18584 uid=10060 gids={50060, 9997, 3003, 1028, 1015} abi=armeabi-v7a
W/ActivityManager( 745): Exception in new application when starting activity com.google.android.music/.ui.TrackContainerActivity
W/ActivityManager( 745): android.os.TransactionTooLargeException
W/ActivityManager( 745): at android.os.BinderProxy.transactNative(Native Method)
W/ActivityManager( 745): at android.os.BinderProxy.transact(Binder.java:496)
W/ActivityManager( 745): at android.app.ApplicationThreadProxy.scheduleLaunchActivity(ApplicationThreadNative.java:793)
W/ActivityManager( 745): at com.android.server.am.ActivityStackSupervisor.realStartActivityLocked(ActivityStackSupervisor.java:1157)
W/ActivityManager( 745): at com.android.server.am.ActivityStackSupervisor.attachApplicationLocked(ActivityStackSupervisor.java:526)
W/ActivityManager( 745): at com.android.server.am.ActivityManagerService.attachApplicationLocked(ActivityManagerService.java:6192)
W/ActivityManager( 745): at com.android.server.am.ActivityManagerService.attachApplication(ActivityManagerService.java:6254)
W/ActivityManager( 745): at android.app.ActivityManagerNative.onTransact(ActivityManagerNative.java:481)
W/ActivityManager( 745): at com.android.server.am.ActivityManagerService.onTransact(ActivityManagerService.java:2407)
W/ActivityManager( 745): at android.os.Binder.execTransact(Binder.java:446)
F/ActivityManager( 745): Exception thrown launching activities in ProcessRecord{20379702 18584:com.google.android.music:ui/u0a60}
F/ActivityManager( 745): android.os.TransactionTooLargeException
F/ActivityManager( 745): at android.os.BinderProxy.transactNative(Native Method)
F/ActivityManager( 745): at android.os.BinderProxy.transact(Binder.java:496)
F/ActivityManager( 745): at android.app.ApplicationThreadProxy.scheduleLaunchActivity(ApplicationThreadNative.java:793)
F/ActivityManager( 745): at com.android.server.am.ActivityStackSupervisor.realStartActivityLocked(ActivityStackSupervisor.java:1157)
F/ActivityManager( 745): at com.android.server.am.ActivityStackSupervisor.attachApplicationLocked(ActivityStackSupervisor.java:526)
F/ActivityManager( 745): at com.android.server.am.ActivityManagerService.attachApplicationLocked(ActivityManagerService.java:6192)
F/ActivityManager( 745): at com.android.server.am.ActivityManagerService.attachApplication(ActivityManagerService.java:6254)
F/ActivityManager( 745): at android.app.ActivityManagerNative.onTransact(ActivityManagerNative.java:481)
F/ActivityManager( 745): at com.android.server.am.ActivityManagerService.onTransact(ActivityManagerService.java:2407)
F/ActivityManager( 745): at android.os.Binder.execTransact(Binder.java:446)
I/ActivityManager( 745): Killing 18584:com.google.android.music:ui/u0a60 (adj 0): error during init
I/ActivityManager( 745): Start proc com.google.android.music:ui for activity com.google.android.music/.ui.TrackContainerActivity: pid=18602 uid=10060 gids={50060, 9997, 3003, 1028, 1015} abi=armeabi-v7a
W/ActivityManager( 745): Spurious death for ProcessRecord{20379702 0:com.google.android.music:ui/u0a60}, curProc for 18584: null
W/ResourcesManager(18602): Asset path '/system/framework/com.android.media.remotedisplay.jar' does not exist or contains no resources.
W/ResourcesManager(18602): Asset path '/system/framework/com.android.location.provider.jar' does not exist or contains no resources.
I/ActivityManager( 745): Process com.facebook.orca (pid 17255) has died
I/ActivityManager( 745): Process com.mailchimp.mailchimp (pid 17293) has died
I/ActivityManager( 745): Process com.google.android.apps.maps (pid 17842) has died
I/ActivityManager( 745): Start proc android.process.media for content provider com.android.providers.media/.MediaProvider: pid=18691 uid=10006 gids={50006, 9997, 2001, 3003, 1028, 1015, 3007, 1023, 1024} abi=armeabi-v7a
I/ActivityManager( 745): Process com.google.android.apps.fitness (pid 17821) has died
I/ActivityManager( 745): Start proc com.google.android.youtube for service com.google.android.youtube/.app.remote.YouTubeTvRouteProviderService: pid=18724 uid=10080 gids={50080, 9997, 3003, 1028, 1015} abi=armeabi-v7a
I/ActivityManager( 745): Process com.android.providers.calendar (pid 18296) has died
I/ActivityManager( 745): Process com.google.android.calendar (pid 17766) has died
W/ResourcesManager(18724): Asset path '/system/framework/com.android.media.remotedisplay.jar' does not exist or contains no resources.
W/ResourcesManager(18724): Asset path '/system/framework/com.android.location.provider.jar' does not exist or contains no resources.
I/ActivityManager( 745): Process com.android.musicfx (pid 18501) has died
I/ActivityManager( 745): Process com.chrome.beta (pid 18548) has died
I/ActivityManager( 745): Process uk.co.economist (pid 18240) has died
W/ActivityManager( 745): Scheduling restart of crashed service uk.co.economist/.service.EditionDownloadManager in 123280ms
W/ActivityManager( 745): Scheduling restart of crashed service uk.co.economist/com.economist.httpservice.HttpService in 1000ms
I/ActivityManager( 745): Start proc android.process.acore for content provider com.android.providers.userdictionary/.UserDictionaryProvider: pid=18772 uid=10004 gids={50004, 9997} abi=armeabi-v7a
W/ActivityThread(17372): ClassLoader.getResources: The class loader returned by Thread.getContextClassLoader() may fail for processes that host multiple applications. You should explicitly specify a context class loader. For example: Thread.setContextClassLoader(getClass().getClassLoader());
D/ConnectivityService( 745): updateNetworkScore for NetworkAgentInfo [WIFI () - 334] to 60
D/ConnectivityService( 745): rematching NetworkAgentInfo [WIFI () - 334]
D/ConnectivityService( 745): Network NetworkAgentInfo [WIFI () - 334] was already satisfying request 1. No change.
D/ConnectivityService( 745): notifyType AVAILABLE for NetworkAgentInfo [WIFI () - 334]
I/ActivityManager( 745): Process android.process.acore (pid 18772) has died
I/ActivityManager( 745): Process android.process.media (pid 18691) has died
W/ActivityManager( 745): Scheduling restart of crashed service com.android.providers.media/.MtpService in 3830752ms
I/ActivityManager( 745): Start proc com.android.vending for broadcast com.android.vending/com.google.android.finsky.receivers.ConsumptionAppDataChangedReceiver: pid=18877 uid=10016 gids={50016, 9997, 3003, 1028, 1015} abi=armeabi-v7a
I/WindowState( 745): WIN DEATH: Window{1415d937 u0 com.google.android.googlequicksearchbox/com.google.android.launcher.GEL}
D/WifiService( 745): Client connection lost with reason: 4
I/ActivityManager( 745): Process com.google.android.googlequicksearchbox (pid 17403) has died
I/ActivityManager( 745): Start proc android.process.media for content provider com.android.providers.downloads/.DownloadProvider: pid=18917 uid=10006 gids={50006, 9997, 2001, 3003, 1028, 1015, 3007, 1023, 1024} abi=armeabi-v7a
D/WifiService( 745): acquireWifiLockLocked: WifiLock{DownloadQueueManager type=3 binder=android.os.BinderProxy@15922af5}
D/WifiService( 745): releaseWifiLockLocked: WifiLock{DownloadQueueManager type=3 binder=android.os.BinderProxy@15922af5}
D/WifiService( 745): acquireWifiLockLocked: WifiLock{DownloadQueueManager type=3 binder=android.os.BinderProxy@26d1208a}
D/WifiService( 745): releaseWifiLockLocked: WifiLock{DownloadQueueManager type=3 binder=android.os.BinderProxy@26d1208a}
D/WifiService( 745): acquireWifiLockLocked: WifiLock{DownloadQueueManager type=3 binder=android.os.BinderProxy@33b116fb}
D/WifiService( 745): releaseWifiLockLocked: WifiLock{DownloadQueueManager type=3 binder=android.os.BinderProxy@33b116fb}
D/WifiService( 745): acquireWifiLockLocked: WifiLock{DownloadQueueManager type=3 binder=android.os.BinderProxy@2983eda9}
D/WifiService( 745): releaseWifiLockLocked: WifiLock{DownloadQueueManager type=3 binder=android.os.BinderProxy@2983eda9}
D/WifiService( 745): acquireWifiLockLocked: WifiLock{DownloadQueueManager type=3 binder=android.os.BinderProxy@194bdf2e}
D/WifiService( 745): releaseWifiLockLocked: WifiLock{DownloadQueueManager type=3 binder=android.os.BinderProxy@194bdf2e}
I/ActivityManager( 745): Start proc com.android.musicfx for broadcast com.android.musicfx/.ControlPanelReceiver: pid=18950 uid=10015 gids={50015, 9997, 3003, 3002} abi=armeabi-v7a
I/ActivityManager( 745): Process com.android.vending (pid 18877) has died
I/ActivityManager( 745): Process com.android.musicfx (pid 18950) has died
D/WifiService( 745): acquireWifiLockLocked: WifiLock{DownloadQueueManager type=3 binder=android.os.BinderProxy@32be14a8}
D/WifiService( 745): releaseWifiLockLocked: WifiLock{DownloadQueueManager type=3 binder=android.os.BinderProxy@32be14a8}
D/WifiService( 745): acquireWifiLockLocked: WifiLock{DownloadQueueManager type=3 binder=android.os.BinderProxy@272a2bc1}
D/WifiService( 745): releaseWifiLockLocked: WifiLock{DownloadQueueManager type=3 binder=android.os.BinderProxy@272a2bc1}
D/WifiService( 745): acquireWifiLockLocked: WifiLock{DownloadQueueManager type=3 binder=android.os.BinderProxy@1e8f9f66}
D/WifiService( 745): releaseWifiLockLocked: WifiLock{DownloadQueueManager type=3 binder=android.os.BinderProxy@1e8f9f66}
I/ActivityManager( 745): START u0 {act=android.intent.action.MAIN cat=[android.intent.category.HOME] flg=0x10200000 cmp=com.google.android.googlequicksearchbox/com.google.android.launcher.GEL} from uid 1000 on display 0
I/ActivityManager( 745): Start proc com.google.android.googlequicksearchbox for activity com.google.android.googlequicksearchbox/com.google.android.launcher.GEL: pid=19012 uid=10022 gids={50022, 9997, 3003, 3001, 1028, 3002, 1015, 1005} abi=armeabi-v7a
I/ActivityManager( 745): Start proc com.android.musicfx for broadcast com.android.musicfx/.ControlPanelReceiver: pid=19029 uid=10015 gids={50015, 9997, 3003, 3002} abi=armeabi-v7a
D/WifiService( 745): acquireWifiLockLocked: WifiLock{DownloadQueueManager type=3 binder=android.os.BinderProxy@2d33d354}
D/WifiService( 745): releaseWifiLockLocked: WifiLock{DownloadQueueManager type=3 binder=android.os.BinderProxy@2d33d354}
D/WifiService( 745): acquireWifiLockLocked: WifiLock{DownloadQueueManager type=3 binder=android.os.BinderProxy@106cc2fd}
D/WifiService( 745): releaseWifiLockLocked: WifiLock{DownloadQueueManager type=3 binder=android.os.BinderProxy@106cc2fd}
W/ResourcesManager(19012): Asset path '/system/framework/com.google.android.dialer.support.jar' does not exist or contains no resources.
W/ResourcesManager(19012): Asset path '/system/framework/com.google.android.media.effects.jar' does not exist or contains no resources.
D/WifiService( 745): New client listening to asynchronous messages
I/ActivityManager( 745): Process com.google.android.youtube (pid 18724) has died
I/ActivityManager( 745): Start proc com.google.android.calendar for service com.google.android.calendar/com.android.calendar.widget.CalendarAppWidgetService: pid=19091 uid=10031 gids={50031, 9997, 3003, 1028, 1015} abi=armeabi-v7a
I/ActivityManager( 745): Process com.android.musicfx (pid 19029) has died
I/ActivityManager( 745): Start proc com.android.providers.calendar for content provider com.android.providers.calendar/.CalendarProvider2: pid=19113 uid=10002 gids={50002, 9997, 3003, 1028, 1015} abi=armeabi-v7a
I/ActivityManager( 745): Process android.process.media (pid 18917) has died
W/ActivityManager( 745): Scheduling restart of crashed service com.android.providers.media/.MtpService in 15323008ms
W/ResourcesManager(19113): Asset path '/system/framework/android.test.runner.jar' does not exist or contains no resources.
I/WindowState( 745): WIN DEATH: Window{3781a0d5 u0 com.google.android.music/com.google.android.music.ui.TrackContainerActivity}
I/WindowState( 745): WIN DEATH: Window{2c4b0a88 u0 com.google.android.music/com.google.android.music.ui.SearchActivity}
I/ActivityManager( 745): Process com.google.android.music:ui (pid 18602) has died
W/ActivityManager( 745): Force removing ActivityRecord{3a0afe1a u0 com.google.android.music/.ui.SearchActivity t42}: app died, no saved state
W/ResourcesManager(19012): Asset path '/system/framework/com.google.android.media.effects.jar' does not exist or contains no resources.
W/ResourcesManager(19012): Asset path '/system/framework/com.google.android.maps.jar' does not exist or contains no resources.
W/ResourcesManager(19012): Asset path '/system/framework/com.google.android.maps.jar' does not exist or contains no resources.
W/ResourcesManager(19012): Asset path '/system/framework/com.google.android.maps.jar' does not exist or contains no resources.
I/ActivityManager( 745): START u0 {act=android.intent.action.MAIN cat=[android.intent.category.LAUNCHER] flg=0x10200000 cmp=com.chrome.beta/com.google.android.apps.chrome.Main bnds=[246,1532][447,1784] (has extras)} from uid 10022 on display 0
I/ActivityManager( 745): Start proc com.chrome.beta for activity com.chrome.beta/com.google.android.apps.chrome.Main: pid=19172 uid=10091 gids={50091, 9997, 3003, 1028, 1015} abi=armeabi-v7a
I/ActivityManager( 745): START u0 {act=android.intent.action.VIEW dat=document://380?https://t.co/x3eKLbdr8U flg=0x10182000 cmp=com.chrome.beta/com.google.android.apps.chrome.document.DocumentActivity (has extras)} from uid 10091 on display 0
I/ActivityManager( 745): Start proc com.chrome.beta:sandboxed_process0 for service com.chrome.beta/org.chromium.content.app.SandboxedProcessService0: pid=19204 uid=99388 gids={} abi=armeabi-v7a
I/ActivityManager( 745): Process com.android.providers.calendar (pid 19113) has died
I/ActivityManager( 745): Process com.motorola.targetnotif (pid 17314) has died
W/ActivityManager( 745): Scheduling restart of crashed service com.motorola.targetnotif/com.motorola.checkin.uploader.CheckinService in 163200ms
I/WindowState( 745): WIN DEATH: Window{3dc10708 u0 com.google.android.googlequicksearchbox/com.google.android.launcher.GEL}
D/WifiService( 745): Client connection lost with reason: 4
I/ActivityManager( 745): Process com.google.android.googlequicksearchbox (pid 19012) has died
I/ActivityManager( 745): Process com.google.android.music:main (pid 18405) has died
W/ActivityManager( 745): Scheduling restart of crashed service com.google.android.music/.download.artwork.ArtDownloadService in 793760ms
W/ActivityManager( 745): Scheduling restart of crashed service com.google.android.music/.wear.WearDataTransferConnectionService in 76640ms
W/ActivityManager( 745): Scheduling restart of crashed service com.google.android.music/.playback.MusicPlaybackService in 1000ms
I/WindowState( 745): WIN DEATH: Window{17e37f23 u0 InputMethod}
W/InputMethodManagerService( 745): Session failed to close due to remote exception
W/InputMethodManagerService( 745): android.os.DeadObjectException
W/InputMethodManagerService( 745): at android.os.BinderProxy.transactNative(Native Method)
W/InputMethodManagerService( 745): at android.os.BinderProxy.transact(Binder.java:496)
W/InputMethodManagerService( 745): at com.android.internal.view.IInputMethodSession$Stub$Proxy.finishSession(IInputMethodSession.java:305)
W/InputMethodManagerService( 745): at com.android.server.InputMethodManagerService.finishSessionLocked(InputMethodManagerService.java:1415)
W/InputMethodManagerService( 745): at com.android.server.InputMethodManagerService.clearClientSessionLocked(InputMethodManagerService.java:1406)
W/InputMethodManagerService( 745): at com.android.server.InputMethodManagerService.clearCurMethodLocked(InputMethodManagerService.java:1432)
W/InputMethodManagerService( 745): at com.android.server.InputMethodManagerService.onServiceDisconnected(InputMethodManagerService.java:1451)
W/InputMethodManagerService( 745): at android.app.LoadedApk$ServiceDispatcher.doDeath(LoadedApk.java:1208)
W/InputMethodManagerService( 745): at android.app.LoadedApk$ServiceDispatcher$RunConnection.run(LoadedApk.java:1222)
W/InputMethodManagerService( 745): at android.os.Handler.handleCallback(Handler.java:739)
W/InputMethodManagerService( 745): at android.os.Handler.dispatchMessage(Handler.java:95)
W/InputMethodManagerService( 745): at android.os.Looper.loop(Looper.java:135)
W/InputMethodManagerService( 745): at com.android.server.SystemServer.run(SystemServer.java:269)
W/InputMethodManagerService( 745): at com.android.server.SystemServer.main(SystemServer.java:170)
W/InputMethodManagerService( 745): at java.lang.reflect.Method.invoke(Native Method)
W/InputMethodManagerService( 745): at java.lang.reflect.Method.invoke(Method.java:372)
W/InputMethodManagerService( 745): at com.android.internal.os.ZygoteInit$MethodAndArgsCaller.run(ZygoteInit.java:899)
W/InputMethodManagerService( 745): at com.android.internal.os.ZygoteInit.main(ZygoteInit.java:694)
I/ActivityManager( 745): Process com.google.android.inputmethod.latin (pid 17872) has died
W/ActivityManager( 745): Scheduling restart of crashed service com.google.android.inputmethod.latin/com.android.inputmethod.latin.LatinIME in 23319ms
I/ActivityManager( 745): Start proc com.google.android.gm for service com.google.android.gm/.provider.MailSyncAdapterService: pid=19287 uid=10070 gids={50070, 9997, 3003, 1028, 1015} abi=armeabi-v7a
I/ActivityManager( 745): Start proc com.google.android.apps.inbox for service com.google.android.apps.inbox/com.google.android.apps.bigtop.service.BigTopSyncService: pid=19304 uid=10087 gids={50087, 9997, 3003, 1028, 1015} abi=armeabi
I/ActivityManager( 745): Start proc com.google.android.music:main for service com.google.android.music/.playback.MusicPlaybackService: pid=19324 uid=10060 gids={50060, 9997, 3003, 1028, 1015} abi=armeabi-v7a
I/ActivityManager( 745): Start proc com.google.android.gm.exchange for service com.google.android.gm.exchange/com.android.exchange.service.EasService: pid=19358 uid=10069 gids={50069, 9997, 3003, 1028, 1015} abi=armeabi-v7a
W/ResourcesManager(19324): Asset path '/system/framework/com.android.media.remotedisplay.jar' does not exist or contains no resources.
W/ResourcesManager(19324): Asset path '/system/framework/com.android.location.provider.jar' does not exist or contains no resources.
W/ActivityManager( 745): Unable to start service Intent { cmp=com.google.android.gm/com.android.email.service.AttachmentService } U=0: not found
I/ActivityManager( 745): Process com.google.android.gm.exchange (pid 19358) has died
W/ResourcesManager(19287): Asset path '/system/framework/com.android.media.remotedisplay.jar' does not exist or contains no resources.
W/ResourcesManager(19287): Asset path '/system/framework/com.android.location.provider.jar' does not exist or contains no resources.
I/ActivityManager( 745): Process com.google.android.music:main (pid 19324) has died
W/ActivityManager( 745): Scheduling restart of crashed service com.google.android.music/.download.artwork.ArtDownloadService in 3175040ms
W/ActivityManager( 745): Scheduling restart of crashed service com.google.android.music/.wear.WearDataTransferConnectionService in 306560ms
W/ActivityManager( 745): Scheduling restart of crashed service com.google.android.music/.download.cache.TrackCacheService in 1000ms
W/ActivityManager( 745): Scheduling restart of crashed service com.google.android.music/.playback.MusicPlaybackService in 45892ms
I/ActivityManager( 745): START u0 {act=android.intent.action.MAIN cat=[android.intent.category.HOME] flg=0x10200000 cmp=com.google.android.googlequicksearchbox/com.google.android.launcher.GEL} from uid 1000 on display 0
I/ActivityManager( 745): Start proc com.google.android.googlequicksearchbox for activity com.google.android.googlequicksearchbox/com.google.android.launcher.GEL: pid=19443 uid=10022 gids={50022, 9997, 3003, 3001, 1028, 3002, 1015, 1005} abi=armeabi-v7a
W/ResourcesManager(19304): Asset path '/system/framework/com.android.media.remotedisplay.jar' does not exist or contains no resources.
W/ResourcesManager(19304): Asset path '/system/framework/com.android.location.provider.jar' does not exist or contains no resources.
I/ActivityManager( 745): Start proc com.android.providers.calendar for content provider com.android.providers.calendar/.CalendarProvider2: pid=19465 uid=10002 gids={50002, 9997, 3003, 1028, 1015} abi=armeabi-v7a
I/WindowState( 745): WIN DEATH: Window{b3b4ae u0 com.chrome.beta/com.google.android.apps.chrome.document.DocumentActivity}
I/WindowState( 745): WIN DEATH: Window{ba2947c u0 SurfaceView}
I/ActivityManager( 745): Process com.chrome.beta (pid 19172) has died
W/ActivityManager( 745): Exception when unbinding service com.chrome.beta/org.chromium.content.app.SandboxedProcessService0
W/ActivityManager( 745): android.os.DeadObjectException
W/ActivityManager( 745): at android.os.BinderProxy.transactNative(Native Method)
W/ActivityManager( 745): at android.os.BinderProxy.transact(Binder.java:496)
W/ActivityManager( 745): at android.app.ApplicationThreadProxy.scheduleUnbindService(ApplicationThreadNative.java:917)
W/ActivityManager( 745): at com.android.server.am.ActiveServices.removeConnectionLocked(ActiveServices.java:1772)
W/ActivityManager( 745): at com.android.server.am.ActiveServices.killServicesLocked(ActiveServices.java:2156)
W/ActivityManager( 745): at com.android.server.am.ActivityManagerService.cleanUpApplicationRecordLocked(ActivityManagerService.java:14494)
W/ActivityManager( 745): at com.android.server.am.ActivityManagerService.handleAppDiedLocked(ActivityManagerService.java:4728)
W/ActivityManager( 745): at com.android.server.am.ActivityManagerService.appDiedLocked(ActivityManagerService.java:4891)
W/ActivityManager( 745): at com.android.server.am.ActivityManagerService$AppDeathRecipient.binderDied(ActivityManagerService.java:1164)
W/ActivityManager( 745): at android.os.BinderProxy.sendDeathNotice(Binder.java:551)
W/ActivityManager( 745): Force removing ActivityRecord{30ab9f57 u0 com.chrome.beta/com.google.android.apps.chrome.document.DocumentActivity t380}: app died, no saved state
I/ActivityManager( 745): Killing 19204:com.chrome.beta:sandboxed_process0/u0a91i388 (adj 9): isolated not needed
W/libprocessgroup( 745): failed to open /acct/uid_10091/pid_19204/cgroup.procs: No such file or directory
W/libprocessgroup( 745): failed to open /acct/uid_10091/pid_19204/cgroup.procs: No such file or directory
W/ResourcesManager(19465): Asset path '/system/framework/android.test.runner.jar' does not exist or contains no resources.
W/ResourcesManager(19443): Asset path '/system/framework/com.google.android.dialer.support.jar' does not exist or contains no resources.
W/ResourcesManager(19443): Asset path '/system/framework/com.google.android.media.effects.jar' does not exist or contains no resources.
I/ActivityManager( 745): Start proc com.google.android.music:main for service com.google.android.music/.download.cache.TrackCacheService: pid=19497 uid=10060 gids={50060, 9997, 3003, 1028, 1015} abi=armeabi-v7a
W/InputMethodManagerService( 745): Got RemoteException sending setActive(false) notification to pid 19172 uid 10091
I/ActivityManager( 745): Start proc com.google.android.inputmethod.latin for service com.google.android.inputmethod.latin/com.android.inputmethod.latin.LatinIME: pid=19529 uid=10056 gids={50056, 9997, 3003, 1028, 1015} abi=armeabi-v7a
V/InputMethodManagerService( 745): Adding window token: android.os.Binder@3afeac5
W/ResourcesManager(19497): Asset path '/system/framework/com.android.media.remotedisplay.jar' does not exist or contains no resources.
W/ResourcesManager(19497): Asset path '/system/framework/com.android.location.provider.jar' does not exist or contains no resources.
W/InputMethodInfo( 745): Duplicated subtype definition found: , voice
