I/ActivityManager( 745): Start proc com.motorola.targetnotif for broadcast com.motorola.targetnotif/com.motorola.motoproxy.calendar.CalendarDataReceiver: pid=22440 uid=10128 gids={50128, 9997, 3002, 3001, 3003, 1028, 1015} abi=armeabi-v7a
I/ActivityManager( 745): Start proc android.process.acore for content provider com.android.providers.contacts/.ContactsProvider2: pid=22457 uid=10004 gids={50004, 9997} abi=armeabi-v7a
I/Icing (21823): Internal init done: storage state 0
W/HandlerScheduledExecuto(21890): Task does not implement UiTask. Consider using NamedUiRunnable for Consumers.consumeAsync
W/Icing (21823): Received bad json for section weights override -- ignoring.
W/Icing (21823): Received bad json for corpus scoring config -- ignoring.
W/Icing (21823): Received bad json for corpus context scoring override -- ignoring.
D/LocationWearablesListenerService(21701): onDataChanged
I/ActivityManager( 745): Process org.leetzone.android.yatsewidgetfree (pid 21599) has died
W/ActivityManager( 745): Scheduling restart of crashed service org.leetzone.android.yatsewidgetfree/org.leetzone.android.yatsewidget.service.WearableService in 72359ms
I/GAV2 (21890): Thread[GAThread,5,main]: No campaign data found.
I/CWCheckin(22440): EventInsertThread started
I/Fitness (21701): Account supported from cache: true
E/SQLiteLog(22440): (539) recovered 4 pages from /data/data/com.motorola.targetnotif/databases/checkin_mot.db-journal
D/WearableClient(21719): WearableClientImpl.onPostInitHandler: done
W/HandlerScheduledExecuto(21890): Task does not implement UiTask. Consider using NamedUiRunnable for Consumers.consumeAsync
D/BluetoothManagerService( 745): Message: 20
D/BluetoothManagerService( 745): Added callback: android.bluetooth.IBluetoothManagerCallback$Stub$Proxy@21531214:true
I/ActivityManager( 745): Process com.tinder (pid 22075) has died
W/ActivityManager( 745): Scheduling restart of crashed service com.tinder/.services.WearClientService in 82213ms
I/WearablePkgInstaller(21719): Fingerprint matches, not requesting installs for com.google.android.music
W/HandlerScheduledExecuto(21890): Task does not implement UiTask. Consider using NamedUiRunnable for Consumers.consumeAsync
I/CalendarProvider2(22380): Sending notification intent: Intent { act=android.intent.action.PROVIDER_CHANGED dat=content://com.android.calendar }
W/ContentResolver(22380): Failed to get type for: content://com.android.calendar (Unknown URL content://com.android.calendar)
W/HandlerScheduledExecuto(21890): Task does not implement UiTask. Consider using NamedUiRunnable for Consumers.consumeAsync
I/Icing (21823): Post-init done
W/HandlerScheduledExecuto(21890): Task does not implement UiTask. Consider using NamedUiRunnable for Consumers.consumeAsync
E/CWCheckin(22440): PrivacyHelper() cannot find MotorolaSettings!
D/Checkin (22440): publish the event [tag = MOT_CHECKIN event name = LOG]
W/HandlerScheduledExecuto(21890): Task does not implement UiTask. Consider using NamedUiRunnable for Consumers.consumeAsync
W/InputMethodManagerService( 745): Session failed to close due to remote exception
W/InputMethodManagerService( 745): android.os.DeadObjectException
W/InputMethodManagerService( 745): at android.os.BinderProxy.transactNative(Native Method)
W/InputMethodManagerService( 745): at android.os.BinderProxy.transact(Binder.java:496)
W/InputMethodManagerService( 745): at com.android.internal.view.IInputMethodSession$Stub$Proxy.finishSession(IInputMethodSession.java:305)
W/InputMethodManagerService( 745): at com.android.server.InputMethodManagerService.finishSessionLocked(InputMethodManagerService.java:1415)
W/InputMethodManagerService( 745): at com.android.server.InputMethodManagerService.clearClientSessionLocked(InputMethodManagerService.java:1406)
W/InputMethodManagerService( 745): at com.android.server.InputMethodManagerService.clearCurMethodLocked(InputMethodManagerService.java:1432)
W/InputMethodManagerService( 745): at com.android.server.InputMethodManagerService.onServiceDisconnected(InputMethodManagerService.java:1451)
W/InputMethodManagerService( 745): at android.app.LoadedApk$ServiceDispatcher.doDeath(LoadedApk.java:1208)
W/InputMethodManagerService( 745): at android.app.LoadedApk$ServiceDispatcher$RunConnection.run(LoadedApk.java:1222)
W/InputMethodManagerService( 745): at android.os.Handler.handleCallback(Handler.java:739)
W/InputMethodManagerService( 745): at android.os.Handler.dispatchMessage(Handler.java:95)
W/InputMethodManagerService( 745): at android.os.Looper.loop(Looper.java:135)
W/InputMethodManagerService( 745): at com.android.server.SystemServer.run(SystemServer.java:269)
W/InputMethodManagerService( 745): at com.android.server.SystemServer.main(SystemServer.java:170)
W/InputMethodManagerService( 745): at java.lang.reflect.Method.invoke(Native Method)
W/InputMethodManagerService( 745): at java.lang.reflect.Method.invoke(Method.java:372)
W/InputMethodManagerService( 745): at com.android.internal.os.ZygoteInit$MethodAndArgsCaller.run(ZygoteInit.java:899)
W/InputMethodManagerService( 745): at com.android.internal.os.ZygoteInit.main(ZygoteInit.java:694)
I/art (16979): Explicit concurrent mark sweep GC freed 5076(268KB) AllocSpace objects, 0(0B) LOS objects, 40% free, 17MB/29MB, paused 3.956ms total 61.691ms
W/InputMethodManagerService( 745): Session failed to close due to remote exception
W/InputMethodManagerService( 745): android.os.DeadObjectException
W/InputMethodManagerService( 745): at android.os.BinderProxy.transactNative(Native Method)
W/InputMethodManagerService( 745): at android.os.BinderProxy.transact(Binder.java:496)
W/InputMethodManagerService( 745): at com.android.internal.view.IInputMethodSession$Stub$Proxy.finishSession(IInputMethodSession.java:305)
W/InputMethodManagerService( 745): at com.android.server.InputMethodManagerService.finishSessionLocked(InputMethodManagerService.java:1415)
W/InputMethodManagerService( 745): at com.android.server.InputMethodManagerService.clearClientSessionLocked(InputMethodManagerService.java:1406)
W/InputMethodManagerService( 745): at com.android.server.InputMethodManagerService.clearCurMethodLocked(InputMethodManagerService.java:1432)
W/InputMethodManagerService( 745): at com.android.server.InputMethodManagerService.onServiceDisconnected(InputMethodManagerService.java:1451)
W/InputMethodManagerService( 745): at android.app.LoadedApk$ServiceDispatcher.doDeath(LoadedApk.java:1208)
W/InputMethodManagerService( 745): at android.app.LoadedApk$ServiceDispatcher$RunConnection.run(LoadedApk.java:1222)
W/InputMethodManagerService( 745): at android.os.Handler.handleCallback(Handler.java:739)
W/InputMethodManagerService( 745): at android.os.Handler.dispatchMessage(Handler.java:95)
W/InputMethodManagerService( 745): at android.os.Looper.loop(Looper.java:135)
W/InputMethodManagerService( 745): at com.android.server.SystemServer.run(SystemServer.java:269)
W/InputMethodManagerService( 745): at com.android.server.SystemServer.main(SystemServer.java:170)
W/InputMethodManagerService( 745): at java.lang.reflect.Method.invoke(Native Method)
W/InputMethodManagerService( 745): at java.lang.reflect.Method.invoke(Method.java:372)
W/InputMethodManagerService( 745): at com.android.internal.os.ZygoteInit$MethodAndArgsCaller.run(ZygoteInit.java:899)
W/InputMethodManagerService( 745): at com.android.internal.os.ZygoteInit.main(ZygoteInit.java:694)
D/CWCheckin(22440): Motorola help_improve privacy is -1
D/CWCheckin(22440): Generic privacy config is true
W/HandlerScheduledExecuto(21890): Task does not implement UiTask. Consider using NamedUiRunnable for Consumers.consumeAsync
I/ContactLocale(22457): AddressBook Labels [en-US;cs-CZ]: [, A, B, C, D, E, F, G, H, I, J, K, L, M, N, O, P, Q, R, S, T, U, V, W, X, Y, Z, Α, Β, Γ, Δ, Ε, Ζ, Η, Θ, Ι, Κ, Λ, Μ, Ν, Ξ, Ο, Π, Ρ, Σ, Τ, Υ, Φ, Χ, Ψ, Ω, , А, Б, В, Г, Д, Ђ, Е, Є, Ж, З, И, І, Ї, Й, Ј, К, Л, Љ, М, Н, Њ, О, П, Р, С, Т, Ћ, У, Ф, Х, Ц, Ч, Џ, Ш, Щ, Ю, Я, , א, ב, ג, ד, ה, ו, ז, ח, ט, י, כ, ל, מ, נ, ס, ע, פ, צ, ק, ר, ש, ת, , ا, ب, ت, ث, ج, ح, خ, د, ذ, ر, ز, س, ش, ص, ض, ط, ظ, ع, غ, ف, ق, ك, ل, م, ن, ه, و, ي, , ก, ข, ฃ, ค, ฅ, ฆ, ง, จ, ฉ, ช, ซ, ฌ, ญ, ฎ, ฏ, ฐ, ฑ, ฒ, ณ, ด, ต, ถ, ท, ธ, น, บ, ป, ผ, ฝ, พ, ฟ, ภ, ม, ย, ร, ฤ, ล, ฦ, ว, ศ, ษ, ส, ห, ฬ, อ, ฮ, , ㄱ, ㄴ, ㄷ, ㄹ, ㅁ, ㅂ, ㅅ, ㅇ, ㅈ, ㅊ, ㅋ, ㅌ, ㅍ, ㅎ, , あ, か, さ, た, な, は, ま, や, ら, わ, #, ]
W/HandlerScheduledExecuto(21890): Task does not implement UiTask. Consider using NamedUiRunnable for Consumers.consumeAsync
I/ActivityManager( 745): Process com.google.android.inputmethod.latin (pid 21935) has died
W/ActivityManager( 745): Scheduling restart of crashed service com.google.android.inputmethod.latin/com.android.inputmethod.latin.LatinIME in 91889ms
W/HandlerScheduledExecuto(21890): Task does not implement UiTask. Consider using NamedUiRunnable for Consumers.consumeAsync
I/BSUtils (22440): device type: NONMOTO
E/ActivityThread(22440): Failed to find provider info for com.motorola.ccc.plm.misc
I/CWCheckin(22440): service created
D/Checkin (22440): publish the event [tag = MOT_CHECKIN event name = LOG]
D/CWCheckin(22440): Motorola help_improve privacy is -1
D/CWCheckin(22440): Generic privacy config is true
I/CWCheckin(22440): service started
D/Checkin (22440): publish the event [tag = MOT_CHECKIN event name = LOG]
D/CWCheckin(22440): Motorola help_improve privacy is -1
D/CWCheckin(22440): Generic privacy config is true
I/ActivityManager( 745): Process com.android.providers.calendar (pid 22380) has died
D/CWCheckin(22440): Checkin StartupReceiver: com.motorola.cce.Actions.CCE_LAUNCH_CW_CHECKIN received.
W/SettingsDataItemWriter(21719): could not send rpc to writer: Status{statusCode=unknown status code: 4000, resolution=null}
W/PropertyValuesHolder(22006): Method setBrightness() with type int not found on target class class us
W/PropertyValuesHolder(22006): Method getBrightness() with type null not found on target class class us
E/ActivityThread(22440): Failed to find provider info for com.motorola.ccc.plm.misc
I/CCE (22440): Default cloud URL does not match to one in our config .. deleting config to force device to reprovision
W/CheckinEventWrapper(22440): Unable to get checkin class.
D/CCE (22440): _setupDefaults() ignoring overlayed setting as it is not defined in our Configuration
D/CCE (22440): blur version: Blur_Version.21.0.1570415.hammerhead.unknown.en.US
E/BlurMotherFrameworkDeps(22440): failed to register tag for checkin logging
D/MMApiWSBase(22440): MMApiWSBase configured as mOAuthToken=null, mOAuthTokenSecret=null, mSocketTimeout=30000, mTimeSkew=0, mChunkSize=8192
I/ActivityManager( 745): Start proc com.android.providers.calendar for content provider com.android.providers.calendar/.CalendarProvider2: pid=22507 uid=10002 gids={50002, 9997, 3003, 1028, 1015} abi=armeabi-v7a
I/ActivityManager( 745): START u0 {act=android.intent.action.MAIN cat=[android.intent.category.LAUNCHER] flg=0x10200000 cmp=com.google.android.music/com.android.music.activitymanagement.TopLevelActivity bnds=[276,575][540,871] (has extras)} from uid 10022 on display 0
W/ResourcesManager(21719): Asset path '/system/framework/com.google.android.media.effects.jar' does not exist or contains no resources.
I/ActivityManager( 745): Process android.process.acore (pid 22457) has died W/msgr(:):QuickExperimentControllerImpl(21618): Exposure of experiment com.facebook.messaging.e.b@2a06ef36 occurred when no user was logged in
E/BlurMotherFrameworkDeps(22440): failed to register tag for checkin logging
I/art (21750): Explicit concurrent mark sweep GC freed 24729(1766KB) AllocSpace objects, 1(20KB) LOS objects, 39% free, 17MB/29MB, paused 1.662ms total 38.320ms
I/art (21719): Explicit concurrent mark sweep GC freed 26161(1414KB) AllocSpace objects, 16(957KB) LOS objects, 39% free, 17MB/29MB, paused 1.104ms total 51.295ms
I/ActivityManager( 745): Start proc com.google.android.music:ui for activity com.google.android.music/com.android.music.activitymanagement.TopLevelActivity: pid=22529 uid=10060 gids={50060, 9997, 3003, 1028, 1015} abi=armeabi-v7a
D/CCE (22440): AppWSProxy created ...
I/UsageStatsService( 745): User[0] Flushing usage stats to disk
I/art (21618): Rejecting re-init on previously-failed class java.lang.Class
I/art (21618): Rejecting re-init on previously-failed class java.lang.Class
D/SoLoader(21618): found fb_stl_shared in default place
W/ResourcesManager(22507): Asset path '/system/framework/android.test.runner.jar' does not exist or contains no resources.
I/ActivityManager( 745): Process com.mailchimp.mailchimp (pid 22120) has died
W/ActivityManager( 745): Scheduling restart of crashed service com.mailchimp.mailchimp/.WearableService in 101289ms
D/PollingManager(22440): PollingManagerService()
D/PollingManager(22440): init()
I/CalendarProvider2(22507): Created com.android.providers.calendar.CalendarAlarmManager@f038f81(com.android.providers.calendar.CalendarProvider2@39039826)
D/SoLoader(21618): found fb in default place
D/SoLoader(21618): found fb_breakpad_client in default place
I/UserAuthService(22440): service started, account exists: true
D/SoLoader(21618): found fbjni in default place
D/MMApiProvisionService(22440): Configuring max forced login attempts to 50
D/SoLoader(21618): found heartbleed in default place
E/BlurMotherFrameworkDeps(22440): failed to register tag for checkin logging
D/MMApiProvisionService(22440): MMApiProvisionService created...
D/MMApiProvisionService(22440): isDeviceProvisioned: deviceId = null
D/CCE (22440): sending request: (create_device) to MMApiprovisionService
I/MMApiProvisionService(22440): createDeviceIdOrLogin create_device
D/MMApiProvisionService(22440): isDeviceProvisioned: deviceId = null
I/UserDevice(22440): createDevice
D/BSUtils (22440): Error checking isMultiSimEnabled, Exception:java.lang.ClassNotFoundException: android.telephony.MSimTelephonyManager
D/BSUtils (22440): Error checking isMultiSimEnabled, Exception:java.lang.ClassNotFoundException: android.telephony.MSimTelephonyManager
I/BSUtils (22440): failed to get sys.build.version.checksum. Setting swChkSum to default: FFFF
D/WifiService( 745): Client connection lost with reason: 4
D/audio_hw_primary( 187): disable_audio_route: reset and update mixer path: audio-record
D/audio_hw_primary( 187): disable_snd_device: snd_device(55: voice-rec-mic)
I/ActivityManager( 745): Process com.google.android.googlequicksearchbox:search (pid 21890) has died
W/ActivityManager( 745): Scheduling restart of crashed service com.google.android.googlequicksearchbox/com.google.android.search.core.service.SearchService in 639072ms
W/ActivityManager( 745): Canceling start item Intent { act=com.google.android.search.core.service.BroadcastListenerService.action.UPDATE cmp=com.google.android.googlequicksearchbox/com.google.android.search.core.service.BroadcastListenerService (has extras) } in service ComponentInfo{com.google.android.googlequicksearchbox/com.google.android.search.core.service.BroadcastListenerService}
W/ActivityManager( 745): Scheduling restart of crashed service com.google.android.googlequicksearchbox/com.google.android.search.core.service.BroadcastListenerService in 1083531264ms
I/ActivityManager( 745): Activity reported stop, but no longer stopping: ActivityRecord{fca291a u0 com.google.android.googlequicksearchbox/com.google.android.launcher.GEL t396}
I/art (21701): Explicit concurrent mark sweep GC freed 46872(2MB) AllocSpace objects, 34(1139KB) LOS objects, 39% free, 20MB/34MB, paused 3.528ms total 132.241ms
W/ResourcesManager(22529): Asset path '/system/framework/com.android.media.remotedisplay.jar' does not exist or contains no resources.
W/ResourcesManager(22529): Asset path '/system/framework/com.android.location.provider.jar' does not exist or contains no resources.
I/UserDevice(22440): Request: executing...
W/AlarmManager( 745): Window length 9223372036854775807ms suspiciously long; limiting to 1 hour
D/CCE (22440): onBind() called: com.motorola.blur.service.blur.Actions.BIND_WSPROXY_SVC
D/CCE (22440): onBind() called: com.motorola.blur.service.blur.Actions.BIND_POLLINGMANAGER_WSPROXY_SVC
D/WearableClient(22440): WearableClientImpl.onPostInitHandler: done
V/JNIHelp (22529): Registering com/google/android/gms/org/conscrypt/NativeCrypto's 235 native methods...
D/WearableClient(22440): WearableClientImpl.onPostInitHandler: done
I/GCoreUlr(21701): Ensuring that reporting is active for [account#-1#]
W/Settings(21701): Setting airplane_mode_on has moved from android.provider.Settings.System to android.provider.Settings.Global, returning read-only value.
I/CWCheckin(22440): service started
D/Checkin (22440): publish the event [tag = MOT_CHECKIN event name = LOG]
D/CWCheckin(22440): Motorola help_improve privacy is -1
D/CWCheckin(22440): Generic privacy config is true
D/PollingManager(22440): phone state: 0 0 home 2degrees 53024 UMTS HSPA CSS not supported -1 -1 RoamInd=-1 DefRoamInd=-1 EmergOnly=false
D/PollingManager(22440): ignoring connectivity_action: since I don't like the type: [type: MOBILE[HSPA], state: DISCONNECTED/DISCONNECTED, reason: (unspecified), extra: internet, roaming: false, failover: false, isAvailable: true, isConnectedToProvisioningNetwork: false]
I/CWCheckin(22440): BcsTimer.setTimer(5464, 21600000)
D/Checkin (22440): publish the event [tag = MOT_CHECKIN event name = LOG]
D/CWCheckin(22440): Motorola help_improve privacy is -1
D/CWCheckin(22440): Generic privacy config is true
D/PollingManager(22440): registerApp(): com.motorola.checkin
D/PollingManager(22440): registerApp(): shortest interval is 21600000
D/PollingManager(22440): Polling alarm set to expire at: 554524056 Current Time: 554518594
W/AlarmManager( 745): Window length 9223372036854775807ms suspiciously long; limiting to 1 hour
D/MMApiWebService(22440): doRequest() with req : [B@36cdd47d
D/MMApiWebService(22440): generating token using payload instead of using session token
I/ProviderInstaller(22529): Installed default security provider GmsCore_OpenSSL
I/MMApiWSBase(22440): doRequest(): url: https://argo.svcmot.com:443/v1/gdi/user/devices.json?appid=6R1TANEX3ZMQ6EU1UH43P34C8B868KTE&userid=9bd58775cf0940c4bac29fda474df1b7
D/WearableClient(22440): WearableClientImpl.onPostInitHandler: done
I/ActivityManager( 745): Start proc com.google.android.music:main for service com.google.android.music/.preferences.MusicPreferenceService$MusicPreferenceServiceBinder: pid=22562 uid=10060 gids={50060, 9997, 3003, 1028, 1015} abi=armeabi-v7a
I/art (21618): Background sticky concurrent mark sweep GC freed 59206(3MB) AllocSpace objects, 10(160KB) LOS objects, 14% free, 21MB/25MB, paused 42.613ms total 188.161ms
I/art ( 745): Explicit concurrent mark sweep GC freed 18034(986KB) AllocSpace objects, 5(4MB) LOS objects, 21% free, 57MB/73MB, paused 2.064ms total 221.297ms
D/WifiService( 745): acquireWifiLockLocked: WifiLock{NlpWifiLock type=2 binder=android.os.BinderProxy@337dcce9}
W/NowFetcherService(21719): Receives a Now broadcast while not connected to GSA
I/WearablePkgInstaller(21719): Fingerprint matches, not requesting installs for com.google.android.maps.mytracks
W/ResourcesManager(21719): Asset path '/system/framework/com.google.android.dialer.support.jar' does not exist or contains no resources.
I/ActivityManager( 745): Start proc com.google.android.googlequicksearchbox:search for broadcast com.google.android.googlequicksearchbox/com.google.android.apps.sidekick.widget.PredictiveCardsWidgetProvider: pid=22581 uid=10022 gids={50022, 9997, 3003, 3001, 1028, 3002, 1015, 1005} abi=armeabi-v7a W/msgr(:):QuickExperimentControllerImpl(21618): Exposure of experiment com.facebook.video.abtest.ac@17ece79 occurred when no user was logged in W/msgr(:):QuickExperimentControllerImpl(21618): Exposure of experiment com.facebook.video.abtest.ac@17ece79 occurred when no user was logged in
I/art ( 1323): Background partial concurrent mark sweep GC freed 42221(2MB) AllocSpace objects, 40(12MB) LOS objects, 28% free, 39MB/55MB, paused 5.023ms total 143.848ms W/msgr(:):QuickExperimentControllerImpl(21618): Exposure of experiment com.facebook.video.abtest.ac@17ece79 occurred when no user was logged in
E/WifiStateMachine( 745): WifiStateMachine CMD_START_SCAN source 10008 txSuccessRate=165.84 rxSuccessRate=316.46 targetRoamBSSID=00:00:00:00:00:00 RSSI=-64
I/wpa_supplicant(12600): wlan0: CTRL-EVENT-SCAN-STARTED
I/MusicStore(22562): Database version: 103
I/GCoreUlr(21701): Starting service, intent=Intent { act=com.google.android.location.reporting.ACTION_LOCATION_STATUS cmp=com.google.android.gms/com.google.android.location.reporting.service.DispatchingService (has extras) }, extras=Bundle[{status=LocationStatus[cell status: STATUS_UNKNOWN, wifi status: STATUS_UNKNOWN, elapsed realtime ns: 0]}]
I/FitnessApp(21631): No import data item
E/bt-btm (23530): btm_sec_disconnected - Clearing Pending flag
D/BluetoothMapService(23530): onReceive
I/CalendarProvider2(22507): Sending notification intent: Intent { act=android.intent.action.PROVIDER_CHANGED dat=content://com.android.calendar }
W/ContentResolver(22507): Failed to get type for: content://com.android.calendar (Unknown URL content://com.android.calendar) I/Coffee - BluetoothTrustlet(21701): No trusted connected device, revoking trust.
I/ConfigStore(22562): Config Database version: 1 I/Coffee - GoogleTrustAgent(21701): Trust state changed, trusted: false reason: null
W/BroadcastQueue( 745): Permission Denial: broadcasting Intent { act=android.net.conn.INET_CONDITION_ACTION flg=0x4000010 (has extras) } from null (pid=-1, uid=-1) requires com.facebook.permission.prod.FB_APP_COMMUNICATION due to registered receiver BroadcastFilter{9da641b u0 ReceiverList{b08ee2a 21618 com.facebook.orca/10136/u0 remote:31f82b15}}
W/BroadcastQueue( 745): Permission Denial: broadcasting Intent { act=android.net.conn.CONNECTIVITY_CHANGE flg=0x4000010 (has extras) } from null (pid=-1, uid=-1) requires com.facebook.permission.prod.FB_APP_COMMUNICATION due to registered receiver BroadcastFilter{9da641b u0 ReceiverList{b08ee2a 21618 com.facebook.orca/10136/u0 remote:31f82b15}}
W/ResourcesManager(22562): Asset path '/system/framework/com.android.media.remotedisplay.jar' does not exist or contains no resources.
W/ResourcesManager(22562): Asset path '/system/framework/com.android.location.provider.jar' does not exist or contains no resources.
I/FitnessApp(21631): Registering observers for loader ActivitySummaryLoader
I/FitnessApp(21631): Reloading ActivitySummaryLoader
I/FitnessApp(21631): Querying Data ActivitySummaryLoader
V/JNIHelp (22562): Registering com/google/android/gms/org/conscrypt/NativeCrypto's 235 native methods...
I/ActivityManager( 745): Start proc com.google.android.partnersetup for content provider com.google.android.partnersetup/.RlzAppProvider: pid=22611 uid=10013 gids={50013, 9997, 3003} abi=armeabi-v7a
I/WearablePkgInstaller(21719): Fingerprint matches, not requesting installs for com.google.android.keep
I/ProviderInstaller(22562): Installed default security provider GmsCore_OpenSSL
I/ActivityManager( 745): Start proc com.google.android.googlequicksearchbox:interactor for service com.google.android.googlequicksearchbox/com.google.android.voiceinteraction.GsaVoiceInteractionService: pid=22622 uid=10022 gids={50022, 9997, 3003, 3001, 1028, 3002, 1015, 1005} abi=armeabi-v7a W/msgr(:):QuickExperimentControllerImpl(21618): Exposure of experiment com.facebook.push.mqtt.service.dd@2ae5d022 occurred when no user was logged in
I/GCoreUlr(21701): GMS FLP location and AR updates requested: {"sampleReason":"default","description":"default","timestampMs":1417034418361,"samplePeriodMs":60000,"sampleSource":"internal"}
D/WifiService( 745): New client listening to asynchronous messages
W/GAV2 (22581): Thread[main,5,main]: Need to call initialize() and be in fallback mode to start dispatch.
I/WearablePkgInstaller(21719): Fingerprint matches, not requesting installs for com.google.android.GoogleCamera
I/WearablePkgInstaller(21719): Fingerprint matches, not requesting installs for org.leetzone.android.yatsewidgetfree
I/ActivityManager( 745): Process com.android.providers.calendar (pid 22507) has died
D/WifiService( 745): Client connection lost with reason: 4
I/art (21719): Explicit concurrent mark sweep GC freed 15122(722KB) AllocSpace objects, 0(0B) LOS objects, 39% free, 18MB/30MB, paused 1.156ms total 59.335ms
I/ActivityManager( 745): Process com.google.android.gms (pid 21823) has died
W/ActivityManager( 745): Scheduling restart of crashed service com.google.android.gms/.ads.identifier.service.AdvertisingIdService in 19589ms
W/ActivityManager( 745): Scheduling restart of crashed service com.google.android.gms/.analytics.service.AnalyticsService in 29589ms
I/art (21750): Explicit concurrent mark sweep GC freed 19736(1491KB) AllocSpace objects, 0(0B) LOS objects, 40% free, 17MB/29MB, paused 1.263ms total 38.592ms
D/NowFetcherService(21719): onServiceConnected: connected to NowRemoteService
I/ActivityManager( 745): Start proc com.android.providers.calendar for content provider com.android.providers.calendar/.CalendarProvider2: pid=22665 uid=10002 gids={50002, 9997, 3003, 1028, 1015} abi=armeabi-v7a
I/art ( 198): Explicit concurrent mark sweep GC freed 704(30KB) AllocSpace objects, 0(0B) LOS objects, 39% free, 15MB/25MB, paused 351us total 15.075ms
I/ActivityManager( 745): Waited long enough for: ServiceRecord{13518890 u0 com.google.android.calendar/com.android.calendar.alerts.AlertService}
I/art ( 198): Explicit concurrent mark sweep GC freed 7(240B) AllocSpace objects, 0(0B) LOS objects, 40% free, 15MB/25MB, paused 309us total 13.709ms
I/art ( 198): Explicit concurrent mark sweep GC freed 5(160B) AllocSpace objects, 0(0B) LOS objects, 40% free, 15MB/25MB, paused 306us total 13.857ms
W/Fitness (21701): One or more invalid step counts, delta=0, start=09:08:59, end=09:21:01
W/Fitness (21701): One or more invalid step counts, delta=0, start=09:21:01, end=09:24:11
W/Fitness (21701): One or more invalid step counts, delta=0, start=09:24:11, end=09:26:55
W/Fitness (21701): One or more invalid step counts, delta=0, start=09:26:55, end=09:38:32
I/WearableConn(21750): Connecting to "Moto 360 0360"
W/BluetoothAdapter(21750): getBluetoothService() called with no BluetoothManagerCallback
W/ResourcesManager(21719): Asset path '/system/framework/com.android.media.remotedisplay.jar' does not exist or contains no resources.
W/ResourcesManager(21719): Asset path '/system/framework/com.android.location.provider.jar' does not exist or contains no resources.
D/BTIF_SOCK(23530): service_uuid: 5e8945b0-9525-11e3-a5e2-0800200c9a66
I/MediaRouter(22581): Found default route: MediaRouter.RouteInfo{ uniqueId=android/mo:DEFAULT_ROUTE, name=Phone, description=null, enabled=true, connecting=false, playbackType=0, playbackStream=3, volumeHandling=1, volume=11, volumeMax=15, presentationDisplayId=-1, extras=null, providerPackageName=android }
W/ResourcesManager(22665): Asset path '/system/framework/android.test.runner.jar' does not exist or contains no resources.
W/Fitness (21701): One or more invalid step counts, delta=0, start=09:08:59, end=09:21:01
W/Fitness (21701): One or more invalid step counts, delta=0, start=09:21:01, end=09:24:11
W/Fitness (21701): One or more invalid step counts, delta=0, start=09:24:11, end=09:26:55
W/Fitness (21701): One or more invalid step counts, delta=0, start=09:26:55, end=09:38:32 W/msgr(:):QuickExperimentControllerImpl(21618): Exposure of experiment com.facebook.http.j.h@1108f2cd occurred when no user was logged in
I/CalendarProvider2(22665): Created com.android.providers.calendar.CalendarAlarmManager@f038f81(com.android.providers.calendar.CalendarProvider2@39039826)
I/FavoriteContactNamesSup(22581): get() : Execute runnable (UI thread)
I/ContactLabelSupplier(22581): get() : Execute runnable (UI thread)
I/ActivityManager( 745): Start proc android.process.acore for content provider com.android.providers.contacts/.ContactsProvider2: pid=22706 uid=10004 gids={50004, 9997} abi=armeabi-v7a
W/BroadcastQueue( 745): Permission Denial: broadcasting Intent { act=android.net.conn.CONNECTIVITY_CHANGE flg=0x4000010 (has extras) } from null (pid=-1, uid=-1) requires com.facebook.permission.prod.FB_APP_COMMUNICATION due to registered receiver BroadcastFilter{327ef454 u0 ReceiverList{1b8b27a7 21618 com.facebook.orca/10136/u0 remote:1739866}}
I/FitnessApp(21631): Added 9 steps with other activity type to walking. Bucket{startTime=1416999600000, endTime=1417034330988, activity=3, dataSets=[DataSet{d:step_count.delta:gms:aggregated [RawDataPoint{[9]@[1417030215210000000, 1417032539670000000](0,1)}]}, DataSet{d:activity.summary:gms:aggregated [RawDataPoint{[3, 34730988, 2]@[1416999600000000000, 1417034330988000000](2,3)}]}], bucketType=type, serverHasMoreData=false}
I/FitnessApp(21631): ActivitySummaryLoader generated summary ActivitySummary {WALKING= [STEP_COUNT=9], RUNNING= [], BIKING= [], OTHER= [], otherData= [[STEP_COUNT=9]]}
I/FitnessApp(21631): Processing Results ActivitySummaryLoader: 939ms
I/art (21618): Background partial concurrent mark sweep GC freed 35041(1866KB) AllocSpace objects, 10(160KB) LOS objects, 39% free, 23MB/38MB, paused 13.614ms total 125.462ms
W/InputMethodInfo( 745): Duplicated subtype definition found: , voice
I/MediaRouter(22562): Found default route: MediaRouter.RouteInfo{ uniqueId=android/.support.v7.media.SystemMediaRouteProvider:DEFAULT_ROUTE, name=Phone, description=null, enabled=true, connecting=false, playbackType=0, playbackStream=3, volumeHandling=1, volume=11, volumeMax=15, presentationDisplayId=-1, extras=null, providerPackageName=android }
I/System.out(21618): ~~~ loading file libphone_data/PhoneNumberMetadataProto_US
E/ActivityThread(22440): Failed to find provider info for com.motorola.ccc.plm.misc
D/CCE (22440): App Checkin requested CCE to send settings
D/Checkin (22440): publish the event [tag = MOT_PRIVACY_PROFILE event name = PRIVACY]
D/CWCheckin(22440): Motorola help_improve privacy is -1
D/CWCheckin(22440): Generic privacy config is true
D/Checkin (22440): publish the event [tag = MOT_PRIVACY_PROFILE event name = PRIVACY]
D/CWCheckin(22440): Motorola help_improve privacy is -1
D/CWCheckin(22440): Generic privacy config is true
I/FitnessApp(21631): Creating implicit step goal of 5392
I/ThermalEngine( 197): TM Id 'battery_LCD_monitor' Sensor 'batt_therm' - alarm raised 3 at 350.0 degC
E/ThermalEngine( 197): override action 5000
E/ThermalEngine( 197): Thermal-Server: Thermal received msg override 5000
E/ThermalEngine( 197): override_notify : SS mode 1 override 5000
I/Fitness (21701): Initial registration for DataType{com.google.activity.sample[activity(i), confidence(f)]}
I/Fitness (21701): Initial registration for DataType{com.google.activity.sample[activity(i), confidence(f)]}
I/Fitness (21701): Registering for activity recognition DETAILED every 60000ms
I/art ( 745): Explicit concurrent mark sweep GC freed 17058(892KB) AllocSpace objects, 6(605KB) LOS objects, 21% free, 57MB/73MB, paused 2.107ms total 177.226ms
I/CWCheckin(22440): BcsTimer.setTimer(21600000, 21600000)
D/Checkin (22440): publish the event [tag = MOT_CHECKIN event name = LOG]
D/CWCheckin(22440): Motorola help_improve privacy is -1
D/CWCheckin(22440): Generic privacy config is true
D/PollingManager(22440): registerApp(): com.motorola.checkin
D/PollingManager(22440): registerApp(): com.motorola.checkin already registered.
D/PollingManager(22440): modifyApp(): com.motorola.checkin
D/PollingManager(22440): calculateShortestInterval(): shortest interval is 21600000
I/Fitness (21701): Successfully added recording listener for c{appPackageName=com.google.android.apps.fitness, subscription=Subscription{dataSource=DataSource{derived:Application{com.google.android.gms::null}:Device{LGE:Nexus 5:4d2fdcb370f27e36::0:2}:detailed:DataType{com.google.activity.sample[activity(i), confidence(f)]}}, dataType=DataType{com.google.activity.sample[activity(i), confidence(f)]}, samplingIntervalMicros=-1, accuracyMode=2}}
I/FitnessApp(21631): Wearable Sync Completed in 10827 ms
D/WearableClient(21719): WearableClientImpl.onPostInitHandler: done
I/MediaRouter(22529): Found default route: MediaRouter.RouteInfo{ uniqueId=android/.support.v7.media.SystemMediaRouteProvider:DEFAULT_ROUTE, name=Phone, description=null, enabled=true, connecting=false, playbackType=0, playbackStream=3, volumeHandling=1, volume=11, volumeMax=15, presentationDisplayId=-1, extras=null, providerPackageName=android }
E/Fitness (21701): Data source derived:com.google.distance.delta:com.google.android.gms:pruned_distance already registered with realm MIXED -- cannot re-register with realm SERVER
I/ContactLocale(22706): AddressBook Labels [en-US;cs-CZ]: [, A, B, C, D, E, F, G, H, I, J, K, L, M, N, O, P, Q, R, S, T, U, V, W, X, Y, Z, Α, Β, Γ, Δ, Ε, Ζ, Η, Θ, Ι, Κ, Λ, Μ, Ν, Ξ, Ο, Π, Ρ, Σ, Τ, Υ, Φ, Χ, Ψ, Ω, , А, Б, В, Г, Д, Ђ, Е, Є, Ж, З, И, І, Ї, Й, Ј, К, Л, Љ, М, Н, Њ, О, П, Р, С, Т, Ћ, У, Ф, Х, Ц, Ч, Џ, Ш, Щ, Ю, Я, , א, ב, ג, ד, ה, ו, ז, ח, ט, י, כ, ל, מ, נ, ס, ע, פ, צ, ק, ר, ש, ת, , ا, ب, ت, ث, ج, ح, خ, د, ذ, ر, ز, س, ش, ص, ض, ط, ظ, ع, غ, ف, ق, ك, ل, م, ن, ه, و, ي, , ก, ข, ฃ, ค, ฅ, ฆ, ง, จ, ฉ, ช, ซ, ฌ, ญ, ฎ, ฏ, ฐ, ฑ, ฒ, ณ, ด, ต, ถ, ท, ธ, น, บ, ป, ผ, ฝ, พ, ฟ, ภ, ม, ย, ร, ฤ, ล, ฦ, ว, ศ, ษ, ส, ห, ฬ, อ, ฮ, , ㄱ, ㄴ, ㄷ, ㄹ, ㅁ, ㅂ, ㅅ, ㅇ, ㅈ, ㅊ, ㅋ, ㅌ, ㅍ, ㅎ, , あ, か, さ, た, な, は, ま, や, ら, わ, #, ]
I/art (16979): Explicit concurrent mark sweep GC freed 4120(187KB) AllocSpace objects, 0(0B) LOS objects, 40% free, 17MB/29MB, paused 1.662ms total 34.713ms
E/Fitness (21701): Data source derived:com.google.distance.delta:com.google.android.gms:pruned_distance already registered with realm MIXED -- cannot re-register with realm SERVER
E/Fitness (21701): Data source derived:com.google.distance.delta:com.google.android.gms:pruned_distance already registered with realm MIXED -- cannot re-register with realm SERVER
E/WifiStateMachine( 745): WifiStateMachine CMD_START_SCAN source 10008 txSuccessRate=165.84 rxSuccessRate=316.46 targetRoamBSSID=00:00:00:00:00:00 RSSI=-64
W/bt-btif (23530): info:x10
D/ (23530): remote version info [5c:31:3e:36:03:60]: 7, d, ac11
I/Fitness (21701): Initial registration for DataType{com.google.distance.delta[distance(f)]}
I/Fitness (21701): Initial registration for DataType{com.google.distance.delta[distance(f)]}
I/Fitness (21701): Successfully added recording listener for c{appPackageName=com.google.android.apps.fitness, subscription=Subscription{dataSource=DataSource{derived:Application{com.google.android.gms::null}:Device{LGE:Nexus 5:4d2fdcb370f27e36::0:2}::DataType{com.google.distance.delta[distance(f)]}}, dataType=DataType{com.google.distance.delta[distance(f)]}, samplingIntervalMicros=-1, accuracyMode=2}} I/Coffee - BluetoothTrustlet(21701): Enabling trust, connected to trusted device: Moto 360 0360 I/Coffee - GoogleTrustAgent(21701): Trust state changed, trusted: true reason: Securely connected to Bluetooth device Moto 360 0360
W/KeyphraseEnrollmentInfo(22622): Enrollment application doesn't support keyphrases
W/bt-sdp (23530): process_service_search_attr_rsp
W/ContextImpl(22344): Implicit intents with startService are not safe: Intent { act=com.google.android.gms.analytics.service.START (has extras) } android.content.ContextWrapper.bindService:538 com.google.analytics.tracking.android.AnalyticsGmsCoreClient.connect:82 com.google.analytics.tracking.android.GAServiceProxy.connectToService:279
W/MediaListFragment(22529): Failed to init from args, expecting init() to be called by subclass.
I/ActivityManager( 745): Start proc com.google.android.gms for service com.google.android.gms/.analytics.service.AnalyticsService: pid=22756 uid=10008 gids={50008, 9997, 2001, 3003, 1007, 3006, 1028, 1015, 3002, 3001, 1005, 3007} abi=armeabi-v7a
I/GAV2 (22344): Thread[GAThread,5,main]: No campaign data found.
W/bt-btif (23530): new conn_srvc id:26, app_id:1
W/bt-btif (23530): bta_dm_pm_ssr conn_srvc id:26, app_id:1
W/bt-btif (23530): bta_dm_pm_ssr:2, lat:1200
I/WearableConn(21750): Connected, running sync loop
I/ActivityManager( 745): Process com.google.android.partnersetup (pid 22611) has died
D/wearable(21750): Peer handshake connect succeeded, peer version: 1
I/ActivityManager( 745): Process com.android.providers.calendar (pid 22665) has died
W/ActivityManager( 745): Scheduling restart of crashed service com.android.providers.calendar/.EmptyService in 28062ms
I/Fitness (21701): Initial registration for DataType{com.google.location.sample[latitude(f), longitude(f), accuracy(f), altitude(f)]}
I/Fitness (21701): Initial registration for DataType{com.google.location.sample[latitude(f), longitude(f), accuracy(f), altitude(f)]}
W/ArtDownloadService(22562): Setting cache size 276433822
I/ContactLabelSupplier(22581): get() : OptedIn = true
I/ContactLabelSupplier(22581): get() : Looking up 20 labels
D/ClockworkProxy(21719): onPeerConnected node=NodeParcelable{b9611de2-3eef-433a-bcbe-7418f286614f,b9611de2-3eef-433a-bcbe-7418f286614f}
D/BluetoothManagerService( 745): checkIfCallerIsForegroundUser: valid=true callingUser=0 foregroundUser=0
D/LocationWearablesListenerService(21701): onPeerConnected
D/ClockworkProxy(21719): Start clockwork proxy TCP serving thread
D/ClockworkProxy(21719): Start clockwork proxy UDP relaying thread
W/ResourcesManager(22756): Asset path '/system/framework/com.android.media.remotedisplay.jar' does not exist or contains no resources.
W/ResourcesManager(22756): Asset path '/system/framework/com.android.location.provider.jar' does not exist or contains no resources.
I/Fitness (21701): Successfully added recording listener for c{appPackageName=com.google.android.apps.fitness, subscription=Subscription{dataSource=DataSource{raw:Application{com.google.android.gms::null}:Device{LGE:Nexus 5:4d2fdcb370f27e36::0:2}::DataType{com.google.location.sample[latitude(f), longitude(f), accuracy(f), altitude(f)]}}, dataType=DataType{com.google.location.sample[latitude(f), longitude(f), accuracy(f), altitude(f)]}, samplingIntervalMicros=-1, accuracyMode=2}}
I/SettingsDataItemWriter(21719): setDisableDoze: true false
V/wearable(21750): ensureBuffersHaveSpace: increasing size from 46 to 1012
I/MultiDex(22756): VM with version 2.1.0 has multidex support
I/ActivityManager( 745): Start proc com.android.providers.calendar for content provider com.android.providers.calendar/.CalendarProvider2: pid=22778 uid=10002 gids={50002, 9997, 3003, 1028, 1015} abi=armeabi-v7a
I/MultiDex(22756): install
I/MultiDex(22756): VM has multidex support, MultiDex support library is disabled.
V/wearable(21750): ensureBuffersHaveSpace: increasing size from 1012 to 1526
E/GmsClient(21701): Calling connect() while still connected, missing disconnect() for com.google.android.gms.wearable.BIND
I/VS.Container(22581): create_speech_recognizer
I/Fitness (21701): Initial registration for DataType{com.google.speed[speed(f)]}
I/Fitness (21701): Initial registration for DataType{com.google.speed[speed(f)]}
E/WifiStateMachine( 745): WifiStateMachine CMD_START_SCAN source 10008 txSuccessRate=165.84 rxSuccessRate=316.46 targetRoamBSSID=00:00:00:00:00:00 RSSI=-64
W/ResourcesManager(22778): Asset path '/system/framework/android.test.runner.jar' does not exist or contains no resources.
I/Fitness (21701): Successfully added recording listener for c{appPackageName=com.google.android.apps.fitness, subscription=Subscription{dataSource=DataSource{derived:Application{com.google.android.gms::null}:Device{LGE:Nexus 5:4d2fdcb370f27e36::0:2}::DataType{com.google.speed[speed(f)]}}, dataType=DataType{com.google.speed[speed(f)]}, samplingIntervalMicros=-1, accuracyMode=2}}
E/WifiStateMachine( 745): WifiStateMachine CMD_START_SCAN source 10008 txSuccessRate=165.84 rxSuccessRate=316.46 targetRoamBSSID=00:00:00:00:00:00 RSSI=-64
I/ProviderInstaller(22756): Insert disabled by gate 'gms:security:enable_conscrypt_in_gms_application'
I/MicrophoneInputStream(22581): mic_starting gfk@31d48ef7
D/SystemUtils(22562): getSystemProperty: lpa.decode=null
I/HotwordRecognitionRnr(22581): Starting hotword detection.
W/HandlerScheduledExecuto(22581): Task does not implement UiTask. Consider using NamedUiRunnable for fjp@9e5a082
I/ContactLabelSupplier(22581): get() : Lookup time = 417 ms
W/HandlerScheduledExecuto(22581): Task does not implement UiTask. Consider using NamedUiRunnable for fjp@9e5a082
I/CalendarProvider2(22778): Created com.android.providers.calendar.CalendarAlarmManager@f038f81(com.android.providers.calendar.CalendarProvider2@39039826)
I/AudioFlinger( 187): AudioFlinger's thread 0xaf313000 ready to run
I/MicrophoneInputStream(22581): mic_started gfk@31d48ef7
I/ActivityManager( 745): Process android.process.acore (pid 22706) has died
D/audio_hw_primary( 187): select_devices: out_snd_device(0: none) in_snd_device(55: voice-rec-mic)
D/msm8974_platform( 187): platform_send_audio_calibration: sending audio calibration for snd_device(55) acdb_id(62)
D/ ( 187): Failed to fetch the lookup information of the device 0000003E
E/ACDB-LOADER( 187): Error: ACDB AudProc vol returned = -19
D/audio_hw_primary( 187): enable_snd_device: snd_device(55: voice-rec-mic)
D/audio_hw_primary( 187): enable_audio_route: apply and update mixer path: audio-record
D/CWCheckin(22440): Checkin StartupReceiver: com.motorola.blur.service.blur.Actions.SERVICES_STARTED received.
D/CWCheckin(22440): Checkin StartupReceiver: com.motorola.cce.Actions.CCE_LAUNCH_CW_CHECKIN received.
I/CWCheckin(22440): service started
D/Checkin (22440): publish the event [tag = MOT_CHECKIN event name = LOG]
D/CWCheckin(22440): Motorola help_improve privacy is -1
D/CWCheckin(22440): Generic privacy config is true
E/WifiStateMachine( 745): WifiStateMachine CMD_START_SCAN source -2 txSuccessRate=85.92 rxSuccessRate=160.23 targetRoamBSSID=00:00:00:00:00:00 RSSI=-64
I/MotAcct.GoogAccWatcher(22440): account is authenticated: true
I/HotwordWorker(22581): onReady
I/LocalDevicePlayback(22562): stop: willPlay=false, currentPos=0
D/WearableClient(22440): WearableClientImpl.onPostInitHandler: done
I/GCoreUlr(21701): Starting service, intent=Intent { act=com.google.android.location.reporting.ACTION_UPDATE_WORLD cmp=com.google.android.gms/com.google.android.location.reporting.service.DispatchingService (has extras) }, extras=Bundle[{receiverAction=com.google.android.location.internal.server.ACTION_RESTARTED}]
W/GCoreFlp(21701): No location to return for getLastLocation()
I/GCoreUlr(21701): WorldUpdater received intent Intent { act=com.google.android.location.reporting.ACTION_UPDATE_WORLD cmp=com.google.android.gms/com.google.android.location.reporting.service.DispatchingService (has extras) } with receiverAction com.google.android.location.internal.server.ACTION_RESTARTED
I/NetworkMonitor(22562): type=WIFI subType= reason=null isConnected=true
I/Fitness (21701): Initial registration for DataType{com.google.step_count.cumulative[steps(i)]}
I/Fitness (21701): Initial registration for DataType{com.google.step_count.cumulative[steps(i)]}
I/Fitness (21701): Successfully added recording listener for c{appPackageName=com.google.android.apps.fitness, subscription=Subscription{dataSource=DataSource{raw:Device{LGE:Nexus 5:4d2fdcb370f27e36::0:2}:Step Counter:DataType{com.google.step_count.cumulative[steps(i)]}}, dataType=DataType{com.google.step_count.cumulative[steps(i)]}, samplingIntervalMicros=-1, accuracyMode=2}}
I/DynRingVolController(21719): reverting to original ringer.
W/Fitness (21701): No default data source set for com.google.android.apps.fitness.activity.baseline
D/BluetoothManagerService( 745): Message: 20
D/BluetoothManagerService( 745): Added callback: android.bluetooth.IBluetoothManagerCallback$Stub$Proxy@11cd5c22:true
I/BTConnectionReceiver(22581): onReceive(context, Intent { act=android.bluetooth.device.action.ACL_DISCONNECTED flg=0x4000010 cmp=com.google.android.googlequicksearchbox/com.google.android.search.core.service.BluetoothConnectionReceiver (has extras) }, [BluetoothDevice: address=5C:31:3E:36:03:60, alias=null, name=Moto 360 0360, majorDeviceClass=1792, deviceClass=1796]
I/BluetoothClassifier(22581): Bluetooth Device Name: Moto 360 0360
D/BluetoothManagerService( 745): checkIfCallerIsForegroundUser: valid=true callingUser=0 foregroundUser=0
D/WearableClient(22562): WearableClientImpl.onPostInitHandler: done
E/WifiStateMachine( 745): WifiStateMachine CMD_START_SCAN source 10008 txSuccessRate=85.92 rxSuccessRate=160.23 targetRoamBSSID=00:00:00:00:00:00 RSSI=-64
W/Fitness (21701): No default data source set for com.google.android.apps.fitness.step_count.baseline
D/WearableClient(22562): WearableClientImpl.onPostInitHandler: done
D/WearableClient(22562): WearableClientImpl.onPostInitHandler: done
W/Fitness (21701): No default data source set for com.google.android.apps.fitness.time_zone
V/wearable(21750): ensureBuffersHaveSpace: increasing size from 47 to 237
D/NowFetcherService(21719): now card fetch: getting cards...
D/WearableClient(22562): WearableClientImpl.onPostInitHandler: done
I/art ( 745): Explicit concurrent mark sweep GC freed 21545(1081KB) AllocSpace objects, 2(4MB) LOS objects, 22% free, 54MB/70MB, paused 3.606ms total 220.861ms
W/GCoreFlp(21701): No location to return for getLastLocation()
D/WearableClient(22440): WearableClientImpl.onPostInitHandler: done
I/LocalDevicePlayback(22562): Streaming client created.
D/NowFetcherService(21719): delete old card: wear://6ea9356f-df00-4185-8f84-25f2b4ebb55b/now/now_reminder/0
I/ActivityManager( 745): Start proc android.process.acore for content provider com.android.providers.contacts/.ContactsProvider2: pid=22845 uid=10004 gids={50004, 9997} abi=armeabi-v7a
D/NowFetcherService(21719): delete old card: wear://6ea9356f-df00-4185-8f84-25f2b4ebb55b/now/now_reminder/1
D/NowFetcherService(21719): delete old card: wear://6ea9356f-df00-4185-8f84-25f2b4ebb55b/now/now_stock_list/0
D/NowFetcherService(21719): delete old card: wear://6ea9356f-df00-4185-8f84-25f2b4ebb55b/now/now_weather/0
D/WearableClient(21719): WearableClientImpl.onPostInitHandler: done
D/NowFetcherService(21719): set new card: /now/now_stock_list/0
I/BTConnectionReceiver(22581): onReceive(context, Intent { act=android.bluetooth.device.action.ACL_CONNECTED flg=0x4000010 cmp=com.google.android.googlequicksearchbox/com.google.android.search.core.service.BluetoothConnectionReceiver (has extras) }, [BluetoothDevice: address=5C:31:3E:36:03:60, alias=null, name=Moto 360 0360, majorDeviceClass=1792, deviceClass=1796]
I/BluetoothClassifier(22581): Bluetooth Device Name: Moto 360 0360
D/NowFetcherService(21719): set new card: /now/now_weather/0
D/NowFetcherService(21719): set new card: /now/now_reminder/1
D/GCM (16979): GcmService start Intent { act=com.google.android.gms.INITIALIZE flg=0x10 pkg=com.google.android.gms cmp=com.google.android.gms/.gcm.GcmService } com.google.android.gms.INITIALIZE
D/OpenGLRenderer(22529): Render dirty regions requested: true
D/NowFetcherService(21719): set new card: /now/now_reminder/0
D/Atlas (22529): Validating map...
E/WifiStateMachine( 745): WifiStateMachine CMD_START_SCAN source 10008 txSuccessRate=85.92 rxSuccessRate=160.23 targetRoamBSSID=00:00:00:00:00:00 RSSI=-64
E/WifiStateMachine( 745): WifiStateMachine CMD_START_SCAN source 10008 txSuccessRate=85.92 rxSuccessRate=160.23 targetRoamBSSID=00:00:00:00:00:00 RSSI=-64
I/wpa_supplicant(12600): wlan0: CTRL-EVENT-SCAN-STARTED
E/WifiStateMachine( 745): WifiStateMachine CMD_START_SCAN source 10008 txSuccessRate=85.92 rxSuccessRate=160.23 targetRoamBSSID=00:00:00:00:00:00 RSSI=-64
W/NowFetcherService(21719): Receives a Now broadcast while not connected to GSA
D/NowFetcherService(21719): onServiceConnected: connected to NowRemoteService
I/CalendarProvider2(22778): Sending notification intent: Intent { act=android.intent.action.PROVIDER_CHANGED dat=content://com.android.calendar }
W/ContentResolver(22778): Failed to get type for: content://com.android.calendar (Unknown URL content://com.android.calendar)
E/WifiStateMachine( 745): WifiStateMachine CMD_START_SCAN source 10008 txSuccessRate=85.92 rxSuccessRate=160.23 targetRoamBSSID=00:00:00:00:00:00 RSSI=-64
D/LocationInitializer(22756): Restart initialization of location
D/AuthorizationBluetoothService(16979): Received GmsCore event: Intent { act=com.google.android.gms.INITIALIZE flg=0x10 pkg=com.google.android.gms cmp=com.google.android.gms/.auth.be.proximity.authorization.bt.AuthorizationBluetoothService$AutoStarter }.
D/c (16979): Getting all permits...
D/a (16979): Opening database...
D/a (16979): Opening database auth.proximity.permit_store...
D/a (16979): Closing database...
I/Fitness (22756): GmsCore initialized. Initializing Fitness
I/ContactLocale(22845): AddressBook Labels [en-US;cs-CZ]: [, A, B, C, D, E, F, G, H, I, J, K, L, M, N, O, P, Q, R, S, T, U, V, W, X, Y, Z, Α, Β, Γ, Δ, Ε, Ζ, Η, Θ, Ι, Κ, Λ, Μ, Ν, Ξ, Ο, Π, Ρ, Σ, Τ, Υ, Φ, Χ, Ψ, Ω, , А, Б, В, Г, Д, Ђ, Е, Є, Ж, З, И, І, Ї, Й, Ј, К, Л, Љ, М, Н, Њ, О, П, Р, С, Т, Ћ, У, Ф, Х, Ц, Ч, Џ, Ш, Щ, Ю, Я, , א, ב, ג, ד, ה, ו, ז, ח, ט, י, כ, ל, מ, נ, ס, ע, פ, צ, ק, ר, ש, ת, , ا, ب, ت, ث, ج, ح, خ, د, ذ, ر, ز, س, ش, ص, ض, ط, ظ, ع, غ, ف, ق, ك, ل, م, ن, ه, و, ي, , ก, ข, ฃ, ค, ฅ, ฆ, ง, จ, ฉ, ช, ซ, ฌ, ญ, ฎ, ฏ, ฐ, ฑ, ฒ, ณ, ด, ต, ถ, ท, ธ, น, บ, ป, ผ, ฝ, พ, ฟ, ภ, ม, ย, ร, ฤ, ล, ฦ, ว, ศ, ษ, ส, ห, ฬ, อ, ฮ, , ㄱ, ㄴ, ㄷ, ㄹ, ㅁ, ㅂ, ㅅ, ㅇ, ㅈ, ㅊ, ㅋ, ㅌ, ㅍ, ㅎ, , あ, か, さ, た, な, は, ま, や, ら, わ, #, ]
I/GCoreUlr(21701): No GCM registration ID
I/art (22562): Explicit concurrent mark sweep GC freed 69617(4MB) AllocSpace objects, 12(192KB) LOS objects, 40% free, 18MB/30MB, paused 3.202ms total 199.944ms
D/WearableClient(22440): WearableClientImpl.onPostInitHandler: done
D/WifiService( 745): acquireWifiLockLocked: WifiLock{NlpWifiLock type=2 binder=android.os.BinderProxy@336d4cef}
I/Choreographer(22529): Skipped 50 frames! The application may be doing too much work on its main thread.
D/WifiService( 745): releaseWifiLockLocked: WifiLock{NlpWifiLock type=2 binder=android.os.BinderProxy@336d4cef}
I/GCoreUlr(21701): Ensuring that reporting is active for [account#-1#]
D/WearableClient(21719): WearableClientImpl.onPostInitHandler: done
