E/ActivityThread(24183): Failed to find provider info for com.motorola.ccc.plm.misc
I/CWCheckin(24183): service created
D/Checkin (24183): publish the event [tag = MOT_CHECKIN event name = LOG]
D/CWCheckin(24183): Motorola help_improve privacy is -1
D/CWCheckin(24183): Generic privacy config is true
I/CWCheckin(24183): service started
D/Checkin (24183): publish the event [tag = MOT_CHECKIN event name = LOG]
D/CWCheckin(24183): Motorola help_improve privacy is -1
D/CWCheckin(24183): Generic privacy config is true
W/ResourcesManager(24231): Asset path '/system/framework/android.test.runner.jar' does not exist or contains no resources.
E/ActivityThread(24183): Failed to find provider info for com.motorola.ccc.plm.misc
I/CCE (24183): Default cloud URL does not match to one in our config .. deleting config to force device to reprovision
W/CheckinEventWrapper(24183): Unable to get checkin class.
D/CCE (24183): _setupDefaults() ignoring overlayed setting as it is not defined in our Configuration
D/CCE (24183): blur version: Blur_Version.21.0.1570415.hammerhead.unknown.en.US
I/CalendarProvider2(24231): Created com.android.providers.calendar.CalendarAlarmManager@f038f81(com.android.providers.calendar.CalendarProvider2@39039826)
E/BlurMotherFrameworkDeps(24183): failed to register tag for checkin logging
D/MMApiWSBase(24183): MMApiWSBase configured as mOAuthToken=null, mOAuthTokenSecret=null, mSocketTimeout=30000, mTimeSkew=0, mChunkSize=8192
E/BlurMotherFrameworkDeps(24183): failed to register tag for checkin logging
D/CCE (24183): AppWSProxy created ...
D/PollingManager(24183): PollingManagerService()
D/PollingManager(24183): init()
D/WifiService( 745): acquireWifiLockLocked: WifiLock{DownloadQueueManager type=3 binder=android.os.BinderProxy@34d1c30c}
D/WifiService( 745): releaseWifiLockLocked: WifiLock{DownloadQueueManager type=3 binder=android.os.BinderProxy@34d1c30c}
D/WifiService( 745): acquireWifiLockLocked: WifiLock{DownloadQueueManager type=3 binder=android.os.BinderProxy@e05e455}
D/WifiService( 745): releaseWifiLockLocked: WifiLock{DownloadQueueManager type=3 binder=android.os.BinderProxy@e05e455}
I/UserAuthService(24183): service started, account exists: true
D/MMApiProvisionService(24183): Configuring max forced login attempts to 50
E/BlurMotherFrameworkDeps(24183): failed to register tag for checkin logging
D/MMApiProvisionService(24183): MMApiProvisionService created...
D/MMApiProvisionService(24183): isDeviceProvisioned: deviceId = null
D/CCE (24183): sending request: (create_device) to MMApiprovisionService
I/MMApiProvisionService(24183): createDeviceIdOrLogin create_device
D/MMApiProvisionService(24183): isDeviceProvisioned: deviceId = null
I/UserDevice(24183): createDevice
D/BSUtils (24183): Error checking isMultiSimEnabled, Exception:java.lang.ClassNotFoundException: android.telephony.MSimTelephonyManager
D/BSUtils (24183): Error checking isMultiSimEnabled, Exception:java.lang.ClassNotFoundException: android.telephony.MSimTelephonyManager
I/BSUtils (24183): failed to get sys.build.version.checksum. Setting swChkSum to default: FFFF
E/MediaPlayer(23924): Should have subtitle controller already set
I/ActivityManager( 745): Process android.process.acore (pid 24200) has died
E/MediaPlayer(23924): Should have subtitle controller already set
I/ActivityManager( 745): Process com.android.providers.calendar (pid 24231) has died
W/ActivityManager( 745): Scheduling restart of crashed service com.android.providers.calendar/.EmptyService in 1000ms
I/UserDevice(24183): Request: executing...
E/MediaPlayer(23924): Should have subtitle controller already set
D/CCE (24183): onBind() called: com.motorola.blur.service.blur.Actions.BIND_WSPROXY_SVC
D/NuPlayerDriver( 187): stop(0xb4fa92e0)
D/NuPlayerDriver( 187): reset(0xb4fa92e0)
D/NuPlayerDriver( 187): notifyResetComplete(0xb4fa92e0)
D/NuPlayerDriver( 187): reset(0xb4fa92e0)
I/NuCachedSource2( 187): ERROR_END_OF_STREAM
E/ActivityThread(24183): Failed to find provider info for com.motorola.ccc.plm.misc
D/CCE (24183): App Checkin requested CCE to send settings
D/CCE (24183): onBind() called: com.motorola.blur.service.blur.Actions.BIND_POLLINGMANAGER_WSPROXY_SVC
E/StreamingHttpServer(23924): HTTP server disrupted: java.net.SocketException: sendto failed: ECONNRESET (Connection reset by peer)
E/StreamingHttpServer(23924): java.net.SocketException: sendto failed: ECONNRESET (Connection reset by peer)
E/StreamingHttpServer(23924): at libcore.io.IoBridge.maybeThrowAfterSendto(IoBridge.java:546)
E/StreamingHttpServer(23924): at libcore.io.IoBridge.sendto(IoBridge.java:515)
E/StreamingHttpServer(23924): at java.net.PlainSocketImpl.write(PlainSocketImpl.java:504)
E/StreamingHttpServer(23924): at java.net.PlainSocketImpl.access$100(PlainSocketImpl.java:37)
E/StreamingHttpServer(23924): at java.net.PlainSocketImpl$PlainSocketOutputStream.write(PlainSocketImpl.java:266)
E/StreamingHttpServer(23924): at org.apache.http.impl.io.AbstractSessionOutputBuffer.write(AbstractSessionOutputBuffer.java:109)
E/StreamingHttpServer(23924): at org.apache.http.impl.io.IdentityOutputStream.write(IdentityOutputStream.java:86)
E/StreamingHttpServer(23924): at com.google.android.music.download.stream.StreamRequestHandler$InputStreamEntity.writeTo(StreamRequestHandler.java:176)
E/StreamingHttpServer(23924): at org.apache.http.impl.entity.EntitySerializer.serialize(EntitySerializer.java:97)
E/StreamingHttpServer(23924): at org.apache.http.impl.AbstractHttpServerConnection.sendResponseEntity(AbstractHttpServerConnection.java:182)
E/StreamingHttpServer(23924): at org.apache.http.protocol.HttpService.handleRequest(HttpService.java:209)
E/StreamingHttpServer(23924): at com.google.android.music.download.stream.StreamingHttpServer$WorkerThread.run(StreamingHttpServer.java:220)
E/StreamingHttpServer(23924): Caused by: android.system.ErrnoException: sendto failed: ECONNRESET (Connection reset by peer)
E/StreamingHttpServer(23924): at libcore.io.Posix.sendtoBytes(Native Method)
E/StreamingHttpServer(23924): at libcore.io.Posix.sendto(Posix.java:176)
E/StreamingHttpServer(23924): at libcore.io.BlockGuardOs.sendto(BlockGuardOs.java:278)
E/StreamingHttpServer(23924): at libcore.io.IoBridge.sendto(IoBridge.java:513)
E/StreamingHttpServer(23924): ... 10 more
D/WearableClient(24183): WearableClientImpl.onPostInitHandler: done
D/PollingManager(24183): phone state: 0 0 home 2degrees 53024 UMTS HSPA CSS not supported -1 -1 RoamInd=-1 DefRoamInd=-1 EmergOnly=false
D/PollingManager(24183): ignoring connectivity_action: since I don't like the type: [type: MOBILE[HSPA], state: DISCONNECTED/DISCONNECTED, reason: (unspecified), extra: internet, roaming: false, failover: false, isAvailable: true, isConnectedToProvisioningNetwork: false]
D/MMApiWebService(24183): doRequest() with req : [B@1e137827
I/CWCheckin(24183): BcsTimer.setTimer(9991, 21600000)
D/Checkin (24183): publish the event [tag = MOT_CHECKIN event name = LOG]
D/CWCheckin(24183): Motorola help_improve privacy is -1
D/CWCheckin(24183): Generic privacy config is true
D/PollingManager(24183): registerApp(): com.motorola.checkin
D/PollingManager(24183): registerApp(): shortest interval is 21600000
D/PollingManager(24183): Polling alarm set to expire at: 554562379 Current Time: 554552390
D/MMApiWebService(24183): generating token using payload instead of using session token
D/CWCheckin(24183): Checkin StartupReceiver: com.motorola.blur.service.blur.Actions.SERVICES_STARTED received.
D/CWCheckin(24183): Checkin StartupReceiver: com.motorola.cce.Actions.CCE_LAUNCH_CW_CHECKIN received.
I/CWCheckin(24183): service started
D/Checkin (24183): publish the event [tag = MOT_CHECKIN event name = LOG]
D/CWCheckin(24183): Motorola help_improve privacy is -1
D/CWCheckin(24183): Generic privacy config is true
D/Checkin (24183): publish the event [tag = MOT_PRIVACY_PROFILE event name = PRIVACY]
D/CWCheckin(24183): Motorola help_improve privacy is -1
D/CWCheckin(24183): Generic privacy config is true
D/Checkin (24183): publish the event [tag = MOT_PRIVACY_PROFILE event name = PRIVACY]
D/CWCheckin(24183): Motorola help_improve privacy is -1
D/CWCheckin(24183): Generic privacy config is true
I/ActivityManager( 745): Start proc com.android.musicfx for broadcast com.android.musicfx/.ControlPanelReceiver: pid=24268 uid=10015 gids={50015, 9997, 3003, 3002} abi=armeabi-v7a
I/art (23924): Explicit concurrent mark sweep GC freed 43758(1959KB) AllocSpace objects, 21(6MB) LOS objects, 40% free, 20MB/34MB, paused 1.428ms total 74.199ms
I/MotAcct.GoogAccWatcher(24183): account is authenticated: true
I/MMApiWSBase(24183): doRequest(): url: https://argo.svcmot.com:443/v1/gdi/user/devices.json?appid=6R1TANEX3ZMQ6EU1UH43P34C8B868KTE&userid=9bd58775cf0940c4bac29fda474df1b7
I/ActivityManager( 745): Start proc com.android.providers.calendar for content provider com.android.providers.calendar/.CalendarProvider2: pid=24286 uid=10002 gids={50002, 9997, 3003, 1028, 1015} abi=armeabi-v7a
W/ResourcesManager(24286): Asset path '/system/framework/android.test.runner.jar' does not exist or contains no resources.
V/MusicFXControlPanelReceiver(24268): onReceive
V/MusicFXControlPanelReceiver(24268): Action: android.media.action.OPEN_AUDIO_EFFECT_CONTROL_SESSION
V/MusicFXControlPanelReceiver(24268): Package name: com.google.android.music
V/MusicFXControlPanelReceiver(24268): Audio session: 8221
V/MusicFXControlPanelEffect(24268): openSession(android.app.ReceiverRestrictedContext@140e7805, com.google.android.music, 8221)
V/MusicFXControlPanelReceiver(24268): onReceive
V/MusicFXControlPanelReceiver(24268): Action: android.media.action.OPEN_AUDIO_EFFECT_CONTROL_SESSION
V/MusicFXControlPanelReceiver(24268): Package name: com.google.android.music
V/MusicFXControlPanelReceiver(24268): Audio session: 8221
V/MusicFXControlPanelEffect(24268): openSession(android.app.ReceiverRestrictedContext@140e7805, com.google.android.music, 8221)
D/WifiService( 745): acquireWifiLockLocked: WifiLock{DownloadQueueManager type=3 binder=android.os.BinderProxy@3653261a}
D/WifiService( 745): releaseWifiLockLocked: WifiLock{DownloadQueueManager type=3 binder=android.os.BinderProxy@3653261a}
D/WifiService( 745): acquireWifiLockLocked: WifiLock{DownloadQueueManager type=3 binder=android.os.BinderProxy@91f554b}
D/WifiService( 745): releaseWifiLockLocked: WifiLock{DownloadQueueManager type=3 binder=android.os.BinderProxy@91f554b}
I/CWCheckin(24183): BcsTimer.setTimer(21600000, 21600000)
D/Checkin (24183): publish the event [tag = MOT_CHECKIN event name = LOG]
D/CWCheckin(24183): Motorola help_improve privacy is -1
D/CWCheckin(24183): Generic privacy config is true
D/PollingManager(24183): registerApp(): com.motorola.checkin
D/PollingManager(24183): registerApp(): com.motorola.checkin already registered.
D/PollingManager(24183): modifyApp(): com.motorola.checkin
D/PollingManager(24183): calculateShortestInterval(): shortest interval is 21600000
I/CalendarProvider2(24286): Created com.android.providers.calendar.CalendarAlarmManager@f038f81(com.android.providers.calendar.CalendarProvider2@39039826)
I/ActivityManager( 745): Process com.android.musicfx (pid 24268) has died
E/lowmemorykiller( 169): Error opening /proc/24183/oom_score_adj; errno=2
E/lowmemorykiller( 169): Error opening /proc/24183/oom_score_adj; errno=2
E/MediaPlayer(23924): Should have subtitle controller already set
I/ActivityManager( 745): Process com.motorola.targetnotif (pid 24183) has died
W/ActivityManager( 745): Scheduling restart of crashed service com.motorola.targetnotif/com.motorola.motoproxy.MotoProxyIntentService in 1000ms
W/ActivityManager( 745): Scheduling restart of crashed service com.motorola.targetnotif/com.motorola.checkin.uploader.CheckinService in 10695475200ms
D/NuPlayerDriver( 187): start(0xb3b93040)
I/GenericSource( 187): start
I/ActivityManager( 745): Start proc com.android.musicfx for broadcast com.android.musicfx/.ControlPanelReceiver: pid=24315 uid=10015 gids={50015, 9997, 3003, 3002} abi=armeabi-v7a
I/StreamRequestHandler(23924): Finished writeTo([mId=[437, DEFAULT] mPriority=0 mOwner=MUSIC_PLAYBACK mRetryAllowed=true mFileLocation=[mFullPath=/data/data/com.google.android.music/files/music/mplayback_437.tmp mStorageType=INTERNAL mCacheType=2] mExplicit=true][ mRemoteId=b109ede4-6087-32bf-8c99-259a1ac32443 mSourceAccount=-140580628 mTrackTitle="Curtains Up (Skit - Album Version (Explicit))" mSeekMs=4185]) 513665
D/audio_hw_primary( 187): out_set_parameters: enter: usecase(1: low-latency-playback) kvpairs: routing=2
E/MediaPlayer(23924): Should have subtitle controller already set
D/audio_hw_primary( 187): select_devices: out_snd_device(2: speaker) in_snd_device(0: none)
D/msm8974_platform( 187): platform_send_audio_calibration: sending audio calibration for snd_device(2) acdb_id(15)
D/audio_hw_primary( 187): enable_snd_device: snd_device(2: speaker)
D/audio_hw_primary( 187): enable_audio_route: apply and update mixer path: low-latency-playback
W/ProcessCpuTracker( 745): Skipping unknown process pid 24330
I/NuCachedSource2( 187): ERROR_END_OF_STREAM
V/MusicFXControlPanelReceiver(24315): onReceive
V/MusicFXControlPanelReceiver(24315): Action: android.media.action.OPEN_AUDIO_EFFECT_CONTROL_SESSION
V/MusicFXControlPanelReceiver(24315): Package name: com.google.android.music
V/MusicFXControlPanelReceiver(24315): Audio session: 8221
V/MusicFXControlPanelEffect(24315): openSession(android.app.ReceiverRestrictedContext@140e7805, com.google.android.music, 8221)
I/art (23892): Background sticky concurrent mark sweep GC freed 3247(137KB) AllocSpace objects, 1(72KB) LOS objects, 0% free, 60MB/60MB, paused 6.527ms total 16.921ms
I/CalendarProvider2(24286): Sending notification intent: Intent { act=android.intent.action.PROVIDER_CHANGED dat=content://com.android.calendar }
W/ContentResolver(24286): Failed to get type for: content://com.android.calendar (Unknown URL content://com.android.calendar)
I/ActivityManager( 745): START u0 {act=android.intent.action.MAIN cat=[android.intent.category.HOME] flg=0x10200000 cmp=com.google.android.googlequicksearchbox/com.google.android.launcher.GEL} from uid 1000 on display 0
I/GEL (23744): handleIntent(Intent { act=android.intent.action.MAIN cat=[android.intent.category.HOME] flg=0x10600000 cmp=com.google.android.googlequicksearchbox/com.google.android.launcher.GEL })
I/ActivityManager( 745): Process com.android.musicfx (pid 24315) has died
I/ActivityManager( 745): Start proc com.motorola.targetnotif for service com.motorola.targetnotif/com.motorola.motoproxy.MotoProxyIntentService: pid=24336 uid=10128 gids={50128, 9997, 3002, 3001, 3003, 1028, 1015} abi=armeabi-v7a
I/Adreno-EGL(23744): : QUALCOMM Build: 10/24/14, 167c270, I68fa98814b
I/OpenGLRenderer(23744): Initialized EGL, version 1.4
I/ActivityManager( 745): Start proc android.process.acore for content provider com.android.providers.contacts/.ContactsProvider2: pid=24357 uid=10004 gids={50004, 9997} abi=armeabi-v7a
V/RenderScript(23744): Application requested CPU execution
V/RenderScript(23744): 0xaf217c00 Launching thread(s), CPUs 4
I/CWCheckin(24336): EventInsertThread started
W/SocketClient( 183): write error (Broken pipe)
W/DnsProxyListener( 183): Error writing DNS result to client
I/art ( 745): Explicit concurrent mark sweep GC freed 27153(2MB) AllocSpace objects, 12(7MB) LOS objects, 20% free, 62MB/78MB, paused 5.057ms total 339.584ms
D/BluetoothManagerService( 745): Message: 20
D/BluetoothManagerService( 745): Added callback: android.bluetooth.IBluetoothManagerCallback$Stub$Proxy@131242b3:true
D/WearableClient(21719): WearableClientImpl.onPostInitHandler: done
I/ContactLocale(24357): AddressBook Labels [en-US;cs-CZ]: [, A, B, C, D, E, F, G, H, I, J, K, L, M, N, O, P, Q, R, S, T, U, V, W, X, Y, Z, Α, Β, Γ, Δ, Ε, Ζ, Η, Θ, Ι, Κ, Λ, Μ, Ν, Ξ, Ο, Π, Ρ, Σ, Τ, Υ, Φ, Χ, Ψ, Ω, , А, Б, В, Г, Д, Ђ, Е, Є, Ж, З, И, І, Ї, Й, Ј, К, Л, Љ, М, Н, Њ, О, П, Р, С, Т, Ћ, У, Ф, Х, Ц, Ч, Џ, Ш, Щ, Ю, Я, , א, ב, ג, ד, ה, ו, ז, ח, ט, י, כ, ל, מ, נ, ס, ע, פ, צ, ק, ר, ש, ת, , ا, ب, ت, ث, ج, ح, خ, د, ذ, ر, ز, س, ش, ص, ض, ط, ظ, ع, غ, ف, ق, ك, ل, م, ن, ه, و, ي, , ก, ข, ฃ, ค, ฅ, ฆ, ง, จ, ฉ, ช, ซ, ฌ, ญ, ฎ, ฏ, ฐ, ฑ, ฒ, ณ, ด, ต, ถ, ท, ธ, น, บ, ป, ผ, ฝ, พ, ฟ, ภ, ม, ย, ร, ฤ, ล, ฦ, ว, ศ, ษ, ส, ห, ฬ, อ, ฮ, , ㄱ, ㄴ, ㄷ, ㄹ, ㅁ, ㅂ, ㅅ, ㅇ, ㅈ, ㅊ, ㅋ, ㅌ, ㅍ, ㅎ, , あ, か, さ, た, な, は, ま, や, ら, わ, #, ]
I/ActivityManager( 745): Start proc com.chrome.beta for broadcast com.chrome.beta/com.google.ipc.invalidation.ticl.android2.AndroidInternalScheduler$AlarmReceiver: pid=24392 uid=10091 gids={50091, 9997, 3003, 1028, 1015} abi=armeabi-v7a
I/art ( 198): Explicit concurrent mark sweep GC freed 707(30KB) AllocSpace objects, 0(0B) LOS objects, 39% free, 15MB/25MB, paused 319us total 16.946ms
E/CWCheckin(24336): PrivacyHelper() cannot find MotorolaSettings!
D/Checkin (24336): publish the event [tag = MOT_CHECKIN event name = LOG]
D/CWCheckin(24336): Motorola help_improve privacy is -1
D/CWCheckin(24336): Generic privacy config is true
I/art ( 198): Explicit concurrent mark sweep GC freed 7(240B) AllocSpace objects, 0(0B) LOS objects, 40% free, 15MB/25MB, paused 310us total 13.696ms
I/art ( 198): Explicit concurrent mark sweep GC freed 5(160B) AllocSpace objects, 0(0B) LOS objects, 40% free, 15MB/25MB, paused 309us total 14.046ms
W/OpenGLRenderer(23744): Incorrectly called buildLayer on View: adg, destroying layer...
I/BSUtils (24336): device type: NONMOTO
E/ActivityThread(24336): Failed to find provider info for com.motorola.ccc.plm.misc
I/CWCheckin(24336): service created
D/Checkin (24336): publish the event [tag = MOT_CHECKIN event name = LOG]
D/CWCheckin(24336): Motorola help_improve privacy is -1
D/CWCheckin(24336): Generic privacy config is true
I/CWCheckin(24336): service started
D/Checkin (24336): publish the event [tag = MOT_CHECKIN event name = LOG]
D/CWCheckin(24336): Motorola help_improve privacy is -1
D/CWCheckin(24336): Generic privacy config is true
D/WearableClient(24336): WearableClientImpl.onPostInitHandler: done
E/lowmemorykiller( 169): Error writing /proc/24286/oom_score_adj; errno=22
I/ActivityThread(21719): Removing dead content provider:android.content.ContentProviderProxy@1283103b
I/ActivityManager( 745): Process com.android.providers.calendar (pid 24286) has died
E/ActivityThread(24336): Failed to find provider info for com.motorola.ccc.plm.misc
I/CCE (24336): Default cloud URL does not match to one in our config .. deleting config to force device to reprovision
W/CheckinEventWrapper(24336): Unable to get checkin class.
D/CCE (24336): _setupDefaults() ignoring overlayed setting as it is not defined in our Configuration
D/CCE (24336): blur version: Blur_Version.21.0.1570415.hammerhead.unknown.en.US
E/BlurMotherFrameworkDeps(24336): failed to register tag for checkin logging
D/MMApiWSBase(24336): MMApiWSBase configured as mOAuthToken=null, mOAuthTokenSecret=null, mSocketTimeout=30000, mTimeSkew=0, mChunkSize=8192
I/ActivityManager( 745): Start proc com.android.providers.calendar for content provider com.android.providers.calendar/.CalendarProvider2: pid=24414 uid=10002 gids={50002, 9997, 3003, 1028, 1015} abi=armeabi-v7a
E/BlurMotherFrameworkDeps(24336): failed to register tag for checkin logging
D/CCE (24336): AppWSProxy created ...
D/PollingManager(24336): PollingManagerService()
D/PollingManager(24336): init()
W/ResourcesManager(24414): Asset path '/system/framework/android.test.runner.jar' does not exist or contains no resources.
I/UserAuthService(24336): service started, account exists: true
D/MMApiProvisionService(24336): Configuring max forced login attempts to 50
E/BlurMotherFrameworkDeps(24336): failed to register tag for checkin logging
D/MMApiProvisionService(24336): MMApiProvisionService created...
D/MMApiProvisionService(24336): isDeviceProvisioned: deviceId = null
D/CCE (24336): sending request: (create_device) to MMApiprovisionService
I/MMApiProvisionService(24336): createDeviceIdOrLogin create_device
D/MMApiProvisionService(24336): isDeviceProvisioned: deviceId = null
I/CalendarProvider2(24414): Created com.android.providers.calendar.CalendarAlarmManager@f038f81(com.android.providers.calendar.CalendarProvider2@39039826)
I/UserDevice(24336): createDevice
D/BSUtils (24336): Error checking isMultiSimEnabled, Exception:java.lang.ClassNotFoundException: android.telephony.MSimTelephonyManager
I/StreamRequestHandler(23924): Finished writeTo([mId=[4973, DEFAULT] mPriority=1 mOwner=MUSIC_PLAYBACK mRetryAllowed=true mFileLocation=[mFullPath=/data/data/com.google.android.music/files/music/mplayback_4973.tmp mStorageType=INTERNAL mCacheType=2] mExplicit=false][ mRemoteId=4e4ae43c-dd6f-3258-82a5-37e4ebc9756c mSourceAccount=-140580628 mTrackTitle="White America (Explicit)" mSeekMs=0]) 6492473
I/NuCachedSource2( 187): ERROR_END_OF_STREAM
D/BSUtils (24336): Error checking isMultiSimEnabled, Exception:java.lang.ClassNotFoundException: android.telephony.MSimTelephonyManager
I/BSUtils (24336): failed to get sys.build.version.checksum. Setting swChkSum to default: FFFF
I/ActivityManager( 745): Process com.google.android.youtube (pid 24025) has died
I/UserDevice(24336): Request: executing...
D/CCE (24336): onBind() called: com.motorola.blur.service.blur.Actions.BIND_WSPROXY_SVC
D/CCE (24336): onBind() called: com.motorola.blur.service.blur.Actions.BIND_POLLINGMANAGER_WSPROXY_SVC
E/ActivityThread(24336): Failed to find provider info for com.motorola.ccc.plm.misc
D/CCE (24336): App Checkin requested CCE to send settings
D/PollingManager(24336): phone state: 0 0 home 2degrees 53024 UMTS HSPA CSS not supported -1 -1 RoamInd=-1 DefRoamInd=-1 EmergOnly=false
D/PollingManager(24336): ignoring connectivity_action: since I don't like the type: [type: MOBILE[HSPA], state: DISCONNECTED/DISCONNECTED, reason: (unspecified), extra: internet, roaming: false, failover: false, isAvailable: true, isConnectedToProvisioningNetwork: false]
I/CWCheckin(24336): BcsTimer.setTimer(3020, 21600000)
D/Checkin (24336): publish the event [tag = MOT_CHECKIN event name = LOG]
D/CWCheckin(24336): Motorola help_improve privacy is -1
D/CWCheckin(24336): Generic privacy config is true
D/PollingManager(24336): registerApp(): com.motorola.checkin
D/PollingManager(24336): registerApp(): shortest interval is 21600000
D/PollingManager(24336): Polling alarm set to expire at: 554558838 Current Time: 554555819
D/WearableClient(24336): WearableClientImpl.onPostInitHandler: done
D/MMApiWebService(24336): doRequest() with req : [B@36cdd47d
D/MMApiWebService(24336): generating token using payload instead of using session token
D/Checkin (24336): publish the event [tag = MOT_PRIVACY_PROFILE event name = PRIVACY]
D/CWCheckin(24336): Motorola help_improve privacy is -1
D/CWCheckin(24336): Generic privacy config is true
D/CWCheckin(24336): Checkin StartupReceiver: com.motorola.blur.service.blur.Actions.SERVICES_STARTED received.
D/Checkin (24336): publish the event [tag = MOT_PRIVACY_PROFILE event name = PRIVACY]
D/CWCheckin(24336): Motorola help_improve privacy is -1
D/CWCheckin(24336): Generic privacy config is true
D/CWCheckin(24336): Checkin StartupReceiver: com.motorola.cce.Actions.CCE_LAUNCH_CW_CHECKIN received.
I/CWCheckin(24336): service started
D/Checkin (24336): publish the event [tag = MOT_CHECKIN event name = LOG]
D/CWCheckin(24336): Motorola help_improve privacy is -1
D/CWCheckin(24336): Generic privacy config is true
I/MMApiWSBase(24336): doRequest(): url: https://argo.svcmot.com:443/v1/gdi/user/devices.json?appid=6R1TANEX3ZMQ6EU1UH43P34C8B868KTE&userid=9bd58775cf0940c4bac29fda474df1b7
I/MotAcct.GoogAccWatcher(24336): account is authenticated: true
W/AndroidInternalSchedule(24392): [TiclService] Ignoring event with wrong ticl id (not 1417034396524): event_name=Heartbeat ticl_id=1417033191443>
D/WearableClient(24336): WearableClientImpl.onPostInitHandler: done
I/CWCheckin(24336): BcsTimer.setTimer(21600000, 21600000)
D/Checkin (24336): publish the event [tag = MOT_CHECKIN event name = LOG]
D/CWCheckin(24336): Motorola help_improve privacy is -1
D/CWCheckin(24336): Generic privacy config is true
D/PollingManager(24336): registerApp(): com.motorola.checkin
D/PollingManager(24336): registerApp(): com.motorola.checkin already registered.
D/PollingManager(24336): modifyApp(): com.motorola.checkin
D/PollingManager(24336): calculateShortestInterval(): shortest interval is 21600000
I/CalendarProvider2(24414): Sending notification intent: Intent { act=android.intent.action.PROVIDER_CHANGED dat=content://com.android.calendar }
W/ContentResolver(24414): Failed to get type for: content://com.android.calendar (Unknown URL content://com.android.calendar)
D/WearableClient(21719): WearableClientImpl.onPostInitHandler: done
D/WearableClient(24336): WearableClientImpl.onPostInitHandler: done
W/ProcessCpuTracker( 745): Skipping unknown process pid 24482
E/WifiStateMachine( 745): WifiStateMachine CMD_START_SCAN source -2 txSuccessRate=10.71 rxSuccessRate=9.68 targetRoamBSSID=00:00:00:00:00:00 RSSI=-62
E/WifiStateMachine( 745): WifiStateMachine starting scan for "THOMS-5G"WPA_PSK with 5745,2462
I/wpa_supplicant(12600): wlan0: CTRL-EVENT-SCAN-STARTED
I/PollingManager(24336): alarm fired!
D/PollingManager(24336): now: 554558845 ,futureTime: 576155990
D/PollingManager(24336): Polling alarm set to expire at: 576155990 Current Time: 554558846
E/ActivityThread(24336): Failed to find provider info for com.motorola.ccc.plm.misc
W/PropertyValuesHolder(23744): Method setBrightness() with type int not found on target class class us
W/PropertyValuesHolder(23744): Method getBrightness() with type null not found on target class class us
I/ActivityManager( 745): START u0 {act=android.intent.action.MAIN cat=[android.intent.category.LAUNCHER] flg=0x10200000 cmp=com.chrome.beta/com.google.android.apps.chrome.Main bnds=[246,1532][447,1784] (has extras)} from uid 10022 on display 0
I/art ( 745): Explicit concurrent mark sweep GC freed 33955(2MB) AllocSpace objects, 7(4MB) LOS objects, 21% free, 58MB/74MB, paused 2.250ms total 221.646ms
E/DocumentTabList(24392): Failed to restore tab state for tab 195
I/LibraryLoader(24392): Loading: chromium_android_linker
I/LibraryLoader(24392): Loading: chrome.2171.90
I/art (24392): Explicit concurrent mark sweep GC freed 8600(718KB) AllocSpace objects, 3(48KB) LOS objects, 39% free, 17MB/29MB, paused 1.166ms total 74.819ms
I/LibraryLoader(24392): Time to load native libraries: 122 ms (timestamps 2228-2350)
I/LibraryLoader(24392): Expected native library version number "39.0.2171.90",actual native library version number "39.0.2171.90"
I/chromium(24392): [INFO:library_loader_hooks.cc(104)] Chromium logging enabled: level = 0, default verbosity = 0
D/ChildProcessLauncher(24392): Allocator allocated a connection, sandbox: true, slot: 0
I/ActivityManager( 745): Start proc com.chrome.beta:sandboxed_process0 for service com.chrome.beta/org.chromium.content.app.SandboxedProcessService0: pid=24564 uid=99392 gids={} abi=armeabi-v7a
I/ChildProcessService(24564): Creating new ChildProcessService pid=24564
D/OpenGLRenderer(24392): Render dirty regions requested: true
D/Atlas (24392): Validating map...
I/BrowserStartupController(24392): Initializing chromium process, singleProcess=false
W/art (24392): Attempt to remove local handle scope entry from IRT, ignoring
W/AudioManagerAndroid(24392): Requires BLUETOOTH permission
I/Adreno-EGL(24392): : QUALCOMM Build: 10/24/14, 167c270, I68fa98814b
I/OpenGLRenderer(24392): Initialized EGL, version 1.4
D/OpenGLRenderer(24392): Enabling debug mode 0
I/ActivityManager( 745): Displayed com.chrome.beta/com.google.android.apps.chrome.document.DocumentActivity: +1s450ms (total +1s552ms)
W/chromium(24392): [WARNING:data_reduction_proxy_settings.cc(331)] SPDY proxy OFF at startup
W/art (24392): Attempt to remove local handle scope entry from IRT, ignoring
W/KnoxSettingsProvider(24392): Permission to read device policy denied.
W/KnoxSettingsProvider(24392): Device policy content provider not found.
D/ChildProcessLauncher(24392): Setting up connection to process: slot=0
I/LibraryLoader(24564): Loading: chromium_android_linker
I/LibraryLoader(24564): Loading: chrome.2171.90
D/ChildProcessLauncher(24392): on connect callback, pid=24564 context=-1353518216
I/LibraryLoader(24564): Time to load native libraries: 44 ms (timestamps 3814-3858)
I/LibraryLoader(24564): Expected native library version number "39.0.2171.90",actual native library version number "39.0.2171.90"
I/chromium(24564): [INFO:library_loader_hooks.cc(104)] Chromium logging enabled: level = 0, default verbosity = 0
W/art (24564): Attempt to remove local handle scope entry from IRT, ignoring
W/art (24564): Attempt to remove local handle scope entry from IRT, ignoring
I/art ( 745): Explicit concurrent mark sweep GC freed 10526(482KB) AllocSpace objects, 0(0B) LOS objects, 21% free, 58MB/74MB, paused 2.911ms total 151.065ms
I/Choreographer(24392): Skipped 30 frames! The application may be doing too much work on its main thread.
I/ActivityManager( 745): Process android.process.acore (pid 24357) has died
W/chromium(24392): [WARNING:jni_string.cc(28)] ConvertJavaStringToUTF8 called with null string.
I/UserDevice(24336): Response: received statusCode=200
D/MMApiWSBase(24336): doRequest(): /v1/gdi/user/devices.json resp length: 136
I/UserDevice(24336): Response: processing...
I/UserDevice(24336): Response: success
I/ActivityManager( 745): Process com.android.providers.calendar (pid 24414) has died
I/ActivityManager( 745): Start proc com.android.providers.calendar for content provider com.android.providers.calendar/.CalendarProvider2: pid=24690 uid=10002 gids={50002, 9997, 3003, 1028, 1015} abi=armeabi-v7a
W/ResourcesManager(24690): Asset path '/system/framework/android.test.runner.jar' does not exist or contains no resources.
I/CalendarProvider2(24690): Created com.android.providers.calendar.CalendarAlarmManager@f038f81(com.android.providers.calendar.CalendarProvider2@39039826)
I/CalendarProvider2(24690): Sending notification intent: Intent { act=android.intent.action.PROVIDER_CHANGED dat=content://com.android.calendar }
W/ContentResolver(24690): Failed to get type for: content://com.android.calendar (Unknown URL content://com.android.calendar)
E/lowmemorykiller( 169): Error writing /proc/23589/oom_score_adj; errno=22
I/ActivityManager( 745): Start proc android.process.acore for content provider com.android.providers.contacts/.ContactsProvider2: pid=24742 uid=10004 gids={50004, 9997} abi=armeabi-v7a
E/lowmemorykiller( 169): Error writing /proc/23589/oom_score_adj; errno=22
D/WifiService( 745): Client connection lost with reason: 4
D/WearableClient(21719): WearableClientImpl.onPostInitHandler: done
D/audio_hw_primary( 187): disable_audio_route: reset and update mixer path: audio-record
D/audio_hw_primary( 187): disable_snd_device: snd_device(55: voice-rec-mic)
I/ActivityManager( 745): Process com.google.android.googlequicksearchbox:search (pid 23589) has died
W/ActivityManager( 745): Scheduling restart of crashed service com.google.android.googlequicksearchbox/com.google.android.search.core.service.SearchService in 12537ms
W/ActivityManager( 745): Canceling start item Intent { act=com.google.android.search.core.service.BroadcastListenerService.action.UPDATE cmp=com.google.android.googlequicksearchbox/com.google.android.search.core.service.BroadcastListenerService (has extras) } in service ComponentInfo{com.google.android.googlequicksearchbox/com.google.android.search.core.service.BroadcastListenerService}
W/ActivityManager( 745): Scheduling restart of crashed service com.google.android.googlequicksearchbox/com.google.android.search.core.service.BroadcastListenerService in 69346000896ms
W/InputDispatcher( 745): channel '4cca1da com.google.android.music/com.android.music.activitymanagement.TopLevelActivity (server)' ~ Consumer closed input channel or an error occurred. events=0x9
E/InputDispatcher( 745): channel '4cca1da com.google.android.music/com.android.music.activitymanagement.TopLevelActivity (server)' ~ Channel is unrecoverably broken and will be disposed!
I/WindowState( 745): WIN DEATH: Window{4cca1da u0 com.google.android.music/com.android.music.activitymanagement.TopLevelActivity}
W/InputDispatcher( 745): Attempted to unregister already unregistered input channel '4cca1da com.google.android.music/com.android.music.activitymanagement.TopLevelActivity (server)'
I/ActivityManager( 745): Process com.google.android.music:ui (pid 23892) has died
D/WearableClient(24336): WearableClientImpl.onPostInitHandler: done
I/ContactLocale(24742): AddressBook Labels [en-US;cs-CZ]: [, A, B, C, D, E, F, G, H, I, J, K, L, M, N, O, P, Q, R, S, T, U, V, W, X, Y, Z, Α, Β, Γ, Δ, Ε, Ζ, Η, Θ, Ι, Κ, Λ, Μ, Ν, Ξ, Ο, Π, Ρ, Σ, Τ, Υ, Φ, Χ, Ψ, Ω, , А, Б, В, Г, Д, Ђ, Е, Є, Ж, З, И, І, Ї, Й, Ј, К, Л, Љ, М, Н, Њ, О, П, Р, С, Т, Ћ, У, Ф, Х, Ц, Ч, Џ, Ш, Щ, Ю, Я, , א, ב, ג, ד, ה, ו, ז, ח, ט, י, כ, ל, מ, נ, ס, ע, פ, צ, ק, ר, ש, ת, , ا, ب, ت, ث, ج, ح, خ, د, ذ, ر, ز, س, ش, ص, ض, ط, ظ, ع, غ, ف, ق, ك, ل, م, ن, ه, و, ي, , ก, ข, ฃ, ค, ฅ, ฆ, ง, จ, ฉ, ช, ซ, ฌ, ญ, ฎ, ฏ, ฐ, ฑ, ฒ, ณ, ด, ต, ถ, ท, ธ, น, บ, ป, ผ, ฝ, พ, ฟ, ภ, ม, ย, ร, ฤ, ล, ฦ, ว, ศ, ษ, ส, ห, ฬ, อ, ฮ, , ㄱ, ㄴ, ㄷ, ㄹ, ㅁ, ㅂ, ㅅ, ㅇ, ㅈ, ㅊ, ㅋ, ㅌ, ㅍ, ㅎ, , あ, か, さ, た, な, は, ま, や, ら, わ, #, ]
E/DataBuffer(21719): Internal data leak within a DataBuffer object detected! Be sure to explicitly call release() on all DataBuffer extending objects when you are done with them. (com.google.android.gms.wearable.DataItemBuffer@de509a6)
I/art (21719): Explicit concurrent mark sweep GC freed 48790(2MB) AllocSpace objects, 45(15MB) LOS objects, 40% free, 18MB/30MB, paused 1.702ms total 61.572ms
D/DelayedSyncController(24392): No delayed sync.
I/art (24392): Explicit concurrent mark sweep GC freed 47217(2MB) AllocSpace objects, 13(1850KB) LOS objects, 40% free, 19MB/32MB, paused 1.454ms total 75.575ms
I/Icing (22756): Usage reports 1 indexed 0 rejected 0 imm upload false
I/ActivityManager( 745): Process android.process.acore (pid 24742) has died
I/ActivityManager( 745): Start proc uk.co.economist for service uk.co.economist/.service.EditionDownloadManager: pid=24807 uid=10094 gids={50094, 9997, 3003, 1028, 1015} abi=armeabi-v7a
I/Icing (22756): Indexing 3C9009886FEE0F26C40D8809FDFA0F4665463B0A from com.chrome.beta
I/Icing (22756): Indexing done 3C9009886FEE0F26C40D8809FDFA0F4665463B0A
I/com.newrelic.agent.android(24807): Loaded configuration: HarvestConfiguration{collect_network_errors=true, cross_process_id='UAUCV1NACgsEVlZRBA==', data_report_period=60, data_token=[2842733, 11494654], error_limit=50, report_max_transaction_age=600, report_max_transaction_count=1000, response_body_limit=2048, server_timestamp=1416251647, stack_trace_limit=100, activity_trace_max_size=65534, activity_trace_max_report_attempts=1, activity_trace_min_utilization=0.30000001192092896, at_capture=ActivityTraceConfiguration{maxTotalTraceCount=1}}
I/com.newrelic.agent.android(24807): Application state monitor has started
I/com.newrelic.agent.android(24807): Measurement Engine initialized.
I/com.newrelic.agent.android(24807): New Relic Agent v4.95.0
W/ContextImpl(24807): Implicit intents with startService are not safe: Intent { act=uk.co.economist.actions.CLEAN_OLD_ISSUES } android.content.ContextWrapper.startService:515 uk.co.economist.application.EconomistApplication.onCreate:90 android.app.Instrumentation.callApplicationOnCreate:1011
I/com.newrelic.agent.android(24807): Harvester: connected
I/com.newrelic.agent.android(24807): Harvester: Sending 0 HTTP transactions.
I/com.newrelic.agent.android(24807): Harvester: Sending 0 HTTP errors.
I/com.newrelic.agent.android(24807): Harvester: Sending 0 activity traces. D/The Economist APID(24807): dc32a83c-005b-4b22-800c-a2ccea848e38
I/art ( 745): Explicit concurrent mark sweep GC freed 16230(827KB) AllocSpace objects, 7(502KB) LOS objects, 21% free, 58MB/74MB, paused 2.305ms total 168.541ms
I/Icing (22756): Usage reports 1 indexed 0 rejected 0 imm upload false
I/AdXAppTracker(24807): SELF HOST VALUE IS null
I/AdXAppTracker(24807): Sending to AdX
I/AdXAppTracker(24807): SendTag is set to stop
I/AdXAppTracker(24807): In Constructor
E/AdXAppTracker(24807): Device id is null.
I/AdXAppTracker(24807): Metadata successfully loaded
I/AdXAppTracker(24807): APP_ID = [uk.co.economist]
I/AdXAppTracker(24807): deviceName: [Nexus 5]
I/AdXAppTracker(24807): deviceType: [android]
I/AdXAppTracker(24807): libraryVersion: [2.5.3]
I/AdXAppTracker(24807): deviceOSVersion: [5.0]
I/AdXAppTracker(24807): COUNTRY_CODE: [US]
I/AdXAppTracker(24807): LANGUAGE_CODE: [en]
I/AdXAppTracker(24807): density: []
I/AdXAppTracker(24807): screen_layout: []
I/AdXAppTracker(24807): referralURL: []
I/AdXAppTracker(24807): Got Application Data
I/AdXAppTracker(24807): In Constructor
E/AdXAppTracker(24807): Device id is null.
I/AdXAppTracker(24807): Metadata successfully loaded
I/AdXAppTracker(24807): APP_ID = [uk.co.economist]
I/AdXAppTracker(24807): deviceName: [Nexus 5]
I/AdXAppTracker(24807): deviceType: [android]
I/AdXAppTracker(24807): libraryVersion: [2.5.3]
I/AdXAppTracker(24807): deviceOSVersion: [5.0]
I/AdXAppTracker(24807): COUNTRY_CODE: [US]
I/AdXAppTracker(24807): LANGUAGE_CODE: [en]
I/AdXAppTracker(24807): density: []
I/AdXAppTracker(24807): screen_layout: []
I/AdXAppTracker(24807): referralURL: []
I/AdXAppTracker(24807): Got Application Data
I/AdXAppTracker(24807): --------------------
I/AdXAppTracker(24807): response status: 200
I/AdXAppTracker(24807): response size: 23
I/AdXAppTracker(24807): response:
I/AdXAppTracker(24807): true
I/AdXAppTracker(24807): --------------------
I/AdXAppTracker(24807): Successfully connected to AdX site.
I/AdXAppTracker(24807): --------------------
I/AdXAppTracker(24807): response status: 200
I/AdXAppTracker(24807): response size: 23
I/AdXAppTracker(24807): response:
I/AdXAppTracker(24807): true
I/AdXAppTracker(24807): --------------------
I/AdXAppTracker(24807): Successfully connected to AdX site.
I/ActivityManager( 745): Start proc com.google.android.googlequicksearchbox:search for service com.google.android.googlequicksearchbox/com.google.android.voicesearch.logger.EventLoggerService: pid=24889 uid=10022 gids={50022, 9997, 3003, 3001, 1028, 3002, 1015, 1005} abi=armeabi-v7a
I/ActivityManager( 745): Process com.android.providers.calendar (pid 24690) has died
I/ActivityManager( 745): Start proc com.google.android.partnersetup for content provider com.google.android.partnersetup/.RlzAppProvider: pid=24917 uid=10013 gids={50013, 9997, 3003} abi=armeabi-v7a
W/chromium(24392): [WARNING:server_connection_manager.cc(296)] ServerConnectionManager forcing SYNC_AUTH_ERROR
W/chromium(24392): [WARNING:syncer_proto_util.cc(277)] Error posting from syncer: Response Code (bogus on error): -1 Content-Length (bogus on error): -1 Server Status: SYNC_AUTH_ERROR
E/chromium(24392): [ERROR:get_updates_processor.cc(240)] PostClientToServerMessage() failed during GetUpdates
I/ActivityManager( 745): Process uk.co.economist (pid 24807) has died
W/ActivityManager( 745): Scheduling restart of crashed service uk.co.economist/com.economist.httpservice.HttpService in 1000ms
W/ActivityManager( 745): Scheduling restart of crashed service uk.co.economist/.service.EditionDownloadManager in 493120ms
W/InputMethodInfo( 745): Duplicated subtype definition found: , voice
I/chromium(24392): [INFO:CONSOLE(0)] "Refused to display 'https://apis.google.com/u/0/_/widget/render/badge?usegapi=1&social-action=Google%2B%20%3A%20Share&origin=http%3A%2F%2Fwww.theverge.com&url=http%3A%2F%2Fwww.theverge.com%2F2014%2F11%2F26%2F7290751%2Fbest-action-camera-you-can-buy&gsrc=3p&ic=1&jsh=m%3B%2F_%2Fscs%2Fapps-static%2F_%2Fjs%2Fk%3Doz.gapi.en.KTuDECY8mJE.O%2Fm%3D__features__%2Fam%3DAQ%2Frt%3Dj%2Fd%3D1%2Ft%3Dzcms%2Frs%3DAGLTcCMdx0a1PYg01FtJXdKoqAZwJnqJLw#_methods=onPlusOne%2C_ready%2C_close%2C_open%2C_resizeMe%2C_renderstart%2Concircled%2Cdrefresh%2Cerefresh%2Conload&id=I0_1417034473562&parent=http%3A%2F%2Fwww.theverge.com&pfname=&rpctoken=51180746' in a frame because it set 'X-Frame-Options' to 'SAMEORIGIN'.", source: about:blank (0)
D/WifiService( 745): New client listening to asynchronous messages
W/chromium(24392): [WARNING:jni_string.cc(28)] ConvertJavaStringToUTF8 called with null string.
I/MediaRouter(24889): Found default route: MediaRouter.RouteInfo{ uniqueId=android/mo:DEFAULT_ROUTE, name=Phone, description=null, enabled=true, connecting=false, playbackType=0, playbackStream=3, volumeHandling=1, volume=11, volumeMax=15, presentationDisplayId=-1, extras=null, providerPackageName=android }
I/FavoriteContactNamesSup(24889): get() : Execute runnable (UI thread)
I/ContactLabelSupplier(24889): get() : Execute runnable (UI thread)
I/ActivityManager( 745): Start proc android.process.acore for content provider com.android.providers.contacts/.ContactsProvider2: pid=24959 uid=10004 gids={50004, 9997} abi=armeabi-v7a
I/ActivityManager( 745): Process com.google.android.calendar (pid 22344) has died
W/ActivityManager( 745): Scheduling restart of crashed service com.google.android.calendar/com.android.calendar.alerts.AlertService in 38260ms
I/ActivityManager( 745): Process com.google.android.partnersetup (pid 24917) has died
W/HandlerScheduledExecuto(24889): Task does not implement UiTask. Consider using NamedUiRunnable for fjp@212bb688
W/NowFetcherService(21719): Receives a Now broadcast while not connected to GSA
W/GAV2 (24889): Thread[main,5,main]: Need to call initialize() and be in fallback mode to start dispatch.
D/WifiService( 745): acquireWifiLockLocked: WifiLock{NlpWifiLock type=2 binder=android.os.BinderProxy@be13ecc}
E/WifiStateMachine( 745): WifiStateMachine CMD_START_SCAN source 10008 txSuccessRate=104.32 rxSuccessRate=93.98 targetRoamBSSID=00:00:00:00:00:00 RSSI=-63
D/NowFetcherService(21719): onServiceConnected: connected to NowRemoteService
W/HandlerScheduledExecuto(24889): Task does not implement UiTask. Consider using NamedUiRunnable for fjp@212bb688
I/wpa_supplicant(12600): wlan0: CTRL-EVENT-SCAN-STARTED
I/ContactLocale(24959): AddressBook Labels [en-US;cs-CZ]: [, A, B, C, D, E, F, G, H, I, J, K, L, M, N, O, P, Q, R, S, T, U, V, W, X, Y, Z, Α, Β, Γ, Δ, Ε, Ζ, Η, Θ, Ι, Κ, Λ, Μ, Ν, Ξ, Ο, Π, Ρ, Σ, Τ, Υ, Φ, Χ, Ψ, Ω, , А, Б, В, Г, Д, Ђ, Е, Є, Ж, З, И, І, Ї, Й, Ј, К, Л, Љ, М, Н, Њ, О, П, Р, С, Т, Ћ, У, Ф, Х, Ц, Ч, Џ, Ш, Щ, Ю, Я, , א, ב, ג, ד, ה, ו, ז, ח, ט, י, כ, ל, מ, נ, ס, ע, פ, צ, ק, ר, ש, ת, , ا, ب, ت, ث, ج, ح, خ, د, ذ, ر, ز, س, ش, ص, ض, ط, ظ, ع, غ, ف, ق, ك, ل, م, ن, ه, و, ي, , ก, ข, ฃ, ค, ฅ, ฆ, ง, จ, ฉ, ช, ซ, ฌ, ญ, ฎ, ฏ, ฐ, ฑ, ฒ, ณ, ด, ต, ถ, ท, ธ, น, บ, ป, ผ, ฝ, พ, ฟ, ภ, ม, ย, ร, ฤ, ล, ฦ, ว, ศ, ษ, ส, ห, ฬ, อ, ฮ, , ㄱ, ㄴ, ㄷ, ㄹ, ㅁ, ㅂ, ㅅ, ㅇ, ㅈ, ㅊ, ㅋ, ㅌ, ㅍ, ㅎ, , あ, か, さ, た, な, は, ま, や, ら, わ, #, ]
I/ContactLabelSupplier(24889): get() : OptedIn = true
I/ContactLabelSupplier(24889): get() : Looking up 20 labels
I/ContactLabelSupplier(24889): get() : Lookup time = 106 ms
I/chromium(24392): [INFO:CONSOLE(38)] "V3 version: 340a020388f0d1395702980e539249b9bca96421", source: http://player.ooyala.com/v3/dcc84e41db014454b08662a766057e2b?namespace=OO&platform=html5-fallback&tweaks=android-enable-hls& (38)
I/chromium(24392): [INFO:CONSOLE(38)] "V3 version source: default", source: http://player.ooyala.com/v3/dcc84e41db014454b08662a766057e2b?namespace=OO&platform=html5-fallback&tweaks=android-enable-hls& (38)
I/VS.Container(24889): create_speech_recognizer
I/ActivityManager( 745): Process android.process.acore (pid 24959) has died
I/MicrophoneInputStream(24889): mic_starting gfk@1bc68fc
I/AudioFlinger( 187): AudioFlinger's thread 0xb503a000 ready to run
I/HotwordRecognitionRnr(24889): Starting hotword detection.
I/MicrophoneInputStream(24889): mic_started gfk@1bc68fc
D/audio_hw_primary( 187): select_devices: out_snd_device(0: none) in_snd_device(55: voice-rec-mic)
D/msm8974_platform( 187): platform_send_audio_calibration: sending audio calibration for snd_device(55) acdb_id(62)
D/ ( 187): Failed to fetch the lookup information of the device 0000003E
E/ACDB-LOADER( 187): Error: ACDB AudProc vol returned = -19
D/audio_hw_primary( 187): enable_snd_device: snd_device(55: voice-rec-mic)
D/audio_hw_primary( 187): enable_audio_route: apply and update mixer path: audio-record
I/HotwordWorker(24889): onReady
I/art ( 745): Explicit concurrent mark sweep GC freed 17373(876KB) AllocSpace objects, 6(353KB) LOS objects, 21% free, 58MB/74MB, paused 2.997ms total 255.084ms
D/NowFetcherService(21719): now card fetch: getting cards...
I/art (24889): Background sticky concurrent mark sweep GC freed 35423(2MB) AllocSpace objects, 16(2MB) LOS objects, 18% free, 20MB/25MB, paused 2.154ms total 129.301ms
D/NowFetcherService(21719): delete old card: wear://6ea9356f-df00-4185-8f84-25f2b4ebb55b/now/now_reminder/0
D/NowFetcherService(21719): delete old card: wear://6ea9356f-df00-4185-8f84-25f2b4ebb55b/now/now_reminder/1
I/art (21750): Explicit concurrent mark sweep GC freed 62155(5MB) AllocSpace objects, 0(0B) LOS objects, 39% free, 17MB/29MB, paused 1.397ms total 106.220ms
D/NowFetcherService(21719): delete old card: wear://6ea9356f-df00-4185-8f84-25f2b4ebb55b/now/now_stock_list/0
D/NowFetcherService(21719): delete old card: wear://6ea9356f-df00-4185-8f84-25f2b4ebb55b/now/now_weather/0
D/NowFetcherService(21719): set new card: /now/now_stock_list/0
D/NowFetcherService(21719): set new card: /now/now_weather/0
D/NowFetcherService(21719): set new card: /now/now_reminder/1
I/MediaRouter(24392): Found default route: MediaRouter.RouteInfo{ uniqueId=android/.support.v7.media.P:DEFAULT_ROUTE, name=Phone, description=null, enabled=true, connecting=false, playbackType=0, playbackStream=3, volumeHandling=1, volume=11, volumeMax=15, presentationDisplayId=-1, extras=null, providerPackageName=android }
D/NowFetcherService(21719): set new card: /now/now_reminder/0
D/GoogleServicesManager(24392): setState: sync = true, wantedSyncState = true
D/GoogleServicesManager(24392): Enabling sync
D/DelegatedPKCS11Manager(24392): initialize
D/ChromeSigninController(24392): Already registered with GCM
I/GCM (16979): GCM message com.chrome.beta 0:1417034477461891%b733f7f7f9fd7ecd
I/ActivityManager( 745): Start proc com.google.android.partnersetup for content provider com.google.android.partnersetup/.RlzAppProvider: pid=25025 uid=10013 gids={50013, 9997, 3003} abi=armeabi-v7a
I/MinidumpUploadService(24392): Attempting to upload accumulated crash dumps.
V/GCMBroadcastReceiver(24392): onReceive: com.google.android.c2dm.intent.RECEIVE
V/GCMRegistrar(24392): Setting the name of retry receiver class to com.google.ipc.invalidation.external.client.contrib.MultiplexingGcmListener$GCMReceiver
V/GCMBroadcastReceiver(24392): GCM IntentService class: com.google.ipc.invalidation.external.client.contrib.MultiplexingGcmListener
V/GCMBaseIntentService(24392): Acquiring wakelock
V/GCMBaseIntentService(24392): Intent service name: GCMIntentService-DynamicSenderIds-1
V/GCMBaseIntentService(24392): Releasing wakelock
D/InvalidationService(24392): Registration status for Oid: <1004, MANAGED_USER_SETTING>: REGISTERED
D/WifiService( 745): Client connection lost with reason: 4
W/InputDispatcher( 745): channel '3cc18324 com.google.android.googlequicksearchbox/com.google.android.launcher.GEL (server)' ~ Consumer closed input channel or an error occurred. events=0x9
E/InputDispatcher( 745): channel '3cc18324 com.google.android.googlequicksearchbox/com.google.android.launcher.GEL (server)' ~ Channel is unrecoverably broken and will be disposed!
I/WindowState( 745): WIN DEATH: Window{3cc18324 u0 com.google.android.googlequicksearchbox/com.google.android.launcher.GEL}
I/ActivityManager( 745): Process com.motorola.targetnotif (pid 24336) has died
W/ActivityManager( 745): Scheduling restart of crashed service com.motorola.targetnotif/com.motorola.checkin.uploader.CheckinService in 42781900800ms
W/InputDispatcher( 745): Attempted to unregister already unregistered input channel '3cc18324 com.google.android.googlequicksearchbox/com.google.android.launcher.GEL (server)'
D/InvalidationService(24392): Registration status for Oid: <1004, AUTOFILL>: REGISTERED
I/ActivityManager( 745): Process com.google.android.googlequicksearchbox (pid 23744) has died
D/InvalidationService(24392): Registration status for Oid: <1004, AUTOFILL_PROFILE>: REGISTERED
D/InvalidationService(24392): Registration status for Oid: <1004, TYPED_URL>: REGISTERED
D/InvalidationService(24392): Registration status for Oid: <1004, NIGORI>: REGISTERED
W/ActivityManager( 745): Permission Denial: Accessing service ComponentInfo{com.google.android.music/com.google.android.music.dial.DialMediaRouteProviderService} from pid=24392, uid=10091 that is not exported from uid 10060
D/InvalidationService(24392): Registration status for Oid: <1004, PASSWORD>: REGISTERED
D/NuPlayerDriver( 187): reset(0xb3b93040)
I/AudioFlinger( 187): BUFFER TIMEOUT: remove(4096) from active list on thread 0xb5723000
I/ActivityManager( 745): Start proc com.google.android.youtube for service com.google.android.youtube/.app.remote.YouTubeTvRouteProviderService: pid=25063 uid=10080 gids={50080, 9997, 3003, 1028, 1015} abi=armeabi-v7a
D/InvalidationService(24392): Registration status for Oid: <1004, HISTORY_DELETE_DIRECTIVE>: REGISTERED
D/NuPlayerDriver( 187): notifyResetComplete(0xb3b93040)
I/ActivityManager( 745): Process com.google.android.partnersetup (pid 25025) has died
D/InvalidationService(24392): Registration status for Oid: <1004, BOOKMARK>: REGISTERED
W/GoogleApiIcingClientImpl(24392): Failed to clear legacy corpus. Status Code: 8 Message: No CorpusConfig for history of com.chrome.beta
D/MediaResourceGetter(24392): ethernet/wifi connection detected
D/InvalidationService(24392): Registration status for Oid: <1004, FAVICON_IMAGE>: REGISTERED
D/NuPlayerDriver( 187): start(0xb49293a0)
I/GenericSource( 187): start
I/AudioFlinger( 187): HAL output buffer size 32768 frames, normal sink buffer size 32768 frames
W/AudioFlinger( 187): moveEffectChain_l() effect chain for session 0 not on source thread 0xb57a5000
I/AudioFlinger( 187): AudioFlinger's thread 0xb2fa5300 ready to run
