D/NowFetcherService( 9845): set new card: /now/now_reminder/1
I/ActivityManager( 745): Start proc com.google.android.apps.plus for service com.google.android.apps.plus/com.google.android.apps.moviemaker.service.PluggedInAnalyzerService: pid=10528 uid=10067 gids={50067, 9997, 3003, 3002, 1028, 1015} abi=armeabi-v7a
D/NowFetcherService( 9845): set new card: /now/now_reminder/0
W/ResourcesManager(10528): Asset path '/system/framework/com.google.android.maps.jar' does not exist or contains no resources.
I/ActivityManager( 745): Process com.google.android.calendar (pid 9942) has died
W/Uploader( 5649): No account for auth token provided
I/ActivityManager( 745): Process com.tinder (pid 9873) has died
E/WifiStateMachine( 745): WifiStateMachine CMD_START_SCAN source -2 txSuccessRate=29.65 rxSuccessRate=27.47 targetRoamBSSID=00:00:00:00:00:00 RSSI=-63
E/WifiStateMachine( 745): WifiStateMachine starting scan for "THOMS-5G"WPA_PSK with 5745,2462
I/wpa_supplicant(12600): wlan0: CTRL-EVENT-SCAN-STARTED
I/Adreno-EGL(10528): : QUALCOMM Build: 10/24/14, 167c270, I68fa98814b
I/ActivityManager( 745): Process com.google.android.keep (pid 9743) has died
I/GLSActivity( 5649): [ad] getting account id
I/GLSUser ( 5649): [p] Fetched account id for jordan@notablepdf.com : 117608051058792046123
I/GLSActivity( 5649): [ad] getting account id
I/GLSUser ( 5649): [p] Fetched account id for shadowservices@gmail.com : 118325743444248362087
I/ActivityManager( 745): Process com.google.android.maps.mytracks (pid 9898) has died
W/Uploader( 5649): No account for auth token provided
W/Uploader( 5649): No account for auth token provided
W/Uploader( 5649): No account for auth token provided
W/Uploader( 5649): No account for auth token provided
W/Uploader( 5649): No account for auth token provided
W/Uploader( 5649): No account for auth token provided
W/Uploader( 5649): No account for auth token provided
I/ThermalEngine( 197): TM Id 'SKIN_THERMAL_management_1' Sensor 'xo_therm_pu2' - alarm raised 1 at 41.0 degC
I/ThermalEngine( 197): ACTION: CPU - Setting CPU[0] to 1958400
I/ThermalEngine( 197): ACTION: CPU - Setting CPU[1] to 1958400
I/ThermalEngine( 197): ACTION: CPU - Setting CPU[2] to 1958400
I/ThermalEngine( 197): ACTION: CPU - Setting CPU[3] to 1958400
I/ThermalEngine( 197): ACTION: LCD - Setting max LCD brightness to 229
W/Uploader( 5649): no longer exists, so no auth token.
W/Uploader( 5649): No account for auth token provided
I/GAV2 (10528): Thread[GAThread,5,main]: No campaign data found.
E/DataBuffer( 9980): Internal data leak within a DataBuffer object detected! Be sure to explicitly call release() on all DataBuffer extending objects when you are done with them. (aqu@12393b3f)
W/CursorWrapperInner( 9980): Cursor finalized without prior close()
W/CursorWrapperInner( 9980): Cursor finalized without prior close()
I/art ( 745): Explicit concurrent mark sweep GC freed 25817(1297KB) AllocSpace objects, 4(64KB) LOS objects, 24% free, 49MB/65MB, paused 1.322ms total 101.242ms
I/ActivityManager( 745): Start proc com.facebook.katana for service com.facebook.katana/com.facebook.push.mqtt.service.MqttPushService: pid=10630 uid=10110 gids={50110, 9997, 1028, 1015, 3003} abi=armeabi-v7a
W/ResourcesManager(10630): Asset path '/system/framework/com.google.android.maps.jar' does not exist or contains no resources.
D/CatchMeIfYouCan(10630): Process () ca: '/data/data/com.facebook.katana/app_cmiyc/A1657CCD543F12E66E587EE52ED9D802E22AAC4701'
D/CatchMeIfYouCan(10630): Process () fc: '/data/data/com.facebook.katana/app_cmiyc/A1657CCD543F12E66E587EE52ED9D802E22AAC4702'
D/CatchMeIfYouCan(10630): Process () cp: '('default', 3, 120000, silent [true], restart [false], logout [false])'
D/ACRA (10630): ACRA is enabled for com.facebook.katana, intializing...
D/ACRA (10630): Looking for error files in /data/data/com.facebook.katana/app_acra-reports
D/ACRA (10630): Looking for error files in /data/data/com.facebook.katana/app_minidumps
D/SoLoader(10630): found fb_stl_shared in default place
D/SoLoader(10630): found fb_breakpad_client in default place
I/DexLibLoader(10630): not using cross-dex optimization: ART in use
D/SoLoader(10630): found distract in default place
D/SoLoader(10630): found fb_dalvik-internals in default place
I/dalvik-internals(10630): dlopen(libdvm) failed: no Dalvik modifications possible
V/DexLibLoader(10630): about to lock odex store
V/DexLibLoader(10630): locking odex store took 1 ms
V/DexLibLoader(10630): Secondary program dex metadata: classes2.dex 52a322ae1b1f49afa1ea4c0d2638e7a268885d64 secondary.dex01.Canary
V/DexLibLoader(10630): Secondary program dex metadata: classes3.dex 6affb04c6439083b685c6134b089c804ab883e40 secondary.dex02.Canary
V/DexLibLoader(10630): Secondary program dex metadata: classes4.dex 4659a451175d4f4952dc15f1f0f5d871f4890af3 secondary.dex03.Canary
V/DexLibLoader(10630): Secondary program dex metadata: classes5.dex 4e0eb7d90968200d97f31611f9c35d14d2bc2e15 secondary.dex04.Canary
V/DexLibLoader(10630): Secondary program dex metadata: classes6.dex 39f24fcf20aa2f7ac90ffead67c7761b82e68901 secondary.dex05.Canary
V/DexLibLoader(10630): Secondary program dex metadata: classes7.dex 4e62c7777c0f7c3338ddc181c5e878fbd53ae54b secondary.dex06.Canary
D/DexLibLoader(10630): directory "/data/data/com.facebook.katana/app_secondary_program_dex" is valid
D/DexLibLoader(10630): directory "/data/data/com.facebook.katana/app_secondary_program_dex_opt" is valid
D/DexLibLoader(10630): loading pre-built fallback odex files
D/DexLibLoader(10630): released odex store lock
D/DexLibLoader(10630): DexLibLoader.loadAll took 22 ms
D/SystemClassLoaderAdder(10630): Marked as initialized entry corresponding to path /data/app/com.facebook.katana-2/base.apk
D/ConnectivityService( 745): updateNetworkScore for NetworkAgentInfo [WIFI () - 334] to 56
D/ConnectivityService( 745): rematching NetworkAgentInfo [WIFI () - 334]
D/ConnectivityService( 745): Network NetworkAgentInfo [WIFI () - 334] was already satisfying request 1. No change.
D/ConnectivityService( 745): notifyType AVAILABLE for NetworkAgentInfo [WIFI () - 334]
D/ConnectivityManager.CallbackHandler( 1323): CM callback handler got msg 524290
E/FbInjectorInitializer(10630): Multi-binding Key[type=com.facebook.bugreporter.BugReportExtraFileMapProvider, annotation=[none]] wasn't declared.
E/FbInjectorInitializer(10630): Multi-binding Key[type=com.facebook.auth.privacy.IHaveUserData, annotation=[none]] wasn't declared.
E/FbInjectorInitializer(10630): Multi-binding Key[type=com.facebook.auth.component.AuthComponent, annotation=[none]] wasn't declared.
E/FbInjectorInitializer(10630): Multi-binding Key[type=com.facebook.gk.GatekeeperSetProvider, annotation=[none]] wasn't declared.
E/FbInjectorInitializer(10630): Multi-binding Key[type=com.facebook.gk.SessionlessGatekeeperSetProvider, annotation=[none]] wasn't declared. W/fb4a(:):StaticBindingVerifier(10630): Verify
D/WifiService( 745): New client listening to asynchronous messages
I/ActivityManager( 745): Process org.leetzone.android.yatsewidgetfree (pid 9923) has died
W/art (10630): Suspending all threads took: 188.907ms
I/art (10630): Rejecting re-init on previously-failed class java.lang.Class
I/art (10630): Rejecting re-init on previously-failed class java.lang.Class
I/ActivityManager( 745): Process com.google.android.apps.maps (pid 10040) has died
W/NowFetcherService( 9845): Receives a Now broadcast while not connected to GSA
D/NowFetcherService( 9845): onServiceConnected: connected to NowRemoteService
D/SoLoader(10630): found fb_stl_shared in default place
D/SoLoader(10630): found fb in default place
D/SoLoader(10630): found fb_breakpad_client in default place
D/SoLoader(10630): found fbjni in default place
D/SoLoader(10630): found heartbleed in default place
D/NowFetcherService( 9845): now card fetch: getting cards...
D/NowFetcherService( 9845): delete old card: wear://6ea9356f-df00-4185-8f84-25f2b4ebb55b/now/now_reminder/0
D/NowFetcherService( 9845): delete old card: wear://6ea9356f-df00-4185-8f84-25f2b4ebb55b/now/now_reminder/1
D/NowFetcherService( 9845): delete old card: wear://6ea9356f-df00-4185-8f84-25f2b4ebb55b/now/now_stock_list/0
D/NowFetcherService( 9845): delete old card: wear://6ea9356f-df00-4185-8f84-25f2b4ebb55b/now/now_weather/0
D/NowFetcherService( 9845): set new card: /now/now_stock_list/0
D/NowFetcherService( 9845): set new card: /now/now_weather/0
D/NowFetcherService( 9845): set new card: /now/now_reminder/1
D/NowFetcherService( 9845): set new card: /now/now_reminder/0
D/ConnectivityService( 745): updateNetworkScore for NetworkAgentInfo [WIFI () - 334] to 60
D/ConnectivityService( 745): rematching NetworkAgentInfo [WIFI () - 334]
D/ConnectivityService( 745): Network NetworkAgentInfo [WIFI () - 334] was already satisfying request 1. No change.
D/ConnectivityService( 745): notifyType AVAILABLE for NetworkAgentInfo [WIFI () - 334]
D/ConnectivityManager.CallbackHandler( 1323): CM callback handler got msg 524290
W/BroadcastQueue( 745): Permission Denial: broadcasting Intent { act=android.net.conn.INET_CONDITION_ACTION flg=0x4000010 (has extras) } from null (pid=-1, uid=-1) requires com.facebook.permission.prod.FB_APP_COMMUNICATION due to registered receiver BroadcastFilter{c89f9a2 u0 ReceiverList{1920d96d 10630 com.facebook.katana/10110/u0 remote:3c97d84}}
W/BroadcastQueue( 745): Permission Denial: broadcasting Intent { act=android.net.conn.CONNECTIVITY_CHANGE flg=0x4000010 (has extras) } from null (pid=-1, uid=-1) requires com.facebook.permission.prod.FB_APP_COMMUNICATION due to registered receiver BroadcastFilter{c89f9a2 u0 ReceiverList{1920d96d 10630 com.facebook.katana/10110/u0 remote:3c97d84}} W/fb4a(:):AbstractMqttPushService(10630): Attempt to start service that is already started
D/GCoreFlp( 9386): Unknown pending intent to remove.
D/SoLoader(10630): found fb_stl_shared in default place
D/SoLoader(10630): found webp in default place
D/SoLoader(10630): found fb in default place
D/SoLoader(10630): found fb_jpegturbo in default place
D/SoLoader(10630): found fb_breakpad_client in default place
D/SoLoader(10630): found fbjni in default place
D/SoLoader(10630): found fb_imgproc in default place
I/NativeImageProcessor(10630): == read 42 bytes ==
I/NativeImageProcessor(10630): == read -1 bytes ==
W/BroadcastQueue( 745): Permission Denial: broadcasting Intent { act=android.net.conn.CONNECTIVITY_CHANGE flg=0x4000010 (has extras) } from null (pid=-1, uid=-1) requires com.facebook.permission.prod.FB_APP_COMMUNICATION due to registered receiver BroadcastFilter{ffd429b u0 ReceiverList{38a36aa 10630 com.facebook.katana/10110/u0 remote:f074595}}
D/SoLoader(10630): found liger in default place
I/UserDevice(10019): Response: received statusCode=0
D/MMApiWSBase(10019): doRequest(): /v1/gdi/user/devices.json resp length: 0
E/MMApiWSBase(10019): doRequest(): got exception: org.apache.http.conn.ConnectTimeoutException: Connect to /199.223.234.132:443 timed out
I/MMApiWebService(10019): inspectMMApiResponse(): found an error from a web service response: ServiceDownError msg: org.apache.http.conn.ConnectTimeoutException: Connect to /199.223.234.132:443 timed out req: devices.json
I/MMApiBackOffService(10019): connectStatus(): app: MMAPIWebServiceRequest backing off: 5000 ms until next web service attempt
I/MMApiWebService(10019): MMApiWebService told us not to continue at the moment with this request: devices.json
E/WifiStateMachine( 745): WifiStateMachine CMD_START_SCAN source -2 txSuccessRate=21.20 rxSuccessRate=23.05 targetRoamBSSID=00:00:00:00:00:00 RSSI=-64
E/WifiStateMachine( 745): WifiStateMachine starting scan for "THOMS-5G"WPA_PSK with 5745,2462
I/wpa_supplicant(12600): wlan0: CTRL-EVENT-SCAN-STARTED
I/MMApiBackOffService(10019): MMAPIWebServiceRequest backOff fired!
D/MMApiWebService(10019): MMApiBackOffService told us it's okay to retry the waiting requests: 1
D/MMApiWebService(10019): doRequest() with req : [B@fa03040
D/MMApiWebService(10019): generating token using payload instead of using session token
I/MMApiWSBase(10019): doRequest(): url: https://argo.svcmot.com:443/v1/gdi/user/devices.json?appid=6R1TANEX3ZMQ6EU1UH43P34C8B868KTE&userid=9bd58775cf0940c4bac29fda474df1b7
D/ConnectivityService( 745): updateNetworkScore for NetworkAgentInfo [WIFI () - 334] to 56
D/ConnectivityService( 745): rematching NetworkAgentInfo [WIFI () - 334]
D/ConnectivityService( 745): Network NetworkAgentInfo [WIFI () - 334] was already satisfying request 1. No change.
D/ConnectivityService( 745): notifyType AVAILABLE for NetworkAgentInfo [WIFI () - 334]
D/ConnectivityManager.CallbackHandler( 1323): CM callback handler got msg 524290
I/ActivityManager( 745): Start proc com.chrome.beta for broadcast com.chrome.beta/com.google.ipc.invalidation.ticl.android2.AndroidInternalScheduler$AlarmReceiver: pid=10777 uid=10091 gids={50091, 9997, 3003, 1028, 1015} abi=armeabi-v7a
W/n (10777): [TiclService] Could not read Ticl state: com.google.ipc.invalidation.b.p: Required field 'state' was not set
W/n (10777): com.google.ipc.invalidation.b.p: Required field 'state' was not set
W/n (10777): at com.google.ipc.invalidation.ticl.a.k.a(AndroidService.java:1988)
W/n (10777): at com.google.ipc.invalidation.ticl.android2.n.a(TiclStateManager.java:154)
W/n (10777): at com.google.ipc.invalidation.ticl.android2.n.a(TiclStateManager.java:68)
W/n (10777): at com.google.ipc.invalidation.ticl.android2.TiclService.onHandleIntent(TiclService.java:105)
W/n (10777): at android.app.IntentService$ServiceHandler.handleMessage(IntentService.java:65)
W/n (10777): at android.os.Handler.dispatchMessage(Handler.java:102)
W/n (10777): at android.os.Looper.loop(Looper.java:135)
W/n (10777): at android.os.HandlerThread.run(HandlerThread.java:61)
E/WifiStateMachine( 745): WifiStateMachine CMD_START_SCAN source -2 txSuccessRate=2.38 rxSuccessRate=4.44 targetRoamBSSID=00:00:00:00:00:00 RSSI=-65
I/wpa_supplicant(12600): wlan0: CTRL-EVENT-SCAN-STARTED
I/ThermalEngine( 197): TM Id 'SKIN_THERMAL_management_1' Sensor 'xo_therm_pu2' - alarm cleared 1 at 38.0 degC
I/ThermalEngine( 197): ACTION: CPU - Setting CPU[0] to 2265600
I/ThermalEngine( 197): ACTION: CPU - Setting CPU[1] to 2265600
I/ThermalEngine( 197): ACTION: CPU - Setting CPU[2] to 2265600
I/ThermalEngine( 197): ACTION: CPU - Setting CPU[3] to 2265600
I/ThermalEngine( 197): ACTION: LCD - Setting max LCD brightness to 255
I/art ( 1323): Explicit concurrent mark sweep GC freed 15920(803KB) AllocSpace objects, 9(22MB) LOS objects, 24% free, 49MB/65MB, paused 775us total 91.142ms
I/art ( 1545): Explicit concurrent mark sweep GC freed 469(22KB) AllocSpace objects, 0(0B) LOS objects, 39% free, 15MB/25MB, paused 1.170ms total 22.622ms
I/Fitness ( 9386): FlushServiceReceiver.onReceive
E/WifiStateMachine( 745): WifiStateMachine CMD_START_SCAN source -2 txSuccessRate=0.91 rxSuccessRate=1.98 targetRoamBSSID=00:00:00:00:00:00 RSSI=-65
E/WifiStateMachine( 745): WifiStateMachine starting scan for "THOMS-5G"WPA_PSK with 5745,2462
I/wpa_supplicant(12600): wlan0: CTRL-EVENT-SCAN-STARTED
D/WifiService( 745): acquireWifiLockLocked: WifiLock{NlpWifiLock type=2 binder=android.os.BinderProxy@332b6df3}
D/WifiService( 745): releaseWifiLockLocked: WifiLock{NlpWifiLock type=2 binder=android.os.BinderProxy@332b6df3}
I/ActivityManager( 745): Process com.android.vending (pid 10206) has died
I/GCoreUlr( 9386): Successfully inserted location
I/GCoreUlr( 9386): Starting service, intent=Intent { act=com.google.android.location.reporting.UPLOAD cmp=com.google.android.gms/com.google.android.location.reporting.service.DispatchingService }, extras=null
I/art ( 745): Explicit concurrent mark sweep GC freed 45953(2MB) AllocSpace objects, 12(192KB) LOS objects, 24% free, 49MB/65MB, paused 1.261ms total 102.220ms
W/GmsApplication( 9386): Using Auth Proxy for data requests.
I/GoogleHttpClient( 9386): Falling back to old SSLCertificateSocketFactory
I/GLSUser ( 9386): [ ChannelManager ] Attempting to channel bind connection HttpClient.
I/art ( 5649): Explicit concurrent mark sweep GC freed 28294(1523KB) AllocSpace objects, 1(16KB) LOS objects, 40% free, 19MB/31MB, paused 520us total 26.423ms
I/GLSUser ( 9386): [ ChannelManager ] Skip channel binding on pre-KLP devices.
I/GCoreUlr( 9386): Starting service, intent=Intent { act=com.google.android.location.reporting.ACTION_UPDATE_ACTIVE_STATE cmp=com.google.android.gms/com.google.android.location.reporting.service.DispatchingService }, extras=null
I/FitnessApp( 9980): ULRSettingsReceiver Intent { act=com.google.android.gms.location.reporting.SETTINGS_CHANGED flg=0x10 cmp=com.google.android.apps.fitness/.api.recording.UlrSettingsReceiver }
I/GCoreUlr( 9386): Batch Location Update succeeded for account account#-1#
I/Fitness ( 9386): Account supported from cache: true
I/art ( 9386): Explicit concurrent mark sweep GC freed 152881(8MB) AllocSpace objects, 0(0B) LOS objects, 40% free, 22MB/37MB, paused 1.155ms total 99.061ms
I/GCoreUlr( 9386): Ensuring that reporting is active for [account#-1#]
I/GCoreUlr( 9386): Starting service, intent=Intent { act=com.google.android.location.reporting.ACTION_LOCATION_STATUS cmp=com.google.android.gms/com.google.android.location.reporting.service.DispatchingService (has extras) }, extras=Bundle[{status=LocationStatus[cell status: STATUS_UNKNOWN, wifi status: STATUS_UNKNOWN, elapsed realtime ns: 0]}]
I/FitnessApp( 9980): No need to update registrations as ULR settings are unchanged
D/ConnectivityService( 745): updateNetworkScore for NetworkAgentInfo [WIFI () - 334] to 60
D/ConnectivityService( 745): rematching NetworkAgentInfo [WIFI () - 334]
D/ConnectivityService( 745): Network NetworkAgentInfo [WIFI () - 334] was already satisfying request 1. No change.
D/ConnectivityService( 745): notifyType AVAILABLE for NetworkAgentInfo [WIFI () - 334]
D/ConnectivityManager.CallbackHandler( 1323): CM callback handler got msg 524290
I/ActivityManager( 745): Start proc com.google.android.googlequicksearchbox:interactor for service com.google.android.googlequicksearchbox/com.google.android.voiceinteraction.GsaVoiceInteractionService: pid=10899 uid=10022 gids={50022, 9997, 3003, 3001, 1028, 3002, 1015, 1005} abi=armeabi-v7a
E/lowmemorykiller( 169): Error writing /proc/10528/oom_score_adj; errno=22
I/ActivityManager( 745): Process com.google.android.apps.plus (pid 10528) has died
W/KeyphraseEnrollmentInfo(10899): Enrollment application doesn't support keyphrases
I/UserDevice(10019): Response: received statusCode=200
D/MMApiWSBase(10019): doRequest(): /v1/gdi/user/devices.json resp length: 136
I/UserDevice(10019): Response: processing...
I/UserDevice(10019): Response: success
I/art ( 1565): Explicit concurrent mark sweep GC freed 99(4KB) AllocSpace objects, 0(0B) LOS objects, 40% free, 16MB/26MB, paused 604us total 61.208ms
D/ConnectivityService( 745): updateNetworkScore for NetworkAgentInfo [WIFI () - 334] to 56
D/ConnectivityService( 745): rematching NetworkAgentInfo [WIFI () - 334]
D/ConnectivityService( 745): Network NetworkAgentInfo [WIFI () - 334] was already satisfying request 1. No change.
D/ConnectivityService( 745): notifyType AVAILABLE for NetworkAgentInfo [WIFI () - 334]
D/ConnectivityManager.CallbackHandler( 1323): CM callback handler got msg 524290
I/art ( 1582): Explicit concurrent mark sweep GC freed 141(5KB) AllocSpace objects, 0(0B) LOS objects, 40% free, 15MB/26MB, paused 1.329ms total 41.190ms
E/WifiStateMachine( 745): WifiStateMachine CMD_START_SCAN source -2 txSuccessRate=0.56 rxSuccessRate=2.58 targetRoamBSSID=00:00:00:00:00:00 RSSI=-64
E/WifiStateMachine( 745): WifiStateMachine starting scan for "THOMS-5G"WPA_PSK with 5745,2462
I/wpa_supplicant(12600): wlan0: CTRL-EVENT-SCAN-STARTED
I/art ( 1609): Explicit concurrent mark sweep GC freed 11497(1939KB) AllocSpace objects, 0(0B) LOS objects, 40% free, 17MB/29MB, paused 682us total 101.611ms
I/art (23530): Explicit concurrent mark sweep GC freed 2585(108KB) AllocSpace objects, 0(0B) LOS objects, 39% free, 15MB/26MB, paused 3.170ms total 66.343ms
I/art (13342): Explicit concurrent mark sweep GC freed 2093(152KB) AllocSpace objects, 0(0B) LOS objects, 40% free, 16MB/26MB, paused 1.388ms total 28.738ms
E/WifiStateMachine( 745): WifiStateMachine CMD_START_SCAN source -2 txSuccessRate=0.01 rxSuccessRate=2.93 targetRoamBSSID=00:00:00:00:00:00 RSSI=-64
E/WifiStateMachine( 745): WifiStateMachine starting scan for "THOMS-5G"WPA_PSK with 5745,2462
I/wpa_supplicant(12600): wlan0: CTRL-EVENT-SCAN-STARTED
I/art ( 5649): Explicit concurrent mark sweep GC freed 5702(263KB) AllocSpace objects, 0(0B) LOS objects, 40% free, 18MB/31MB, paused 702us total 67.651ms
E/CWCheckin(10019): no tags to log for kernal events
D/Checkin (10019): publish the event [tag = MOT_CHECKIN event name = LOG]
D/CWCheckin(10019): Motorola help_improve privacy is -1
D/CWCheckin(10019): Generic privacy config is true
D/CWCheckin(10019): BcsMMApiWSGpb: getDeviceProperties()=blurid=P027XS4RCR,version=Blur_Version.20.0.1526154.metallica.unknown.unknown.unknown,crc=17498a,imei=P027XS4RCR,barcode=TA47702FZI,imsi=IMSI_NOT_AVAILABLE,phone=PHONE_NUMBER_NOT_AVAILABLE,buildType=user,swchksum=FFFF,bldid=KNX01S,brdplatfrm=omap3,bldfngrprnt=motorola/metallica/minnow:4.4W.2/KNX01S/1526154:user/release-keys,modem=NOT_AVAILABLE,bootDevice=NOT_AVAILABLE
D/CWCheckin(10019): Motorola help_improve privacy is -1
D/CWCheckin(10019): Generic privacy config is true
E/CWCheckin(10019): BcsDSCheckin.logProperties: root status from persist.qe is null or empty
D/Checkin (10019): publish the event [tag = MOT_CHECKIN event name = LOG]
D/CWCheckin(10019): Motorola help_improve privacy is -1
D/CWCheckin(10019): Generic privacy config is true
D/Checkin (10019): publish the event [tag = DEV_ATTRIBS event name = SW]
D/CWCheckin(10019): Motorola help_improve privacy is -1
D/CWCheckin(10019): Generic privacy config is true
E/ActivityThread(10019): Failed to find provider info for com.motorola.ccc.cce.datausage
E/DataUsage(10019): got exception java.lang.IllegalArgumentException: Unknown URI content://com.motorola.ccc.cce.datausage/statistics
I/CWCheckin(10019): BcsCore.doCallHomeCore: Exceeded maximum number of checkins for one hour. Bailing out
D/Checkin (10019): publish the event [tag = MOT_CHECKIN event name = LOG]
D/CWCheckin(10019): Motorola help_improve privacy is -1
D/CWCheckin(10019): Generic privacy config is true
I/ActivityManager( 745): Start proc com.google.android.apps.maps for service com.google.android.apps.maps/com.google.android.apps.gmm.prefetch.PrefetcherService: pid=10925 uid=10058 gids={50058, 9997, 3003, 1028, 1015} abi=armeabi-v7a
E/WifiStateMachine( 745): WifiStateMachine CMD_START_SCAN source -2 txSuccessRate=0.00 rxSuccessRate=1.30 targetRoamBSSID=00:00:00:00:00:00 RSSI=-66
E/WifiStateMachine( 745): WifiStateMachine starting scan for "THOMS-5G"WPA_PSK with 5745,2462
I/wpa_supplicant(12600): wlan0: CTRL-EVENT-SCAN-STARTED
W/n (10777): [TiclService] Could not read Ticl state: com.google.ipc.invalidation.b.p: Required field 'state' was not set
W/n (10777): com.google.ipc.invalidation.b.p: Required field 'state' was not set
W/n (10777): at com.google.ipc.invalidation.ticl.a.k.a(AndroidService.java:1988)
W/n (10777): at com.google.ipc.invalidation.ticl.android2.n.a(TiclStateManager.java:154)
W/n (10777): at com.google.ipc.invalidation.ticl.android2.n.a(TiclStateManager.java:68)
W/n (10777): at com.google.ipc.invalidation.ticl.android2.TiclService.onHandleIntent(TiclService.java:105)
W/n (10777): at android.app.IntentService$ServiceHandler.handleMessage(IntentService.java:65)
W/n (10777): at android.os.Handler.dispatchMessage(Handler.java:102)
W/n (10777): at android.os.Looper.loop(Looper.java:135)
W/n (10777): at android.os.HandlerThread.run(HandlerThread.java:61)
D/WifiService( 745): acquireWifiLockLocked: WifiLock{NlpWifiLock type=2 binder=android.os.BinderProxy@2efee937}
E/WifiStateMachine( 745): WifiStateMachine CMD_START_SCAN source 10008 txSuccessRate=0.00 rxSuccessRate=1.30 targetRoamBSSID=00:00:00:00:00:00 RSSI=-66
E/WifiStateMachine( 745): WifiStateMachine CMD_START_SCAN source 10008 txSuccessRate=0.00 rxSuccessRate=1.30 targetRoamBSSID=00:00:00:00:00:00 RSSI=-66
I/wpa_supplicant(12600): wlan0: CTRL-EVENT-SCAN-STARTED
D/StrictMode(10925): StrictMode policy violation; ~duration=203 ms: android.os.StrictMode$StrictModeDiskReadViolation: policy=31 violation=2
D/StrictMode(10925): at android.os.StrictMode$AndroidBlockGuardPolicy.onReadFromDisk(StrictMode.java:1137)
D/StrictMode(10925): at libcore.io.BlockGuardOs.access(BlockGuardOs.java:67)
D/StrictMode(10925): at java.io.File.doAccess(File.java:283)
D/StrictMode(10925): at java.io.File.exists(File.java:363)
D/StrictMode(10925): at android.app.ContextImpl.createFilesDirLocked(ContextImpl.java:989)
D/StrictMode(10925): at android.app.ContextImpl.getFilesDir(ContextImpl.java:1012)
D/StrictMode(10925): at android.content.ContextWrapper.getFilesDir(ContextWrapper.java:201)
D/StrictMode(10925): at com.google.android.libraries.stitch.incompat.missinglibs.a.a(PG:31)
D/StrictMode(10925): at com.google.android.libraries.stitch.incompat.b.a(PG:116)
D/StrictMode(10925): at com.google.android.apps.gmm.base.app.b.(PG:438)
D/StrictMode(10925): at com.google.android.apps.gmm.base.app.GoogleMapsApplication.onCreate(PG:84)
D/StrictMode(10925): at android.app.Instrumentation.callApplicationOnCreate(Instrumentation.java:1011)
D/StrictMode(10925): at android.app.ActivityThread.handleBindApplication(ActivityThread.java:4518)
D/StrictMode(10925): at android.app.ActivityThread.access$1500(ActivityThread.java:144)
D/StrictMode(10925): at android.app.ActivityThread$H.handleMessage(ActivityThread.java:1339)
D/StrictMode(10925): at android.os.Handler.dispatchMessage(Handler.java:102)
D/StrictMode(10925): at android.os.Looper.loop(Looper.java:135)
D/StrictMode(10925): at android.app.ActivityThread.main(ActivityThread.java:5221)
D/StrictMode(10925): at java.lang.reflect.Method.invoke(Native Method)
D/StrictMode(10925): at java.lang.reflect.Method.invoke(Method.java:372)
D/StrictMode(10925): at com.android.internal.os.ZygoteInit$MethodAndArgsCaller.run(ZygoteInit.java:899)
D/StrictMode(10925): at com.android.internal.os.ZygoteInit.main(ZygoteInit.java:694)
D/StrictMode(10925): StrictMode policy violation; ~duration=203 ms: android.os.StrictMode$StrictModeDiskReadViolation: policy=31 violation=2
D/StrictMode(10925): at android.os.StrictMode$AndroidBlockGuardPolicy.onReadFromDisk(StrictMode.java:1137)
D/StrictMode(10925): at libcore.io.BlockGuardOs.access(BlockGuardOs.java:67)
D/StrictMode(10925): at java.io.File.doAccess(File.java:283)
D/StrictMode(10925): at java.io.File.exists(File.java:363)
D/StrictMode(10925): at com.google.android.libraries.stitch.incompat.b.a(PG:116)
D/StrictMode(10925): at com.google.android.apps.gmm.base.app.b.(PG:438)
D/StrictMode(10925): at com.google.android.apps.gmm.base.app.GoogleMapsApplication.onCreate(PG:84)
D/StrictMode(10925): at android.app.Instrumentation.callApplicationOnCreate(Instrumentation.java:1011)
D/StrictMode(10925): at android.app.ActivityThread.handleBindApplication(ActivityThread.java:4518)
D/StrictMode(10925): at android.app.ActivityThread.access$1500(ActivityThread.java:144)
D/StrictMode(10925): at android.app.ActivityThread$H.handleMessage(ActivityThread.java:1339)
D/StrictMode(10925): at android.os.Handler.dispatchMessage(Handler.java:102)
D/StrictMode(10925): at android.os.Looper.loop(Looper.java:135)
D/StrictMode(10925): at android.app.ActivityThread.main(ActivityThread.java:5221)
D/StrictMode(10925): at java.lang.reflect.Method.invoke(Native Method)
D/StrictMode(10925): at java.lang.reflect.Method.invoke(Method.java:372)
D/StrictMode(10925): at com.android.internal.os.ZygoteInit$MethodAndArgsCaller.run(ZygoteInit.java:899)
D/StrictMode(10925): at com.android.internal.os.ZygoteInit.main(ZygoteInit.java:694)
D/StrictMode(10925): StrictMode policy violation; ~duration=202 ms: android.os.StrictMode$StrictModeDiskReadViolation: policy=31 violation=2
D/StrictMode(10925): at android.os.StrictMode$AndroidBlockGuardPolicy.onReadFromDisk(StrictMode.java:1137)
D/StrictMode(10925): at libcore.io.BlockGuardOs.open(BlockGuardOs.java:182)
D/StrictMode(10925): at libcore.io.IoUtils.canOpenReadOnly(IoUtils.java:165)
D/StrictMode(10925): at dalvik.system.DexPathList.findLibrary(DexPathList.java:383)
D/StrictMode(10925): at dalvik.system.BaseDexClassLoader.findLibrary(BaseDexClassLoader.java:77)
D/StrictMode(10925): at java.lang.Runtime.loadLibrary(Runtime.java:360)
D/StrictMode(10925): at java.lang.System.loadLibrary(System.java:989)
D/StrictMode(10925): at com.google.android.libraries.social.jni.crashreporter.NativeCrashHandler.a(PG:182)
D/StrictMode(10925): at com.google.android.libraries.social.jni.crashreporter.NativeCrashHandler.a(PG:81)
D/StrictMode(10925): at com.google.android.apps.gmm.base.app.b.(PG:452)
D/StrictMode(10925): at com.google.android.apps.gmm.base.app.GoogleMapsApplication.onCreate(PG:84)
D/StrictMode(10925): at android.app.Instrumentation.callApplicationOnCreate(Instrumentation.java:1011)
D/StrictMode(10925): at android.app.ActivityThread.handleBindApplication(ActivityThread.java:4518)
D/StrictMode(10925): at android.app.ActivityThread.access$1500(ActivityThread.java:144)
D/StrictMode(10925): at android.app.ActivityThread$H.handleMessage(ActivityThread.java:1339)
D/StrictMode(10925): at android.os.Handler.dispatchMessage(Handler.java:102)
D/StrictMode(10925): at android.os.Looper.loop(Looper.java:135)
D/StrictMode(10925): at android.app.ActivityThread.main(ActivityThread.java:5221)
D/StrictMode(10925): at java.lang.reflect.Method.invoke(Native Method)
D/StrictMode(10925): at java.lang.reflect.Method.invoke(Method.java:372)
D/StrictMode(10925): at com.android.internal.os.ZygoteInit$MethodAndArgsCaller.run(ZygoteInit.java:899)
D/StrictMode(10925): at com.android.internal.os.ZygoteInit.main(ZygoteInit.java:694)
D/StrictMode(10925): StrictMode policy violation; ~duration=182 ms: android.os.StrictMode$StrictModeDiskReadViolation: policy=31 violation=2
D/StrictMode(10925): at android.os.StrictMode$AndroidBlockGuardPolicy.onReadFromDisk(StrictMode.java:1137)
D/StrictMode(10925): at android.app.SharedPreferencesImpl.awaitLoadedLocked(SharedPreferencesImpl.java:202)
D/StrictMode(10925): at android.app.SharedPreferencesImpl.getBoolean(SharedPreferencesImpl.java:259)
D/StrictMode(10925): at android.preference.PreferenceManager.setDefaultValues(PreferenceManager.java:481)
D/StrictMode(10925): at com.google.android.apps.gmm.shared.b.a.a(PG:661)
D/StrictMode(10925): at com.google.android.apps.gmm.base.app.b.(PG:468)
D/StrictMode(10925): at com.google.android.apps.gmm.base.app.GoogleMapsApplication.onCreate(PG:84)
D/StrictMode(10925): at android.app.Instrumentation.callApplicationOnCreate(Instrumentation.java:1011)
D/StrictMode(10925): at android.app.ActivityThread.handleBindApplication(ActivityThread.java:4518)
D/StrictMode(10925): at android.app.ActivityThread.access$1500(ActivityThread.java:144)
D/StrictMode(10925): at android.app.ActivityThread$H.handleMessage(ActivityThread.java:1339)
D/StrictMode(10925): at android.os.Handler.dispatchMessage(Handler.java:102)
D/StrictMode(10925): at android.os.Looper.loop(Looper.java:135)
D/StrictMode(10925): at android.app.ActivityThread.main(ActivityThread.java:5221)
D/StrictMode(10925): at java.lang.reflect.Method.invoke(Native Method)
D/StrictMode(10925): at java.lang.reflect.Method.invoke(Method.java:372)
D/StrictMode(10925): at com.android.internal.os.ZygoteInit$MethodAndArgsCaller.run(ZygoteInit.java:899)
D/StrictMode(10925): at com.android.internal.os.ZygoteInit.main(ZygoteInit.java:694)
D/StrictMode(10925): StrictMode policy violation; ~duration=179 ms: android.os.StrictMode$StrictModeDiskReadViolation: policy=31 violation=2
D/StrictMode(10925): at android.os.StrictMode$AndroidBlockGuardPolicy.onReadFromDisk(StrictMode.java:1137)
D/StrictMode(10925): at android.app.SharedPreferencesImpl.awaitLoadedLocked(SharedPreferencesImpl.java:202)
D/StrictMode(10925): at android.app.SharedPreferencesImpl.getInt(SharedPreferencesImpl.java:238)
D/StrictMode(10925): at com.google.android.apps.gmm.shared.b.a.a(PG:760)
D/StrictMode(10925): at com.google.android.apps.gmm.shared.b.a.a(PG:667)
D/StrictMode(10925): at com.google.android.apps.gmm.base.app.b.(PG:468)
D/StrictMode(10925): at com.google.android.apps.gmm.base.app.GoogleMapsApplication.onCreate(PG:84)
D/StrictMode(10925): at android.app.Instrumentation.callApplicationOnCreate(Instrumentation.java:1011)
D/StrictMode(10925): at android.app.ActivityThread.handleBindApplication(ActivityThread.java:4518)
D/StrictMode(10925): at android.app.ActivityThread.access$1500(ActivityThread.java:144)
D/StrictMode(10925): at android.app.ActivityThread$H.handleMessage(ActivityThread.java:1339)
D/StrictMode(10925): at android.os.Handler.dispatchMessage(Handler.java:102)
D/StrictMode(10925): at android.os.Looper.loop(Looper.java:135)
D/StrictMode(10925): at android.app.ActivityThread.main(ActivityThread.java:5221)
D/StrictMode(10925): at java.lang.reflect.Method.invoke(Native Method)
D/StrictMode(10925): at java.lang.reflect.Method.invoke(Method.java:372)
D/StrictMode(10925): at com.android.internal.os.ZygoteInit$MethodAndArgsCaller.run(ZygoteInit.java:899)
D/StrictMode(10925): at com.android.internal.os.ZygoteInit.main(ZygoteInit.java:694)
D/StrictMode(10925): StrictMode policy violation; ~duration=176 ms: android.os.StrictMode$StrictModeDiskReadViolation: policy=31 violation=2
D/StrictMode(10925): at android.os.StrictMode$AndroidBlockGuardPolicy.onReadFromDisk(StrictMode.java:1137)
D/StrictMode(10925): at libcore.io.BlockGuardOs.open(BlockGuardOs.java:182)
D/StrictMode(10925): at libcore.io.IoUtils.canOpenReadOnly(IoUtils.java:165)
D/StrictMode(10925): at dalvik.system.DexPathList.findLibrary(DexPathList.java:383)
D/StrictMode(10925): at dalvik.system.BaseDexClassLoader.findLibrary(BaseDexClassLoader.java:77)
D/StrictMode(10925): at java.lang.Runtime.loadLibrary(Runtime.java:360)
D/StrictMode(10925): at java.lang.System.loadLibrary(System.java:989)
D/StrictMode(10925): at com.google.android.apps.gmm.map.util.jni.NativeHelper.initialize(PG:42)
D/StrictMode(10925): at com.google.android.apps.gmm.map.c.b.(PG:73)
D/StrictMode(10925): at com.google.android.apps.gmm.base.app.b.(PG:468)
D/StrictMode(10925): at com.google.android.apps.gmm.base.app.GoogleMapsApplication.onCreate(PG:84)
D/StrictMode(10925): at android.app.Instrumentation.callApplicationOnCreate(Instrumentation.java:1011)
D/StrictMode(10925): at android.app.ActivityThread.handleBindApplication(ActivityThread.java:4518)
D/StrictMode(10925): at android.app.ActivityThread.access$1500(ActivityThread.java:144)
D/StrictMode(10925): at android.app.ActivityThread$H.handleMessage(ActivityThread.java:1339)
D/StrictMode(10925): at android.os.Handler.dispatchMessage(Handler.java:102)
D/StrictMode(10925): at android.os.Looper.loop(Looper.java:135)
D/StrictMode(10925): at android.app.ActivityThread.main(ActivityThread.java:5221)
D/StrictMode(10925): at java.lang.reflect.Method.invoke(Native Method)
D/StrictMode(10925): at java.lang.reflect.Method.invoke(Method.java:372)
D/StrictMode(10925): at com.android.internal.os.ZygoteInit$MethodAndArgsCaller.run(ZygoteInit.java:899)
D/StrictMode(10925): at com.android.internal.os.ZygoteInit.main(ZygoteInit.java:694)
D/StrictMode(10925): StrictMode policy violation; ~duration=79 ms: android.os.StrictMode$StrictModeDiskReadViolation: policy=287 violation=2
D/StrictMode(10925): at android.os.StrictMode$AndroidBlockGuardPolicy.onReadFromDisk(StrictMode.java:1137)
D/StrictMode(10925): at android.database.sqlite.SQLiteConnection.applyBlockGuardPolicy(SQLiteConnection.java:1041)
D/StrictMode(10925): at android.database.sqlite.SQLiteConnection.executeForCursorWindow(SQLiteConnection.java:842)
D/StrictMode(10925): at android.database.sqlite.SQLiteSession.executeForCursorWindow(SQLiteSession.java:836)
D/StrictMode(10925): at android.database.sqlite.SQLiteQuery.fillWindow(SQLiteQuery.java:62)
D/StrictMode(10925): at android.database.sqlite.SQLiteCursor.fillWindow(SQLiteCursor.java:144)
D/StrictMode(10925): at android.database.sqlite.SQLiteCursor.getCount(SQLiteCursor.java:133)
D/StrictMode(10925): at android.database.CursorToBulkCursorAdaptor.getBulkCursorDescriptor(CursorToBulkCursorAdaptor.java:145)
D/StrictMode(10925): at android.content.ContentProviderNative.onTransact(ContentProviderNative.java:122)
D/StrictMode(10925): at android.os.Binder.execTransact(Binder.java:446)
D/StrictMode(10925): # via Binder call with stack:
D/StrictMode(10925): android.os.StrictMode$LogStackTrace
D/StrictMode(10925): at android.os.StrictMode.readAndHandleBinderCallViolations(StrictMode.java:1717)
D/StrictMode(10925): at android.os.Parcel.readExceptionCode(Parcel.java:1521)
D/StrictMode(10925): at android.database.DatabaseUtils.readExceptionFromParcel(DatabaseUtils.java:134)
D/StrictMode(10925): at android.content.ContentProviderProxy.query(ContentProviderNative.java:420)
D/StrictMode(10925): at android.content.ContentResolver.query(ContentResolver.java:478)
D/StrictMode(10925): at android.content.ContentResolver.query(ContentResolver.java:422)
D/StrictMode(10925): at com.google.android.c.c.a(PG:87)
D/StrictMode(10925): at com.google.android.c.c.a(PG:107)
D/StrictMode(10925): at com.google.android.apps.gmm.shared.net.p.a(PG:312)
D/StrictMode(10925): at com.google.android.apps.gmm.shared.net.p.a(PG:162)
D/StrictMode(10925): at com.google.android.apps.gmm.map.c.i.a(PG:127)
D/StrictMode(10925): at com.google.b.a.bx.a(PG:125)
D/StrictMode(10925): at com.google.android.apps.gmm.map.c.b.a(PG:293)
D/StrictMode(10925): at com.google.android.apps.gmm.base.app.b.(PG:468)
D/StrictMode(10925): at com.google.android.apps.gmm.base.app.GoogleMapsApplication.onCreate(PG:84)
D/StrictMode(10925): at android.app.Instrumentation.callApplicationOnCreate(Instrumentation.java:1011)
D/StrictMode(10925): at android.app.ActivityThread.handleBindApplication(ActivityThread.java:4518)
D/StrictMode(10925): at android.app.ActivityThread.access$1500(ActivityThread.java:144)
D/StrictMode(10925): at android.app.ActivityThread$H.handleMessage(ActivityThread.java:1339)
D/StrictMode(10925): at android.os.Handler.dispatchMessage(Handler.java:102)
D/StrictMode(10925): at android.os.Looper.loop(Looper.java:135)
D/StrictMode(10925): at android.app.ActivityThread.main(ActivityThread.java:5221)
D/StrictMode(10925): at java.lang.reflect.Method.invoke(Native Method)
D/StrictMode(10925): at java.lang.reflect.Method.invoke(Method.java:372)
D/StrictMode(10925): at com.android.internal.os.ZygoteInit$MethodAndArgsCaller.run(ZygoteInit.java:899)
D/StrictMode(10925): at com.android.internal.os.ZygoteInit.main(ZygoteInit.java:694)
D/StrictMode(10925): StrictMode policy violation; ~duration=33 ms: android.os.StrictMode$StrictModeDiskReadViolation: policy=31 violation=2
D/StrictMode(10925): at android.os.StrictMode$AndroidBlockGuardPolicy.onReadFromDisk(StrictMode.java:1137)
D/StrictMode(10925): at libcore.io.BlockGuardOs.access(BlockGuardOs.java:67)
D/StrictMode(10925): at java.io.File.doAccess(File.java:283)
D/StrictMode(10925): at java.io.File.exists(File.java:363)
D/StrictMode(10925): at android.app.ContextImpl.createFilesDirLocked(ContextImpl.java:989)
D/StrictMode(10925): at android.app.ContextImpl.getFilesDir(ContextImpl.java:1012)
D/StrictMode(10925): at android.app.ContextImpl.openFileInput(ContextImpl.java:954)
D/StrictMode(10925): at android.content.ContextWrapper.openFileInput(ContextWrapper.java:175)
D/StrictMode(10925): at com.google.android.apps.gmm.shared.c.h.a(PG:149)
D/StrictMode(10925): at com.google.android.apps.gmm.shared.net.a.b.a(PG:577)
D/StrictMode(10925): at com.google.android.apps.gmm.map.c.b.a(PG:293)
D/StrictMode(10925): at com.google.android.apps.gmm.base.app.b.(PG:468)
D/StrictMode(10925): at com.google.android.apps.gmm.base.app.GoogleMapsApplication.onCreate(PG:84)
D/StrictMode(10925): at android.app.Instrumentation.callApplicationOnCreate(Instrumentation.java:1011)
D/StrictMode(10925): at android.app.ActivityThread.handleBindApplication(ActivityThread.java:4518)
D/StrictMode(10925): at android.app.ActivityThread.access$1500(ActivityThread.java:144)
D/StrictMode(10925): at android.app.ActivityThread$H.handleMessage(ActivityThread.java:1339)
D/StrictMode(10925): at android.os.Handler.dispatchMessage(Handler.java:102)
D/StrictMode(10925): at android.os.Looper.loop(Looper.java:135)
D/StrictMode(10925): at android.app.ActivityThread.main(ActivityThread.java:5221)
D/StrictMode(10925): at java.lang.reflect.Method.invoke(Native Method)
D/StrictMode(10925): at java.lang.reflect.Method.invoke(Method.java:372)
D/StrictMode(10925): at com.android.internal.os.ZygoteInit$MethodAndArgsCaller.run(ZygoteInit.java:899)
D/StrictMode(10925): at com.android.internal.os.ZygoteInit.main(ZygoteInit.java:694)
D/StrictMode(10925): StrictMode policy violation; ~duration=32 ms: android.os.StrictMode$StrictModeDiskReadViolation: policy=31 violation=2
D/StrictMode(10925): at android.os.StrictMode$AndroidBlockGuardPolicy.onReadFromDisk(StrictMode.java:1137)
D/StrictMode(10925): at libcore.io.BlockGuardOs.open(BlockGuardOs.java:182)
D/StrictMode(10925): at libcore.io.IoBridge.open(IoBridge.java:442)
D/StrictMode(10925): at java.io.FileInputStream.(FileInputStream.java:76)
D/StrictMode(10925): at android.app.ContextImpl.openFileInput(ContextImpl.java:955)
D/StrictMode(10925): at android.content.ContextWrapper.openFileInput(ContextWrapper.java:175)
D/StrictMode(10925): at com.google.android.apps.gmm.shared.c.h.a(PG:149)
D/StrictMode(10925): at com.google.android.apps.gmm.shared.net.a.b.a(PG:577)
D/StrictMode(10925): at com.google.android.apps.gmm.map.c.b.a(PG:293)
D/StrictMode(10925): at com.google.android.apps.gmm.base.app.b.(PG:468)
D/StrictMode(10925): at com.google.android.apps.gmm.base.app.GoogleMapsApplication.onCreate(PG:84)
D/StrictMode(10925): at android.app.Instrumentation.callApplicationOnCreate(Instrumentation.java:1011)
D/StrictMode(10925): at android.app.ActivityThread.handleBindApplication(ActivityThread.java:4518)
D/StrictMode(10925): at android.app.ActivityThread.access$1500(ActivityThread.java:144)
D/StrictMode(10925): at android.app.ActivityThread$H.handleMessage(ActivityThread.java:1339)
D/StrictMode(10925): at android.os.Handler.dispatchMessage(Handler.java:102)
D/StrictMode(10925): at android.os.Looper.loop(Looper.java:135)
D/StrictMode(10925): at android.app.ActivityThread.main(ActivityThread.java:5221)
D/StrictMode(10925): at java.lang.reflect.Method.invoke(Native Method)
D/StrictMode(10925): at java.lang.reflect.Method.invoke(Method.java:372)
D/StrictMode(10925): at com.android.internal.os.ZygoteInit$MethodAndArgsCaller.run(ZygoteInit.java:899)
D/StrictMode(10925): at com.android.internal.os.ZygoteInit.main(ZygoteInit.java:694)
D/StrictMode(10925): StrictMode policy violation; ~duration=32 ms: android.os.StrictMode$StrictModeDiskReadViolation: policy=31 violation=2
D/StrictMode(10925): at android.os.StrictMode$AndroidBlockGuardPolicy.onReadFromDisk(StrictMode.java:1137)
D/StrictMode(10925): at libcore.io.BlockGuardOs.fstat(BlockGuardOs.java:132)
D/StrictMode(10925): at libcore.io.IoBridge.open(IoBridge.java:445)
D/StrictMode(10925): at java.io.FileInputStream.(FileInputStream.java:76)
D/StrictMode(10925): at android.app.ContextImpl.openFileInput(ContextImpl.java:955)
D/StrictMode(10925): at android.content.ContextWrapper.openFileInput(ContextWrapper.java:175)
D/StrictMode(10925): at com.google.android.apps.gmm.shared.c.h.a(PG:149)
D/StrictMode(10925): at com.google.android.apps.gmm.shared.net.a.b.a(PG:577)
D/StrictMode(10925): at com.google.android.apps.gmm.map.c.b.a(PG:293)
D/StrictMode(10925): at com.google.android.apps.gmm.base.app.b.(PG:468)
D/StrictMode(10925): at com.google.android.apps.gmm.base.app.GoogleMapsApplication.onCreate(PG:84)
D/StrictMode(10925): at android.app.Instrumentation.callApplicationOnCreate(Instrumentation.java:1011)
D/StrictMode(10925): at android.app.ActivityThread.handleBindApplication(ActivityThread.java:4518)
D/StrictMode(10925): at android.app.ActivityThread.access$1500(ActivityThread.java:144)
D/StrictMode(10925): at android.app.ActivityThread$H.handleMessage(ActivityThread.java:1339)
D/StrictMode(10925): at android.os.Handler.dispatchMessage(Handler.java:102)
D/StrictMode(10925): at android.os.Looper.loop(Looper.java:135)
D/StrictMode(10925): at android.app.ActivityThread.main(ActivityThread.java:5221)
D/StrictMode(10925): at java.lang.reflect.Method.invoke(Native Method)
D/StrictMode(10925): at java.lang.reflect.Method.invoke(Method.java:372)
D/StrictMode(10925): at com.android.internal.os.ZygoteInit$MethodAndArgsCaller.run(ZygoteInit.java:899)
D/StrictMode(10925): at com.android.internal.os.ZygoteInit.main(ZygoteInit.java:694)
W/ActivityThread(10925): ClassLoader.loadClass: The class loader returned by Thread.getContextClassLoader() may fail for processes that host multiple applications. You should explicitly specify a context class loader. For example: Thread.setContextClassLoader(getClass().getClassLoader());
D/WifiService( 745): New client listening to asynchronous messages
I/ActivityManager( 745): Process com.mailchimp.mailchimp (pid 9999) has died
I/ActivityManager( 745): Process com.facebook.orca (pid 9959) has died
D/ConnectivityService( 745): updateNetworkScore for NetworkAgentInfo [WIFI () - 334] to 60
D/ConnectivityService( 745): rematching NetworkAgentInfo [WIFI () - 334]
D/ConnectivityService( 745): Network NetworkAgentInfo [WIFI () - 334] was already satisfying request 1. No change.
D/ConnectivityService( 745): notifyType AVAILABLE for NetworkAgentInfo [WIFI () - 334]
D/ConnectivityManager.CallbackHandler( 1323): CM callback handler got msg 524290
I/art ( 745): Explicit concurrent mark sweep GC freed 54449(2MB) AllocSpace objects, 12(192KB) LOS objects, 24% free, 49MB/65MB, paused 15.693ms total 182.156ms
D/WifiService( 745): releaseWifiLockLocked: WifiLock{NlpWifiLock type=2 binder=android.os.BinderProxy@2efee937}
I/GCoreUlr( 9386): Successfully inserted location
I/GCoreUlr( 9386): Not calling LocationReporter, hasMoved: false, elapsed millis: 66398, request: Stationary(3600000) '
D/ConnectivityService( 745): updateNetworkScore for NetworkAgentInfo [WIFI () - 334] to 56
D/ConnectivityService( 745): rematching NetworkAgentInfo [WIFI () - 334]
D/ConnectivityService( 745): Network NetworkAgentInfo [WIFI () - 334] was already satisfying request 1. No change.
D/ConnectivityService( 745): notifyType AVAILABLE for NetworkAgentInfo [WIFI () - 334]
D/ConnectivityManager.CallbackHandler( 1323): CM callback handler got msg 524290
W/PropertyValuesHolder( 9582): Method setBrightness() with type int not found on target class class us
W/PropertyValuesHolder( 9582): Method getBrightness() with type null not found on target class class us
I/ActivityManager( 745): START u0 {act=android.intent.action.MAIN cat=[android.intent.category.LAUNCHER] flg=0x10200000 cmp=com.chrome.beta/com.google.android.apps.chrome.Main bnds=[246,1532][447,1784] (has extras)} from uid 10022 on display 0
I/ActivityManager( 745): START u0 {act=android.intent.action.VIEW dat=document://380?https://t.co/x3eKLbdr8U flg=0x10182000 cmp=com.chrome.beta/com.google.android.apps.chrome.document.DocumentActivity (has extras)} from uid 10091 on display 0
E/DocumentTabList(10777): Failed to restore tab state for tab 195
I/LibraryLoader(10777): Loading: chromium_android_linker
I/LibraryLoader(10777): Loading: chrome.2171.90
I/art ( 745): Explicit concurrent mark sweep GC freed 28878(1466KB) AllocSpace objects, 6(96KB) LOS objects, 24% free, 49MB/65MB, paused 1.105ms total 113.300ms
I/art (10777): Explicit concurrent mark sweep GC freed 9050(747KB) AllocSpace objects, 3(48KB) LOS objects, 40% free, 17MB/28MB, paused 1.004ms total 42.764ms
I/LibraryLoader(10777): Time to load native libraries: 220 ms (timestamps 3636-3856)
I/LibraryLoader(10777): Expected native library version number "39.0.2171.90",actual native library version number "39.0.2171.90"
I/chromium(10777): [INFO:library_loader_hooks.cc(104)] Chromium logging enabled: level = 0, default verbosity = 0
D/ChildProcessLauncher(10777): Allocator allocated a connection, sandbox: true, slot: 0
I/ActivityManager( 745): Start proc com.chrome.beta:sandboxed_process0 for service com.chrome.beta/org.chromium.content.app.SandboxedProcessService0: pid=11076 uid=99385 gids={} abi=armeabi-v7a
D/OpenGLRenderer(10777): Render dirty regions requested: true
D/Atlas (10777): Validating map...
I/ChildProcessService(11076): Creating new ChildProcessService pid=11076
I/BrowserStartupController(10777): Initializing chromium process, singleProcess=false
W/art (10777): Attempt to remove local handle scope entry from IRT, ignoring
W/AudioManagerAndroid(10777): Requires BLUETOOTH permission
I/Adreno-EGL(10777): : QUALCOMM Build: 10/24/14, 167c270, I68fa98814b
I/OpenGLRenderer(10777): Initialized EGL, version 1.4
D/OpenGLRenderer(10777): Enabling debug mode 0
I/ActivityManager( 745): Displayed com.chrome.beta/com.google.android.apps.chrome.document.DocumentActivity: +1s32ms (total +1s104ms)
I/ActivityManager( 745): Process com.google.android.apps.fitness (pid 9980) has died
W/chromium(10777): [WARNING:data_reduction_proxy_settings.cc(331)] SPDY proxy OFF at startup
D/WifiService( 745): Client connection lost with reason: 4
W/art (10777): Attempt to remove local handle scope entry from IRT, ignoring
I/ActivityManager( 745): Process com.google.android.apps.maps (pid 10925) has died
D/WifiService( 745): Client connection lost with reason: 4
I/ActivityManager( 745): Process com.facebook.katana (pid 10630) has died
W/ActivityManager( 745): Scheduling restart of crashed service com.facebook.katana/com.facebook.push.mqtt.service.MqttPushService in 1000ms
W/KnoxSettingsProvider(10777): Permission to read device policy denied.
W/KnoxSettingsProvider(10777): Device policy content provider not found.
