I/GCoreUlr( 7540): Starting service, intent=Intent { act=com.google.android.location.reporting.ACTION_LOCATION_STATUS cmp=com.google.android.gms/com.google.android.location.reporting.service.DispatchingService (has extras) }, extras=Bundle[{status=LocationStatus[cell status: STATUS_UNKNOWN, wifi status: STATUS_UNKNOWN, elapsed realtime ns: 0]}]
I/art ( 5649): Explicit concurrent mark sweep GC freed 3673(168KB) AllocSpace objects, 0(0B) LOS objects, 40% free, 18MB/31MB, paused 736us total 25.021ms
W/AlarmManager( 745): Window length 9223372036854775807ms suspiciously long; limiting to 1 hour
W/Settings( 7540): Setting airplane_mode_on has moved from android.provider.Settings.System to android.provider.Settings.Global, returning read-only value.
W/AlarmManager( 745): Window length 9223372036854775807ms suspiciously long; limiting to 1 hour
I/GCoreUlr( 7540): GMS FLP location and AR updates requested: {"sampleReason":"stationary","description":"stationary","timestampMs":1417033260144,"samplePeriodMs":1080000,"sampleSource":"internal"}
I/GCoreUlr( 7540): Starting service, intent=Intent { act=com.google.android.location.reporting.ACTION_UPDATE_WORLD cmp=com.google.android.gms/com.google.android.location.reporting.service.DispatchingService (has extras) }, extras=Bundle[{receiverAction=com.google.android.location.internal.server.ACTION_RESTARTED}]
W/HandlerScheduledExecuto( 7733): Task does not implement UiTask. Consider using NamedUiRunnable for fjp@31d48ef7
W/Fitness ( 7540): Received intent Intent { act=com.google.fitness.activity.DETAILED cmp=com.google.android.gms/.fitness.sensors.activity.ActivityRecognitionService (has extras) } with no listeners, ignoring
I/Fitness ( 7540): Unregistering from activity recognition for DETAILED
W/Fitness ( 7540): Received intent Intent { act=com.google.fitness.activity.DETAILED cmp=com.google.android.gms/.fitness.sensors.activity.ActivityRecognitionService (has extras) } with no listeners, ignoring
I/Fitness ( 7540): Unregistering from activity recognition for DETAILED
W/Fitness ( 7540): Received intent Intent { act=com.google.fitness.activity.DETAILED cmp=com.google.android.gms/.fitness.sensors.activity.ActivityRecognitionService (has extras) } with no listeners, ignoring
I/Fitness ( 7540): Unregistering from activity recognition for DETAILED
D/WifiService( 745): acquireWifiLockLocked: WifiLock{NlpWifiLock type=2 binder=android.os.BinderProxy@24f34f8b}
E/WifiStateMachine( 745): WifiStateMachine CMD_START_SCAN source 10008 txSuccessRate=595.99 rxSuccessRate=1262.91 targetRoamBSSID=00:00:00:00:00:00 RSSI=-62
D/WifiService( 745): acquireWifiLockLocked: WifiLock{NlpWifiLock type=2 binder=android.os.BinderProxy@3aff01b2}
D/WifiService( 745): releaseWifiLockLocked: WifiLock{NlpWifiLock type=2 binder=android.os.BinderProxy@3aff01b2}
E/WifiStateMachine( 745): WifiStateMachine CMD_START_SCAN source 10008 txSuccessRate=595.99 rxSuccessRate=1262.91 targetRoamBSSID=00:00:00:00:00:00 RSSI=-62
I/wpa_supplicant(12600): wlan0: CTRL-EVENT-SCAN-STARTED
E/WifiStateMachine( 745): WifiStateMachine CMD_START_SCAN source 10008 txSuccessRate=595.99 rxSuccessRate=1262.91 targetRoamBSSID=00:00:00:00:00:00 RSSI=-62
I/FitnessApp( 7694): No import data item
I/GCoreUlr( 7540): WorldUpdater received intent Intent { act=com.google.android.location.reporting.ACTION_UPDATE_WORLD cmp=com.google.android.gms/com.google.android.location.reporting.service.DispatchingService (has extras) } with receiverAction com.google.android.location.internal.server.ACTION_RESTARTED
I/FitnessApp( 7694): Registering observers for loader ActivitySummaryLoader
I/FitnessApp( 7694): Reloading ActivitySummaryLoader
I/FitnessApp( 7694): Querying Data ActivitySummaryLoader
I/GCoreUlr( 7540): No GCM registration ID
I/GCoreUlr( 7540): Ensuring that reporting is active for [account#-1#]
I/GCoreUlr( 7540): Starting service, intent=Intent { act=com.google.android.location.reporting.ACTION_LOCATION_STATUS cmp=com.google.android.gms/com.google.android.location.reporting.service.DispatchingService (has extras) }, extras=Bundle[{status=LocationStatus[cell status: STATUS_UNKNOWN, wifi status: STATUS_UNKNOWN, elapsed realtime ns: 0]}]
I/FitnessApp( 7694): ULRSettingsReceiver Intent { act=com.google.android.gms.location.reporting.SETTINGS_CHANGED flg=0x10 cmp=com.google.android.apps.fitness/.api.recording.UlrSettingsReceiver }
I/art ( 745): Explicit concurrent mark sweep GC freed 11573(653KB) AllocSpace objects, 2(32KB) LOS objects, 24% free, 49MB/65MB, paused 1.517ms total 97.608ms
I/FitnessApp( 7694): Added 9 steps with other activity type to walking. Bucket{startTime=1416999600000, endTime=1417033024806, activity=3, dataSets=[DataSet{d:step_count.delta:gms:aggregated [RawDataPoint{[9]@[1417030215210000000, 1417032539670000000](0,1)}]}, DataSet{d:activity.summary:gms:aggregated [RawDataPoint{[3, 33424806, 2]@[1416999600000000000, 1417033024806000000](2,3)}]}], bucketType=type, serverHasMoreData=false}
I/FitnessApp( 7694): ActivitySummaryLoader generated summary ActivitySummary {WALKING= [STEP_COUNT=9], RUNNING= [], BIKING= [], OTHER= [], otherData= [[STEP_COUNT=9]]}
I/FitnessApp( 7694): Processing Results ActivitySummaryLoader: 372ms
I/art ( 7085): Explicit concurrent mark sweep GC freed 33990(3MB) AllocSpace objects, 27(610KB) LOS objects, 40% free, 18MB/30MB, paused 1.077ms total 45.630ms
I/art ( 7540): Explicit concurrent mark sweep GC freed 68468(4MB) AllocSpace objects, 19(513KB) LOS objects, 39% free, 21MB/35MB, paused 696us total 49.281ms
I/Fitness ( 7540): Account supported from cache: true
I/FitnessApp( 7694): Creating implicit step goal of 5392
I/FitnessApp( 7694): No need to update registrations as ULR settings are unchanged
V/wearable( 7594): ensureBuffersHaveSpace: increasing size from 554 to 1014
I/FitnessApp( 7694): Wearable Sync Completed in 3643 ms
I/Fitness ( 7540): Initial registration for DataType{com.google.activity.sample[activity(i), confidence(f)]}
I/Fitness ( 7540): Initial registration for DataType{com.google.activity.sample[activity(i), confidence(f)]}
I/Fitness ( 7540): Registering for activity recognition DETAILED every 60000ms
I/Fitness ( 7540): Successfully added recording listener for c{appPackageName=com.google.android.apps.fitness, subscription=Subscription{dataSource=DataSource{derived:Application{com.google.android.gms::null}:Device{LGE:Nexus 5:4d2fdcb370f27e36::0:2}:detailed:DataType{com.google.activity.sample[activity(i), confidence(f)]}}, dataType=DataType{com.google.activity.sample[activity(i), confidence(f)]}, samplingIntervalMicros=-1, accuracyMode=2}}
E/Fitness ( 7540): Data source derived:com.google.distance.delta:com.google.android.gms:pruned_distance already registered with realm MIXED -- cannot re-register with realm SERVER
E/Fitness ( 7540): Data source derived:com.google.distance.delta:com.google.android.gms:pruned_distance already registered with realm MIXED -- cannot re-register with realm SERVER
E/Fitness ( 7540): Data source derived:com.google.distance.delta:com.google.android.gms:pruned_distance already registered with realm MIXED -- cannot re-register with realm SERVER
I/Fitness ( 7540): Initial registration for DataType{com.google.distance.delta[distance(f)]}
I/Fitness ( 7540): Initial registration for DataType{com.google.distance.delta[distance(f)]}
I/Fitness ( 7540): Successfully added recording listener for c{appPackageName=com.google.android.apps.fitness, subscription=Subscription{dataSource=DataSource{derived:Application{com.google.android.gms::null}:Device{LGE:Nexus 5:4d2fdcb370f27e36::0:2}::DataType{com.google.distance.delta[distance(f)]}}, dataType=DataType{com.google.distance.delta[distance(f)]}, samplingIntervalMicros=-1, accuracyMode=2}}
E/WifiStateMachine( 745): WifiStateMachine CMD_START_SCAN source 10008 txSuccessRate=300.49 rxSuccessRate=634.46 targetRoamBSSID=00:00:00:00:00:00 RSSI=-63
I/Fitness ( 7540): Initial registration for DataType{com.google.location.sample[latitude(f), longitude(f), accuracy(f), altitude(f)]}
I/Fitness ( 7540): Initial registration for DataType{com.google.location.sample[latitude(f), longitude(f), accuracy(f), altitude(f)]}
I/Fitness ( 7540): Successfully added recording listener for c{appPackageName=com.google.android.apps.fitness, subscription=Subscription{dataSource=DataSource{raw:Application{com.google.android.gms::null}:Device{LGE:Nexus 5:4d2fdcb370f27e36::0:2}::DataType{com.google.location.sample[latitude(f), longitude(f), accuracy(f), altitude(f)]}}, dataType=DataType{com.google.location.sample[latitude(f), longitude(f), accuracy(f), altitude(f)]}, samplingIntervalMicros=-1, accuracyMode=2}}
E/WifiStateMachine( 745): WifiStateMachine CMD_START_SCAN source 10008 txSuccessRate=300.49 rxSuccessRate=634.46 targetRoamBSSID=00:00:00:00:00:00 RSSI=-63
E/WifiStateMachine( 745): WifiStateMachine CMD_START_SCAN source 10008 txSuccessRate=300.49 rxSuccessRate=634.46 targetRoamBSSID=00:00:00:00:00:00 RSSI=-63
I/Fitness ( 7540): Initial registration for DataType{com.google.speed[speed(f)]}
I/Fitness ( 7540): Initial registration for DataType{com.google.speed[speed(f)]}
I/Fitness ( 7540): Successfully added recording listener for c{appPackageName=com.google.android.apps.fitness, subscription=Subscription{dataSource=DataSource{derived:Application{com.google.android.gms::null}:Device{LGE:Nexus 5:4d2fdcb370f27e36::0:2}::DataType{com.google.speed[speed(f)]}}, dataType=DataType{com.google.speed[speed(f)]}, samplingIntervalMicros=-1, accuracyMode=2}}
E/WifiStateMachine( 745): WifiStateMachine CMD_START_SCAN source 10008 txSuccessRate=300.49 rxSuccessRate=634.46 targetRoamBSSID=00:00:00:00:00:00 RSSI=-63
E/WifiStateMachine( 745): WifiStateMachine CMD_START_SCAN source 10008 txSuccessRate=300.49 rxSuccessRate=634.46 targetRoamBSSID=00:00:00:00:00:00 RSSI=-63
E/WifiStateMachine( 745): WifiStateMachine CMD_START_SCAN source 10008 txSuccessRate=300.49 rxSuccessRate=634.46 targetRoamBSSID=00:00:00:00:00:00 RSSI=-63
I/Fitness ( 7540): Initial registration for DataType{com.google.step_count.cumulative[steps(i)]}
I/Fitness ( 7540): Initial registration for DataType{com.google.step_count.cumulative[steps(i)]}
I/Fitness ( 7540): Successfully added recording listener for c{appPackageName=com.google.android.apps.fitness, subscription=Subscription{dataSource=DataSource{raw:Device{LGE:Nexus 5:4d2fdcb370f27e36::0:2}:Step Counter:DataType{com.google.step_count.cumulative[steps(i)]}}, dataType=DataType{com.google.step_count.cumulative[steps(i)]}, samplingIntervalMicros=-1, accuracyMode=2}}
W/Fitness ( 7540): No default data source set for com.google.android.apps.fitness.activity.baseline
W/Fitness ( 7540): No default data source set for com.google.android.apps.fitness.step_count.baseline
E/GmsClient( 7347): Calling connect() while still connected, missing disconnect().
W/Fitness ( 7540): No default data source set for com.google.android.apps.fitness.time_zone W/msgr(:):QuickExperimentControllerImpl( 7441): Exposure of experiment com.facebook.messaging.e.b@2a06ef36 occurred when no user was logged in
I/art ( 7441): Rejecting re-init on previously-failed class java.lang.Class
I/art ( 7441): Rejecting re-init on previously-failed class java.lang.Class
D/SoLoader( 7441): found fb_stl_shared in default place
I/GAV2 ( 7733): Thread[GAThread,5,main]: No campaign data found.
D/SoLoader( 7441): found fb in default place
D/SoLoader( 7441): found fb_breakpad_client in default place
D/SoLoader( 7441): found fbjni in default place
D/SoLoader( 7441): found heartbleed in default place
W/art ( 7441): Suspending all threads took: 10.147ms
I/art ( 7441): Background sticky concurrent mark sweep GC freed 58891(3MB) AllocSpace objects, 10(160KB) LOS objects, 14% free, 21MB/25MB, paused 13.975ms total 91.614ms W/msgr(:):QuickExperimentControllerImpl( 7441): Exposure of experiment com.facebook.video.abtest.ac@17ece79 occurred when no user was logged in W/msgr(:):QuickExperimentControllerImpl( 7441): Exposure of experiment com.facebook.video.abtest.ac@17ece79 occurred when no user was logged in W/msgr(:):QuickExperimentControllerImpl( 7441): Exposure of experiment com.facebook.video.abtest.ac@17ece79 occurred when no user was logged in
W/BroadcastQueue( 745): Permission Denial: broadcasting Intent { act=android.net.conn.INET_CONDITION_ACTION flg=0x4000010 (has extras) } from null (pid=-1, uid=-1) requires com.facebook.permission.prod.FB_APP_COMMUNICATION due to registered receiver BroadcastFilter{32152761 u0 ReceiverList{d0f3ac8 7441 com.facebook.orca/10136/u0 remote:8f76f6b}}
W/BroadcastQueue( 745): Permission Denial: broadcasting Intent { act=android.net.conn.CONNECTIVITY_CHANGE flg=0x4000010 (has extras) } from null (pid=-1, uid=-1) requires com.facebook.permission.prod.FB_APP_COMMUNICATION due to registered receiver BroadcastFilter{32152761 u0 ReceiverList{d0f3ac8 7441 com.facebook.orca/10136/u0 remote:8f76f6b}} W/msgr(:):QuickExperimentControllerImpl( 7441): Exposure of experiment com.facebook.push.mqtt.service.dd@2a0e4096 occurred when no user was logged in
I/ActivityManager( 745): Start proc com.chrome.beta for broadcast com.chrome.beta/com.google.ipc.invalidation.ticl.android2.AndroidInternalScheduler$AlarmReceiver: pid=8232 uid=10091 gids={50091, 9997, 3003, 1028, 1015} abi=armeabi-v7a W/msgr(:):QuickExperimentControllerImpl( 7441): Exposure of experiment com.facebook.http.j.h@1108f2cd occurred when no user was logged in
W/AndroidInternalSchedule( 8232): [TiclService] Ignoring event with wrong ticl id (not 1417033240549): event_name=RegSyncHeartbeat ticl_id=1417033191443>
W/BroadcastQueue( 745): Permission Denial: broadcasting Intent { act=android.net.conn.CONNECTIVITY_CHANGE flg=0x4000010 (has extras) } from null (pid=-1, uid=-1) requires com.facebook.permission.prod.FB_APP_COMMUNICATION due to registered receiver BroadcastFilter{c6ae5f8 u0 ReceiverList{3f7095b 7441 com.facebook.orca/10136/u0 remote:2f47e06a}}
I/System.out( 7441): ~~~ loading file libphone_data/PhoneNumberMetadataProto_US
D/WearableClient( 7674): WearableClientImpl.onPostInitHandler: done
I/art ( 5649): Explicit concurrent mark sweep GC freed 3142(125KB) AllocSpace objects, 0(0B) LOS objects, 40% free, 18MB/31MB, paused 1.325ms total 28.777ms
D/WearableClient( 7674): WearableClientImpl.onPostInitHandler: done
I/MusicLeanback( 7674): Conditions not met for autocaching.
I/MusicLeanback( 7674): Stop autocaching.
E/ActivityThread( 7674): Service com.google.android.music.download.TrackDownloadQueueService has leaked ServiceConnection com.google.android.gms.http.GoogleURLConnectionFactory$1@2b3b32a9 that was originally bound here
E/ActivityThread( 7674): android.app.ServiceConnectionLeaked: Service com.google.android.music.download.TrackDownloadQueueService has leaked ServiceConnection com.google.android.gms.http.GoogleURLConnectionFactory$1@2b3b32a9 that was originally bound here
E/ActivityThread( 7674): at android.app.LoadedApk$ServiceDispatcher.(LoadedApk.java:1072)
E/ActivityThread( 7674): at android.app.LoadedApk.getServiceDispatcher(LoadedApk.java:966)
E/ActivityThread( 7674): at android.app.ContextImpl.bindServiceCommon(ContextImpl.java:1768)
E/ActivityThread( 7674): at android.app.ContextImpl.bindService(ContextImpl.java:1751)
E/ActivityThread( 7674): at android.content.ContextWrapper.bindService(ContextWrapper.java:538)
E/ActivityThread( 7674): at com.google.android.gms.http.GoogleURLConnectionFactory.(Unknown Source)
E/ActivityThread( 7674): at com.google.android.gms.http.GoogleHttpClient.(Unknown Source)
E/ActivityThread( 7674): at com.google.android.music.GoogleHttpClientFactory.createGoogleHttpClient(GoogleHttpClientFactory.java:43)
E/ActivityThread( 7674): at com.google.android.music.cloudclient.MusicRequest.createHttpClient(MusicRequest.java:115)
E/ActivityThread( 7674): at com.google.android.music.cloudclient.MusicRequest.getSharedHttpClient(MusicRequest.java:105)
E/ActivityThread( 7674): at com.google.android.music.download.BaseDownloadQueueManager.(BaseDownloadQueueManager.java:110)
E/ActivityThread( 7674): at com.google.android.music.download.TrackDownloadQueueManager.(TrackDownloadQueueManager.java:10)
E/ActivityThread( 7674): at com.google.android.music.download.TrackDownloadQueueService.onCreate(TrackDownloadQueueService.java:25)
E/ActivityThread( 7674): at android.app.ActivityThread.handleCreateService(ActivityThread.java:2731)
E/ActivityThread( 7674): at android.app.ActivityThread.access$1800(ActivityThread.java:144)
E/ActivityThread( 7674): at android.app.ActivityThread$H.handleMessage(ActivityThread.java:1361)
E/ActivityThread( 7674): at android.os.Handler.dispatchMessage(Handler.java:102)
E/ActivityThread( 7674): at android.os.Looper.loop(Looper.java:135)
E/ActivityThread( 7674): at android.app.ActivityThread.main(ActivityThread.java:5221)
E/ActivityThread( 7674): at java.lang.reflect.Method.invoke(Native Method)
E/ActivityThread( 7674): at java.lang.reflect.Method.invoke(Method.java:372)
E/ActivityThread( 7674): at com.android.internal.os.ZygoteInit$MethodAndArgsCaller.run(ZygoteInit.java:899)
E/ActivityThread( 7674): at com.android.internal.os.ZygoteInit.main(ZygoteInit.java:694)
D/WifiService( 745): releaseWifiLockLocked: WifiLock{NlpWifiLock type=2 binder=android.os.BinderProxy@24f34f8b}
I/GCoreUlr( 7540): Successfully inserted location
I/GCoreUlr( 7540): Not uploading first location since start (in case we're in restart loop)
I/art ( 745): Explicit concurrent mark sweep GC freed 20343(1103KB) AllocSpace objects, 4(64KB) LOS objects, 24% free, 49MB/65MB, paused 1.446ms total 108.367ms
W/ContextImpl( 8107): Implicit intents with startService are not safe: Intent { act=com.google.android.gms.analytics.service.START (has extras) } android.content.ContextWrapper.bindService:538 com.google.analytics.tracking.android.AnalyticsGmsCoreClient.connect:82 com.google.analytics.tracking.android.GAServiceProxy.connectToService:279
I/GAV2 ( 8107): Thread[GAThread,5,main]: No campaign data found.
E/WifiStateMachine( 745): WifiStateMachine CMD_START_SCAN source -2 txSuccessRate=39.19 rxSuccessRate=82.18 targetRoamBSSID=00:00:00:00:00:00 RSSI=-64
E/DataBuffer( 7694): Internal data leak within a DataBuffer object detected! Be sure to explicitly call release() on all DataBuffer extending objects when you are done with them. (aqu@12393b3f)
W/CursorWrapperInner( 7694): Cursor finalized without prior close()
W/CursorWrapperInner( 7694): Cursor finalized without prior close()
I/UserDevice( 7516): Response: received statusCode=200
D/MMApiWSBase( 7516): doRequest(): /v1/gdi/user/devices.json resp length: 137
I/UserDevice( 7516): Response: processing...
I/UserDevice( 7516): Response: success
I/ThermalEngine( 197): TM Id 'SKIN_THERMAL_management_1' Sensor 'xo_therm_pu2' - alarm cleared 2 at 40.0 degC
I/ThermalEngine( 197): ACTION: CPU - Setting CPU[0] to 1958400
I/ThermalEngine( 197): ACTION: CPU - Setting CPU[1] to 1958400
I/ThermalEngine( 197): ACTION: CPU - Setting CPU[2] to 1958400
I/ThermalEngine( 197): ACTION: CPU - Setting CPU[3] to 1958400
I/ThermalEngine( 197): ACTION: LCD - Setting max LCD brightness to 229
I/LatinIME:LogUtils( 7847): Dictionary info: dictionary = PersonalizationDictionary.en_US ; version = 328446 ; date = 1417033282
E/qti_sensors_hal( 745): waitForResponse: pthread_cond_timedwait() rc=110 (cond: 0)
E/qti_sensors_hal( 745): deactivateSmd: ERROR: No response from the request
I/GCoreUlr( 7540): Received powerMode change from NLP: com.google.android.location.activity.LOW_POWER_MODE_DISABLED
I/GCoreUlr( 7540): Starting service, intent=Intent { act=com.google.android.location.reporting.ACTION_UPDATE_ACTIVE_STATE cmp=com.google.android.gms/com.google.android.location.reporting.service.DispatchingService }, extras=null
I/GCoreUlr( 7540): Ensuring that reporting is active for [account#-1#]
I/GCoreUlr( 7540): Starting service, intent=Intent { act=com.google.android.location.reporting.ACTION_LOCATION_STATUS cmp=com.google.android.gms/com.google.android.location.reporting.service.DispatchingService (has extras) }, extras=Bundle[{status=LocationStatus[cell status: STATUS_UNKNOWN, wifi status: STATUS_UNKNOWN, elapsed realtime ns: 0]}]
I/GCoreUlr( 7540): GMS FLP location and AR updates requested: {"sampleReason":"default","description":"default","timestampMs":1417033283476,"samplePeriodMs":60000,"sampleSource":"internal"}
D/ConnectivityService( 745): updateNetworkScore for NetworkAgentInfo [WIFI () - 334] to 56
D/ConnectivityService( 745): rematching NetworkAgentInfo [WIFI () - 334]
D/ConnectivityService( 745): Network NetworkAgentInfo [WIFI () - 334] was already satisfying request 1. No change.
D/ConnectivityService( 745): notifyType AVAILABLE for NetworkAgentInfo [WIFI () - 334]
D/ConnectivityManager.CallbackHandler( 1323): CM callback handler got msg 524290
I/ThermalEngine( 197): TM Id 'SKIN_THERMAL_management_1' Sensor 'xo_therm_pu2' - alarm cleared 1 at 38.0 degC
I/ThermalEngine( 197): ACTION: CPU - Setting CPU[0] to 2265600
I/ThermalEngine( 197): ACTION: CPU - Setting CPU[1] to 2265600
I/ThermalEngine( 197): ACTION: CPU - Setting CPU[2] to 2265600
I/ThermalEngine( 197): ACTION: CPU - Setting CPU[3] to 2265600
I/ThermalEngine( 197): ACTION: LCD - Setting max LCD brightness to 255
I/PollingManager( 7516): alarm fired!
D/PollingManager( 7516): now: 553390164 ,futureTime: 574959077
D/PollingManager( 7516): Polling alarm set to expire at: 574959077 Current Time: 553390167
E/ActivityThread( 7516): Failed to find provider info for com.motorola.ccc.plm.misc
E/WifiStateMachine( 745): WifiStateMachine CMD_START_SCAN source -2 txSuccessRate=2.74 rxSuccessRate=4.60 targetRoamBSSID=00:00:00:00:00:00 RSSI=-67
I/wpa_supplicant(12600): wlan0: CTRL-EVENT-SCAN-STARTED
I/ActivityManager( 745): Start proc com.google.android.googlequicksearchbox:interactor for service com.google.android.googlequicksearchbox/com.google.android.voiceinteraction.GsaVoiceInteractionService: pid=8361 uid=10022 gids={50022, 9997, 3003, 3001, 1028, 3002, 1015, 1005} abi=armeabi-v7a
W/KeyphraseEnrollmentInfo( 8361): Enrollment application doesn't support keyphrases
I/art ( 745): Explicit concurrent mark sweep GC freed 23193(1138KB) AllocSpace objects, 4(64KB) LOS objects, 24% free, 49MB/65MB, paused 1.380ms total 118.483ms
I/art ( 1323): Explicit concurrent mark sweep GC freed 21997(1393KB) AllocSpace objects, 2(40KB) LOS objects, 30% free, 36MB/52MB, paused 652us total 26.332ms
E/WifiStateMachine( 745): WifiStateMachine CMD_START_SCAN source -2 txSuccessRate=0.04 rxSuccessRate=1.71 targetRoamBSSID=00:00:00:00:00:00 RSSI=-70
E/WifiStateMachine( 745): WifiStateMachine starting scan for "THOMS-5G"WPA_PSK with 5745,2462
I/wpa_supplicant(12600): wlan0: CTRL-EVENT-SCAN-STARTED
I/art ( 1545): Explicit concurrent mark sweep GC freed 69(2816B) AllocSpace objects, 0(0B) LOS objects, 40% free, 15MB/25MB, paused 1.182ms total 21.450ms
E/WifiStateMachine( 745): WifiStateMachine CMD_START_SCAN source -2 txSuccessRate=0.00 rxSuccessRate=2.53 targetRoamBSSID=00:00:00:00:00:00 RSSI=-68
E/WifiStateMachine( 745): WifiStateMachine starting scan for "THOMS-5G"WPA_PSK with 5745,2462
I/wpa_supplicant(12600): wlan0: CTRL-EVENT-SCAN-STARTED
I/art ( 1565): Explicit concurrent mark sweep GC freed 15(672B) AllocSpace objects, 0(0B) LOS objects, 40% free, 16MB/26MB, paused 600us total 15.900ms
V/ActivityManager( 745): Display changed displayId=0
I/ActivityManager( 745): Config changes=480 {1.0 530mcc24mnc en_US ldltr sw360dp w598dp h335dp 480dpi nrml land finger -keyb/v/h -nav/h s.127}
I/InputReader( 745): Reconfiguring input devices. changes=0x00000004
I/InputReader( 745): Device reconfigured: id=4, name='touch_dev', size 1080x1920, orientation 1, mode 1, display id 0
I/InputReader( 745): Reconfiguring input devices. changes=0x00000004
W/ResourceType( 1323): No package identifier when getting value for resource number 0x00000000
W/PackageManager( 1323): Failure retrieving resources for com.lastpass.lpandroid: Resource ID #0x0
W/ResourceType( 1323): No package identifier when getting value for resource number 0x00000000
W/PackageManager( 1323): Failure retrieving resources for com.google.android.apps.inbox: Resource ID #0x0
W/ResourceType( 1323): No package identifier when getting value for resource number 0x00000000
W/PackageManager( 1323): Failure retrieving resources for com.google.android.talk: Resource ID #0x0
W/ResourceType( 1323): No package identifier when getting value for resource number 0x00000000
W/PackageManager( 1323): Failure retrieving resources for com.google.android.gm: Resource ID #0x0
W/ResourceType( 1323): No package identifier when getting value for resource number 0x00000000
W/PackageManager( 1323): Failure retrieving resources for com.lastpass.lpandroid: Resource ID #0x0
D/OpenGLRenderer( 1323): setting property ambientRatio to 1.5
D/OpenGLRenderer( 1323): ambientRatio = 1.50
D/ConnectivityService( 745): updateNetworkScore for NetworkAgentInfo [WIFI () - 334] to 55
D/ConnectivityService( 745): rematching NetworkAgentInfo [WIFI () - 334]
D/ConnectivityService( 745): Network NetworkAgentInfo [WIFI () - 334] was already satisfying request 1. No change.
D/ConnectivityService( 745): notifyType AVAILABLE for NetworkAgentInfo [WIFI () - 334]
D/ConnectivityManager.CallbackHandler( 1323): CM callback handler got msg 524290
I/Choreographer( 1323): Skipped 55 frames! The application may be doing too much work on its main thread.
I/WindowManager( 745): Screen frozen for +1s220ms due to Window{df34ab8 u0 com.android.systemui/com.android.systemui.recents.RecentsActivity}
D/HeadsetStateMachine(23530): Disconnected process message: 10, size: 0
D/HeadsetStateMachine(23530): Disconnected process message: 10, size: 0
D/HeadsetStateMachine(23530): Disconnected process message: 10, size: 0
D/HeadsetStateMachine(23530): Disconnected process message: 10, size: 0
I/EntropyMixer( 745): Writing entropy...
I/ActivityManager( 745): Start proc com.google.android.apps.plus for broadcast com.google.android.apps.plus/.service.BatteryReceiver: pid=8415 uid=10067 gids={50067, 9997, 3003, 3002, 1028, 1015} abi=armeabi-v7a
I/MusicLeanback( 7674): Conditions not met for autocaching.
I/MusicLeanback( 7674): Stop autocaching.
W/ResourcesManager( 8415): Asset path '/system/framework/com.google.android.maps.jar' does not exist or contains no resources.
I/ValidateNoPeople( 745): skipping global notification
I/ActivityManager( 745): Process com.google.android.partnersetup (pid 7816) has died
I/ActivityManager( 745): Config changes=480 {1.0 530mcc24mnc en_US ldltr sw360dp w360dp h567dp 480dpi nrml port finger -keyb/v/h -nav/h s.128}
I/art ( 745): Explicit concurrent mark sweep GC freed 30075(1585KB) AllocSpace objects, 18(658KB) LOS objects, 24% free, 49MB/65MB, paused 1.058ms total 119.073ms
V/ActivityManager( 745): Display changed displayId=0
I/InputReader( 745): Reconfiguring input devices. changes=0x00000004
I/InputReader( 745): Device reconfigured: id=4, name='touch_dev', size 1080x1920, orientation 0, mode 1, display id 0
W/ResourceType( 1323): No package identifier when getting value for resource number 0x00000000
W/PackageManager( 1323): Failure retrieving resources for com.lastpass.lpandroid: Resource ID #0x0
I/GLSActivity( 5649): [ad] getting account id
I/GLSUser ( 5649): [p] Fetched account id for jordan@notablepdf.com : 117608051058792046123
I/iu.Environment( 7085): update battery state; isPlugged? true*
W/ResourceType( 1323): No package identifier when getting value for resource number 0x00000000
W/PackageManager( 1323): Failure retrieving resources for com.lastpass.lpandroid: Resource ID #0x0
D/NetworkLogImpl( 7085): Loaded NetworkSpeedPredictor
I/iu.Environment( 7085): update connectivity state; isNetworkMetered? false, isRoaming? false, isBackgroundDataAllowed? true*
I/iu.Environment( 7085): update battery state; isPlugged? true
I/GCoreUlr( 7540): Starting service, intent=Intent { act=com.google.android.location.reporting.ACTION_UPDATE_WORLD cmp=com.google.android.gms/com.google.android.location.reporting.service.DispatchingService (has extras) }, extras=Bundle[{receiverAction=android.intent.action.ACTION_POWER_CONNECTED}]
D/OpenGLRenderer( 1323): setting property ambientRatio to 1.5
D/OpenGLRenderer( 1323): ambientRatio = 1.50
I/GCoreUlr( 7540): WorldUpdater received intent Intent { act=com.google.android.location.reporting.ACTION_UPDATE_WORLD cmp=com.google.android.gms/com.google.android.location.reporting.service.DispatchingService (has extras) } with receiverAction android.intent.action.ACTION_POWER_CONNECTED
I/GLSActivity( 5649): [ad] getting account id
I/Adreno-EGL( 8415): : QUALCOMM Build: 10/24/14, 167c270, I68fa98814b
I/ActivityManager( 745): Start proc com.facebook.katana for broadcast com.facebook.katana/com.facebook.vault.service.VaultPowerConnectionReceiver: pid=8475 uid=10110 gids={50110, 9997, 1028, 1015, 3003} abi=armeabi-v7a
I/GLSUser ( 5649): [p] Fetched account id for shadowservices@gmail.com : 118325743444248362087
I/ActivityManager( 745): Process com.android.vending (pid 7603) has died
I/GCoreUlr( 7540): No GCM registration ID
W/ResourcesManager( 8475): Asset path '/system/framework/com.google.android.maps.jar' does not exist or contains no resources.
I/GCoreUlr( 7540): Ensuring that reporting is active for [account#-1#]
I/GCoreUlr( 7540): Starting service, intent=Intent { act=com.google.android.location.reporting.ACTION_LOCATION_STATUS cmp=com.google.android.gms/com.google.android.location.reporting.service.DispatchingService (has extras) }, extras=Bundle[{status=LocationStatus[cell status: STATUS_UNKNOWN, wifi status: STATUS_UNKNOWN, elapsed realtime ns: 0]}]
D/CatchMeIfYouCan( 8475): Process () ca: '/data/data/com.facebook.katana/app_cmiyc/A1657CCD543F12E66E587EE52ED9D802E22AAC4701'
D/CatchMeIfYouCan( 8475): Process () fc: '/data/data/com.facebook.katana/app_cmiyc/A1657CCD543F12E66E587EE52ED9D802E22AAC4702'
D/CatchMeIfYouCan( 8475): Process () cp: '('default', 3, 120000, silent [true], restart [false], logout [false])'
D/ACRA ( 8475): ACRA is enabled for com.facebook.katana, intializing...
D/ACRA ( 8475): Looking for error files in /data/data/com.facebook.katana/app_acra-reports
D/ACRA ( 8475): Looking for error files in /data/data/com.facebook.katana/app_minidumps
D/SoLoader( 8475): found fb_stl_shared in default place
D/SoLoader( 8475): found fb_breakpad_client in default place
I/DexLibLoader( 8475): not using cross-dex optimization: ART in use
D/SoLoader( 8475): found distract in default place
D/SoLoader( 8475): found fb_dalvik-internals in default place
I/dalvik-internals( 8475): dlopen(libdvm) failed: no Dalvik modifications possible
V/DexLibLoader( 8475): about to lock odex store
V/DexLibLoader( 8475): locking odex store took 1 ms
V/DexLibLoader( 8475): Secondary program dex metadata: classes2.dex 52a322ae1b1f49afa1ea4c0d2638e7a268885d64 secondary.dex01.Canary
V/DexLibLoader( 8475): Secondary program dex metadata: classes3.dex 6affb04c6439083b685c6134b089c804ab883e40 secondary.dex02.Canary
V/DexLibLoader( 8475): Secondary program dex metadata: classes4.dex 4659a451175d4f4952dc15f1f0f5d871f4890af3 secondary.dex03.Canary
V/DexLibLoader( 8475): Secondary program dex metadata: classes5.dex 4e0eb7d90968200d97f31611f9c35d14d2bc2e15 secondary.dex04.Canary
V/DexLibLoader( 8475): Secondary program dex metadata: classes6.dex 39f24fcf20aa2f7ac90ffead67c7761b82e68901 secondary.dex05.Canary
V/DexLibLoader( 8475): Secondary program dex metadata: classes7.dex 4e62c7777c0f7c3338ddc181c5e878fbd53ae54b secondary.dex06.Canary
D/DexLibLoader( 8475): directory "/data/data/com.facebook.katana/app_secondary_program_dex" is valid
D/DexLibLoader( 8475): directory "/data/data/com.facebook.katana/app_secondary_program_dex_opt" is valid
I/WindowManager( 745): Screen frozen for +580ms due to Window{1d8e143f u0 StatusBar}
D/DexLibLoader( 8475): loading pre-built fallback odex files
D/DexLibLoader( 8475): released odex store lock
D/DexLibLoader( 8475): DexLibLoader.loadAll took 39 ms
D/SystemClassLoaderAdder( 8475): Marked as initialized entry corresponding to path /data/app/com.facebook.katana-2/base.apk
D/ConnectivityService( 745): updateNetworkScore for NetworkAgentInfo [WIFI () - 334] to 56
D/ConnectivityService( 745): rematching NetworkAgentInfo [WIFI () - 334]
D/ConnectivityService( 745): Network NetworkAgentInfo [WIFI () - 334] was already satisfying request 1. No change.
D/ConnectivityService( 745): notifyType AVAILABLE for NetworkAgentInfo [WIFI () - 334]
D/ConnectivityManager.CallbackHandler( 1323): CM callback handler got msg 524290
I/ActivityManager( 745): Process com.google.android.apps.maps (pid 7563) has died
I/ActivityManager( 745): Process com.google.android.calendar (pid 8107) has died
I/ActivityManager( 745): Process com.android.providers.calendar (pid 7766) has died
I/ActivityManager( 745): Process org.leetzone.android.yatsewidgetfree (pid 7421) has died
I/ActivityManager( 745): START u0 {act=android.intent.action.MAIN cat=[android.intent.category.HOME] flg=0x10200000 cmp=com.google.android.googlequicksearchbox/com.google.android.launcher.GEL} from uid 1000 on display 0
I/ActivityManager( 745): Start proc com.google.android.googlequicksearchbox for activity com.google.android.googlequicksearchbox/com.google.android.launcher.GEL: pid=8515 uid=10022 gids={50022, 9997, 3003, 3001, 1028, 3002, 1015, 1005} abi=armeabi-v7a
I/ActivityManager( 745): Process com.google.android.keep (pid 7366) has died
W/Launcher( 8515): setApplicationContext called twice! old=com.google.android.velvet.VelvetApplication@32478c67 new=com.google.android.velvet.VelvetApplication@32478c67
I/ActivityManager( 745): START u0 {act=android.intent.action.MAIN cat=[android.intent.category.HOME] flg=0x10200000 cmp=com.google.android.googlequicksearchbox/com.google.android.launcher.GEL} from uid 1000 on display 0
I/GEL ( 8515): handleIntent(Intent { act=android.intent.action.MAIN cat=[android.intent.category.HOME] flg=0x10200000 cmp=com.google.android.googlequicksearchbox/com.google.android.launcher.GEL })
D/OpenGLRenderer( 8515): Render dirty regions requested: true
D/Atlas ( 8515): Validating map...
W/ResourcesManager( 8515): Asset path '/system/framework/com.google.android.dialer.support.jar' does not exist or contains no resources.
I/GEL ( 8515): handleIntent(Intent { act=android.intent.action.MAIN cat=[android.intent.category.HOME] flg=0x10200000 cmp=com.google.android.googlequicksearchbox/com.google.android.launcher.GEL })
W/ResourcesManager( 8515): Asset path '/system/framework/com.google.android.media.effects.jar' does not exist or contains no resources.
I/Adreno-EGL( 8515): : QUALCOMM Build: 10/24/14, 167c270, I68fa98814b
I/OpenGLRenderer( 8515): Initialized EGL, version 1.4
D/OpenGLRenderer( 8515): Enabling debug mode 0
I/ActivityManager( 745): Displayed com.google.android.googlequicksearchbox/com.google.android.launcher.GEL: +964ms
E/FbInjectorInitializer( 8475): Multi-binding Key[type=com.facebook.bugreporter.BugReportExtraFileMapProvider, annotation=[none]] wasn't declared.
E/FbInjectorInitializer( 8475): Multi-binding Key[type=com.facebook.auth.privacy.IHaveUserData, annotation=[none]] wasn't declared.
E/FbInjectorInitializer( 8475): Multi-binding Key[type=com.facebook.auth.component.AuthComponent, annotation=[none]] wasn't declared.
E/FbInjectorInitializer( 8475): Multi-binding Key[type=com.facebook.gk.GatekeeperSetProvider, annotation=[none]] wasn't declared.
E/FbInjectorInitializer( 8475): Multi-binding Key[type=com.facebook.gk.SessionlessGatekeeperSetProvider, annotation=[none]] wasn't declared.
W/Icing ( 7085): Received bad json for section weights override -- ignoring.
W/Icing ( 7085): Received bad json for corpus scoring config -- ignoring.
W/Icing ( 7085): Received bad json for corpus context scoring override -- ignoring.
W/HandlerScheduledExecuto( 7733): Task does not implement UiTask. Consider using NamedUiRunnable for Consumers.consumeAsync
I/art ( 745): Explicit concurrent mark sweep GC freed 27124(1328KB) AllocSpace objects, 9(339KB) LOS objects, 24% free, 49MB/65MB, paused 1.003ms total 97.538ms W/fb4a(:):StaticBindingVerifier( 8475): Verify
D/WifiService( 745): New client listening to asynchronous messages
D/WifiService( 745): New client listening to asynchronous messages W/fb4a(:):BaseAnalyticsConfig( 8475): willEventBeLogged() called before shared prefs were initialized! Defaulting to true.
V/RenderScript( 8515): Application requested CPU execution
V/RenderScript( 8515): 0xaf218a00 Launching thread(s), CPUs 4
W/art ( 8475): Suspending all threads took: 222.689ms
W/HandlerScheduledExecuto( 7733): Task does not implement UiTask. Consider using NamedUiRunnable for Consumers.consumeAsync
I/ActivityManager( 745): Start proc com.google.android.calendar for service com.google.android.calendar/com.android.calendar.widget.CalendarAppWidgetService: pid=8608 uid=10031 gids={50031, 9997, 3003, 1028, 1015} abi=armeabi-v7a
I/FitnessApp( 7694): ULRSettingsReceiver Intent { act=com.google.android.gms.location.reporting.SETTINGS_CHANGED flg=0x10 cmp=com.google.android.apps.fitness/.api.recording.UlrSettingsReceiver }
D/MtpService( 7934): updating state; isCurrentUser=true, mMtpLocked=false
D/MtpService( 7934): addStorageLocked 65537 /storage/emulated/0
D/MtpService( 7934): updating state; isCurrentUser=true, mMtpLocked=false
I/Fitness ( 7540): Account supported from cache: true
D/MtpService( 7934): starting MTP server in MTP mode
D/MtpService( 7934): addStorageLocked 65537 /storage/emulated/0
I/art ( 7540): Explicit concurrent mark sweep GC freed 83836(6MB) AllocSpace objects, 0(0B) LOS objects, 39% free, 21MB/36MB, paused 720us total 66.364ms
I/FitnessApp( 7694): No need to update registrations as ULR settings are unchanged
W/HandlerScheduledExecuto( 7733): Task does not implement UiTask. Consider using NamedUiRunnable for Consumers.consumeAsync
I/art ( 8475): Rejecting re-init on previously-failed class java.lang.Class
I/art ( 8475): Rejecting re-init on previously-failed class java.lang.Class
E/SQLiteLog( 8608): (283) recovered 83 frames from WAL file /data/data/com.google.android.calendar/databases/timelydata.db-wal
W/HandlerScheduledExecuto( 7733): Task does not implement UiTask. Consider using NamedUiRunnable for Consumers.consumeAsync
W/HandlerScheduledExecuto( 7733): Task does not implement UiTask. Consider using NamedUiRunnable for Consumers.consumeAsync
W/HandlerScheduledExecuto( 7733): Task does not implement UiTask. Consider using NamedUiRunnable for Consumers.consumeAsync
W/HandlerScheduledExecuto( 7733): Task does not implement UiTask. Consider using NamedUiRunnable for Consumers.consumeAsync
W/HandlerScheduledExecuto( 7733): Task does not implement UiTask. Consider using NamedUiRunnable for Consumers.consumeAsync
I/art ( 198): Explicit concurrent mark sweep GC freed 706(30KB) AllocSpace objects, 0(0B) LOS objects, 40% free, 15MB/25MB, paused 176us total 8.248ms
I/ActivityManager( 745): Start proc com.android.providers.calendar for content provider com.android.providers.calendar/.CalendarProvider2: pid=8638 uid=10002 gids={50002, 9997, 3003, 1028, 1015} abi=armeabi-v7a
I/art ( 198): Explicit concurrent mark sweep GC freed 5(160B) AllocSpace objects, 0(0B) LOS objects, 40% free, 15MB/25MB, paused 166us total 7.480ms
I/art ( 198): Explicit concurrent mark sweep GC freed 5(160B) AllocSpace objects, 0(0B) LOS objects, 40% free, 15MB/25MB, paused 167us total 7.452ms
I/art ( 5649): Explicit concurrent mark sweep GC freed 8009(410KB) AllocSpace objects, 0(0B) LOS objects, 40% free, 18MB/31MB, paused 734us total 21.467ms
W/HandlerScheduledExecuto( 7733): Task does not implement UiTask. Consider using NamedUiRunnable for Consumers.consumeAsync
W/ResourcesManager( 8638): Asset path '/system/framework/android.test.runner.jar' does not exist or contains no resources.
I/CalendarProvider2( 8638): Created com.android.providers.calendar.CalendarAlarmManager@f038f81(com.android.providers.calendar.CalendarProvider2@39039826)
I/ActivityManager( 745): Process com.tinder (pid 7909) has died
E/lowmemorykiller( 169): Error opening /proc/7940/oom_score_adj; errno=2
I/ActivityManager( 745): Process com.google.android.maps.mytracks (pid 7940) has died
I/AnalyticsLogBase( 8608): PlayLogger.onLoggerConnected
I/AnalyticsLogBase( 8608): PlayLogger.onLoggerConnected
D/ConnectivityService( 745): updateNetworkScore for NetworkAgentInfo [WIFI () - 334] to 60
D/ConnectivityService( 745): rematching NetworkAgentInfo [WIFI () - 334]
D/ConnectivityService( 745): Network NetworkAgentInfo [WIFI () - 334] was already satisfying request 1. No change.
D/ConnectivityService( 745): notifyType AVAILABLE for NetworkAgentInfo [WIFI () - 334]
D/ConnectivityManager.CallbackHandler( 1323): CM callback handler got msg 524290
D/SoLoader( 8475): found fb_stl_shared in default place
D/SoLoader( 8475): found fb in default place
D/SoLoader( 8475): found fb_breakpad_client in default place
D/SoLoader( 8475): found fbjni in default place
D/SoLoader( 8475): found heartbleed in default place
I/CalendarProvider2( 8638): Sending notification intent: Intent { act=android.intent.action.PROVIDER_CHANGED dat=content://com.android.calendar }
W/ContentResolver( 8638): Failed to get type for: content://com.android.calendar (Unknown URL content://com.android.calendar)
I/art ( 745): Explicit concurrent mark sweep GC freed 9083(457KB) AllocSpace objects, 0(0B) LOS objects, 24% free, 49MB/65MB, paused 3.976ms total 102.331ms
I/ActivityManager( 745): Process com.mailchimp.mailchimp (pid 7982) has died
D/WearableClient( 7516): WearableClientImpl.onPostInitHandler: done
I/GAV2 ( 8415): Thread[GAThread,5,main]: No campaign data found.
W/ResourcesManager( 8515): Asset path '/system/framework/com.google.android.media.effects.jar' does not exist or contains no resources.
W/ResourcesManager( 8515): Asset path '/system/framework/com.google.android.maps.jar' does not exist or contains no resources.
W/ResourcesManager( 8515): Asset path '/system/framework/com.google.android.maps.jar' does not exist or contains no resources.
W/ResourcesManager( 8515): Asset path '/system/framework/com.google.android.maps.jar' does not exist or contains no resources.
W/BroadcastQueue( 745): Permission Denial: broadcasting Intent { act=android.net.conn.INET_CONDITION_ACTION flg=0x4000010 (has extras) } from null (pid=-1, uid=-1) requires com.facebook.permission.prod.FB_APP_COMMUNICATION due to registered receiver BroadcastFilter{2cac307d u0 ReceiverList{2d3e86d4 8475 com.facebook.katana/10110/u0 remote:31b7427}}
W/BroadcastQueue( 745): Permission Denial: broadcasting Intent { act=android.net.conn.CONNECTIVITY_CHANGE flg=0x4000010 (has extras) } from null (pid=-1, uid=-1) requires com.facebook.permission.prod.FB_APP_COMMUNICATION due to registered receiver BroadcastFilter{2cac307d u0 ReceiverList{2d3e86d4 8475 com.facebook.katana/10110/u0 remote:31b7427}}
D/GCoreFlp( 7540): Unknown pending intent to remove. W/fb4a(:):AbstractMqttPushService( 8475): Attempt to start service that is already started
D/SoLoader( 8475): found fb_stl_shared in default place
D/SoLoader( 8475): found webp in default place
D/SoLoader( 8475): found fb in default place
D/SoLoader( 8475): found fb_jpegturbo in default place
D/SoLoader( 8475): found fb_breakpad_client in default place
D/SoLoader( 8475): found fbjni in default place
D/SoLoader( 8475): found fb_imgproc in default place
I/NativeImageProcessor( 8475): == read 42 bytes ==
I/NativeImageProcessor( 8475): == read -1 bytes ==
W/ContextImpl( 8608): Implicit intents with startService are not safe: Intent { act=com.google.android.gms.analytics.service.START (has extras) } android.content.ContextWrapper.bindService:538 com.google.analytics.tracking.android.AnalyticsGmsCoreClient.connect:82 com.google.analytics.tracking.android.GAServiceProxy.connectToService:279
I/GAV2 ( 8608): Thread[GAThread,5,main]: No campaign data found.
W/BroadcastQueue( 745): Permission Denial: broadcasting Intent { act=android.net.conn.CONNECTIVITY_CHANGE flg=0x4000010 (has extras) } from null (pid=-1, uid=-1) requires com.facebook.permission.prod.FB_APP_COMMUNICATION due to registered receiver BroadcastFilter{1d834288 u0 ReceiverList{239bbe2b 8475 com.facebook.katana/10110/u0 remote:278e267a}}
D/SoLoader( 8475): found liger in default place
D/ConnectivityService( 745): updateNetworkScore for NetworkAgentInfo [WIFI () - 334] to 59
D/ConnectivityService( 745): rematching NetworkAgentInfo [WIFI () - 334]
D/ConnectivityService( 745): Network NetworkAgentInfo [WIFI () - 334] was already satisfying request 1. No change.
D/ConnectivityService( 745): notifyType AVAILABLE for NetworkAgentInfo [WIFI () - 334]
D/ConnectivityManager.CallbackHandler( 1323): CM callback handler got msg 524290
W/UserSettingsManager( 7347): syncFromDataItems: Failed to load data items, scheduling retry: Status{statusCode=TIMEOUT, resolution=null}
E/WearablePkgInstaller( 7347): Error finding the local node: Status{statusCode=TIMEOUT, resolution=null}
W/NotificationBridger( 7347): error getting local node: Status{statusCode=TIMEOUT, resolution=null}
I/NotificationBridger( 7347): Retry startup in 1447 ms
I/Fitness ( 7540): FlushServiceReceiver.onReceive
E/WifiStateMachine( 745): WifiStateMachine CMD_START_SCAN source -2 txSuccessRate=9.19 rxSuccessRate=10.56 targetRoamBSSID=00:00:00:00:00:00 RSSI=-74
E/WifiStateMachine( 745): WifiStateMachine starting scan for "THOMS-5G"WPA_PSK with 5745,2462
I/wpa_supplicant(12600): wlan0: CTRL-EVENT-SCAN-STARTED
D/WifiService( 745): acquireWifiLockLocked: WifiLock{NlpWifiLock type=2 binder=android.os.BinderProxy@1752bd0}
D/BluetoothManagerService( 745): checkIfCallerIsForegroundUser: valid=true callingUser=0 foregroundUser=0
E/WifiStateMachine( 745): WifiStateMachine shouldSwitchNetwork txSuccessRate=9.19 rxSuccessRate=10.56 delta 7 -> 1
E/WifiStateMachine( 745): WifiStateMachine CMD_START_SCAN source 10008 txSuccessRate=9.19 rxSuccessRate=10.56 targetRoamBSSID=00:00:00:00:00:00 RSSI=-74
I/wpa_supplicant(12600): wlan0: CTRL-EVENT-SCAN-STARTED
I/wpa_supplicant(12600): wlan0: CTRL-EVENT-DISCONNECTED bssid=30:85:a9:e7:f7:34 reason=3 locally_generated=1
E/WifiStateMachine( 745): CMD_AUTO_CONNECT sup state CompletedState my state ConnectedState nid=2 roam=2
E/WifiConfigStore( 745): saveWifiConfigBSSID Setting BSSID for "THOMS"WPA_PSK to any
E/WifiStateMachine( 745): CMD_AUTO_CONNECT will save config -> "THOMS" nid=2
E/WifiConfigStore( 745): Setting BSSID for "THOMS"WPA_PSK to any
E/WifiConfigStore( 745): will read network variables netId=2
E/WifiStateMachine( 745): CMD_AUTO_CONNECT did save config -> nid=2
E/WifiConfigStore( 745): will read network variables netId=2
I/wpa_supplicant(12600): wlan0: Trying to associate with 30:85:a9:e7:f7:30 (SSID='THOMS' freq=2462 MHz)
E/WifiConfigStore( 745): setLastSelectedConfiguration -1
E/WifiStateMachine( 745): WifiStateMachine: Leaving Connected state
E/WifiStateMachine( 745): Start Roam Watchdog 311
E/WifiStateMachine( 745): NETWORK_DISCONNECTION_EVENT in roaming state BSSID=30:85:a9:e7:f7:34 target=any
I/wpa_supplicant(12600): wlan0: Associated with 30:85:a9:e7:f7:30
I/wpa_supplicant(12600): wlan0: WPA: Key negotiation completed with 30:85:a9:e7:f7:30 [PTK=CCMP GTK=CCMP]
I/wpa_supplicant(12600): wlan0: CTRL-EVENT-CONNECTED - Connection to 30:85:a9:e7:f7:30 completed [id=2 id_str=]
E/WifiStateMachine( 745): WifiStateMachine: Leaving Roaming state
E/WifiConfigStore( 745): saveWifiConfigBSSID Setting BSSID for "THOMS"WPA_PSK to any
E/WifiStateMachine( 745): Start Dhcp Watchdog 361
D/WifiService( 745): releaseWifiLockLocked: WifiLock{NlpWifiLock type=2 binder=android.os.BinderProxy@1752bd0}
I/GoogleHttpClient( 7540): Falling back to old SSLCertificateSocketFactory
I/GoogleHttpClient( 7540): Using GMS GoogleHttpClient
W/GoogleHttpClient( 7540): Ignoring unsupported parameter: http.conn-manager.max-per-route
W/ActivityThread( 7540): ClassLoader.loadClass: The class loader returned by Thread.getContextClassLoader() may fail for processes that host multiple applications. You should explicitly specify a context class loader. For example: Thread.setContextClassLoader(getClass().getClassLoader());
I/ActivityManager( 745): Process com.facebook.orca (pid 7441) has died
E/native ( 745): do suspend false
E/WifiStateMachine( 745): scanCount==0 - aborting
E/CwCal ( 7347): Fail to getDataItems: Status{statusCode=TIMEOUT, resolution=null}
I/dhcpcd ( 8792): sending signal 14 to pid 4162
I/dhcpcd ( 4162): received SIGALRM, renewing
I/dhcpcd ( 4162): wlan0: renewing lease of 192.168.1.151
I/GCoreUlr( 7540): Successfully inserted location
I/dhcpcd ( 4162): wlan0: acknowledged 192.168.1.151 from 192.168.1.1
I/GCoreUlr( 7540): Starting service, intent=Intent { act=com.google.android.location.reporting.UPLOAD cmp=com.google.android.gms/com.google.android.location.reporting.service.DispatchingService }, extras=null
I/dhcpcd ( 4162): wlan0: leased 192.168.1.151 for 86400 seconds
D/Nat464Xlat( 745): requiresClat: netType=1, connected=true, hasIPv4Address=true
W/GmsApplication( 7540): Using Auth Proxy for data requests.
I/GoogleHttpClient( 7540): Falling back to old SSLCertificateSocketFactory
I/GLSUser ( 7540): [ ChannelManager ] Attempting to channel bind connection HttpClient.
I/GLSUser ( 7540): [ ChannelManager ] Skip channel binding on pre-KLP devices.
E/WifiStateMachine( 745): WifiStateMachine CMD_START_SCAN source -2 txSuccessRate=9.19 rxSuccessRate=10.56 targetRoamBSSID=00:00:00:00:00:00 RSSI=-74
E/WifiStateMachine( 745): WifiStateMachine starting scan for "THOMS"WPA_PSK with 5745,2462
I/wpa_supplicant(12600): wlan0: CTRL-EVENT-SCAN-STARTED
W/SettingsDataItemWriter( 7347): Unable to fetch configurations: Status{statusCode=TIMEOUT, resolution=null}
W/ClockworkProxy( 7347): checkProxyEnablement: failed checking if nodes are connected, scheduling retry:Status{statusCode=TIMEOUT, resolution=null}
E/DynRingVolController( 7347): couldn't talk to clockwork
