D/AuthorizationBluetoothService( 5649): Received GmsCore event: Intent { act=com.google.android.gms.INITIALIZE flg=0x10 pkg=com.google.android.gms cmp=com.google.android.gms/.auth.be.proximity.authorization.bt.AuthorizationBluetoothService$AutoStarter }.
D/c ( 5649): Getting all permits...
D/a ( 5649): Opening database...
D/a ( 5649): Opening database auth.proximity.permit_store...
D/a ( 5649): Closing database...
D/LocationInitializer( 9327): Restart initialization of location
I/Fitness ( 9327): GmsCore initialized. Initializing Fitness
I/GoogleHttpClient( 9386): Falling back to old SSLCertificateSocketFactory
V/BackupManagerService( 745): Connected to transport ComponentInfo{com.google.android.gms/com.google.android.gms.backup.BackupTransportService}
V/BackupManagerService( 745): Registering transport com.google.android.gms/.backup.BackupTransportService::com.google.android.gms/.backup.BackupTransportService = com.android.internal.backup.IBackupTransport$Stub$Proxy@2ffe8203
I/Fitness ( 9386): WearableSyncHostService.start
I/Icing ( 9327): updateResources: need to parse e{com.google.android.gms}
V/GmsNetworkLocationProvi( 9386): onSetRequest: ProviderRequestUnbundled, reportLocation is true and interval is 86400000
I/Icing ( 9327): doRemovePackageData com.android.chrome I/Coffee - GoogleTrustAgent( 9386): GoogleTrustAgent created.
D/BluetoothManagerService( 745): Message: 20
D/BluetoothManagerService( 745): Added callback: android.bluetooth.IBluetoothManagerCallback$Stub$Proxy@91f24f1:true I/Coffee - TrustletManager( 9386): Starting trustlet Bluetooth I/Coffee - GoogleTrustAgent( 9386): Can provide trust state change: true I/Coffee - BluetoothTrustlet( 9386): Enabling trust, connected to trusted device: Moto 360 0360 I/Coffee - GoogleTrustAgent( 9386): Trust state changed, trusted: true reason: Securely connected to Bluetooth device Moto 360 0360
I/ActivityManager( 745): Start proc com.google.android.googlequicksearchbox:search for service com.google.android.googlequicksearchbox/com.google.android.voicesearch.logger.EventLoggerService: pid=9427 uid=10022 gids={50022, 9997, 3003, 3001, 1028, 3002, 1015, 1005} abi=armeabi-v7a I/Coffee - TrustletManager( 9386): Starting trustlet NFC W/Coffee - Trustlet( 9386): Trustlet NFC attempted to change its canProvideTrust state to the current state (ignored).
I/Icing ( 9327): Internal init done: storage state 0 I/Coffee - TrustletManager( 9386): Starting trustlet Place I/Coffee - TrustletManager( 9386): Starting trustlet Face Unlock W/Coffee - Trustlet( 9386): Trustlet Face Unlock attempted to change its canProvideTrust state to the current state (ignored).
I/EventLogService( 9327): Opted in for usage reporting
I/EventLogService( 9327): Aggregate from 1417031640456 (log), 1417031640456 (data)
I/art ( 5649): Explicit concurrent mark sweep GC freed 12532(721KB) AllocSpace objects, 0(0B) LOS objects, 40% free, 18MB/31MB, paused 636us total 53.879ms
I/GCoreUlr( 9386): DispatchingService.onCreate()
I/Icing ( 9327): Post-init done
W/EventLogAggregator( 9327): Unknown tag: snet_gcore
W/EventLogAggregator( 9327): Unknown tag: snet_launch_service
I/Icing ( 9327): Usage reports 2 indexed 0 rejected 0 imm upload false
D/WifiService( 745): New client listening to asynchronous messages
I/ActivityManager( 745): Start proc com.google.android.partnersetup for content provider com.google.android.partnersetup/.RlzAppProvider: pid=9465 uid=10013 gids={50013, 9997, 3003} abi=armeabi-v7a
D/GeofencerStateMachine( 9386): Creating GeofencerStateMachine
W/InputMethodInfo( 745): Duplicated subtype definition found: , voice
I/ActivityManager( 745): Process com.google.android.gms (pid 9327) has died
W/ActivityManager( 745): Scheduling restart of crashed service com.google.android.gms/.icing.service.IndexService in 49940ms
W/ActivityManager( 745): Scheduling restart of crashed service com.google.android.gms/.checkin.EventLogService in 59940ms
I/ActivityManager( 745): Start proc com.google.android.music:main for service com.google.android.music/.download.artwork.ArtDownloadService: pid=9503 uid=10060 gids={50060, 9997, 3003, 1028, 1015} abi=armeabi-v7a
I/dex2oat ( 9496): /system/bin/dex2oat --runtime-arg -classpath --runtime-arg --instruction-set=arm --instruction-set-features=div --runtime-arg -Xrelocate --boot-image=/system/framework/boot.art --dex-file=/data/data/com.google.android.gms/cache/ads483502373.jar --oat-fd=48 --oat-location=/data/data/com.google.android.gms/cache/ads483502373.dex --runtime-arg -Xms64m --runtime-arg -Xmx512m
D/WifiService( 745): New client listening to asynchronous messages
W/chromium( 8232): [WARNING:server_connection_manager.cc(296)] ServerConnectionManager forcing SYNC_AUTH_ERROR
W/chromium( 8232): [WARNING:syncer_proto_util.cc(277)] Error posting from syncer: Response Code (bogus on error): -1 Content-Length (bogus on error): -1 Server Status: SYNC_AUTH_ERROR
E/chromium( 8232): [ERROR:get_updates_processor.cc(240)] PostClientToServerMessage() failed during GetUpdates
I/MediaRouter( 9427): Found default route: MediaRouter.RouteInfo{ uniqueId=android/mo:DEFAULT_ROUTE, name=Phone, description=null, enabled=true, connecting=false, playbackType=0, playbackStream=3, volumeHandling=1, volume=11, volumeMax=15, presentationDisplayId=-1, extras=null, providerPackageName=android }
I/FavoriteContactNamesSup( 9427): get() : Execute runnable (UI thread)
I/ContactLabelSupplier( 9427): get() : Execute runnable (UI thread)
I/dex2oat ( 9496): dex2oat took 319.552ms (threads: 4)
I/ActivityManager( 745): Start proc com.google.android.gms for service com.google.android.gms/.ads.identifier.service.AdvertisingIdService: pid=9539 uid=10008 gids={50008, 9997, 2001, 3003, 1007, 3006, 1028, 1015, 3002, 3001, 1005, 3007} abi=armeabi-v7a
I/art ( 745): Explicit concurrent mark sweep GC freed 13409(712KB) AllocSpace objects, 1(16KB) LOS objects, 24% free, 49MB/65MB, paused 1.755ms total 119.858ms
I/ActivityManager( 745): Process com.google.android.partnersetup (pid 9465) has died
W/ResourcesManager( 9539): Asset path '/system/framework/com.android.media.remotedisplay.jar' does not exist or contains no resources.
W/ResourcesManager( 9539): Asset path '/system/framework/com.android.location.provider.jar' does not exist or contains no resources.
I/Places ( 9386): ay.:165: Creating ReverseGeocodingPlaceInferenceModule
I/Places ( 9386): ay.:165: Creating WifiDecisionTreePlaceInferenceModule
I/MultiDex( 9539): VM with version 2.1.0 has multidex support
I/MultiDex( 9539): install
I/MultiDex( 9539): VM has multidex support, MultiDex support library is disabled.
D/WifiService( 745): Client connection lost with reason: 4
V/NotificationListeners( 745): notification listener connection lost: ComponentInfo{com.google.android.wearable.app/com.google.android.clockwork.stream.NotificationCollectorService}
I/MusicStore( 9503): Database version: 103
I/ActivityManager( 745): Process com.google.android.googlequicksearchbox:search (pid 9427) has died
W/ActivityManager( 745): Scheduling restart of crashed service com.google.android.googlequicksearchbox/com.google.android.voicesearch.logger.EventLoggerService in 49200ms
W/ActivityManager( 745): Canceling start item Intent { act=com.google.android.search.core.service.BroadcastListenerService.action.UPDATE cmp=com.google.android.googlequicksearchbox/com.google.android.search.core.service.BroadcastListenerService (has extras) } in service ComponentInfo{com.google.android.googlequicksearchbox/com.google.android.search.core.service.BroadcastListenerService}
W/ActivityManager( 745): Scheduling restart of crashed service com.google.android.googlequicksearchbox/com.google.android.search.core.service.BroadcastListenerService in 163033797460230144ms
W/ActivityManager( 745): Scheduling restart of crashed service com.google.android.googlequicksearchbox/com.google.android.search.core.service.SearchService in 49200ms
I/ActivityManager( 745): Process com.google.android.gms.wearable (pid 7594) has died
W/ActivityManager( 745): Scheduling restart of crashed service com.google.android.gms/.wearable.service.WearableService in 49172ms
W/ActivityManager( 745): Scheduling restart of crashed service com.google.android.gms/.wearable.node.bluetooth.BluetoothClientService in 371962ms
W/InputDispatcher( 745): channel '8b013b1 com.chrome.beta/com.google.android.apps.chrome.document.DocumentActivity (server)' ~ Consumer closed input channel or an error occurred. events=0x9
I/WindowState( 745): WIN DEATH: Window{8b013b1 u0 com.chrome.beta/com.google.android.apps.chrome.document.DocumentActivity}
E/InputDispatcher( 745): channel '8b013b1 com.chrome.beta/com.google.android.apps.chrome.document.DocumentActivity (server)' ~ Channel is unrecoverably broken and will be disposed!
W/InputDispatcher( 745): Attempted to unregister already unregistered input channel '8b013b1 com.chrome.beta/com.google.android.apps.chrome.document.DocumentActivity (server)'
W/WindowManager( 745): Force-removing child win Window{2ee7b51 u0 SurfaceView} from container Window{8b013b1 u0 com.chrome.beta/com.google.android.apps.chrome.document.DocumentActivity}
I/ActivityManager( 745): Process com.google.android.wearable.app (pid 7347) has died
W/ActivityManager( 745): Scheduling restart of crashed service com.google.android.wearable.app/com.google.android.clockwork.host.DispatchingWearableListenerService in 59107ms
W/ActivityManager( 745): Scheduling restart of crashed service com.google.android.wearable.app/com.google.android.clockwork.now.NowFetcherService in 69107ms
W/ActivityManager( 745): Scheduling restart of crashed service com.google.android.wearable.app/com.google.android.clockwork.stream.NotificationCollectorService in 69106ms
W/ActivityManager( 745): Scheduling restart of crashed service com.google.android.wearable.app/com.google.android.clockwork.companion.packagemanager.PackageUpdateService in 79106ms
W/ActivityManager( 745): Scheduling restart of crashed service com.google.android.wearable.app/com.google.android.clockwork.calendar.CalendarQueryService in 79106ms
W/ActivityManager( 745): Scheduling restart of crashed service com.google.android.wearable.app/com.google.android.clockwork.calendar.CalendarSyncService in 79106ms
W/WindowManager( 745): Failed looking up window
W/WindowManager( 745): java.lang.IllegalArgumentException: Requested window android.os.BinderProxy@3f252870 does not exist
W/WindowManager( 745): at com.android.server.wm.WindowManagerService.windowForClientLocked(WindowManagerService.java:8412)
W/WindowManager( 745): at com.android.server.wm.WindowManagerService.windowForClientLocked(WindowManagerService.java:8403)
W/WindowManager( 745): at com.android.server.wm.WindowState$DeathRecipient.binderDied(WindowState.java:1113)
W/WindowManager( 745): at android.os.BinderProxy.sendDeathNotice(Binder.java:551)
I/WindowState( 745): WIN DEATH: null
I/ActivityManager( 745): Process com.google.android.googlequicksearchbox:interactor (pid 8361) has died
W/ActivityManager( 745): Scheduling restart of crashed service com.google.android.googlequicksearchbox/com.google.android.voiceinteraction.GsaVoiceInteractionService in 78984ms
E/FrameworkListener( 183): read() failed (Connection reset by peer)
E/FrameworkListener( 183): read() failed (Connection reset by peer)
E/FrameworkListener( 183): read() failed (Connection reset by peer)
I/ActivityManager( 745): Process com.chrome.beta (pid 8232) has died
W/ActivityManager( 745): Exception when unbinding service com.chrome.beta/org.chromium.content.app.SandboxedProcessService0
W/ActivityManager( 745): android.os.DeadObjectException
W/ActivityManager( 745): at android.os.BinderProxy.transactNative(Native Method)
W/ActivityManager( 745): at android.os.BinderProxy.transact(Binder.java:496)
W/ActivityManager( 745): at android.app.ApplicationThreadProxy.scheduleUnbindService(ApplicationThreadNative.java:917)
W/ActivityManager( 745): at com.android.server.am.ActiveServices.removeConnectionLocked(ActiveServices.java:1772)
W/ActivityManager( 745): at com.android.server.am.ActiveServices.killServicesLocked(ActiveServices.java:2156)
W/ActivityManager( 745): at com.android.server.am.ActivityManagerService.cleanUpApplicationRecordLocked(ActivityManagerService.java:14494)
W/ActivityManager( 745): at com.android.server.am.ActivityManagerService.handleAppDiedLocked(ActivityManagerService.java:4728)
W/ActivityManager( 745): at com.android.server.am.ActivityManagerService.appDiedLocked(ActivityManagerService.java:4891)
W/ActivityManager( 745): at com.android.server.am.ActivityManagerService$AppDeathRecipient.binderDied(ActivityManagerService.java:1164)
W/ActivityManager( 745): at android.os.BinderProxy.sendDeathNotice(Binder.java:551)
E/lowmemorykiller( 169): Error opening /proc/9113/oom_score_adj; errno=2
W/ActivityManager( 745): Force removing ActivityRecord{1a8537be u0 com.chrome.beta/com.google.android.apps.chrome.document.DocumentActivity t380}: app died, no saved state
I/ActivityManager( 745): Start proc com.google.android.googlequicksearchbox for activity com.google.android.googlequicksearchbox/com.google.android.launcher.GEL: pid=9582 uid=10022 gids={50022, 9997, 3003, 3001, 1028, 3002, 1015, 1005} abi=armeabi-v7a
I/ActivityManager( 745): Killing 9113:com.chrome.beta:sandboxed_process0/u0a91i384 (adj 9): isolated not needed
W/libprocessgroup( 745): failed to open /acct/uid_10091/pid_9113/cgroup.procs: No such file or directory
W/libprocessgroup( 745): failed to open /acct/uid_10091/pid_9113/cgroup.procs: No such file or directory
I/ProviderInstaller( 9539): Insert disabled by gate 'gms:security:enable_conscrypt_in_gms_application'
I/art ( 198): Explicit concurrent mark sweep GC freed 709(30KB) AllocSpace objects, 0(0B) LOS objects, 40% free, 15MB/25MB, paused 180us total 11.117ms
D/GCM ( 5649): GcmService start Intent { act=com.google.android.gms.INITIALIZE flg=0x10 pkg=com.google.android.gms cmp=com.google.android.gms/.gcm.GcmService } com.google.android.gms.INITIALIZE
I/art ( 198): Explicit concurrent mark sweep GC freed 5(160B) AllocSpace objects, 0(0B) LOS objects, 40% free, 15MB/25MB, paused 177us total 7.646ms
I/art ( 198): Explicit concurrent mark sweep GC freed 5(160B) AllocSpace objects, 0(0B) LOS objects, 40% free, 15MB/25MB, paused 168us total 7.612ms
W/ResourcesManager( 9503): Asset path '/system/framework/com.android.media.remotedisplay.jar' does not exist or contains no resources.
W/ResourcesManager( 9503): Asset path '/system/framework/com.android.location.provider.jar' does not exist or contains no resources.
E/GCoreFlp( 9386): Bound FusedProviderService with LocationManager
V/JNIHelp ( 9503): Registering com/google/android/gms/org/conscrypt/NativeCrypto's 235 native methods...
D/LocationInitializer( 9539): Restart initialization of location
I/Icing ( 9539): Storage manager: low false usage 14.21MB avail 17.06GB capacity 22.76GB
D/AuthorizationBluetoothService( 5649): Received GmsCore event: Intent { act=com.google.android.gms.INITIALIZE flg=0x10 pkg=com.google.android.gms cmp=com.google.android.gms/.auth.be.proximity.authorization.bt.AuthorizationBluetoothService$AutoStarter }.
D/c ( 5649): Getting all permits...
D/a ( 5649): Opening database...
D/a ( 5649): Opening database auth.proximity.permit_store...
D/a ( 5649): Closing database...
W/Icing ( 9539): Received bad json for section weights override -- ignoring.
W/Icing ( 9539): Received bad json for corpus scoring config -- ignoring.
W/Icing ( 9539): Received bad json for corpus context scoring override -- ignoring.
I/art ( 9386): Explicit concurrent mark sweep GC freed 19215(1499KB) AllocSpace objects, 18(288KB) LOS objects, 40% free, 18MB/31MB, paused 860us total 90.082ms
I/ActivityManager( 745): Start proc com.google.android.gms.wearable for service com.google.android.gms/.wearable.service.WearableControlService: pid=9618 uid=10008 gids={50008, 9997, 2001, 3003, 1007, 3006, 1028, 1015, 3002, 3001, 1005, 3007} abi=armeabi-v7a
I/ProviderInstaller( 9503): Installed default security provider GmsCore_OpenSSL
I/Fitness ( 9539): GmsCore initialized. Initializing Fitness
I/EventLogService( 9539): Opted in for usage reporting
I/EventLogService( 9539): Aggregate from 1417033441840 (log), 1417033441840 (data)
W/ResourcesManager( 9618): Asset path '/system/framework/com.android.media.remotedisplay.jar' does not exist or contains no resources.
W/ResourcesManager( 9618): Asset path '/system/framework/com.android.location.provider.jar' does not exist or contains no resources.
V/GmsNetworkLocationProvi( 9386): ENABLE
V/GmsNetworkLocationProvi( 9386): SET-REQUEST
V/GmsNetworkLocationProvi( 9386): in Handler: ProviderRequestUnbundled, reportLocation is true and interval is 86400000
I/MultiDex( 9618): VM with version 2.1.0 has multidex support
I/MultiDex( 9618): install
I/MultiDex( 9618): VM has multidex support, MultiDex support library is disabled.
E/copresGcore( 9386): Couldn't load settings: /data/data/com.google.android.gms/files/copresence_settings: open failed: ENOENT (No such file or directory)
I/ProviderInstaller( 9618): Insert disabled by gate 'gms:security:enable_conscrypt_in_gms_application'
D/GCM ( 5649): GcmService start Intent { act=com.google.android.gms.INITIALIZE flg=0x10 pkg=com.google.android.gms cmp=com.google.android.gms/.gcm.GcmService } com.google.android.gms.INITIALIZE
I/ConfigStore( 9503): Config Database version: 1
D/AuthorizationBluetoothService( 5649): Received GmsCore event: Intent { act=com.google.android.gms.INITIALIZE flg=0x10 pkg=com.google.android.gms cmp=com.google.android.gms/.auth.be.proximity.authorization.bt.AuthorizationBluetoothService$AutoStarter }.
D/c ( 5649): Getting all permits...
D/a ( 5649): Opening database...
D/a ( 5649): Opening database auth.proximity.permit_store...
D/a ( 5649): Closing database...
I/Fitness ( 9539): GmsCore initialized. Initializing Fitness
D/LocationInitializer( 9539): Restart initialization of location
W/EventLogAggregator( 9539): Unknown tag: snet_gcore
W/EventLogAggregator( 9539): Unknown tag: snet_launch_service
W/GmsClient( 9386): service died
V/GeofencerHelper( 9386): Initializing geofence's system cache.
W/bt-btif (23530): bta_jv_rfc_port_to_cb(port_handle:0x8):jv handle:0x0 not FOUND
D/BluetoothManagerService( 745): Message: 20
D/BluetoothManagerService( 745): Added callback: android.bluetooth.IBluetoothManagerCallback$Stub$Proxy@2d09a880:true
D/GeofenceStateCache( 9386): Recovered 0 geofences.
E/SQLiteLog( 9618): (284) automatic index on assetrefs(dataitems_id)
I/WearableConn( 9618): Connecting to "Moto 360 0360"
I/ServiceDumpSys( 9539): dumping service [account]
W/BluetoothAdapter( 9618): getBluetoothService() called with no BluetoothManagerCallback
D/BTIF_SOCK(23530): service_uuid: 5e8945b0-9525-11e3-a5e2-0800200c9a66
I/art ( 745): Explicit concurrent mark sweep GC freed 10897(601KB) AllocSpace objects, 1(16KB) LOS objects, 24% free, 49MB/65MB, paused 1.120ms total 108.480ms D/Coffee - NearbyAlertTracker( 9386): GoogleApiClient connected
I/GCoreUlr( 9386): Received powerMode change from NLP: com.google.android.location.activity.LOW_POWER_MODE_DISABLED
I/GCoreUlr( 9386): Starting service, intent=Intent { act=com.google.android.location.reporting.ACTION_UPDATE_ACTIVE_STATE cmp=com.google.android.gms/com.google.android.location.reporting.service.DispatchingService }, extras=null
D/GCoreFlp( 9386): Unknown pending intent to remove.
I/WearableConn( 9618): Connecting to "Moto 360 0360"
W/Settings( 9386): Setting airplane_mode_on has moved from android.provider.Settings.System to android.provider.Settings.Global, returning read-only value.
W/BluetoothAdapter( 9618): getBluetoothService() called with no BluetoothManagerCallback
D/BTIF_SOCK(23530): service_uuid: 5e8945b0-9525-11e3-a5e2-0800200c9a66
I/MediaRouter( 9503): Found default route: MediaRouter.RouteInfo{ uniqueId=android/.support.v7.media.SystemMediaRouteProvider:DEFAULT_ROUTE, name=Phone, description=null, enabled=true, connecting=false, playbackType=0, playbackStream=3, volumeHandling=1, volume=11, volumeMax=15, presentationDisplayId=-1, extras=null, providerPackageName=android }
I/art ( 5649): Explicit concurrent mark sweep GC freed 8915(450KB) AllocSpace objects, 0(0B) LOS objects, 40% free, 18MB/31MB, paused 834us total 23.547ms
I/Icing ( 9539): updateResources: need to parse e{com.google.android.gms}
I/NetworkMonitor( 9503): type=WIFI subType= reason=null isConnected=true
I/Icing ( 9539): doRemovePackageData com.android.chrome
W/Launcher( 9582): setApplicationContext called twice! old=com.google.android.velvet.VelvetApplication@32478c67 new=com.google.android.velvet.VelvetApplication@32478c67
I/GEL ( 9582): handleIntent(Intent { act=android.intent.action.MAIN cat=[android.intent.category.HOME] flg=0x10200000 cmp=com.google.android.googlequicksearchbox/com.google.android.launcher.GEL })
I/GCoreUlr( 9386): Ensuring that reporting is active for [account#-1#]
I/Icing ( 9539): Internal init done: storage state 0
D/OpenGLRenderer( 9582): Render dirty regions requested: true
D/Atlas ( 9582): Validating map...
I/Icing ( 9539): Post-init done
W/ResourcesManager( 9582): Asset path '/system/framework/com.google.android.dialer.support.jar' does not exist or contains no resources.
I/GCoreUlr( 9386): Starting service, intent=Intent { act=com.google.android.location.reporting.ACTION_LOCATION_STATUS cmp=com.google.android.gms/com.google.android.location.reporting.service.DispatchingService (has extras) }, extras=Bundle[{status=LocationStatus[cell status: STATUS_UNKNOWN, wifi status: STATUS_UNKNOWN, elapsed realtime ns: 0]}]
W/ResourcesManager( 9582): Asset path '/system/framework/com.google.android.media.effects.jar' does not exist or contains no resources.
W/bt-sdp (23530): process_service_search_attr_rsp
I/Adreno-EGL( 9582): : QUALCOMM Build: 10/24/14, 167c270, I68fa98814b
I/OpenGLRenderer( 9582): Initialized EGL, version 1.4
I/GCoreUlr( 9386): GMS FLP location and AR updates requested: {"sampleReason":"default","description":"default","timestampMs":1417033444130,"samplePeriodMs":60000,"sampleSource":"internal"}
D/OpenGLRenderer( 9582): Enabling debug mode 0
W/bt-sdp (23530): process_service_search_attr_rsp
I/ActivityManager( 745): Start proc com.chrome.beta for broadcast com.chrome.beta/com.google.ipc.invalidation.ticl.android2.AndroidInternalScheduler$AlarmReceiver: pid=9684 uid=10091 gids={50091, 9997, 3003, 1028, 1015} abi=armeabi-v7a
E/bt-rfcomm(23530): RFCOMM_CreateConnection - already opened state:1, RFC state:1, MCB state:5
E/bt-btif (23530): bta_jv_rfcomm_connect, RFCOMM_CreateConnection failed
W/bt-btif (23530): invalid rfc slot id: 146
W/WearableConn( 9618): Error writing to device, error: read failed, socket might closed or timeout, read ret: -1
W/bt-btif (23530): new conn_srvc id:26, app_id:1
W/ArtDownloadService( 9503): Setting cache size 276433822
I/WearableConn( 9618): Connected, running sync loop
D/WearableBluetooth( 9618): onSocketReady returned, closing socket
I/WearableConn( 9618): Waiting 1.0 seconds to retry connection
I/ActivityManager( 745): Start proc com.google.android.googlequicksearchbox:search for service com.google.android.googlequicksearchbox/com.google.android.search.core.service.SearchService: pid=9705 uid=10022 gids={50022, 9997, 3003, 3001, 1028, 3002, 1015, 1005} abi=armeabi-v7a
I/ActivityManager( 745): Displayed com.google.android.googlequicksearchbox/com.google.android.launcher.GEL: +1s131ms
W/InputMethodManagerService( 745): Got RemoteException sending setActive(false) notification to pid 8232 uid 10091
I/ActivityManager( 745): Start proc com.google.android.inputmethod.latin for service com.google.android.inputmethod.latin/com.android.inputmethod.latin.LatinIME: pid=9722 uid=10056 gids={50056, 9997, 3003, 1028, 1015} abi=armeabi-v7a
V/InputMethodManagerService( 745): Adding window token: android.os.Binder@2aa9065d
W/AlarmManager( 745): Window length 9223372036854775807ms suspiciously long; limiting to 1 hour
W/Settings( 9386): Setting airplane_mode_on has moved from android.provider.Settings.System to android.provider.Settings.Global, returning read-only value.
W/AlarmManager( 745): Window length 9223372036854775807ms suspiciously long; limiting to 1 hour
D/WifiService( 745): acquireWifiLockLocked: WifiLock{NlpWifiLock type=2 binder=android.os.BinderProxy@21f4ab59}
I/ActivityManager( 745): Start proc com.google.android.keep for broadcast com.google.android.keep/.notification.AlertReceiver: pid=9743 uid=10071 gids={50071, 9997, 3003, 1028, 1015} abi=armeabi-v7a
I/ActivityManager( 745): Start proc com.google.android.partnersetup for content provider com.google.android.partnersetup/.RlzAppProvider: pid=9762 uid=10013 gids={50013, 9997, 3003} abi=armeabi-v7a
I/LatinIME( 9722): Hardware accelerated drawing: true
D/WifiService( 745): New client listening to asynchronous messages
W/InputMethodInfo( 745): Duplicated subtype definition found: , voice
W/InputMethodInfo( 745): Duplicated subtype definition found: , voice
I/art ( 745): Explicit concurrent mark sweep GC freed 17386(1010KB) AllocSpace objects, 4(59KB) LOS objects, 24% free, 49MB/65MB, paused 1.107ms total 93.568ms
E/WifiStateMachine( 745): WifiStateMachine CMD_START_SCAN source 10008 txSuccessRate=136.34 rxSuccessRate=120.57 targetRoamBSSID=00:00:00:00:00:00 RSSI=-61
I/wpa_supplicant(12600): wlan0: CTRL-EVENT-SCAN-STARTED
W/InputAttributes( 9722): No editor info for this field. Bug?
I/MediaRouter( 9705): Found default route: MediaRouter.RouteInfo{ uniqueId=android/mo:DEFAULT_ROUTE, name=Phone, description=null, enabled=true, connecting=false, playbackType=0, playbackStream=3, volumeHandling=1, volume=11, volumeMax=15, presentationDisplayId=-1, extras=null, providerPackageName=android }
I/LatinIME:LogUtils( 9722): Dictionary info: dictionary = ContextualDictionary.en_US ; version = 1417033444 ; date = ?
I/LatinIME:LogUtils( 9722): Dictionary info: dictionary = PersonalizationDictionary.en_US ; version = 328446 ; date = 1417033282
I/LatinIME:LogUtils( 9722): Dictionary info: dictionary = contacts.en_US ; version = 1416991925 ; date = 1416991925
I/FavoriteContactNamesSup( 9705): get() : Execute runnable (UI thread)
I/ContactLabelSupplier( 9705): get() : Execute runnable (UI thread)
I/LatinIME:LogUtils( 9722): Dictionary info: dictionary = UserHistoryDictionary.en_US ; version = 328446 ; date = 1417022667
I/LatinIME:LogUtils( 9722): Dictionary info: dictionary = userunigram.en_US ; version = 1416564186 ; date = 1416564186
I/LatinIME:LogUtils( 9722): Dictionary info: dictionary = main:en_us ; version = 52 ; date = 1412572954
I/LatinIME:LogUtils( 9722): Dictionary info: dictionary = main:en_us ; version = 52 ; date = 1412572954
I/ContactLabelSupplier( 9705): get() : OptedIn = true
I/ContactLabelSupplier( 9705): get() : Looking up 20 labels
I/ContactLabelSupplier( 9705): get() : Lookup time = 48 ms
I/VS.Container( 9705): create_speech_recognizer
I/MicrophoneInputStream( 9705): mic_starting gfk@85142ce
I/HotwordRecognitionRnr( 9705): Starting hotword detection.
I/AudioFlinger( 187): AudioFlinger's thread 0xb3c49000 ready to run
D/WifiService( 745): acquireWifiLockLocked: WifiLock{NlpWifiLock type=2 binder=android.os.BinderProxy@30d06ec0}
I/MicrophoneInputStream( 9705): mic_started gfk@85142ce
D/WifiService( 745): releaseWifiLockLocked: WifiLock{NlpWifiLock type=2 binder=android.os.BinderProxy@30d06ec0}
W/HandlerScheduledExecuto( 9705): Task does not implement UiTask. Consider using NamedUiRunnable for fjp@f927b01
D/audio_hw_primary( 187): select_devices: out_snd_device(0: none) in_snd_device(55: voice-rec-mic)
D/msm8974_platform( 187): platform_send_audio_calibration: sending audio calibration for snd_device(55) acdb_id(62)
D/ ( 187): Failed to fetch the lookup information of the device 0000003E
E/ACDB-LOADER( 187): Error: ACDB AudProc vol returned = -19
D/audio_hw_primary( 187): enable_snd_device: snd_device(55: voice-rec-mic)
D/audio_hw_primary( 187): enable_audio_route: apply and update mixer path: audio-record
W/Icing ( 9539): Received bad json for section weights override -- ignoring.
W/Icing ( 9539): Received bad json for corpus scoring config -- ignoring.
W/Icing ( 9539): Received bad json for corpus context scoring override -- ignoring.
E/WifiStateMachine( 745): WifiStateMachine CMD_START_SCAN source 10008 txSuccessRate=136.34 rxSuccessRate=120.57 targetRoamBSSID=00:00:00:00:00:00 RSSI=-61
W/HandlerScheduledExecuto( 9705): Task does not implement UiTask. Consider using NamedUiRunnable for fjp@f927b01
D/WifiService( 745): New client listening to asynchronous messages
W/GAV2 ( 9705): Thread[main,5,main]: Need to call initialize() and be in fallback mode to start dispatch.
W/HandlerScheduledExecuto( 9705): Task does not implement UiTask. Consider using NamedUiRunnable for Consumers.consumeAsync
I/HotwordWorker( 9705): onReady
D/wearable( 9618): Peer handshake connect succeeded, peer version: 1
I/art ( 5649): Explicit concurrent mark sweep GC freed 4581(219KB) AllocSpace objects, 0(0B) LOS objects, 39% free, 18MB/31MB, paused 2.959ms total 29.067ms
V/RenderScript( 9582): Application requested CPU execution
W/WearableConn( 9618): Connection interrupted., error: null
D/WearableBluetooth( 9618): onSocketReady returned, closing socket
I/WearableConn( 9618): Android Wear BluetoothThread finished
V/RenderScript( 9582): 0x9f92f000 Launching thread(s), CPUs 4
I/ActivityManager( 745): Start proc com.google.android.wearable.app for service com.google.android.wearable.app/com.google.android.clockwork.host.DispatchingWearableListenerService: pid=9845 uid=10116 gids={50116, 9997, 3002, 3001, 3003} abi=armeabi-v7a
E/wearable( 9618): Error getting connection reference for nodeId: b9611de2-3eef-433a-bcbe-7418f286614f. A thread may have leaked!
W/bt-btif (23530): bta_jv_rfc_port_to_cb(port_handle:0x9):jv handle:0x0 not FOUND
I/ActivityManager( 745): Start proc com.tinder for service com.tinder/.services.WearClientService: pid=9873 uid=10126 gids={50126, 9997, 3003, 1028, 1015, 3002} abi=armeabi-v7a
I/ActivityManager( 745): Start proc com.google.android.maps.mytracks for service com.google.android.maps.mytracks/com.google.android.apps.mytracks.wear.MobileListenerService: pid=9898 uid=10117 gids={50117, 9997, 3002, 3001, 3003, 1028, 1015} abi=armeabi-v7a
I/ActivityManager( 745): Start proc org.leetzone.android.yatsewidgetfree for service org.leetzone.android.yatsewidgetfree/org.leetzone.android.yatsewidget.service.WearableService: pid=9923 uid=10129 gids={50129, 9997, 3003, 1028, 1015} abi=armeabi-v7a
D/WearableClient( 9503): WearableClientImpl.onPostInitHandler: done
D/WearableClient( 9503): WearableClientImpl.onPostInitHandler: done
I/ActivityManager( 745): Start proc com.google.android.calendar for service com.google.android.calendar/com.android.calendar.widget.CalendarAppWidgetService: pid=9942 uid=10031 gids={50031, 9997, 3003, 1028, 1015} abi=armeabi-v7a
I/art ( 198): Explicit concurrent mark sweep GC freed 706(30KB) AllocSpace objects, 0(0B) LOS objects, 40% free, 15MB/25MB, paused 607us total 10.867ms
I/art ( 198): Explicit concurrent mark sweep GC freed 5(160B) AllocSpace objects, 0(0B) LOS objects, 40% free, 15MB/25MB, paused 167us total 7.509ms
I/art ( 198): Explicit concurrent mark sweep GC freed 5(160B) AllocSpace objects, 0(0B) LOS objects, 40% free, 15MB/25MB, paused 166us total 7.472ms
I/ActivityManager( 745): Start proc com.facebook.orca for service com.facebook.orca/com.facebook.wearlistener.DataLayerListenerService: pid=9959 uid=10136 gids={50136, 9997, 3003, 1028, 1015} abi=armeabi-v7a
I/ActivityManager( 745): Start proc com.google.android.apps.fitness for service com.google.android.apps.fitness/.wearable.WearableWatcher: pid=9980 uid=10045 gids={50045, 9997, 3003, 1028, 1015, 3002, 3001} abi=armeabi-v7a
I/ActivityManager( 745): Start proc com.mailchimp.mailchimp for service com.mailchimp.mailchimp/.WearableService: pid=9999 uid=10096 gids={50096, 9997, 3003, 1028, 1015} abi=armeabi-v7a
I/art ( 745): Explicit concurrent mark sweep GC freed 10634(539KB) AllocSpace objects, 1(13KB) LOS objects, 24% free, 49MB/65MB, paused 1.564ms total 128.987ms
I/art ( 745): WaitForGcToComplete blocked for 12.590ms for cause HeapTrim
I/Crashlytics( 9873): Initializing Crashlytics 1.1.13.29
I/ActivityManager( 745): Start proc com.motorola.targetnotif for service com.motorola.targetnotif/com.motorola.motoproxy.MotoProxyService: pid=10019 uid=10128 gids={50128, 9997, 3002, 3001, 3003, 1028, 1015} abi=armeabi-v7a
I/ActivityManager( 745): Start proc com.google.android.apps.maps for service com.google.android.apps.maps/com.google.android.apps.gmm.navigation.base.WearableService: pid=10040 uid=10058 gids={50058, 9997, 3003, 1028, 1015} abi=armeabi-v7a
D/LocationWearablesListenerService( 9386): onPeerConnected
E/GmsClient( 9386): Calling connect() while still connected, missing disconnect() for com.google.android.gms.wearable.BIND
D/LocationWearablesListenerService( 9386): onPeerDisconnected D/MixpanelAPI - App Links (OPTIONAL)( 9873): Context is not an instance of Activity. To detect inbound App Links, pass an instance of an Activity to getInstance.
D/WearableClient( 9503): WearableClientImpl.onPostInitHandler: done
W/ResourcesManager( 9959): Asset path '/system/framework/com.google.android.maps.jar' does not exist or contains no resources.
I/GCoreUlr( 9386): Starting service, intent=Intent { act=com.google.android.location.reporting.ACTION_UPDATE_WORLD cmp=com.google.android.gms/com.google.android.location.reporting.service.DispatchingService (has extras) }, extras=Bundle[{receiverAction=com.google.android.location.internal.server.ACTION_RESTARTED}]
E/PackageNameComparator( 9845): Couldn't find package ranking in gservices.
I/GCoreUlr( 9386): WorldUpdater received intent Intent { act=com.google.android.location.reporting.ACTION_UPDATE_WORLD cmp=com.google.android.gms/com.google.android.location.reporting.service.DispatchingService (has extras) } with receiverAction com.google.android.location.internal.server.ACTION_RESTARTED
I/GCoreUlr( 9386): No GCM registration ID
D/ACRA ( 9959): ACRA is enabled for com.facebook.orca, intializing...
E/SQLiteLog( 9942): (283) recovered 83 frames from WAL file /data/data/com.google.android.calendar/databases/timelydata.db-wal
D/ACRA ( 9959): Looking for error files in /data/data/com.facebook.orca/app_acra-reports
D/ACRA ( 9959): Looking for error files in /data/data/com.facebook.orca/app_minidumps
D/WearableClient( 9503): WearableClientImpl.onPostInitHandler: done
I/art ( 9386): Explicit concurrent mark sweep GC freed 53608(3MB) AllocSpace objects, 29(1059KB) LOS objects, 40% free, 20MB/33MB, paused 681us total 103.677ms
I/FitnessApp( 9980): Validating ObjectGraph
I/MediaRemoteController( 9845): registering MediaRemoteController21
D/WearableClient( 9999): WearableClientImpl.onPostInitHandler: done
I/GCoreUlr( 9386): Ensuring that reporting is active for [account#-1#]
I/GCoreUlr( 9386): Starting service, intent=Intent { act=com.google.android.location.reporting.ACTION_LOCATION_STATUS cmp=com.google.android.gms/com.google.android.location.reporting.service.DispatchingService (has extras) }, extras=Bundle[{status=LocationStatus[cell status: STATUS_UNKNOWN, wifi status: STATUS_UNKNOWN, elapsed realtime ns: 0]}]
I/CWCheckin(10019): EventInsertThread started
I/FitnessApp( 9980): Initializing Google Cloud Messaging
I/FitnessApp( 9980): Initializers took 1 milliseconds
D/SoLoader( 9959): found fb_stl_shared in default place
D/WearableClient( 9873): WearableClientImpl.onPostInitHandler: done
D/SoLoader( 9959): found fb_breakpad_client in default place
D/BluetoothManagerService( 745): Message: 20
D/BluetoothManagerService( 745): Added callback: android.bluetooth.IBluetoothManagerCallback$Stub$Proxy@92a1dd1:true
I/DexLibLoader( 9959): not using cross-dex optimization: ART in use
I/WearablePkgInstaller( 9845): Syncing all apps on first start.
D/SoLoader( 9959): found distract in default place
D/SoLoader( 9959): found fb_dalvik-internals in default place
I/dalvik-internals( 9959): dlopen(libdvm) failed: no Dalvik modifications possible
V/DexLibLoader( 9959): about to lock odex store
V/DexLibLoader( 9959): locking odex store took 5 ms
V/DexLibLoader( 9959): Secondary program dex metadata: secondary-1.dex.jar 0058e50a60a24aba67657a5c793570adcff61cca secondary.dex01.Canary
V/DexLibLoader( 9959): Secondary program dex metadata: secondary-2.dex.jar 73963e3d7efd743d6f63fb04268870d728016952 secondary.dex02.Canary
I/ActivityManager( 745): Start proc com.android.providers.calendar for content provider com.android.providers.calendar/.CalendarProvider2: pid=10114 uid=10002 gids={50002, 9997, 3003, 1028, 1015} abi=armeabi-v7a
V/DexLibLoader( 9959): directory "/data/data/com.facebook.orca/app_secondary_program_dex" contains "program-0058e50a60a24aba67657a5c793570adcff61cca2c0cbebd.dex.jar" as expected
V/DexLibLoader( 9959): directory "/data/data/com.facebook.orca/app_secondary_program_dex" contains "program-73963e3d7efd743d6f63fb04268870d7280169522c0cbebd.dex.jar" as expected
D/DexLibLoader( 9959): directory "/data/data/com.facebook.orca/app_secondary_program_dex" is valid
V/DexLibLoader( 9959): directory "/data/data/com.facebook.orca/app_secondary_program_dex_opt" contains "program-0058e50a60a24aba67657a5c793570adcff61cca2c0cbebd.dex.dex" as expected
V/DexLibLoader( 9959): directory "/data/data/com.facebook.orca/app_secondary_program_dex_opt" contains "program-73963e3d7efd743d6f63fb04268870d7280169522c0cbebd.dex.dex" as expected
D/DexLibLoader( 9959): directory "/data/data/com.facebook.orca/app_secondary_program_dex_opt" is valid
I/ActivityManager( 745): Process com.chrome.beta (pid 9684) has died
I/ActivityManager( 745): Process com.google.android.partnersetup (pid 9762) has died
W/HandlerScheduledExecuto( 9705): Task does not implement UiTask. Consider using NamedUiRunnable for Consumers.consumeAsync
D/ClockworkProxy( 9845): onPeerConnected node=NodeParcelable{b9611de2-3eef-433a-bcbe-7418f286614f,b9611de2-3eef-433a-bcbe-7418f286614f}
D/ClockworkProxy( 9845): onPeerDisconnected node=NodeParcelable{b9611de2-3eef-433a-bcbe-7418f286614f,b9611de2-3eef-433a-bcbe-7418f286614f}
W/ResourcesManager(10114): Asset path '/system/framework/android.test.runner.jar' does not exist or contains no resources.
D/WearableClient( 9845): WearableClientImpl.onPostInitHandler: done
I/art ( 9705): Background sticky concurrent mark sweep GC freed 29867(2MB) AllocSpace objects, 13(2MB) LOS objects, 11% free, 22MB/25MB, paused 1.485ms total 521.114ms
I/ActivityManager( 745): Start proc com.chrome.beta for broadcast com.chrome.beta/com.google.ipc.invalidation.ticl.android2.AndroidInternalScheduler$AlarmReceiver: pid=10148 uid=10091 gids={50091, 9997, 3003, 1028, 1015} abi=armeabi-v7a
W/NowFetcherService( 9845): Receives a Now broadcast while not connected to GSA
W/NowFetcherService( 9845): Receives a Now broadcast while not connected to GSA
D/NowFetcherService( 9845): onServiceConnected: connected to NowRemoteService
I/Crashlytics( 9923): Initializing Crashlytics 1.1.13.29
D/BluetoothManagerService( 745): Message: 20
D/BluetoothManagerService( 745): Added callback: android.bluetooth.IBluetoothManagerCallback$Stub$Proxy@3cb00840:true
W/ResourcesManager( 9845): Asset path '/system/framework/com.android.media.remotedisplay.jar' does not exist or contains no resources.
W/ResourcesManager( 9845): Asset path '/system/framework/com.android.location.provider.jar' does not exist or contains no resources.
I/AnalyticsLogBase( 9942): PlayLogger.onLoggerConnected
I/AnalyticsLogBase( 9942): PlayLogger.onLoggerConnected
I/CalendarProvider2(10114): Created com.android.providers.calendar.CalendarAlarmManager@f038f81(com.android.providers.calendar.CalendarProvider2@39039826)
D/UserSettingsManager( 9845): setState: skipping set state: state already matches: State[interruptionFilter=1]
D/ZenLog ( 745): set_zen_mode: off,listener
E/CWCheckin(10019): PrivacyHelper() cannot find MotorolaSettings!
D/Checkin (10019): publish the event [tag = MOT_CHECKIN event name = LOG]
D/CWCheckin(10019): Motorola help_improve privacy is -1
D/CWCheckin(10019): Generic privacy config is true
I/art ( 745): Explicit concurrent mark sweep GC freed 11844(631KB) AllocSpace objects, 3(48KB) LOS objects, 24% free, 49MB/65MB, paused 2.041ms total 151.647ms
I/BSUtils (10019): device type: NONMOTO
E/ActivityThread(10019): Failed to find provider info for com.motorola.ccc.plm.misc
I/CWCheckin(10019): service created
D/Checkin (10019): publish the event [tag = MOT_CHECKIN event name = LOG]
D/CWCheckin(10019): Motorola help_improve privacy is -1
D/CWCheckin(10019): Generic privacy config is true
I/CWCheckin(10019): service started
D/Checkin (10019): publish the event [tag = MOT_CHECKIN event name = LOG]
D/CWCheckin(10019): Motorola help_improve privacy is -1
D/CWCheckin(10019): Generic privacy config is true
W/HandlerScheduledExecuto( 9705): Task does not implement UiTask. Consider using NamedUiRunnable for Consumers.consumeAsync
I/WearableConn( 9618): Connecting to "Moto 360 0360"
I/FitnessApp( 9980): ULRSettingsReceiver Intent { act=com.google.android.gms.location.reporting.SETTINGS_CHANGED flg=0x10 cmp=com.google.android.apps.fitness/.api.recording.UlrSettingsReceiver }
W/BluetoothAdapter( 9618): getBluetoothService() called with no BluetoothManagerCallback
D/BTIF_SOCK(23530): service_uuid: 5e8945b0-9525-11e3-a5e2-0800200c9a66
W/bt-sdp (23530): process_service_search_attr_rsp
I/FitnessApp( 9980): WearableSyncReceiver
I/FitnessApp( 9980): WearableSyncReceiver starting service
I/FitnessApp( 9980): Performing Wearable Account Sync true
W/HandlerScheduledExecuto( 9705): Task does not implement UiTask. Consider using NamedUiRunnable for Consumers.consumeAsync
W/GAV4 ( 9923): Thread[main,5,main]: string configuration name not recognized: ga_logLevel
W/GAV4 ( 9923): Thread[main,5,main]: int configuration name not recognized: ga_dispatchPeriod
W/HandlerScheduledExecuto( 9705): Task does not implement UiTask. Consider using NamedUiRunnable for Consumers.consumeAsync
W/HandlerScheduledExecuto( 9705): Task does not implement UiTask. Consider using NamedUiRunnable for Consumers.consumeAsync
W/HandlerScheduledExecuto( 9705): Task does not implement UiTask. Consider using NamedUiRunnable for Consumers.consumeAsync
W/bt-btif (23530): new conn_srvc id:26, app_id:1
I/WearableConn( 9618): Connected, running sync loop
I/WearablePkgInstaller( 9845): Fingerprint matches, not requesting installs for com.mailchimp.mailchimp
W/HandlerScheduledExecuto( 9705): Task does not implement UiTask. Consider using NamedUiRunnable for Consumers.consumeAsync
W/HandlerScheduledExecuto( 9705): Task does not implement UiTask. Consider using NamedUiRunnable for Consumers.consumeAsync
I/ActivityManager( 745): Start proc com.android.vending for service com.android.vending/com.google.android.finsky.billing.iab.InAppBillingService: pid=10206 uid=10016 gids={50016, 9997, 3003, 1028, 1015} abi=armeabi-v7a
I/ActivityManager( 745): Process com.chrome.beta (pid 10148) has died
W/ActivityManager( 745): Scheduling restart of crashed service com.chrome.beta/com.google.ipc.invalidation.ticl.android2.TiclService in 1000ms
W/ActivityManager( 745): Scheduling restart of crashed service com.chrome.beta/org.chromium.sync.notifier.InvalidationService in 34359ms
D/WearableClient( 9845): WearableClientImpl.onPostInitHandler: done
D/wearable( 9618): Peer handshake connect succeeded, peer version: 1
I/DynRingVolController( 9845): reverting to original ringer.
D/ClockworkProxy( 9845): onPeerConnected node=NodeParcelable{b9611de2-3eef-433a-bcbe-7418f286614f,b9611de2-3eef-433a-bcbe-7418f286614f}
D/LocationWearablesListenerService( 9386): onPeerConnected
I/art ( 9618): Explicit concurrent mark sweep GC freed 43654(2MB) AllocSpace objects, 11(184KB) LOS objects, 40% free, 17MB/28MB, paused 823us total 76.316ms
E/GmsClient( 9386): Calling connect() while still connected, missing disconnect() for com.google.android.gms.wearable.BIND
D/WearableClient( 9503): WearableClientImpl.onPostInitHandler: done
D/WearableClient( 9503): WearableClientImpl.onPostInitHandler: done
D/ClockworkProxy( 9845): Start clockwork proxy TCP serving thread
D/WearableClient( 9923): WearableClientImpl.onPostInitHandler: done
D/BluetoothManagerService( 745): checkIfCallerIsForegroundUser: valid=true callingUser=0 foregroundUser=0
V/wearable( 9618): ensureBuffersHaveSpace: increasing size from 46 to 206
I/art ( 9845): Explicit concurrent mark sweep GC freed 20397(1265KB) AllocSpace objects, 13(268KB) LOS objects, 40% free, 17MB/28MB, paused 5.551ms total 128.626ms
E/DataBuffer( 9845): Internal data leak within a DataBuffer object detected! Be sure to explicitly call release() on all DataBuffer extending objects when you are done with them. (com.google.android.gms.wearable.DataItemBuffer@393eb8ad)
D/StrictMode(10040): StrictMode policy violation; ~duration=966 ms: android.os.StrictMode$StrictModeDiskReadViolation: policy=31 violation=2
D/StrictMode(10040): at android.os.StrictMode$AndroidBlockGuardPolicy.onReadFromDisk(StrictMode.java:1137)
D/StrictMode(10040): at libcore.io.BlockGuardOs.access(BlockGuardOs.java:67)
D/StrictMode(10040): at java.io.File.doAccess(File.java:283)
D/StrictMode(10040): at java.io.File.exists(File.java:363)
D/StrictMode(10040): at android.app.ContextImpl.createFilesDirLocked(ContextImpl.java:989)
D/StrictMode(10040): at android.app.ContextImpl.getFilesDir(ContextImpl.java:1012)
D/StrictMode(10040): at android.content.ContextWrapper.getFilesDir(ContextWrapper.java:201)
D/StrictMode(10040): at com.google.android.libraries.stitch.incompat.missinglibs.a.a(PG:31)
D/StrictMode(10040): at com.google.android.libraries.stitch.incompat.b.a(PG:116)
D/StrictMode(10040): at com.google.android.apps.gmm.base.app.b.(PG:438)
D/StrictMode(10040): at com.google.android.apps.gmm.base.app.GoogleMapsApplication.onCreate(PG:84)
D/StrictMode(10040): at android.app.Instrumentation.callApplicationOnCreate(Instrumentation.java:1011)
D/StrictMode(10040): at android.app.ActivityThread.handleBindApplication(ActivityThread.java:4518)
D/StrictMode(10040): at android.app.ActivityThread.access$1500(ActivityThread.java:144)
D/StrictMode(10040): at android.app.ActivityThread$H.handleMessage(ActivityThread.java:1339)
D/StrictMode(10040): at android.os.Handler.dispatchMessage(Handler.java:102)
D/StrictMode(10040): at android.os.Looper.loop(Looper.java:135)
D/StrictMode(10040): at android.app.ActivityThread.main(ActivityThread.java:5221)
D/StrictMode(10040): at java.lang.reflect.Method.invoke(Native Method)
D/StrictMode(10040): at java.lang.reflect.Method.invoke(Method.java:372)
D/StrictMode(10040): at com.android.internal.os.ZygoteInit$MethodAndArgsCaller.run(ZygoteInit.java:899)
D/StrictMode(10040): at com.android.internal.os.ZygoteInit.main(ZygoteInit.java:694)
D/StrictMode(10040): StrictMode policy violation; ~duration=956 ms: android.os.StrictMode$StrictModeDiskReadViolation: policy=31 violation=2
D/StrictMode(10040): at android.os.StrictMode$AndroidBlockGuardPolicy.onReadFromDisk(StrictMode.java:1137)
D/StrictMode(10040): at libcore.io.BlockGuardOs.access(BlockGuardOs.java:67)
D/StrictMode(10040): at java.io.File.doAccess(File.java:283)
D/StrictMode(10040): at java.io.File.exists(File.java:363)
D/StrictMode(10040): at com.google.android.libraries.stitch.incompat.b.a(PG:116)
D/StrictMode(10040): at com.google.android.apps.gmm.base.app.b.(PG:438)
D/StrictMode(10040): at com.google.android.apps.gmm.base.app.GoogleMapsApplication.onCreate(PG:84)
D/StrictMode(10040): at android.app.Instrumentation.callApplicationOnCreate(Instrumentation.java:1011)
D/StrictMode(10040): at android.app.ActivityThread.handleBindApplication(ActivityThread.java:4518)
D/StrictMode(10040): at android.app.ActivityThread.access$1500(ActivityThread.java:144)
D/StrictMode(10040): at android.app.ActivityThread$H.handleMessage(ActivityThread.java:1339)
D/StrictMode(10040): at android.os.Handler.dispatchMessage(Handler.java:102)
D/StrictMode(10040): at android.os.Looper.loop(Looper.java:135)
D/StrictMode(10040): at android.app.ActivityThread.main(ActivityThread.java:5221)
D/StrictMode(10040): at java.lang.reflect.Method.invoke(Native Method)
D/StrictMode(10040): at java.lang.reflect.Method.invoke(Method.java:372)
D/StrictMode(10040): at com.android.internal.os.ZygoteInit$MethodAndArgsCaller.run(ZygoteInit.java:899)
D/StrictMode(10040): at com.android.internal.os.ZygoteInit.main(ZygoteInit.java:694)
D/StrictMode(10040): StrictMode policy violation; ~duration=945 ms: android.os.StrictMode$StrictModeDiskReadViolation: policy=31 violation=2
D/StrictMode(10040): at android.os.StrictMode$AndroidBlockGuardPolicy.onReadFromDisk(StrictMode.java:1137)
D/StrictMode(10040): at libcore.io.BlockGuardOs.open(BlockGuardOs.java:182)
D/StrictMode(10040): at libcore.io.IoUtils.canOpenReadOnly(IoUtils.java:165)
D/StrictMode(10040): at dalvik.system.DexPathList.findLibrary(DexPathList.java:383)
D/StrictMode(10040): at dalvik.system.BaseDexClassLoader.findLibrary(BaseDexClassLoader.java:77)
D/StrictMode(10040): at java.lang.Runtime.loadLibrary(Runtime.java:360)
D/StrictMode(10040): at java.lang.System.loadLibrary(System.java:989)
D/StrictMode(10040): at com.google.android.libraries.social.jni.crashreporter.NativeCrashHandler.a(PG:182)
D/StrictMode(10040): at com.google.android.libraries.social.jni.crashreporter.NativeCrashHandler.a(PG:81)
D/StrictMode(10040): at com.google.android.apps.gmm.base.app.b.(PG:452)
D/StrictMode(10040): at com.google.android.apps.gmm.base.app.GoogleMapsApplication.onCreate(PG:84)
D/StrictMode(10040): at android.app.Instrumentation.callApplicationOnCreate(Instrumentation.java:1011)
D/StrictMode(10040): at android.app.ActivityThread.handleBindApplication(ActivityThread.java:4518)
D/StrictMode(10040): at android.app.ActivityThread.access$1500(ActivityThread.java:144)
D/StrictMode(10040): at android.app.ActivityThread$H.handleMessage(ActivityThread.java:1339)
D/StrictMode(10040): at android.os.Handler.dispatchMessage(Handler.java:102)
