W/BroadcastQueue( 745): Permission Denial: broadcasting Intent { act=android.net.conn.CONNECTIVITY_CHANGE flg=0x4000010 (has extras) } from null (pid=-1, uid=-1) requires com.facebook.permission.prod.FB_APP_COMMUNICATION due to registered receiver BroadcastFilter{315b187f u0 ReceiverList{1aabe59e 12101 com.facebook.orca/10136/u0 remote:213f47d9}} W/msgr(:):QuickExperimentControllerImpl(12101): Exposure of experiment com.facebook.push.mqtt.service.dd@9c6d3b1 occurred when no user was logged in
I/ActivityManager( 745): Process com.chrome.beta (pid 12864) has died
I/WearablePkgInstaller(11979): Fingerprint matches, not requesting installs for com.google.android.maps.mytracks
I/art (11461): Explicit concurrent mark sweep GC freed 106019(6MB) AllocSpace objects, 6(142KB) LOS objects, 39% free, 21MB/36MB, paused 1.025ms total 84.476ms
W/ResourcesManager(11979): Asset path '/system/framework/com.google.android.dialer.support.jar' does not exist or contains no resources.
I/GAV2 (12410): Thread[GAThread,5,main]: No campaign data found.
D/WifiService( 745): releaseWifiLockLocked: WifiLock{NlpWifiLock type=2 binder=android.os.BinderProxy@1de3ba6c}
I/WearablePkgInstaller(11979): Fingerprint matches, not requesting installs for com.google.android.keep
I/art ( 745): Explicit concurrent mark sweep GC freed 24705(1393KB) AllocSpace objects, 6(96KB) LOS objects, 24% free, 49MB/65MB, paused 2.063ms total 96.108ms
I/art (11792): Explicit concurrent mark sweep GC freed 19839(1519KB) AllocSpace objects, 0(0B) LOS objects, 40% free, 17MB/29MB, paused 4.802ms total 26.157ms W/msgr(:):QuickExperimentControllerImpl(12101): Exposure of experiment com.facebook.http.j.h@3806a064 occurred when no user was logged in
I/WearablePkgInstaller(11979): Fingerprint matches, not requesting installs for com.google.android.GoogleCamera
I/WearablePkgInstaller(11979): Fingerprint matches, not requesting installs for org.leetzone.android.yatsewidgetfree
W/BroadcastQueue( 745): Permission Denial: broadcasting Intent { act=android.net.conn.CONNECTIVITY_CHANGE flg=0x4000010 (has extras) } from null (pid=-1, uid=-1) requires com.facebook.permission.prod.FB_APP_COMMUNICATION due to registered receiver BroadcastFilter{3128c105 u0 ReceiverList{2d58647c 12101 com.facebook.orca/10136/u0 remote:2a311f6f}}
I/art (12101): Background partial concurrent mark sweep GC freed 34894(1853KB) AllocSpace objects, 10(160KB) LOS objects, 39% free, 23MB/38MB, paused 8.313ms total 75.762ms
I/art (11979): Explicit concurrent mark sweep GC freed 14646(697KB) AllocSpace objects, 2(36KB) LOS objects, 40% free, 17MB/29MB, paused 725us total 19.505ms
I/System.out(12101): ~~~ loading file libphone_data/PhoneNumberMetadataProto_US
I/GCoreUlr(11461): Successfully inserted location
I/GCoreUlr(11461): Not uploading first location since start (in case we're in restart loop)
I/ThermalEngine( 197): TM Id 'VDD_DIG_SWMODE_MONITOR-TSENS8' Sensor 'tsens_tz_sensor8' - alarm raised 1 at 85.0 degC
I/ThermalEngine( 197): TM Id 'VDD_DIG_SWMODE_MONITOR-TSENS5' Sensor 'tsens_tz_sensor5' - alarm raised 1 at 86.0 degC
I/ThermalEngine( 197): TM Id 'VDD_DIG_SWMODE_MONITOR-TSENS8' Sensor 'tsens_tz_sensor8' - alarm cleared 1 at 74.0 degC
W/ResourcesManager(12321): Asset path '/system/framework/com.google.android.media.effects.jar' does not exist or contains no resources.
W/ResourcesManager(12321): Asset path '/system/framework/com.google.android.maps.jar' does not exist or contains no resources.
W/ResourcesManager(12321): Asset path '/system/framework/com.google.android.maps.jar' does not exist or contains no resources.
W/ResourcesManager(12321): Asset path '/system/framework/com.google.android.maps.jar' does not exist or contains no resources.
I/ThermalEngine( 197): TM Id 'VDD_DIG_SWMODE_MONITOR-TSENS5' Sensor 'tsens_tz_sensor5' - alarm cleared 1 at 74.0 degC
I/ThermalEngine( 197): TM Id 'VDD_DIG_SWMODE_MONITOR-TSENS6' Sensor 'tsens_tz_sensor6' - alarm cleared 1 at 74.0 degC
I/ThermalEngine( 197): ACTION: VDD DIG SW_MODE 0 AUTO
I/ActivityManager( 745): Start proc com.lastpass.lpandroid for service com.lastpass.lpandroid/.LPAccessibilityService: pid=12939 uid=10112 gids={50112, 9997, 3003, 1028, 1015} abi=armeabi-v7a
D/LastPass(12939): application init start
I/com.nullwire.trace.ExceptionsHandler(12939): Registering default exceptions handler
I/com.nullwire.trace.ExceptionsHandler(12939): TRACE_VERSION: 0.3.0
D/com.nullwire.trace.ExceptionsHandler(12939): APP_VERSION: 3.3.15
D/com.nullwire.trace.ExceptionsHandler(12939): APP_PACKAGE: com.lastpass.lpandroid
D/com.nullwire.trace.ExceptionsHandler(12939): FILES_PATH: /data/data/com.lastpass.lpandroid/files
D/com.nullwire.trace.ExceptionsHandler(12939): URL: null
D/LastPass(12939): registered unhandled exception handler
D/com.nullwire.trace.ExceptionsHandler(12939): current handler class=com.android.internal.os.RuntimeInit$UncaughtHandler
D/LastPass(12939): application init finished
W/ContextImpl(12802): Implicit intents with startService are not safe: Intent { act=com.google.android.gms.analytics.service.START (has extras) } android.content.ContextWrapper.bindService:538 com.google.analytics.tracking.android.AnalyticsGmsCoreClient.connect:82 com.google.analytics.tracking.android.GAServiceProxy.connectToService:279
I/GAV2 (12802): Thread[GAThread,5,main]: No campaign data found.
I/ActivityManager( 745): Start proc com.android.providers.calendar for content provider com.android.providers.calendar/.CalendarProvider2: pid=12980 uid=10002 gids={50002, 9997, 3003, 1028, 1015} abi=armeabi-v7a
W/ResourcesManager(12980): Asset path '/system/framework/android.test.runner.jar' does not exist or contains no resources.
I/CalendarProvider2(12980): Created com.android.providers.calendar.CalendarAlarmManager@f038f81(com.android.providers.calendar.CalendarProvider2@39039826)
I/ThermalEngine( 197): TM Id 'SKIN_THERMAL_management_1' Sensor 'xo_therm_pu2' - alarm raised 2 at 42.0 degC
I/ThermalEngine( 197): TM Id 'SKIN_THERMAL_management_1' Sensor 'xo_therm_pu2' - alarm raised 1 at 42.0 degC
I/ThermalEngine( 197): ACTION: CPU - Setting CPU[0] to 1574400
I/ThermalEngine( 197): ACTION: CPU - Setting CPU[1] to 1574400
I/ThermalEngine( 197): ACTION: CPU - Setting CPU[2] to 1574400
I/ThermalEngine( 197): ACTION: CPU - Setting CPU[3] to 1574400
I/ThermalEngine( 197): ACTION: LCD - Setting max LCD brightness to 204
I/ActivityManager( 745): Process com.lastpass.lpandroid (pid 12939) has died
W/ActivityManager( 745): Scheduling restart of crashed service com.lastpass.lpandroid/.LPAccessibilityService in 1860480ms
I/ActivityManager( 745): Process com.android.providers.calendar (pid 12980) has died
W/ActivityManager( 745): Scheduling restart of crashed service com.android.providers.calendar/.EmptyService in 57673ms
E/WifiStateMachine( 745): WifiStateMachine CMD_START_SCAN source -2 txSuccessRate=77.18 rxSuccessRate=46.85 targetRoamBSSID=00:00:00:00:00:00 RSSI=-63