I/ActivityManager( 745): Process com.google.android.music:main (pid 9503) has died
W/ActivityManager( 745): Scheduling restart of crashed service com.google.android.music/.download.artwork.ArtDownloadService in 10980ms
D/ConnectivityService( 745): updateNetworkScore for NetworkAgentInfo [WIFI () - 334] to 60
D/ConnectivityService( 745): rematching NetworkAgentInfo [WIFI () - 334]
D/ConnectivityService( 745): Network NetworkAgentInfo [WIFI () - 334] was already satisfying request 1. No change.
D/ConnectivityService( 745): notifyType AVAILABLE for NetworkAgentInfo [WIFI () - 334]
D/ConnectivityManager.CallbackHandler( 1323): CM callback handler got msg 524290
I/ActivityManager( 745): Process com.motorola.targetnotif (pid 10019) has died
W/ActivityManager( 745): Scheduling restart of crashed service com.motorola.targetnotif/com.motorola.checkin.uploader.CheckinService in 43984ms
D/ChildProcessLauncher(10777): Setting up connection to process: slot=0
D/ChildProcessLauncher(10777): on connect callback, pid=11076 context=-1344109704
I/LibraryLoader(11076): Loading: chromium_android_linker
I/LibraryLoader(11076): Loading: chrome.2171.90
I/LibraryLoader(11076): Time to load native libraries: 33 ms (timestamps 5030-5063)
I/LibraryLoader(11076): Expected native library version number "39.0.2171.90",actual native library version number "39.0.2171.90"
I/chromium(11076): [INFO:library_loader_hooks.cc(104)] Chromium logging enabled: level = 0, default verbosity = 0
I/ActivityManager( 745): Process android.process.media (pid 10403) has died
W/ActivityManager( 745): Scheduling restart of crashed service com.android.providers.media/.MtpService in 53884ms
W/art (11076): Attempt to remove local handle scope entry from IRT, ignoring
W/art (11076): Attempt to remove local handle scope entry from IRT, ignoring
I/art ( 745): Explicit concurrent mark sweep GC freed 10809(493KB) AllocSpace objects, 0(0B) LOS objects, 24% free, 49MB/65MB, paused 1.074ms total 79.380ms
I/art (10777): Explicit concurrent mark sweep GC freed 39178(2MB) AllocSpace objects, 6(1157KB) LOS objects, 40% free, 19MB/32MB, paused 636us total 25.082ms
W/chromium(10777): [WARNING:jni_string.cc(28)] ConvertJavaStringToUTF8 called with null string.
I/ActivityManager( 745): Start proc com.facebook.katana for service com.facebook.katana/com.facebook.push.mqtt.service.MqttPushService: pid=11179 uid=10110 gids={50110, 9997, 1028, 1015, 3003} abi=armeabi-v7a
W/ResourcesManager(11179): Asset path '/system/framework/com.google.android.maps.jar' does not exist or contains no resources.
D/CatchMeIfYouCan(11179): Process () ca: '/data/data/com.facebook.katana/app_cmiyc/A1657CCD543F12E66E587EE52ED9D802E22AAC4701'
D/CatchMeIfYouCan(11179): Process () fc: '/data/data/com.facebook.katana/app_cmiyc/A1657CCD543F12E66E587EE52ED9D802E22AAC4702'
D/CatchMeIfYouCan(11179): Process () cp: '('default', 3, 120000, silent [true], restart [false], logout [false])'
D/ACRA (11179): ACRA is enabled for com.facebook.katana, intializing...
D/ACRA (11179): Looking for error files in /data/data/com.facebook.katana/app_acra-reports
D/ACRA (11179): Looking for error files in /data/data/com.facebook.katana/app_minidumps
D/SoLoader(11179): found fb_stl_shared in default place
D/SoLoader(11179): found fb_breakpad_client in default place
I/DexLibLoader(11179): not using cross-dex optimization: ART in use
D/SoLoader(11179): found distract in default place
D/SoLoader(11179): found fb_dalvik-internals in default place
I/dalvik-internals(11179): dlopen(libdvm) failed: no Dalvik modifications possible
V/DexLibLoader(11179): about to lock odex store
V/DexLibLoader(11179): locking odex store took 1 ms
V/DexLibLoader(11179): Secondary program dex metadata: classes2.dex 52a322ae1b1f49afa1ea4c0d2638e7a268885d64 secondary.dex01.Canary
V/DexLibLoader(11179): Secondary program dex metadata: classes3.dex 6affb04c6439083b685c6134b089c804ab883e40 secondary.dex02.Canary
V/DexLibLoader(11179): Secondary program dex metadata: classes4.dex 4659a451175d4f4952dc15f1f0f5d871f4890af3 secondary.dex03.Canary
V/DexLibLoader(11179): Secondary program dex metadata: classes5.dex 4e0eb7d90968200d97f31611f9c35d14d2bc2e15 secondary.dex04.Canary
V/DexLibLoader(11179): Secondary program dex metadata: classes6.dex 39f24fcf20aa2f7ac90ffead67c7761b82e68901 secondary.dex05.Canary
V/DexLibLoader(11179): Secondary program dex metadata: classes7.dex 4e62c7777c0f7c3338ddc181c5e878fbd53ae54b secondary.dex06.Canary
D/DexLibLoader(11179): directory "/data/data/com.facebook.katana/app_secondary_program_dex" is valid
D/DexLibLoader(11179): directory "/data/data/com.facebook.katana/app_secondary_program_dex_opt" is valid
D/DexLibLoader(11179): loading pre-built fallback odex files
D/DexLibLoader(11179): released odex store lock
D/DexLibLoader(11179): DexLibLoader.loadAll took 22 ms
D/SystemClassLoaderAdder(11179): Marked as initialized entry corresponding to path /data/app/com.facebook.katana-2/base.apk
E/FbInjectorInitializer(11179): Multi-binding Key[type=com.facebook.bugreporter.BugReportExtraFileMapProvider, annotation=[none]] wasn't declared.
E/FbInjectorInitializer(11179): Multi-binding Key[type=com.facebook.auth.privacy.IHaveUserData, annotation=[none]] wasn't declared.
E/FbInjectorInitializer(11179): Multi-binding Key[type=com.facebook.auth.component.AuthComponent, annotation=[none]] wasn't declared.
E/FbInjectorInitializer(11179): Multi-binding Key[type=com.facebook.gk.GatekeeperSetProvider, annotation=[none]] wasn't declared.
E/FbInjectorInitializer(11179): Multi-binding Key[type=com.facebook.gk.SessionlessGatekeeperSetProvider, annotation=[none]] wasn't declared. W/fb4a(:):StaticBindingVerifier(11179): Verify
D/WifiService( 745): New client listening to asynchronous messages
W/art (11179): Suspending all threads took: 223.504ms
I/art (11179): Rejecting re-init on previously-failed class java.lang.Class
I/art (11179): Rejecting re-init on previously-failed class java.lang.Class
I/WindowState( 745): WIN DEATH: Window{3baf0e70 u0 com.google.android.googlequicksearchbox/com.google.android.launcher.GEL}
D/WifiService( 745): Client connection lost with reason: 4
D/WifiService( 745): Client connection lost with reason: 4
I/ActivityManager( 745): Process com.google.android.googlequicksearchbox (pid 9582) has died
I/ActivityManager( 745): Process com.google.android.googlequicksearchbox:search (pid 9705) has died
W/ActivityManager( 745): Scheduling restart of crashed service com.google.android.googlequicksearchbox/com.google.android.search.core.service.SearchService in 61412ms
W/ActivityManager( 745): Canceling start item Intent { act=com.google.android.search.core.service.BroadcastListenerService.action.UPDATE cmp=com.google.android.googlequicksearchbox/com.google.android.search.core.service.BroadcastListenerService (has extras) } in service ComponentInfo{com.google.android.googlequicksearchbox/com.google.android.search.core.service.BroadcastListenerService}
W/ActivityManager( 745): Scheduling restart of crashed service com.google.android.googlequicksearchbox/com.google.android.search.core.service.BroadcastListenerService in 652135189840920576ms
D/audio_hw_primary( 187): disable_audio_route: reset and update mixer path: audio-record
D/audio_hw_primary( 187): disable_snd_device: snd_device(55: voice-rec-mic)
D/SoLoader(11179): found fb_stl_shared in default place
D/SoLoader(11179): found fb in default place
D/SoLoader(11179): found fb_breakpad_client in default place
D/SoLoader(11179): found fbjni in default place
D/SoLoader(11179): found heartbleed in default place
D/DelayedSyncController(10777): No delayed sync.
I/art ( 9539): Explicit concurrent mark sweep GC freed 31456(2MB) AllocSpace objects, 41(958KB) LOS objects, 40% free, 18MB/30MB, paused 5.414ms total 106.790ms
I/Icing ( 9539): Usage reports 1 indexed 0 rejected 0 imm upload false
I/Icing ( 9539): Indexing 3C9009886FEE0F26C40D8809FDFA0F4665463B0A from com.chrome.beta
D/Icing ( 9539): Loaded CLD2 Version V2.0 - 20140131
I/Icing ( 9539): Indexing done 3C9009886FEE0F26C40D8809FDFA0F4665463B0A
W/BroadcastQueue( 745): Permission Denial: broadcasting Intent { act=android.net.conn.INET_CONDITION_ACTION flg=0x4000010 (has extras) } from null (pid=-1, uid=-1) requires com.facebook.permission.prod.FB_APP_COMMUNICATION due to registered receiver BroadcastFilter{296336c1 u0 ReceiverList{23586ba8 11179 com.facebook.katana/10110/u0 remote:159557cb}}
W/BroadcastQueue( 745): Permission Denial: broadcasting Intent { act=android.net.conn.CONNECTIVITY_CHANGE flg=0x4000010 (has extras) } from null (pid=-1, uid=-1) requires com.facebook.permission.prod.FB_APP_COMMUNICATION due to registered receiver BroadcastFilter{296336c1 u0 ReceiverList{23586ba8 11179 com.facebook.katana/10110/u0 remote:159557cb}} W/fb4a(:):AbstractMqttPushService(11179): Attempt to start service that is already started
D/GCoreFlp( 9386): Unknown pending intent to remove.
D/SoLoader(11179): found fb_stl_shared in default place
D/SoLoader(11179): found webp in default place
D/SoLoader(11179): found fb in default place
D/SoLoader(11179): found fb_jpegturbo in default place
D/SoLoader(11179): found fb_breakpad_client in default place
D/SoLoader(11179): found fbjni in default place
D/SoLoader(11179): found fb_imgproc in default place
I/NativeImageProcessor(11179): == read 42 bytes ==
I/NativeImageProcessor(11179): == read -1 bytes ==
W/BroadcastQueue( 745): Permission Denial: broadcasting Intent { act=android.net.conn.CONNECTIVITY_CHANGE flg=0x4000010 (has extras) } from null (pid=-1, uid=-1) requires com.facebook.permission.prod.FB_APP_COMMUNICATION due to registered receiver BroadcastFilter{2d7b8ee u0 ReceiverList{a541669 11179 com.facebook.katana/10110/u0 remote:1017e0f0}}
I/ActivityManager( 745): Start proc com.facebook.orca for content provider com.facebook.orca/.notify.MessengerLoggedInUserProvider: pid=11331 uid=10136 gids={50136, 9997, 3003, 1028, 1015} abi=armeabi-v7a
D/SoLoader(11179): found liger in default place
W/ResourcesManager(11331): Asset path '/system/framework/com.google.android.maps.jar' does not exist or contains no resources.
D/ACRA (11331): ACRA is enabled for com.facebook.orca, intializing...
D/ACRA (11331): Looking for error files in /data/user/0/com.facebook.orca/app_acra-reports
D/ACRA (11331): Looking for error files in /data/user/0/com.facebook.orca/app_minidumps
D/SoLoader(11331): found fb_stl_shared in default place
D/SoLoader(11331): found fb_breakpad_client in default place
I/DexLibLoader(11331): not using cross-dex optimization: ART in use
D/SoLoader(11331): found distract in default place
D/SoLoader(11331): found fb_dalvik-internals in default place
I/dalvik-internals(11331): dlopen(libdvm) failed: no Dalvik modifications possible
V/DexLibLoader(11331): about to lock odex store
V/DexLibLoader(11331): locking odex store took 1 ms
V/DexLibLoader(11331): Secondary program dex metadata: secondary-1.dex.jar 0058e50a60a24aba67657a5c793570adcff61cca secondary.dex01.Canary
V/DexLibLoader(11331): Secondary program dex metadata: secondary-2.dex.jar 73963e3d7efd743d6f63fb04268870d728016952 secondary.dex02.Canary
V/DexLibLoader(11331): directory "/data/user/0/com.facebook.orca/app_secondary_program_dex" contains "program-0058e50a60a24aba67657a5c793570adcff61cca2c0cbebd.dex.jar" as expected
V/DexLibLoader(11331): directory "/data/user/0/com.facebook.orca/app_secondary_program_dex" contains "program-73963e3d7efd743d6f63fb04268870d7280169522c0cbebd.dex.jar" as expected
D/DexLibLoader(11331): directory "/data/user/0/com.facebook.orca/app_secondary_program_dex" is valid
V/DexLibLoader(11331): directory "/data/user/0/com.facebook.orca/app_secondary_program_dex_opt" contains "program-0058e50a60a24aba67657a5c793570adcff61cca2c0cbebd.dex.dex" as expected
V/DexLibLoader(11331): directory "/data/user/0/com.facebook.orca/app_secondary_program_dex_opt" contains "program-73963e3d7efd743d6f63fb04268870d7280169522c0cbebd.dex.dex" as expected
D/DexLibLoader(11331): directory "/data/user/0/com.facebook.orca/app_secondary_program_dex_opt" is valid
D/DexLibLoader(11331): loading pre-built fallback odex files
D/DexLibLoader(11331): released odex store lock
D/DexLibLoader(11331): DexLibLoader.loadAll took 40 ms
D/WifiService( 745): Client connection lost with reason: 4
I/ActivityManager( 745): Process com.facebook.katana (pid 11179) has died
W/ActivityManager( 745): Scheduling restart of crashed service com.facebook.katana/com.facebook.vault.service.VaultManagerService in 65554ms
W/ActivityManager( 745): Scheduling restart of crashed service com.facebook.katana/com.facebook.push.mqtt.service.MqttPushService in 65554ms
I/ActivityManager( 745): Process com.facebook.orca (pid 11331) has died
I/ActivityManager( 745): Start proc com.facebook.orca for restart com.facebook.orca: pid=11369 uid=10136 gids={50136, 9997, 3003, 1028, 1015} abi=armeabi-v7a
D/GpsStatusListenerHelper( 745): Remote Listener died: android.location.IGpsStatusListener$Stub$Proxy@e7dd938
D/WifiService( 745): Client connection lost with reason: 4
W/InputMethodManagerService( 745): Session failed to close due to remote exception
W/InputMethodManagerService( 745): android.os.DeadObjectException
W/InputMethodManagerService( 745): at android.os.BinderProxy.transactNative(Native Method)
W/InputMethodManagerService( 745): at android.os.BinderProxy.transact(Binder.java:496)
W/InputMethodManagerService( 745): at com.android.internal.view.IInputMethodSession$Stub$Proxy.finishSession(IInputMethodSession.java:305)
W/InputMethodManagerService( 745): at com.android.server.InputMethodManagerService.finishSessionLocked(InputMethodManagerService.java:1415)
W/InputMethodManagerService( 745): at com.android.server.InputMethodManagerService.clearClientSessionLocked(InputMethodManagerService.java:1406)
W/InputMethodManagerService( 745): at com.android.server.InputMethodManagerService.clearCurMethodLocked(InputMethodManagerService.java:1432)
W/InputMethodManagerService( 745): at com.android.server.InputMethodManagerService.onServiceDisconnected(InputMethodManagerService.java:1451)
W/InputMethodManagerService( 745): at android.app.LoadedApk$ServiceDispatcher.doDeath(LoadedApk.java:1208)
W/InputMethodManagerService( 745): at android.app.LoadedApk$ServiceDispatcher$RunConnection.run(LoadedApk.java:1222)
W/InputMethodManagerService( 745): at android.os.Handler.handleCallback(Handler.java:739)
W/InputMethodManagerService( 745): at android.os.Handler.dispatchMessage(Handler.java:95)
W/InputMethodManagerService( 745): at android.os.Looper.loop(Looper.java:135)
W/InputMethodManagerService( 745): at com.android.server.SystemServer.run(SystemServer.java:269)
W/InputMethodManagerService( 745): at com.android.server.SystemServer.main(SystemServer.java:170)
W/InputMethodManagerService( 745): at java.lang.reflect.Method.invoke(Native Method)
W/InputMethodManagerService( 745): at java.lang.reflect.Method.invoke(Method.java:372)
W/InputMethodManagerService( 745): at com.android.internal.os.ZygoteInit$MethodAndArgsCaller.run(ZygoteInit.java:899)
W/InputMethodManagerService( 745): at com.android.internal.os.ZygoteInit.main(ZygoteInit.java:694)
V/BackupManagerService( 745): Disconnected from transport ComponentInfo{com.google.android.gms/com.google.android.gms.backup.BackupTransportService}
V/BackupManagerService( 745): Registering transport com.google.android.gms/.backup.BackupTransportService::null = null
D/WifiService( 745): Client connection lost with reason: 4
I/ActivityManager( 745): Process com.google.android.inputmethod.latin (pid 9722) has died
E/lowmemorykiller( 169): Error writing /proc/5649/oom_score_adj; errno=22
W/ActivityManager( 745): Scheduling restart of crashed service com.google.android.inputmethod.latin/com.android.inputmethod.latin.LatinIME in 75403ms
I/ActivityManager( 745): Process com.google.process.location (pid 9386) has died
E/lowmemorykiller( 169): Error opening /proc/9539/oom_score_adj; errno=2
W/ActivityManager( 745): Exception when unbinding service com.google.android.gms/.analytics.service.AnalyticsService
W/ActivityManager( 745): android.os.DeadObjectException
W/ActivityManager( 745): at android.os.BinderProxy.transactNative(Native Method)
W/ActivityManager( 745): at android.os.BinderProxy.transact(Binder.java:496)
W/ActivityManager( 745): at android.app.ApplicationThreadProxy.scheduleUnbindService(ApplicationThreadNative.java:917)
W/ActivityManager( 745): at com.android.server.am.ActiveServices.removeConnectionLocked(ActiveServices.java:1772)
W/ActivityManager( 745): at com.android.server.am.ActiveServices.killServicesLocked(ActiveServices.java:2156)
W/ActivityManager( 745): at com.android.server.am.ActivityManagerService.cleanUpApplicationRecordLocked(ActivityManagerService.java:14494)
W/ActivityManager( 745): at com.android.server.am.ActivityManagerService.handleAppDiedLocked(ActivityManagerService.java:4728)
W/ActivityManager( 745): at com.android.server.am.ActivityManagerService.appDiedLocked(ActivityManagerService.java:4891)
W/ActivityManager( 745): at com.android.server.am.ActivityManagerService$AppDeathRecipient.binderDied(ActivityManagerService.java:1164)
W/ActivityManager( 745): at android.os.BinderProxy.sendDeathNotice(Binder.java:551)
E/lowmemorykiller( 169): Error opening /proc/9539/oom_score_adj; errno=2
W/ActivityManager( 745): Scheduling restart of crashed service com.google.android.gms/.backup.BackupTransportService in 85371ms
W/ActivityManager( 745): Scheduling restart of crashed service com.google.android.gms/.fitness.service.BrokeredFitnessService in 95371ms
W/ActivityManager( 745): Scheduling restart of crashed service com.google.android.gms/com.google.android.location.network.NetworkLocationService in 105371ms
W/ActivityManager( 745): Scheduling restart of crashed service com.google.android.gms/com.google.android.location.geofencer.service.GeofenceProviderService in 115371ms
W/ActivityManager( 745): Scheduling restart of crashed service com.google.android.gms/com.google.android.location.fused.FusedLocationService in 125371ms
W/ActivityManager( 745): Scheduling restart of crashed service com.google.android.gms/.auth.trustagent.GoogleTrustAgent in 135371ms
W/ActivityManager( 745): Scheduling restart of crashed service com.google.android.gms/com.google.android.location.reporting.service.DispatchingService in 145371ms
W/ActivityManager( 745): Scheduling restart of crashed service com.google.android.gms/com.google.android.location.internal.GoogleLocationManagerService in 155371ms
W/ActivityManager( 745): Scheduling restart of crashed service com.google.android.gms/com.google.android.location.internal.PendingIntentCallbackService in 165371ms
W/ActivityManager( 745): Scheduling restart of crashed service com.google.android.gms/.deviceconnection.service.DeviceConnectionServiceBroker in 175371ms
W/ActivityManager( 745): Scheduling restart of crashed service com.google.android.gms/com.google.android.location.internal.server.GoogleLocationService in 185371ms
W/ActivityManager( 745): Scheduling restart of crashed service com.google.android.gms/com.google.android.location.fused.service.FusedProviderService in 195371ms
W/ActivityManager( 745): Scheduling restart of crashed service com.google.android.gms/.fitness.sensors.activity.ActivityRecognitionService in 205371ms
W/ActivityManager( 745): Scheduling restart of crashed service com.google.android.gms/com.google.android.location.fused.NlpLocationReceiverService in 205370ms
W/ActivityManager( 745): Scheduling restart of crashed service com.google.android.gms/com.google.android.location.geocode.GeocodeService in 215370ms
I/ActivityManager( 745): Process com.google.android.gms (pid 9539) has died
W/ActivityManager( 745): Scheduling restart of crashed service com.google.android.gms/.icing.service.IndexService in 225354ms
V/NotificationListeners( 745): notification listener connection lost: ComponentInfo{com.google.android.wearable.app/com.google.android.clockwork.stream.NotificationCollectorService}
W/ResourcesManager(11369): Asset path '/system/framework/com.google.android.maps.jar' does not exist or contains no resources.
I/ActivityManager( 745): Process com.google.process.gapps (pid 5649) has died
W/ActivityManager( 745): Scheduling restart of crashed service com.google.android.gms/.auth.GoogleAccountAuthenticatorService in 235290ms
W/ActivityManager( 745): Scheduling restart of crashed service com.google.android.gms/.icing.service.LightweightIndexService in 245290ms
W/ActivityManager( 745): Scheduling restart of crashed service com.google.android.gms/.gcm.GcmService in 255290ms
D/ACRA (11369): ACRA is enabled for com.facebook.orca, intializing...
I/ActivityManager( 745): Process com.google.android.gms.wearable (pid 9618) has died
W/ActivityManager( 745): Scheduling restart of crashed service com.google.android.gms/.wearable.node.bluetooth.BluetoothClientService in 318342ms
W/ActivityManager( 745): Scheduling restart of crashed service com.google.android.gms/.wearable.service.WearableService in 265234ms
I/ActivityManager( 745): Process com.google.android.wearable.app (pid 9845) has died
W/ActivityManager( 745): Scheduling restart of crashed service com.google.android.wearable.app/com.google.android.clockwork.host.DispatchingWearableListenerService in 291272ms
W/ActivityManager( 745): Scheduling restart of crashed service com.google.android.wearable.app/com.google.android.clockwork.stream.NotificationCollectorService in 301272ms
W/ActivityManager( 745): Scheduling restart of crashed service com.google.android.wearable.app/com.google.android.clockwork.now.NowFetcherService in 328302ms
D/ACRA (11369): Looking for error files in /data/user/0/com.facebook.orca/app_acra-reports
D/ACRA (11369): Looking for error files in /data/user/0/com.facebook.orca/app_minidumps
D/SoLoader(11369): found fb_stl_shared in default place
D/SoLoader(11369): found fb_breakpad_client in default place
I/DexLibLoader(11369): not using cross-dex optimization: ART in use
D/SoLoader(11369): found distract in default place
D/SoLoader(11369): found fb_dalvik-internals in default place
I/dalvik-internals(11369): dlopen(libdvm) failed: no Dalvik modifications possible
V/DexLibLoader(11369): about to lock odex store
V/DexLibLoader(11369): locking odex store took 0 ms
V/DexLibLoader(11369): Secondary program dex metadata: secondary-1.dex.jar 0058e50a60a24aba67657a5c793570adcff61cca secondary.dex01.Canary
V/DexLibLoader(11369): Secondary program dex metadata: secondary-2.dex.jar 73963e3d7efd743d6f63fb04268870d728016952 secondary.dex02.Canary
V/DexLibLoader(11369): directory "/data/user/0/com.facebook.orca/app_secondary_program_dex" contains "program-0058e50a60a24aba67657a5c793570adcff61cca2c0cbebd.dex.jar" as expected
V/DexLibLoader(11369): directory "/data/user/0/com.facebook.orca/app_secondary_program_dex" contains "program-73963e3d7efd743d6f63fb04268870d7280169522c0cbebd.dex.jar" as expected
D/DexLibLoader(11369): directory "/data/user/0/com.facebook.orca/app_secondary_program_dex" is valid
V/DexLibLoader(11369): directory "/data/user/0/com.facebook.orca/app_secondary_program_dex_opt" contains "program-0058e50a60a24aba67657a5c793570adcff61cca2c0cbebd.dex.dex" as expected
V/DexLibLoader(11369): directory "/data/user/0/com.facebook.orca/app_secondary_program_dex_opt" contains "program-73963e3d7efd743d6f63fb04268870d7280169522c0cbebd.dex.dex" as expected
D/DexLibLoader(11369): directory "/data/user/0/com.facebook.orca/app_secondary_program_dex_opt" is valid
D/DexLibLoader(11369): loading pre-built fallback odex files
D/DexLibLoader(11369): released odex store lock
D/DexLibLoader(11369): DexLibLoader.loadAll took 27 ms
I/ActivityManager( 745): Start proc com.google.android.gms for service com.google.android.gms/.icing.service.IndexService: pid=11389 uid=10008 gids={50008, 9997, 2001, 3003, 1007, 3006, 1028, 1015, 3002, 3001, 1005, 3007} abi=armeabi-v7a
I/art ( 198): Explicit concurrent mark sweep GC freed 709(30KB) AllocSpace objects, 0(0B) LOS objects, 40% free, 15MB/25MB, paused 205us total 11.270ms
I/art ( 198): Explicit concurrent mark sweep GC freed 5(160B) AllocSpace objects, 0(0B) LOS objects, 40% free, 15MB/25MB, paused 190us total 8.763ms
I/art ( 198): Explicit concurrent mark sweep GC freed 5(160B) AllocSpace objects, 0(0B) LOS objects, 40% free, 15MB/25MB, paused 174us total 7.806ms
I/ActivityManager( 745): Start proc com.google.process.gapps for service com.google.android.gms/.icing.service.LightweightIndexService: pid=11406 uid=10008 gids={50008, 9997, 2001, 3003, 1007, 3006, 1028, 1015, 3002, 3001, 1005, 3007} abi=armeabi-v7a
W/ResourcesManager(11389): Asset path '/system/framework/com.android.media.remotedisplay.jar' does not exist or contains no resources.
W/ResourcesManager(11389): Asset path '/system/framework/com.android.location.provider.jar' does not exist or contains no resources.
W/ResourcesManager(11406): Asset path '/system/framework/com.android.media.remotedisplay.jar' does not exist or contains no resources.
W/ResourcesManager(11406): Asset path '/system/framework/com.android.location.provider.jar' does not exist or contains no resources.
I/MultiDex(11389): VM with version 2.1.0 has multidex support
I/MultiDex(11389): install
I/MultiDex(11389): VM has multidex support, MultiDex support library is disabled.
I/MultiDex(11406): VM with version 2.1.0 has multidex support
I/MultiDex(11406): install
I/MultiDex(11406): VM has multidex support, MultiDex support library is disabled.
I/GservicesProvider(11406): Gservices pushing to system: true; secure/global: true
I/GoogleHttpClient(11406): GMS http client unavailable, use old client
I/GoogleHttpClient(11406): GMS http client unavailable, use old client
I/ProviderInstaller(11389): Insert disabled by gate 'gms:security:enable_conscrypt_in_gms_application'
I/ProviderInstaller(11406): Insert disabled by gate 'gms:security:enable_conscrypt_in_gms_application'
D/GCM (11406): COMPAT: Multi user ser=0 current=0
I/Icing (11389): Storage manager: low false usage 14.21MB avail 17.06GB capacity 22.76GB
W/Icing (11389): Received bad json for section weights override -- ignoring.
W/Icing (11389): Received bad json for corpus scoring config -- ignoring.
W/Icing (11389): Received bad json for corpus context scoring override -- ignoring.
W/bt-btif (23530): bta_jv_rfc_port_to_cb(port_handle:0xa):jv handle:0x0 not FOUND
I/art ( 745): Explicit concurrent mark sweep GC freed 23272(1232KB) AllocSpace objects, 6(486KB) LOS objects, 24% free, 48MB/64MB, paused 1.401ms total 124.894ms
I/GoogleHttpClient(11406): Falling back to old SSLCertificateSocketFactory
I/GCM (11406): GCM config loaded
D/GCM (11406): GcmService start null null
I/GservicesProvider(11406): Gservices pushing to system: true; secure/global: true
D/GCM (11406): GcmService start Intent { act=com.google.android.gms.INITIALIZE flg=0x10 pkg=com.google.android.gms cmp=com.google.android.gms/.gcm.GcmService } com.google.android.gms.INITIALIZE
I/GoogleHttpClient(11406): Falling back to old SSLCertificateSocketFactory
I/GLSUser (11406): [ ChannelManager ] Attempting to channel bind connection HttpClient.
I/GLSUser (11406): [ ChannelManager ] Skip channel binding on pre-KLP devices.
I/NotificationStore(11406): file does not exist: /data/data/com.google.android.gms/files/notification_data.dat
D/AuthorizationBluetoothService(11406): Received GmsCore event: Intent { act=com.google.android.gms.INITIALIZE flg=0x10 pkg=com.google.android.gms cmp=com.google.android.gms/.auth.be.proximity.authorization.bt.AuthorizationBluetoothService$AutoStarter }.
D/c (11406): Getting all permits...
D/a (11406): Opening database...
I/ActivityManager( 745): Start proc com.google.process.location for service com.google.android.gms/.deviceconnection.service.DeviceConnectionServiceBroker: pid=11461 uid=10008 gids={50008, 9997, 2001, 3003, 1007, 3006, 1028, 1015, 3002, 3001, 1005, 3007} abi=armeabi-v7a
D/a (11406): Opening database auth.proximity.permit_store...
D/LocationInitializer(11389): Restart initialization of location
D/a (11406): Closing database...
E/ad (11369): Multi-binding Key[type=com.facebook.auth.h.a, annotation=[none]] wasn't declared.
E/ad (11369): Multi-binding Key[type=com.facebook.gk.h, annotation=[none]] wasn't declared.
E/ad (11369): Multi-binding Key[type=com.facebook.gk.t, annotation=[none]] wasn't declared.
E/ad (11369): Multi-binding Key[type=com.facebook.auth.component.c, annotation=[none]] wasn't declared.
I/ActivityManager( 745): Start proc com.google.android.gms.wearable for service com.google.android.gms/.wearable.service.WearableControlService: pid=11479 uid=10008 gids={50008, 9997, 2001, 3003, 1007, 3006, 1028, 1015, 3002, 3001, 1005, 3007} abi=armeabi-v7a
I/Fitness (11389): GmsCore initialized. Initializing Fitness
W/ResourcesManager(11461): Asset path '/system/framework/com.android.media.remotedisplay.jar' does not exist or contains no resources.
W/ResourcesManager(11461): Asset path '/system/framework/com.android.location.provider.jar' does not exist or contains no resources.
D/GCM (11406): GcmService start Intent { act=com.google.android.gms.INITIALIZE flg=0x10 pkg=com.google.android.gms cmp=com.google.android.gms/.gcm.GcmService } com.google.android.gms.INITIALIZE
I/MultiDex(11461): VM with version 2.1.0 has multidex support
I/MultiDex(11461): install
I/MultiDex(11461): VM has multidex support, MultiDex support library is disabled.
W/ActivityThread(11406): ClassLoader.loadClass: The class loader returned by Thread.getContextClassLoader() may fail for processes that host multiple applications. You should explicitly specify a context class loader. For example: Thread.setContextClassLoader(getClass().getClassLoader());
D/AuthorizationBluetoothService(11406): Received GmsCore event: Intent { act=com.google.android.gms.INITIALIZE flg=0x10 pkg=com.google.android.gms cmp=com.google.android.gms/.auth.be.proximity.authorization.bt.AuthorizationBluetoothService$AutoStarter }.
D/c (11406): Getting all permits...
D/a (11406): Opening database...
D/a (11406): Opening database auth.proximity.permit_store...
D/a (11406): Closing database...
D/LocationInitializer(11389): Restart initialization of location
I/Fitness (11389): GmsCore initialized. Initializing Fitness
I/ProviderInstaller(11461): Insert disabled by gate 'gms:security:enable_conscrypt_in_gms_application'
D/GCM (11406): GcmService start Intent { act=com.google.android.gms.INITIALIZE flg=0x10 pkg=com.google.android.gms cmp=com.google.android.gms/.gcm.GcmService } com.google.android.gms.INITIALIZE
W/ResourcesManager(11479): Asset path '/system/framework/com.android.media.remotedisplay.jar' does not exist or contains no resources.
W/ResourcesManager(11479): Asset path '/system/framework/com.android.location.provider.jar' does not exist or contains no resources.
D/AuthorizationBluetoothService(11406): Received GmsCore event: Intent { act=com.google.android.gms.INITIALIZE flg=0x10 pkg=com.google.android.gms cmp=com.google.android.gms/.auth.be.proximity.authorization.bt.AuthorizationBluetoothService$AutoStarter }.
D/c (11406): Getting all permits...
D/a (11406): Opening database...
D/LocationInitializer(11389): Restart initialization of location
D/a (11406): Opening database auth.proximity.permit_store...
D/a (11406): Closing database...
I/Fitness (11389): GmsCore initialized. Initializing Fitness
I/MultiDex(11479): VM with version 2.1.0 has multidex support
I/MultiDex(11479): install
I/MultiDex(11479): VM has multidex support, MultiDex support library is disabled.
I/ProviderInstaller(11479): Insert disabled by gate 'gms:security:enable_conscrypt_in_gms_application'
D/GCM (11406): GcmService start Intent { act=com.google.android.gms.INITIALIZE flg=0x10 pkg=com.google.android.gms cmp=com.google.android.gms/.gcm.GcmService } com.google.android.gms.INITIALIZE
I/GoogleHttpClient(11461): Falling back to old SSLCertificateSocketFactory
D/AuthorizationBluetoothService(11406): Received GmsCore event: Intent { act=com.google.android.gms.INITIALIZE flg=0x10 pkg=com.google.android.gms cmp=com.google.android.gms/.auth.be.proximity.authorization.bt.AuthorizationBluetoothService$AutoStarter }.
D/c (11406): Getting all permits...
D/a (11406): Opening database...
D/LocationInitializer(11389): Restart initialization of location
D/a (11406): Opening database auth.proximity.permit_store...
D/a (11406): Closing database...
V/BackupManagerService( 745): Connected to transport ComponentInfo{com.google.android.gms/com.google.android.gms.backup.BackupTransportService}
V/BackupManagerService( 745): Registering transport com.google.android.gms/.backup.BackupTransportService::com.google.android.gms/.backup.BackupTransportService = com.android.internal.backup.IBackupTransport$Stub$Proxy@2e7b9d0c
I/Fitness (11389): GmsCore initialized. Initializing Fitness
D/BluetoothManagerService( 745): Message: 20
D/BluetoothManagerService( 745): Added callback: android.bluetooth.IBluetoothManagerCallback$Stub$Proxy@eba172f:true
I/WearableConn(11479): Connecting to "Moto 360 0360"
W/BluetoothAdapter(11479): getBluetoothService() called with no BluetoothManagerCallback
D/BTIF_SOCK(23530): service_uuid: 5e8945b0-9525-11e3-a5e2-0800200c9a66
I/Fitness (11461): WearableSyncHostService.start
I/ActivityManager( 745): Start proc com.google.android.googlequicksearchbox:search for service com.google.android.googlequicksearchbox/com.google.android.voicesearch.logger.EventLoggerService: pid=11536 uid=10022 gids={50022, 9997, 3003, 3001, 1028, 3002, 1015, 1005} abi=armeabi-v7a
E/WifiStateMachine( 745): WifiStateMachine CMD_START_SCAN source -2 txSuccessRate=88.67 rxSuccessRate=45.14 targetRoamBSSID=00:00:00:00:00:00 RSSI=-61
W/art (11369): Verification of java.util.Set com.facebook.orca.threadlist.af.a() took 103.360ms
E/SQLiteLog(11479): (284) automatic index on assetrefs(dataitems_id) W/msgr(:):bo(11369): Verify
D/GCM (11406): Connected
V/GmsNetworkLocationProvi(11461): onSetRequest: ProviderRequestUnbundled, reportLocation is true and interval is 86400000 I/Coffee - GoogleTrustAgent(11461): GoogleTrustAgent created.
W/bt-sdp (23530): process_service_search_attr_rsp
I/WearableConn(11479): Connecting to "Moto 360 0360"
D/BluetoothManagerService( 745): Message: 20
D/BluetoothManagerService( 745): Added callback: android.bluetooth.IBluetoothManagerCallback$Stub$Proxy@19632d9c:true
W/BluetoothAdapter(11479): getBluetoothService() called with no BluetoothManagerCallback
I/GCM (11406): GCM message com.google.android.gsf.gtalkservice
D/BTIF_SOCK(23530): service_uuid: 5e8945b0-9525-11e3-a5e2-0800200c9a66
W/bt-btif (23530): new conn_srvc id:26, app_id:1
I/WearableConn(11479): Connected, running sync loop
W/bt-sdp (23530): process_service_search_attr_rsp I/Coffee - TrustletManager(11461): Starting trustlet Bluetooth I/Coffee - GoogleTrustAgent(11461): Can provide trust state change: true
E/bt-btif (23530): DISCOVERY_COMP_EVT slot id:149, failed to find channle, status:1, scn:0
W/bt-btif (23530): invalid rfc slot id: 149
W/WearableConn(11479): Error writing to device, error: read failed, socket might closed or timeout, read ret: -1
D/wearable(11479): Peer handshake connect succeeded, peer version: 1
D/GCM (11406): Message class com.google.e.a.a.q I/Coffee - BluetoothTrustlet(11461): Enabling trust, connected to trusted device: Moto 360 0360
D/WearableBluetooth(11479): onSocketReady returned, closing socket
I/WearableConn(11479): Waiting 1.0 seconds to retry connection I/Coffee - GoogleTrustAgent(11461): Trust state changed, trusted: true reason: Securely connected to Bluetooth device Moto 360 0360 I/Coffee - TrustletManager(11461): Starting trustlet NFC W/Coffee - Trustlet(11461): Trustlet NFC attempted to change its canProvideTrust state to the current state (ignored). I/Coffee - TrustletManager(11461): Starting trustlet Place
W/WearableConn(11479): Connection interrupted., error: null
D/WearableBluetooth(11479): onSocketReady returned, closing socket
I/WearableConn(11479): Android Wear BluetoothThread finished
E/wearable(11479): Error getting connection reference for nodeId: b9611de2-3eef-433a-bcbe-7418f286614f. A thread may have leaked!
D/CountryDetector( 745): No listener is left
I/ActivityManager( 745): Start proc com.google.android.wearable.app for service com.google.android.wearable.app/com.google.android.clockwork.host.DispatchingWearableListenerService: pid=11566 uid=10116 gids={50116, 9997, 3002, 3001, 3003} abi=armeabi-v7a
W/bt-btif (23530): bta_jv_rfc_port_to_cb(port_handle:0xb):jv handle:0x0 not FOUND
I/ActivityManager( 745): Process android.process.acore (pid 13342) has died
I/ActivityManager( 745): Start proc com.google.android.keep for service com.google.android.keep/.microapp.WearableService: pid=11587 uid=10071 gids={50071, 9997, 3003, 1028, 1015} abi=armeabi-v7a
I/ActivityManager( 745): Start proc com.google.android.music:main for service com.google.android.music/.download.artwork.ArtDownloadService: pid=11593 uid=10060 gids={50060, 9997, 3003, 1028, 1015} abi=armeabi-v7a I/Coffee - TrustletManager(11461): Starting trustlet Face Unlock
I/ActivityManager( 745): Start proc com.google.android.partnersetup for content provider com.google.android.partnersetup/.RlzAppProvider: pid=11626 uid=10013 gids={50013, 9997, 3003} abi=armeabi-v7a W/Coffee - Trustlet(11461): Trustlet Face Unlock attempted to change its canProvideTrust state to the current state (ignored).
I/art ( 745): Explicit concurrent mark sweep GC freed 15909(778KB) AllocSpace objects, 0(0B) LOS objects, 24% free, 48MB/64MB, paused 1.484ms total 121.631ms
I/ActivityManager( 745): Process com.facebook.orca (pid 11369) has died
I/ActivityManager( 745): Start proc com.tinder for service com.tinder/.services.WearClientService: pid=11648 uid=10126 gids={50126, 9997, 3003, 1028, 1015, 3002} abi=armeabi-v7a
W/InputMethodInfo( 745): Duplicated subtype definition found: , voice
I/ActivityManager( 745): Start proc com.google.android.maps.mytracks for service com.google.android.maps.mytracks/com.google.android.apps.mytracks.wear.MobileListenerService: pid=11666 uid=10117 gids={50117, 9997, 3002, 3001, 3003, 1028, 1015} abi=armeabi-v7a
D/WifiService( 745): New client listening to asynchronous messages
I/art ( 198): Explicit concurrent mark sweep GC freed 707(30KB) AllocSpace objects, 0(0B) LOS objects, 39% free, 15MB/25MB, paused 184us total 8.254ms
I/ActivityManager( 745): Start proc org.leetzone.android.yatsewidgetfree for service org.leetzone.android.yatsewidgetfree/org.leetzone.android.yatsewidget.service.WearableService: pid=11690 uid=10129 gids={50129, 9997, 3003, 1028, 1015} abi=armeabi-v7a
I/art ( 198): Explicit concurrent mark sweep GC freed 7(240B) AllocSpace objects, 0(0B) LOS objects, 40% free, 15MB/25MB, paused 175us total 11.534ms
I/art ( 198): Explicit concurrent mark sweep GC freed 5(160B) AllocSpace objects, 0(0B) LOS objects, 40% free, 15MB/25MB, paused 167us total 7.600ms
W/GoogleApiIcingClientImpl(10777): Connection to GmsCore unsuccessful. Error 13
W/chromium(10777): [WARNING:server_connection_manager.cc(296)] ServerConnectionManager forcing SYNC_AUTH_ERROR
W/chromium(10777): [WARNING:syncer_proto_util.cc(277)] Error posting from syncer: Response Code (bogus on error): -1 Content-Length (bogus on error): -1 Server Status: SYNC_AUTH_ERROR
E/chromium(10777): [ERROR:get_updates_processor.cc(240)] PostClientToServerMessage() failed during GetUpdates
I/ActivityManager( 745): Process com.google.android.gms (pid 11389) has died
W/ActivityManager( 745): Scheduling restart of crashed service com.google.android.gms/.icing.service.IndexService in 1000ms
W/ActivityManager( 745): Scheduling restart of crashed service com.google.android.gms/.icing.service.IndexWorkerService in 82314ms
I/ActivityManager( 745): Start proc com.facebook.orca for service com.facebook.orca/com.facebook.wearlistener.DataLayerListenerService: pid=11710 uid=10136 gids={50136, 9997, 3003, 1028, 1015} abi=armeabi-v7a
I/ActivityManager( 745): Process com.google.android.gms.wearable (pid 11479) has died
W/ActivityManager( 745): Scheduling restart of crashed service com.google.android.gms/.wearable.service.WearableService in 92176ms
W/ActivityManager( 745): Scheduling restart of crashed service com.google.android.gms/.wearable.node.bluetooth.BluetoothClientService in 102176ms
I/chromium(10777): [INFO:CONSOLE(0)] "Refused to display 'https://apis.google.com/u/0/_/widget/render/badge?usegapi=1&social-action=Google%2B%20%3A%20Share&origin=http%3A%2F%2Fwww.theverge.com&url=http%3A%2F%2Fwww.theverge.com%2F2014%2F11%2F26%2F7290751%2Fbest-action-camera-you-can-buy&gsrc=3p&ic=1&jsh=m%3B%2F_%2Fscs%2Fapps-static%2F_%2Fjs%2Fk%3Doz.gapi.en.KTuDECY8mJE.O%2Fm%3D__features__%2Fam%3DAQ%2Frt%3Dj%2Fd%3D1%2Ft%3Dzcms%2Frs%3DAGLTcCMdx0a1PYg01FtJXdKoqAZwJnqJLw#_methods=onPlusOne%2C_ready%2C_close%2C_open%2C_resizeMe%2C_renderstart%2Concircled%2Cdrefresh%2Cerefresh%2Conload&id=I0_1417033604798&parent=http%3A%2F%2Fwww.theverge.com&pfname=&rpctoken=41658770' in a frame because it set 'X-Frame-Options' to 'SAMEORIGIN'.", source: about:blank (0)
W/chromium(10777): [WARNING:jni_string.cc(28)] ConvertJavaStringToUTF8 called with null string.
I/GCoreUlr(11461): DispatchingService.onCreate()
W/ResourcesManager(11710): Asset path '/system/framework/com.google.android.maps.jar' does not exist or contains no resources.
D/ACRA (11710): ACRA is enabled for com.facebook.orca, intializing...
D/ACRA (11710): Looking for error files in /data/data/com.facebook.orca/app_acra-reports
D/ACRA (11710): Looking for error files in /data/data/com.facebook.orca/app_minidumps
D/SoLoader(11710): found fb_stl_shared in default place
D/SoLoader(11710): found fb_breakpad_client in default place
I/art (11406): Explicit concurrent mark sweep GC freed 17441(1043KB) AllocSpace objects, 6(96KB) LOS objects, 40% free, 17MB/29MB, paused 1.289ms total 84.766ms
I/DexLibLoader(11710): not using cross-dex optimization: ART in use
D/SoLoader(11710): found distract in default place
D/SoLoader(11710): found fb_dalvik-internals in default place
I/dalvik-internals(11710): dlopen(libdvm) failed: no Dalvik modifications possible
V/DexLibLoader(11710): about to lock odex store
V/DexLibLoader(11710): locking odex store took 0 ms
V/DexLibLoader(11710): Secondary program dex metadata: secondary-1.dex.jar 0058e50a60a24aba67657a5c793570adcff61cca secondary.dex01.Canary
V/DexLibLoader(11710): Secondary program dex metadata: secondary-2.dex.jar 73963e3d7efd743d6f63fb04268870d728016952 secondary.dex02.Canary
V/DexLibLoader(11710): directory "/data/data/com.facebook.orca/app_secondary_program_dex" contains "program-0058e50a60a24aba67657a5c793570adcff61cca2c0cbebd.dex.jar" as expected
V/DexLibLoader(11710): directory "/data/data/com.facebook.orca/app_secondary_program_dex" contains "program-73963e3d7efd743d6f63fb04268870d7280169522c0cbebd.dex.jar" as expected
D/DexLibLoader(11710): directory "/data/data/com.facebook.orca/app_secondary_program_dex" is valid
V/DexLibLoader(11710): directory "/data/data/com.facebook.orca/app_secondary_program_dex_opt" contains "program-0058e50a60a24aba67657a5c793570adcff61cca2c0cbebd.dex.dex" as expected
V/DexLibLoader(11710): directory "/data/data/com.facebook.orca/app_secondary_program_dex_opt" contains "program-73963e3d7efd743d6f63fb04268870d7280169522c0cbebd.dex.dex" as expected
D/DexLibLoader(11710): directory "/data/data/com.facebook.orca/app_secondary_program_dex_opt" is valid
D/DexLibLoader(11710): loading pre-built fallback odex files
D/DexLibLoader(11710): released odex store lock
D/DexLibLoader(11710): DexLibLoader.loadAll took 39 ms
I/MusicStore(11593): Database version: 103
I/ActivityManager( 745): Process com.google.android.googlequicksearchbox:interactor (pid 10899) has died
W/ActivityManager( 745): Scheduling restart of crashed service com.google.android.googlequicksearchbox/com.google.android.voiceinteraction.GsaVoiceInteractionService in 111896ms
I/MediaRouter(11536): Found default route: MediaRouter.RouteInfo{ uniqueId=android/mo:DEFAULT_ROUTE, name=Phone, description=null, enabled=true, connecting=false, playbackType=0, playbackStream=3, volumeHandling=1, volume=11, volumeMax=15, presentationDisplayId=-1, extras=null, providerPackageName=android }
E/PackageNameComparator(11566): Couldn't find package ranking in gservices.
I/Crashlytics(11648): Initializing Crashlytics 1.1.13.29
I/Crashlytics(11690): Initializing Crashlytics 1.1.13.29
I/ActivityManager( 745): Process com.google.android.maps.mytracks (pid 11666) has died
I/MediaRemoteController(11566): registering MediaRemoteController21 D/MixpanelAPI - App Links (OPTIONAL)(11648): Context is not an instance of Activity. To detect inbound App Links, pass an instance of an Activity to getInstance.
W/ResourcesManager(11593): Asset path '/system/framework/com.android.media.remotedisplay.jar' does not exist or contains no resources.
W/ResourcesManager(11593): Asset path '/system/framework/com.android.location.provider.jar' does not exist or contains no resources.
I/WearablePkgInstaller(11566): Syncing all apps on first start.
V/JNIHelp (11593): Registering com/google/android/gms/org/conscrypt/NativeCrypto's 235 native methods...
W/GmsClient(11566): service died
I/ActivityManager( 745): Start proc com.google.android.gms.wearable for service com.google.android.gms/.wearable.service.WearableService: pid=11792 uid=10008 gids={50008, 9997, 2001, 3003, 1007, 3006, 1028, 1015, 3002, 3001, 1005, 3007} abi=armeabi-v7a
W/Search.LoginHelper(11536): TimeoutException while waiting for token.
W/Search.LoginHelper(11536): java.util.concurrent.TimeoutException: Timeout waiting for task.
W/Search.LoginHelper(11536): at iux.get(PG:259)
W/Search.LoginHelper(11536): at iuw.get(PG:91)
W/Search.LoginHelper(11536): at crh.a(PG:642)
W/Search.LoginHelper(11536): at crh.l(PG:588)
W/Search.LoginHelper(11536): at gmv.a(PG:112)
W/Search.LoginHelper(11536): at gmv.aHr(PG:38)
W/Search.LoginHelper(11536): at gmq.call(PG:28)
W/Search.LoginHelper(11536): at java.util.concurrent.FutureTask.run(FutureTask.java:237)
W/Search.LoginHelper(11536): at java.util.concurrent.ScheduledThreadPoolExecutor$ScheduledFutureTask.access$201(ScheduledThreadPoolExecutor.java:152)
W/Search.LoginHelper(11536): at java.util.concurrent.ScheduledThreadPoolExecutor$ScheduledFutureTask.run(ScheduledThreadPoolExecutor.java:265)
W/Search.LoginHelper(11536): at java.util.concurrent.ThreadPoolExecutor.runWorker(ThreadPoolExecutor.java:1112)
W/Search.LoginHelper(11536): at java.util.concurrent.ThreadPoolExecutor$Worker.run(ThreadPoolExecutor.java:587)
W/Search.LoginHelper(11536): at java.lang.Thread.run(Thread.java:818)
W/Search.LoginHelper(11536): at eob.run(PG:80)
I/ProviderInstaller(11593): Installed default security provider GmsCore_OpenSSL
W/Search.LoginHelper(11536): [Trace]
W/Search.LoginHelper(11536): [Trace]
W/Search.LoginHelper(11536): LoginHelper: get token: 1075+
W/Search.LoginHelper(11536): CachingGoogleAuthAdapter: access token cache: 0
W/Search.LoginHelper(11536): CachingGoogleAuthAdapter: get token from wrapped adapter: 1075+
W/Search.LoginHelper(11536): FallingBackGoogleAuthAdapter: try GMS core: 1074+
W/Search.LoginHelper(11536): GoogleAuthAdapter: get token with auth-util: 1074+
W/Search.LoginHelper(11536): [Trace]
W/Search.LoginHelper(11536): LoginHelper: get token: 1078+
W/Search.LoginHelper(11536): CachingGoogleAuthAdapter: access token cache: 0
W/Search.LoginHelper(11536): CachingGoogleAuthAdapter: get token from wrapped adapter: 1077+
W/Search.LoginHelper(11536): FallingBackGoogleAuthAdapter: try GMS core: 1077+
W/Search.LoginHelper(11536): GoogleAuthAdapter: get token with auth-util: 1077+
W/NowFetcherService(11566): Receives a Now broadcast while not connected to GSA
I/FavoriteContactNamesSup(11536): get() : Execute runnable (UI thread)
I/ContactLabelSupplier(11536): get() : Execute runnable (UI thread)
I/ActivityManager( 745): Start proc com.google.android.gms for service com.google.android.gms/.icing.service.IndexService: pid=11817 uid=10008 gids={50008, 9997, 2001, 3003, 1007, 3006, 1028, 1015, 3002, 3001, 1005, 3007} abi=armeabi-v7a
I/ActivityManager( 745): Start proc android.process.acore for content provider com.android.providers.contacts/.ContactsProvider2: pid=11827 uid=10004 gids={50004, 9997} abi=armeabi-v7a
I/ActivityManager( 745): Start proc com.android.providers.calendar for content provider com.android.providers.calendar/.CalendarProvider2: pid=11841 uid=10002 gids={50002, 9997, 3003, 1028, 1015} abi=armeabi-v7a
W/GAV4 (11690): Thread[main,5,main]: string configuration name not recognized: ga_logLevel
W/GAV4 (11690): Thread[main,5,main]: int configuration name not recognized: ga_dispatchPeriod
W/ResourcesManager(11792): Asset path '/system/framework/com.android.media.remotedisplay.jar' does not exist or contains no resources.
W/ResourcesManager(11792): Asset path '/system/framework/com.android.location.provider.jar' does not exist or contains no resources.
W/ResourcesManager(11817): Asset path '/system/framework/com.android.media.remotedisplay.jar' does not exist or contains no resources.
W/ResourcesManager(11817): Asset path '/system/framework/com.android.location.provider.jar' does not exist or contains no resources.
I/MultiDex(11792): VM with version 2.1.0 has multidex support
I/MultiDex(11792): install
I/MultiDex(11792): VM has multidex support, MultiDex support library is disabled.
I/art ( 745): Explicit concurrent mark sweep GC freed 9091(485KB) AllocSpace objects, 5(340KB) LOS objects, 24% free, 49MB/65MB, paused 1.228ms total 142.466ms
I/MultiDex(11817): VM with version 2.1.0 has multidex support
I/MultiDex(11817): install
I/MultiDex(11817): VM has multidex support, MultiDex support library is disabled.
I/ActivityManager( 745): Start proc com.android.vending for service com.android.vending/com.google.android.finsky.billing.iab.InAppBillingService: pid=11884 uid=10016 gids={50016, 9997, 3003, 1028, 1015} abi=armeabi-v7a
E/ad (11710): Multi-binding Key[type=com.facebook.auth.h.a, annotation=[none]] wasn't declared.
