I/ActivityManager( 745): Start proc org.leetzone.android.yatsewidgetfree for service org.leetzone.android.yatsewidgetfree/org.leetzone.android.yatsewidget.service.WearableService: pid=5731 uid=10129 gids={50129, 9997, 3003, 1028, 1015} abi=armeabi-v7a
I/ActivityManager( 745): Start proc com.facebook.orca for service com.facebook.orca/com.facebook.wearlistener.DataLayerListenerService: pid=5760 uid=10136 gids={50136, 9997, 3003, 1028, 1015} abi=armeabi-v7a
I/ActivityManager( 745): Process com.google.android.gms.wearable (pid 5506) has died
W/ActivityManager( 745): Scheduling restart of crashed service com.google.android.gms/.wearable.service.WearableService in 10655ms
W/ActivityManager( 745): Scheduling restart of crashed service com.google.android.gms/.wearable.node.bluetooth.BluetoothClientService in 78386ms
W/ResourcesManager( 5674): Asset path '/system/framework/com.android.media.remotedisplay.jar' does not exist or contains no resources.
W/ResourcesManager( 5674): Asset path '/system/framework/com.android.location.provider.jar' does not exist or contains no resources.
W/ResourcesManager( 5760): Asset path '/system/framework/com.google.android.maps.jar' does not exist or contains no resources.
I/ActivityManager( 745): Process com.google.android.maps.mytracks (pid 5716) has died
I/ActivityManager( 745): Start proc com.google.android.gms.wearable for service com.google.android.gms/.wearable.service.WearableService: pid=5817 uid=10008 gids={50008, 9997, 2001, 3003, 1007, 3006, 1028, 1015, 3002, 3001, 1005, 3007} abi=armeabi-v7a
W/ResourcesManager( 5817): Asset path '/system/framework/com.android.media.remotedisplay.jar' does not exist or contains no resources.
W/ResourcesManager( 5817): Asset path '/system/framework/com.android.location.provider.jar' does not exist or contains no resources.
I/ActivityManager( 745): Process com.tinder (pid 5697) has died
I/ActivityManager( 745): Start proc com.google.android.gms for service com.google.android.gms/.icing.service.IndexWorkerService: pid=5852 uid=10008 gids={50008, 9997, 2001, 3003, 1007, 3006, 1028, 1015, 3002, 3001, 1005, 3007} abi=armeabi-v7a
V/BackupManagerService( 745): Disconnected from transport ComponentInfo{com.google.android.gms/com.google.android.gms.backup.BackupTransportService}
V/BackupManagerService( 745): Registering transport com.google.android.gms/.backup.BackupTransportService::null = null
D/WifiService( 745): Client connection lost with reason: 4
I/ActivityManager( 745): Process com.google.process.location (pid 5384) has died
W/ActivityManager( 745): Scheduling restart of crashed service com.google.android.gms/.backup.BackupTransportService in 55174144ms
W/ActivityManager( 745): Scheduling restart of crashed service com.google.android.gms/.fitness.service.BrokeredFitnessService in 4000ms
W/ActivityManager( 745): Scheduling restart of crashed service com.google.android.gms/com.google.android.location.network.NetworkLocationService in 134963200ms
W/ActivityManager( 745): Scheduling restart of crashed service com.google.android.gms/com.google.android.location.geofencer.service.GeofenceProviderService in 307040256ms
W/ActivityManager( 745): Scheduling restart of crashed service com.google.android.gms/com.google.android.location.fused.FusedLocationService in 348000256ms
W/ActivityManager( 745): Scheduling restart of crashed service com.google.android.gms/.auth.trustagent.GoogleTrustAgent in 388960256ms
W/ActivityManager( 745): Scheduling restart of crashed service com.google.android.gms/com.google.android.location.reporting.service.DispatchingService in 441459712ms
W/ActivityManager( 745): Scheduling restart of crashed service com.google.android.gms/com.google.android.location.internal.GoogleLocationManagerService in 13999ms
W/ActivityManager( 745): Scheduling restart of crashed service com.google.android.gms/com.google.android.location.internal.PendingIntentCallbackService in 511836160ms
W/ActivityManager( 745): Scheduling restart of crashed service com.google.android.gms/.deviceconnection.service.DeviceConnectionServiceBroker in 75653120ms
W/ActivityManager( 745): Scheduling restart of crashed service com.google.android.gms/com.google.android.location.internal.server.GoogleLocationService in 593756160ms
W/ActivityManager( 745): Scheduling restart of crashed service com.google.android.gms/com.google.android.location.fused.service.FusedProviderService in 634716160ms
W/ActivityManager( 745): Scheduling restart of crashed service com.google.android.gms/com.google.android.location.fused.NlpLocationReceiverService in 675676160ms
W/ActivityManager( 745): Scheduling restart of crashed service com.google.android.gms/com.google.android.location.geocode.GeocodeService in 716636160ms
I/ActivityManager( 745): Start proc com.android.vending for service com.android.vending/com.google.android.finsky.billing.iab.InAppBillingService: pid=5874 uid=10016 gids={50016, 9997, 3003, 1028, 1015} abi=armeabi-v7a
W/ResourcesManager( 5852): Asset path '/system/framework/com.android.media.remotedisplay.jar' does not exist or contains no resources.
W/ResourcesManager( 5852): Asset path '/system/framework/com.android.location.provider.jar' does not exist or contains no resources.
I/ActivityManager( 745): Start proc com.google.android.googlequicksearchbox:search for service com.google.android.googlequicksearchbox/com.google.android.sidekick.main.remoteservice.GoogleNowRemoteService: pid=5910 uid=10022 gids={50022, 9997, 3003, 3001, 1028, 3002, 1015, 1005} abi=armeabi-v7a
I/ActivityManager( 745): Start proc com.android.providers.calendar for content provider com.android.providers.calendar/.CalendarProvider2: pid=5924 uid=10002 gids={50002, 9997, 3003, 1028, 1015} abi=armeabi-v7a
I/ActivityManager( 745): Process com.google.android.keep (pid 5644) has died
W/ResourcesManager( 5924): Asset path '/system/framework/android.test.runner.jar' does not exist or contains no resources.
W/ResourcesManager( 5624): Asset path '/system/framework/com.android.media.remotedisplay.jar' does not exist or contains no resources.
W/ResourcesManager( 5624): Asset path '/system/framework/com.android.location.provider.jar' does not exist or contains no resources.
I/ActivityManager( 745): Start proc com.google.android.partnersetup for content provider com.google.android.partnersetup/.RlzAppProvider: pid=5975 uid=10013 gids={50013, 9997, 3003} abi=armeabi-v7a
D/WifiService( 745): New client listening to asynchronous messages
I/ActivityManager( 745): Process org.leetzone.android.yatsewidgetfree (pid 5731) has died
W/ActivityManager( 745): Scheduling restart of crashed service org.leetzone.android.yatsewidgetfree/org.leetzone.android.yatsewidget.service.WearableService in 56594ms
I/ActivityManager( 745): Start proc com.google.android.keep for service com.google.android.keep/.microapp.WearableService: pid=6017 uid=10071 gids={50071, 9997, 3003, 1028, 1015} abi=armeabi-v7a
I/ActivityManager( 745): Start proc com.tinder for service com.tinder/.services.WearClientService: pid=6041 uid=10126 gids={50126, 9997, 3003, 1028, 1015, 3002} abi=armeabi-v7a
I/ActivityManager( 745): Start proc com.google.android.maps.mytracks for service com.google.android.maps.mytracks/com.google.android.apps.mytracks.wear.MobileListenerService: pid=6062 uid=10117 gids={50117, 9997, 3002, 3001, 3003, 1028, 1015} abi=armeabi-v7a
W/InputMethodInfo( 745): Duplicated subtype definition found: , voice
I/ActivityManager( 745): Start proc org.leetzone.android.yatsewidgetfree for service org.leetzone.android.yatsewidgetfree/org.leetzone.android.yatsewidget.service.WearableService: pid=6085 uid=10129 gids={50129, 9997, 3003, 1028, 1015} abi=armeabi-v7a
I/ActivityManager( 745): Start proc com.google.android.apps.fitness for service com.google.android.apps.fitness/.wearable.WearableWatcher: pid=6111 uid=10045 gids={50045, 9997, 3003, 1028, 1015, 3002, 3001} abi=armeabi-v7a
I/ActivityManager( 745): Start proc com.google.process.location for service com.google.android.gms/com.google.android.location.internal.GoogleLocationManagerService: pid=6118 uid=10008 gids={50008, 9997, 2001, 3003, 1007, 3006, 1028, 1015, 3002, 3001, 1005, 3007} abi=armeabi-v7a
I/ActivityManager( 745): Process com.android.vending (pid 5874) has died
I/ActivityManager( 745): Start proc com.mailchimp.mailchimp for service com.mailchimp.mailchimp/.WearableService: pid=6152 uid=10096 gids={50096, 9997, 3003, 1028, 1015} abi=armeabi-v7a
W/ResourcesManager( 6118): Asset path '/system/framework/com.android.media.remotedisplay.jar' does not exist or contains no resources.
W/ResourcesManager( 6118): Asset path '/system/framework/com.android.location.provider.jar' does not exist or contains no resources.
I/ActivityManager( 745): Process com.android.providers.calendar (pid 5924) has died
W/ActivityManager( 745): Scheduling restart of crashed service com.android.providers.calendar/.EmptyService in 6419424ms
I/ActivityManager( 745): Process com.google.android.gms.wearable (pid 5817) has died
W/ActivityManager( 745): Scheduling restart of crashed service com.google.android.gms/.wearable.service.WearableService in 1000ms
W/ActivityManager( 745): Scheduling restart of crashed service com.google.android.gms/.wearable.node.bluetooth.BluetoothClientService in 313544ms
I/ActivityManager( 745): Start proc com.android.providers.calendar for content provider com.android.providers.calendar/.CalendarProvider2: pid=6186 uid=10002 gids={50002, 9997, 3003, 1028, 1015} abi=armeabi-v7a
V/NotificationListeners( 745): notification listener connection lost: ComponentInfo{com.google.android.wearable.app/com.google.android.clockwork.stream.NotificationCollectorService}
I/ActivityManager( 745): Process com.google.android.wearable.app (pid 5624) has died
W/ActivityManager( 745): Scheduling restart of crashed service com.google.android.wearable.app/com.google.android.clockwork.host.DispatchingWearableListenerService in 10826ms
W/ActivityManager( 745): Scheduling restart of crashed service com.google.android.wearable.app/com.google.android.clockwork.stream.NotificationCollectorService in 3159326720ms
W/ActivityManager( 745): Scheduling restart of crashed service com.google.android.wearable.app/com.google.android.clockwork.calendar.CalendarQueryService in 55490ms
W/ActivityManager( 745): Scheduling restart of crashed service com.google.android.wearable.app/com.google.android.clockwork.now.NowFetcherService in 55490ms
W/ActivityManager( 745): Scheduling restart of crashed service com.google.android.wearable.app/com.google.android.clockwork.companion.packagemanager.PackageUpdateService in 55490ms
W/ActivityManager( 745): Scheduling restart of crashed service com.google.android.wearable.app/com.google.android.clockwork.stream.NotificationCollectorMonitorService in 55490ms
W/ResourcesManager( 6186): Asset path '/system/framework/android.test.runner.jar' does not exist or contains no resources.
I/ActivityManager( 745): Process com.google.android.maps.mytracks (pid 6062) has died
I/ActivityManager( 745): Start proc com.google.android.gms.wearable for service com.google.android.gms/.wearable.service.WearableService: pid=6216 uid=10008 gids={50008, 9997, 2001, 3003, 1007, 3006, 1028, 1015, 3002, 3001, 1005, 3007} abi=armeabi-v7a
I/ActivityManager( 745): Process com.facebook.orca (pid 5760) has died
D/WifiService( 745): New client listening to asynchronous messages
I/ActivityManager( 745): Start proc com.twitter.android for service com.twitter.android/com.twitter.library.platform.TwitterDataSyncService: pid=6241 uid=10139 gids={50139, 9997, 3003, 1028, 1015} abi=armeabi-v7a
W/ResourcesManager( 6216): Asset path '/system/framework/com.android.media.remotedisplay.jar' does not exist or contains no resources.
W/ResourcesManager( 6216): Asset path '/system/framework/com.android.location.provider.jar' does not exist or contains no resources.
I/ActivityManager( 745): Start proc com.google.android.wearable.app for broadcast com.google.android.wearable.app/com.google.android.clockwork.now.NowRetryReceiver: pid=6285 uid=10116 gids={50116, 9997, 3002, 3001, 3003} abi=armeabi-v7a
I/ActivityManager( 745): Process com.google.android.apps.fitness (pid 6111) has died
W/ActivityManager( 745): Failure sending service ComponentInfo{com.google.android.gms/com.google.android.gms.wearable.service.WearableService} to connection android.os.BinderProxy@164ccbcc (in com.mailchimp.mailchimp)
W/ActivityManager( 745): android.os.DeadObjectException
W/ActivityManager( 745): at android.os.BinderProxy.transactNative(Native Method)
W/ActivityManager( 745): at android.os.BinderProxy.transact(Binder.java:496)
W/ActivityManager( 745): at android.app.IServiceConnection$Stub$Proxy.connected(IServiceConnection.java:92)
W/ActivityManager( 745): at com.android.server.am.ActiveServices.publishServiceLocked(ActiveServices.java:866)
W/ActivityManager( 745): at com.android.server.am.ActivityManagerService.publishService(ActivityManagerService.java:14939)
W/ActivityManager( 745): at android.app.ActivityManagerNative.onTransact(ActivityManagerNative.java:971)
W/ActivityManager( 745): at com.android.server.am.ActivityManagerService.onTransact(ActivityManagerService.java:2407)
W/ActivityManager( 745): at android.os.Binder.execTransact(Binder.java:446)
I/ActivityManager( 745): Process com.mailchimp.mailchimp (pid 6152) has died
W/ActivityManager( 745): Scheduling restart of crashed service com.mailchimp.mailchimp/.WearableService in 54581ms
W/ActivityManager( 745): Permission Denial: Accessing service ComponentInfo{com.google.android.music/com.google.android.music.dial.DialMediaRouteProviderService} from pid=4941, uid=10091 that is not exported from uid 10060
I/ActivityManager( 745): Start proc com.google.android.youtube for service com.google.android.youtube/.app.remote.YouTubeTvRouteProviderService: pid=6314 uid=10080 gids={50080, 9997, 3003, 1028, 1015} abi=armeabi-v7a
I/ActivityManager( 745): Process com.google.android.keep (pid 6017) has died
I/ActivityManager( 745): Process com.android.providers.calendar (pid 6186) has died
W/ActivityManager( 745): Scheduling restart of crashed service com.android.providers.calendar/.EmptyService in 25677696ms
I/ActivityManager( 745): Process com.google.android.music:main (pid 5674) has died
W/ActivityManager( 745): Scheduling restart of crashed service com.google.android.music/.download.artwork.ArtDownloadService in 20027801600ms
W/ActivityManager( 745): Scheduling restart of crashed service com.google.android.music/.wear.WearDataTransferConnectionService in 152960ms --------- beginning of main
I/ContactLabelSupplier( 5910): get() : Lookup time = 556 ms
I/WearableConn( 6216): Connecting to "Moto 360 0360"
I/VS.Container( 5910): create_speech_recognizer
D/WearableClient( 6041): WearableClientImpl.onPostInitHandler: done
W/BluetoothAdapter( 6216): getBluetoothService() called with no BluetoothManagerCallback
D/BTIF_SOCK(23530): service_uuid: 5e8945b0-9525-11e3-a5e2-0800200c9a66
E/PackageNameComparator( 6285): Couldn't find package ranking in gservices.
I/MediaRemoteController( 6285): registering MediaRemoteController21
I/WearableConn( 6216): Connecting to "Moto 360 0360"
W/BluetoothAdapter( 6216): getBluetoothService() called with no BluetoothManagerCallback
D/BTIF_SOCK(23530): service_uuid: 5e8945b0-9525-11e3-a5e2-0800200c9a66
I/WearablePkgInstaller( 6285): Syncing all apps on first start.
D/WifiService( 745): New client listening to asynchronous messages
I/NuCachedSource2( 187): ERROR_END_OF_STREAM
V/GCMBroadcastReceiver( 4941): onReceive: com.google.android.c2dm.intent.RECEIVE
I/CastSocket( 5852): 21 >= 18. Adding new CastClientAuthKeyManager.
V/GCMRegistrar( 4941): Setting the name of retry receiver class to com.google.ipc.invalidation.external.client.contrib.MultiplexingGcmListener$GCMReceiver
V/GCMBroadcastReceiver( 4941): GCM IntentService class: com.google.ipc.invalidation.external.client.contrib.MultiplexingGcmListener
V/GCMBaseIntentService( 4941): Acquiring wakelock
V/GCMBaseIntentService( 4941): Intent service name: GCMIntentService-DynamicSenderIds-1
I/dex2oat ( 6359): /system/bin/dex2oat --runtime-arg -classpath --runtime-arg --instruction-set=arm --instruction-set-features=div --runtime-arg -Xrelocate --boot-image=/system/framework/boot.art --dex-file=/data/data/com.google.android.gms/cache/ads483502373.jar --oat-fd=35 --oat-location=/data/data/com.google.android.gms/cache/ads483502373.dex --runtime-arg -Xms64m --runtime-arg -Xmx512m
D/DrmWidevine( 187): calling OEMCrypto_Initialize, g_qsee_apps_version = 20006
D/QSEECOMAPI: ( 187): QSEECom_get_handle sb_length = 0x5000
D/QSEECOMAPI: ( 187): App is already loaded QSEE and app id = 3
D/WearableClient( 6285): WearableClientImpl.onPostInitHandler: done
V/GCMBaseIntentService( 4941): Releasing wakelock
D/QSAPPSVER( 187): qsappsver_checkversion hlos_version major version = 2, tz_version major version = 2
D/QSAPPSVER( 187): qsappsver_checkversion hlos_version minor version = 6, tz_version minor version = 2
D/DrmWidevine( 187): OEMCrypto_Initialize sion_buffer g_wv_fhandle->ion_sbuffer 0x0xb5885000
E/DrmWidevine( 187): sion_buffer g_wv_fhandle->ion_sbuffer 0x0xb5885000
D/GCM ( 5649): GcmService start Intent { act=com.google.android.gms.INITIALIZE flg=0x10 pkg=com.google.android.gms cmp=com.google.android.gms/.gcm.GcmService } com.google.android.gms.INITIALIZE
D/DrmWidevine( 187): OEMCrypto_Initialize exit returns 0
W/ResourcesManager( 6314): Asset path '/system/framework/com.android.media.remotedisplay.jar' does not exist or contains no resources.
W/ResourcesManager( 6314): Asset path '/system/framework/com.android.location.provider.jar' does not exist or contains no resources.
D/WVMLogging( 187): Thu Nov 27 09:20:47 2014 (af5d3300):WVSession::SetError: status=1001, desc=Invalid data format
E/WVMFileSource( 187): mDataSource-readAt returned error -1011
E/WVMExtractorImpl( 187): WV_Setup returned status 1001 in WVMMediaSource::start
D/DrmWidevine( 187): calling OEMCrypto_Terminate...
D/QSEECOMAPI: ( 187): QSEECom_dealloc_memory
D/QSEECOMAPI: ( 187): QSEECom_shutdown_app, app_id = 3
D/DrmWidevine( 187): OEMCrypto_Terminate returns 0
D/MediaResourceGetter( 4941): resource doesn't have video
D/MediaResourceGetter( 4941): extracted valid metadata: MediaMetadata[durationInMilliseconds=0, width=0, height=0, success=true]
V/JNIHelp ( 6314): Registering com/google/android/gms/org/conscrypt/NativeCrypto's 235 native methods...
I/ProviderInstaller( 6314): Installed default security provider GmsCore_OpenSSL
I/MicrophoneInputStream( 5910): mic_starting gfk@ca7c446
I/AudioFlinger( 187): AudioFlinger's thread 0xb3ca6000 ready to run
I/MicrophoneInputStream( 5910): mic_started gfk@ca7c446
D/audio_hw_primary( 187): select_devices: out_snd_device(0: none) in_snd_device(55: voice-rec-mic)
D/msm8974_platform( 187): platform_send_audio_calibration: sending audio calibration for snd_device(55) acdb_id(62)
D/ ( 187): Failed to fetch the lookup information of the device 0000003E
E/ACDB-LOADER( 187): Error: ACDB AudProc vol returned = -19
D/audio_hw_primary( 187): enable_snd_device: snd_device(55: voice-rec-mic)
D/audio_hw_primary( 187): enable_audio_route: apply and update mixer path: audio-record
I/HotwordRecognitionRnr( 5910): Starting hotword detection.
I/ActivityManager( 745): Process com.tinder (pid 6041) has died
W/NowFetcherService( 6285): Receives a Now broadcast while not connected to GSA
I/dex2oat ( 6359): dex2oat took 240.720ms (threads: 4)
W/NowFetcherService( 6285): Receives a Now broadcast while not connected to GSA
I/HotwordWorker( 5910): onReady
I/ActivityManager( 745): Start proc com.android.providers.calendar for content provider com.android.providers.calendar/.CalendarProvider2: pid=6414 uid=10002 gids={50002, 9997, 3003, 1028, 1015} abi=armeabi-v7a
D/LocationInitializer( 5852): Restart initialization of location
W/bt-sdp (23530): process_service_search_attr_rsp
W/bt-sdp (23530): process_service_search_attr_rsp
E/bt-rfcomm(23530): RFCOMM_CreateConnection - already opened state:1, RFC state:1, MCB state:5
E/bt-btif (23530): bta_jv_rfcomm_connect, RFCOMM_CreateConnection failed
W/bt-btif (23530): invalid rfc slot id: 137
W/WearableConn( 6216): Error writing to device, error: read failed, socket might closed or timeout, read ret: -1
W/bt-btif (23530): new conn_srvc id:26, app_id:1
I/WearableConn( 6216): Connected, running sync loop
D/WearableBluetooth( 6216): onSocketReady returned, closing socket
I/WearableConn( 6216): Waiting 1.0 seconds to retry connection
I/art ( 745): Explicit concurrent mark sweep GC freed 10872(549KB) AllocSpace objects, 0(0B) LOS objects, 24% free, 49MB/65MB, paused 13.044ms total 154.058ms
D/AuthorizationBluetoothService( 5649): Received GmsCore event: Intent { act=com.google.android.gms.INITIALIZE flg=0x10 pkg=com.google.android.gms cmp=com.google.android.gms/.auth.be.proximity.authorization.bt.AuthorizationBluetoothService$AutoStarter }.
D/c ( 5649): Getting all permits...
D/a ( 5649): Opening database...
D/a ( 5649): Opening database auth.proximity.permit_store...
D/a ( 5649): Closing database...
W/ResourcesManager( 6285): Asset path '/system/framework/com.android.media.remotedisplay.jar' does not exist or contains no resources.
W/ResourcesManager( 6285): Asset path '/system/framework/com.android.location.provider.jar' does not exist or contains no resources.
I/Fitness ( 5852): GmsCore initialized. Initializing Fitness
W/ResourcesManager( 6414): Asset path '/system/framework/android.test.runner.jar' does not exist or contains no resources.
W/GAV4 ( 6085): Thread[main,5,main]: string configuration name not recognized: ga_logLevel
W/GAV4 ( 6085): Thread[main,5,main]: int configuration name not recognized: ga_dispatchPeriod
I/ActivityManager( 745): Start proc com.google.android.apps.fitness for broadcast com.google.android.apps.fitness/.wearable.WearableSyncReceiver: pid=6440 uid=10045 gids={50045, 9997, 3003, 1028, 1015, 3002, 3001} abi=armeabi-v7a
D/NowFetcherService( 6285): onServiceConnected: connected to NowRemoteService
I/art ( 5649): Explicit concurrent mark sweep GC freed 4193(218KB) AllocSpace objects, 0(0B) LOS objects, 40% free, 18MB/31MB, paused 889us total 48.883ms
D/UserSettingsManager( 6285): setState: skipping set state: initial state not loaded
D/NowFetcherService( 6285): onServiceDisconnected: disconnected from NowRemoteService
I/ActivityManager( 745): Process com.google.android.partnersetup (pid 5975) has died
D/WifiService( 745): Client connection lost with reason: 4
I/CalendarProvider2( 6414): Created com.android.providers.calendar.CalendarAlarmManager@f038f81(com.android.providers.calendar.CalendarProvider2@39039826)
D/audio_hw_primary( 187): disable_audio_route: reset and update mixer path: audio-record
D/audio_hw_primary( 187): disable_snd_device: snd_device(55: voice-rec-mic)
I/ActivityManager( 745): Start proc com.android.vending for service com.android.vending/com.google.android.finsky.billing.iab.InAppBillingService: pid=6465 uid=10016 gids={50016, 9997, 3003, 1028, 1015} abi=armeabi-v7a
I/art ( 198): Explicit concurrent mark sweep GC freed 704(30KB) AllocSpace objects, 0(0B) LOS objects, 39% free, 15MB/25MB, paused 256us total 18.286ms
I/art ( 198): Explicit concurrent mark sweep GC freed 7(240B) AllocSpace objects, 0(0B) LOS objects, 40% free, 15MB/25MB, paused 424us total 11.595ms
I/art ( 198): Explicit concurrent mark sweep GC freed 5(160B) AllocSpace objects, 0(0B) LOS objects, 40% free, 15MB/25MB, paused 232us total 10.836ms
I/ActivityManager( 745): Process com.google.android.googlequicksearchbox:search (pid 5910) has died
W/ActivityManager( 745): Scheduling restart of crashed service com.google.android.googlequicksearchbox/com.google.android.sidekick.main.remoteservice.GoogleNowRemoteService in 1000ms
W/ActivityManager( 745): Scheduling restart of crashed service com.google.android.googlequicksearchbox/com.google.android.search.core.service.SearchService in 11000ms
W/ActivityManager( 745): Canceling start item Intent { act=com.google.android.search.core.service.BroadcastListenerService.action.UPDATE cmp=com.google.android.googlequicksearchbox/com.google.android.search.core.service.BroadcastListenerService (has extras) } in service ComponentInfo{com.google.android.googlequicksearchbox/com.google.android.search.core.service.BroadcastListenerService}
W/ActivityManager( 745): Scheduling restart of crashed service com.google.android.googlequicksearchbox/com.google.android.search.core.service.BroadcastListenerService in 2547403085316096ms
I/FitnessApp( 6440): Validating ObjectGraph
W/SocketClient( 183): write error (Broken pipe)
W/DnsProxyListener( 183): Error writing DNS result to client
D/wearable( 6216): Peer handshake connect succeeded, peer version: 1
I/Places ( 6118): ay.:165: Creating ReverseGeocodingPlaceInferenceModule
I/Places ( 6118): ay.:165: Creating WifiDecisionTreePlaceInferenceModule
D/BluetoothManagerService( 745): Message: 20
D/BluetoothManagerService( 745): Added callback: android.bluetooth.IBluetoothManagerCallback$Stub$Proxy@3a005a27:true
I/FitnessApp( 6440): Initializing Google Cloud Messaging
I/FitnessApp( 6440): Initializers took 6 milliseconds
I/ActivityManager( 745): Start proc com.google.android.keep for service com.google.android.keep/.microapp.WearableService: pid=6495 uid=10071 gids={50071, 9997, 3003, 1028, 1015} abi=armeabi-v7a
W/WearableConn( 6216): Connection interrupted., error: null
W/bt-btif (23530): bta_jv_rfc_port_to_cb(port_handle:0x1e):jv handle:0x0 not FOUND
E/wearable( 6216): Error getting connection reference for nodeId: b9611de2-3eef-433a-bcbe-7418f286614f. A thread may have leaked!
D/BluetoothManagerService( 745): checkIfCallerIsForegroundUser: valid=true callingUser=0 foregroundUser=0
I/ActivityManager( 745): Start proc com.google.android.music:main for service com.google.android.music/.wear.MusicWearableListenerService: pid=6516 uid=10060 gids={50060, 9997, 3003, 1028, 1015} abi=armeabi-v7a
W/ActivityThread( 5852): ClassLoader.getResources: The class loader returned by Thread.getContextClassLoader() may fail for processes that host multiple applications. You should explicitly specify a context class loader. For example: Thread.setContextClassLoader(getClass().getClassLoader());
E/WearablePkgInstaller( 6285): Error getting existing data item: Status{statusCode=INTERNAL_ERROR, resolution=null}
D/ZenLog ( 745): set_zen_mode: off,listener
I/FitnessApp( 6440): WearableSyncReceiver
I/DynRingVolController( 6285): reverting to original ringer.
I/ActivityManager( 745): Process com.google.android.gms.wearable (pid 6216) has died
I/FitnessApp( 6440): WearableSyncReceiver starting service
W/ActivityManager( 745): Scheduling restart of crashed service com.google.android.gms/.wearable.service.WearableService in 1000ms
W/ActivityManager( 745): Scheduling restart of crashed service com.google.android.gms/.wearable.node.bluetooth.BluetoothClientService in 11000ms
I/ActivityManager( 745): Start proc com.google.android.gms.wearable for service com.google.android.gms/.wearable.service.WearableService: pid=6537 uid=10008 gids={50008, 9997, 2001, 3003, 1007, 3006, 1028, 1015, 3002, 3001, 1005, 3007} abi=armeabi-v7a
W/CastMediaRouteProvider( 5852): addOrUpdateDevice: device: "Bedroom" (d15d9799f22e16497ac472aa54e505f5) applicationName: null
I/FitnessApp( 6440): Performing Wearable Account Sync true
D/GCM ( 5649): GcmService start Intent { act=com.google.android.gms.INITIALIZE flg=0x10 pkg=com.google.android.gms cmp=com.google.android.gms/.gcm.GcmService } com.google.android.gms.INITIALIZE
W/CastMediaRouteProvider( 5852): addOrUpdateDevice: device: "Living Room" (bf0c70d0b1107f94aa11ce38768ffbd2) applicationName: null
D/AuthorizationBluetoothService( 5649): Received GmsCore event: Intent { act=com.google.android.gms.INITIALIZE flg=0x10 pkg=com.google.android.gms cmp=com.google.android.gms/.auth.be.proximity.authorization.bt.AuthorizationBluetoothService$AutoStarter }.
D/c ( 5649): Getting all permits...
D/a ( 5649): Opening database...
D/a ( 5649): Opening database auth.proximity.permit_store...
D/a ( 5649): Closing database...
D/LocationInitializer( 5852): Restart initialization of location
I/Fitness ( 5852): GmsCore initialized. Initializing Fitness
I/MusicStore( 6516): Database version: 103
W/ResourcesManager( 6537): Asset path '/system/framework/com.android.media.remotedisplay.jar' does not exist or contains no resources.
W/ResourcesManager( 6537): Asset path '/system/framework/com.android.location.provider.jar' does not exist or contains no resources.
I/MultiDex( 6537): VM with version 2.1.0 has multidex support
I/MultiDex( 6537): install
I/MultiDex( 6537): VM has multidex support, MultiDex support library is disabled.
I/ActivityManager( 745): Start proc com.mailchimp.mailchimp for broadcast com.mailchimp.mailchimp/.util.Scheduler: pid=6569 uid=10096 gids={50096, 9997, 3003, 1028, 1015} abi=armeabi-v7a
D/WifiService( 745): Client connection lost with reason: 4
D/BluetoothManagerService( 745): Message: 20
D/BluetoothManagerService( 745): Added callback: android.bluetooth.IBluetoothManagerCallback$Stub$Proxy@1a600da3:true
W/GoogleApiIcingClientImpl( 4941): Connection to GmsCore unsuccessful. Error 13
I/ActivityManager( 745): Process com.android.providers.calendar (pid 6414) has died
W/ActivityManager( 745): Scheduling restart of crashed service com.android.providers.calendar/.EmptyService in 102710784ms
E/lowmemorykiller( 169): Error opening /proc/6440/oom_score_adj; errno=2
W/GmsClient( 6085): service died
I/ActivityManager( 745): Process com.google.android.apps.fitness (pid 6440) has died
W/ActivityManager( 745): Scheduling restart of crashed service com.google.android.apps.fitness/.wearable.WearableSyncService in 1000ms
I/ActivityManager( 745): Process com.google.android.gms (pid 5852) has died
W/ActivityManager( 745): Scheduling restart of crashed service com.google.android.gms/.cast.media.CastMediaRouteProviderService in 1000ms
W/ActivityManager( 745): Scheduling restart of crashed service com.google.android.gms/.icing.service.IndexService in 11000ms
W/ActivityManager( 745): Scheduling restart of crashed service com.google.android.gms/.icing.service.IndexWorkerService in 62031ms
W/ActivityManager( 745): Scheduling restart of crashed service com.google.android.gms/.analytics.service.AnalyticsService in 1141232ms
W/ActivityManager( 745): Scheduling restart of crashed service com.google.android.gms/.ads.identifier.service.AdvertisingIdService in 72031ms
I/ProviderInstaller( 6537): Insert disabled by gate 'gms:security:enable_conscrypt_in_gms_application'
W/ResourcesManager( 6516): Asset path '/system/framework/com.android.media.remotedisplay.jar' does not exist or contains no resources.
W/ResourcesManager( 6516): Asset path '/system/framework/com.android.location.provider.jar' does not exist or contains no resources.
I/ActivityManager( 745): Start proc com.android.providers.calendar for content provider com.android.providers.calendar/.CalendarProvider2: pid=6595 uid=10002 gids={50002, 9997, 3003, 1028, 1015} abi=armeabi-v7a
V/NotificationListeners( 745): notification listener connection lost: ComponentInfo{com.google.android.wearable.app/com.google.android.clockwork.stream.NotificationCollectorService}
V/JNIHelp ( 6516): Registering com/google/android/gms/org/conscrypt/NativeCrypto's 235 native methods...
I/ProviderInstaller( 6516): Installed default security provider GmsCore_OpenSSL
I/ActivityManager( 745): Process com.google.android.wearable.app (pid 6285) has died
W/ActivityManager( 745): Scheduling restart of crashed service com.google.android.wearable.app/com.google.android.clockwork.host.DispatchingWearableListenerService in 81786ms
W/ActivityManager( 745): Scheduling restart of crashed service com.google.android.wearable.app/com.google.android.clockwork.stream.NotificationCollectorService in 12637306880ms
W/ActivityManager( 745): Scheduling restart of crashed service com.google.android.wearable.app/com.google.android.clockwork.stream.NotificationCollectorMonitorService in 91786ms
W/ActivityManager( 745): Scheduling restart of crashed service com.google.android.wearable.app/com.google.android.clockwork.calendar.CalendarSyncService in 91786ms
W/ActivityManager( 745): Scheduling restart of crashed service com.google.android.wearable.app/com.google.android.clockwork.now.NowFetcherService in 91786ms
W/ActivityManager( 745): Scheduling restart of crashed service com.google.android.wearable.app/com.google.android.clockwork.calendar.CalendarQueryService in 91786ms
W/ActivityManager( 745): Scheduling restart of crashed service com.google.android.wearable.app/com.google.android.clockwork.companion.packagemanager.PackageUpdateService in 91786ms
I/ConfigStore( 6516): Config Database version: 1
D/BluetoothManagerService( 745): Message: 20
E/SQLiteLog( 6537): (284) automatic index on assetrefs(dataitems_id)
I/WearableConn( 6537): Connecting to "Moto 360 0360"
W/BluetoothAdapter( 6537): getBluetoothService() called with no BluetoothManagerCallback
D/BTIF_SOCK(23530): service_uuid: 5e8945b0-9525-11e3-a5e2-0800200c9a66
E/GmsClient( 4941): Calling connect() while still connected, missing disconnect().
W/WearableService( 6537): Client died while brokering wearable service
W/ResourcesManager( 6595): Asset path '/system/framework/android.test.runner.jar' does not exist or contains no resources.
I/ActivityManager( 745): Start proc com.google.android.gms for service com.google.android.gms/.icing.service.IndexService: pid=6643 uid=10008 gids={50008, 9997, 2001, 3003, 1007, 3006, 1028, 1015, 3002, 3001, 1005, 3007} abi=armeabi-v7a
I/art ( 5649): Explicit concurrent mark sweep GC freed 3237(135KB) AllocSpace objects, 0(0B) LOS objects, 40% free, 18MB/31MB, paused 922us total 59.008ms
I/ActivityManager( 745): Process org.leetzone.android.yatsewidgetfree (pid 6085) has died
D/GoogleServicesManager( 4941): setState: sync = true, wantedSyncState = true
D/GoogleServicesManager( 4941): Enabling sync
I/art ( 745): Explicit concurrent mark sweep GC freed 14546(1131KB) AllocSpace objects, 0(0B) LOS objects, 24% free, 49MB/65MB, paused 32.357ms total 307.138ms
D/BluetoothManagerService( 745): Added callback: android.bluetooth.IBluetoothManagerCallback$Stub$Proxy@1a1bb3a:true
W/ResourcesManager( 6643): Asset path '/system/framework/com.android.media.remotedisplay.jar' does not exist or contains no resources.
W/ResourcesManager( 6643): Asset path '/system/framework/com.android.location.provider.jar' does not exist or contains no resources.
D/DelegatedPKCS11Manager( 4941): initialize
I/MultiDex( 6643): VM with version 2.1.0 has multidex support
I/MultiDex( 6643): install
I/MultiDex( 6643): VM has multidex support, MultiDex support library is disabled.
I/WearableConn( 6537): Connecting to "Moto 360 0360"
W/BluetoothAdapter( 6537): getBluetoothService() called with no BluetoothManagerCallback
D/BTIF_SOCK(23530): service_uuid: 5e8945b0-9525-11e3-a5e2-0800200c9a66
D/ChromeSigninController( 4941): Already registered with GCM
I/CalendarProvider2( 6595): Created com.android.providers.calendar.CalendarAlarmManager@f038f81(com.android.providers.calendar.CalendarProvider2@39039826)
I/Choreographer( 4941): Skipped 30 frames! The application may be doing too much work on its main thread.
I/GoogleHttpClient( 6118): Falling back to old SSLCertificateSocketFactory
I/MinidumpUploadService( 4941): Attempting to upload accumulated crash dumps.
V/BackupManagerService( 745): Connected to transport ComponentInfo{com.google.android.gms/com.google.android.gms.backup.BackupTransportService}
V/BackupManagerService( 745): Registering transport com.google.android.gms/.backup.BackupTransportService::com.google.android.gms/.backup.BackupTransportService = com.android.internal.backup.IBackupTransport$Stub$Proxy@363c781c
I/MediaRouter( 6516): Found default route: MediaRouter.RouteInfo{ uniqueId=android/.support.v7.media.SystemMediaRouteProvider:DEFAULT_ROUTE, name=Phone, description=null, enabled=true, connecting=false, playbackType=0, playbackStream=3, volumeHandling=1, volume=11, volumeMax=15, presentationDisplayId=-1, extras=null, providerPackageName=android }
D/WearableClient( 6569): WearableClientImpl.onPostInitHandler: done
I/ActivityManager( 745): Process com.android.providers.calendar (pid 6595) has died
W/ActivityManager( 745): Scheduling restart of crashed service com.android.providers.calendar/.EmptyService in 410843136ms
E/lowmemorykiller( 169): Error writing /proc/6495/oom_score_adj; errno=22
I/ActivityManager( 745): Process com.google.android.keep (pid 6495) has died
E/SQLiteLog( 6241): (284) automatic index on timeline(owner_id)
E/SQLiteLog( 6241): (284) automatic index on prompts(p_id)
E/SQLiteLog( 6241): (284) automatic index on user_metadata(user_group_type)
I/ProviderInstaller( 6643): Insert disabled by gate 'gms:security:enable_conscrypt_in_gms_application'
I/ActivityManager( 745): Start proc com.google.android.partnersetup for content provider com.google.android.partnersetup/.RlzAppProvider: pid=6707 uid=10013 gids={50013, 9997, 3003} abi=armeabi-v7a
E/YouTube MDX( 6314): Bogus value in shared preferences for key MdxServerSelection value , returning default value.
D/Finsky ( 6465): [1] FinskyApp.onCreate: Initializing network with DFE https://android.clients.google.com/fdfe/
I/ActivityManager( 745): Start proc com.google.android.apps.fitness for broadcast com.google.android.apps.fitness/.wearable.WearableSyncReceiver: pid=6726 uid=10045 gids={50045, 9997, 3003, 1028, 1015, 3002, 3001} abi=armeabi-v7a
E/bt-btif (23530): SOCK_THREAD_FD_RD signaled when rfc is not connected, slot id:139, channel:-1
E/bt-btif (23530): SOCK_THREAD_FD_RD signaled when rfc is not connected, slot id:138, channel:-1
D/InvalidationService( 4941): Registration status for Oid: <1004, MANAGED_USER_SETTING>: REGISTERED
I/ActivityManager( 745): Process com.mailchimp.mailchimp (pid 6569) has died
W/ActivityManager( 745): Scheduling restart of crashed service com.mailchimp.mailchimp/.WearableService in 218324ms
I/ActivityManager( 745): Process com.twitter.android (pid 6241) has died
W/ActivityManager( 745): Scheduling restart of crashed service com.twitter.android/com.twitter.library.platform.TwitterDataSyncService in 1000ms
W/ActivityManager( 745): Scheduling restart of crashed service com.twitter.android/.client.WidgetService in 50631ms
W/ActivityManager( 745): Scheduling restart of crashed service com.twitter.android/com.twitter.library.scribe.ScribeService in 50631ms
I/ActivityManager( 745): Process com.google.android.gms.wearable (pid 6537) has died
W/ActivityManager( 745): Scheduling restart of crashed service com.google.android.gms/.wearable.node.bluetooth.BluetoothClientService in 1496ms
W/ActivityManager( 745): Scheduling restart of crashed service com.google.android.gms/.wearable.service.WearableService in 50599ms
D/InvalidationService( 4941): Registration status for Oid: <1004, AUTOFILL>: REGISTERED
I/FitnessApp( 6726): Validating ObjectGraph
D/InvalidationService( 4941): Registration status for Oid: <1004, AUTOFILL_PROFILE>: REGISTERED
D/Finsky ( 6465): [1] DailyHygiene.goMakeHygieneIfDirty: No need to run daily hygiene.
I/Fitness ( 6118): WearableSyncHostService.start
I/Icing ( 6643): Storage manager: low false usage 14.20MB avail 17.06GB capacity 22.76GB
I/ActivityManager( 745): Start proc com.google.android.gms.wearable for service com.google.android.gms/.wearable.service.WearableService: pid=6775 uid=10008 gids={50008, 9997, 2001, 3003, 1007, 3006, 1028, 1015, 3002, 3001, 1005, 3007} abi=armeabi-v7a
W/Icing ( 6643): Received bad json for section weights override -- ignoring.
W/Icing ( 6643): Received bad json for corpus scoring config -- ignoring.
W/Icing ( 6643): Received bad json for corpus context scoring override -- ignoring.
D/InvalidationService( 4941): Registration status for Oid: <1004, TYPED_URL>: REGISTERED
W/Settings( 6465): Setting download_manager_max_bytes_over_mobile has moved from android.provider.Settings.Secure to android.provider.Settings.Global.
I/FitnessApp( 6726): Initializing Google Cloud Messaging
I/FitnessApp( 6726): Initializers took 1 milliseconds
D/ChildProcessLauncher( 4941): Allocator allocated a connection, sandbox: true, slot: 1
D/InvalidationService( 4941): Registration status for Oid: <1004, NIGORI>: REGISTERED
W/Settings( 6465): Setting download_manager_recommended_max_bytes_over_mobile has moved from android.provider.Settings.Secure to android.provider.Settings.Global.
I/ActivityManager( 745): Start proc com.chrome.beta:sandboxed_process1 for service com.chrome.beta/org.chromium.content.app.SandboxedProcessService1: pid=6799 uid=99383 gids={} abi=armeabi-v7a
D/InvalidationService( 4941): Registration status for Oid: <1004, PASSWORD>: REGISTERED
D/InvalidationService( 4941): Registration status for Oid: <1004, HISTORY_DELETE_DIRECTIVE>: REGISTERED
D/ChildProcessLauncher( 4941): Setting up connection to process: slot=1
D/InvalidationService( 4941): Registration status for Oid: <1004, BOOKMARK>: REGISTERED
W/ResourcesManager( 6775): Asset path '/system/framework/com.android.media.remotedisplay.jar' does not exist or contains no resources.
W/ResourcesManager( 6775): Asset path '/system/framework/com.android.location.provider.jar' does not exist or contains no resources.
V/GmsNetworkLocationProvi( 6118): onSetRequest: ProviderRequestUnbundled, reportLocation is true and interval is 86400000
D/InvalidationService( 4941): Registration status for Oid: <1004, FAVICON_IMAGE>: REGISTERED I/Coffee - GoogleTrustAgent( 6118): GoogleTrustAgent created.
I/MultiDex( 6775): VM with version 2.1.0 has multidex support
I/MultiDex( 6775): install
I/MultiDex( 6775): VM has multidex support, MultiDex support library is disabled.
D/InvalidationService( 4941): Registration status for Oid: <1004, EXPERIMENTS>: REGISTERED
I/FitnessApp( 6726): WearableSyncReceiver
I/FitnessApp( 6726): WearableSyncReceiver starting service
W/GeofencerStateMachine( 6118): Received SM_HARDWARE_GEOFENCE_CHANGED_CMD in NotInitializedState
D/InvalidationService( 4941): Registration status for Oid: <1004, FAVICON_TRACKING>: REGISTERED
I/NetworkMonitor( 6516): type=WIFI subType= reason=null isConnected=true
D/InvalidationService( 4941): Registration status for Oid: <1004, DEVICE_INFO>: REGISTERED
D/InvalidationService( 4941): Registration status for Oid: <1004, SESSION>: REGISTERED
I/ProviderInstaller( 6775): Insert disabled by gate 'gms:security:enable_conscrypt_in_gms_application'
I/CastSocket( 6643): 21 >= 18. Adding new CastClientAuthKeyManager.
I/art ( 745): Explicit concurrent mark sweep GC freed 14679(703KB) AllocSpace objects, 1(81KB) LOS objects, 24% free, 49MB/65MB, paused 1.513ms total 138.415ms
D/WifiService( 745): New client listening to asynchronous messages
I/FitnessApp( 6726): Performing Wearable Account Sync true
I/ActivityManager( 745): Start proc com.google.android.wearable.app for broadcast com.google.android.wearable.app/com.google.android.clockwork.now.NowRetryReceiver: pid=6834 uid=10116 gids={50116, 9997, 3002, 3001, 3003} abi=armeabi-v7a
I/art ( 198): Explicit concurrent mark sweep GC freed 704(30KB) AllocSpace objects, 0(0B) LOS objects, 39% free, 15MB/25MB, paused 261us total 11.111ms
W/bt-sdp (23530): process_service_search_attr_rsp
I/art ( 198): Explicit concurrent mark sweep GC freed 7(240B) AllocSpace objects, 0(0B) LOS objects, 40% free, 15MB/25MB, paused 231us total 10.545ms
W/bt-btif (23530): invalid rfc slot id: 138
I/art ( 198): Explicit concurrent mark sweep GC freed 5(160B) AllocSpace objects, 0(0B) LOS objects, 40% free, 15MB/25MB, paused 235us total 10.575ms
E/copresGcore( 6118): Couldn't load settings: /data/data/com.google.android.gms/files/copresence_settings: open failed: ENOENT (No such file or directory) I/Coffee - TrustletManager( 6118): Starting trustlet Bluetooth
I/ChildProcessService( 6799): Creating new ChildProcessService pid=6799 I/Coffee - GoogleTrustAgent( 6118): Can provide trust state change: true
I/art ( 5649): Explicit concurrent mark sweep GC freed 5622(264KB) AllocSpace objects, 0(0B) LOS objects, 40% free, 18MB/31MB, paused 1.746ms total 56.442ms
D/ChildProcessLauncher( 4941): on connect callback, pid=6799 context=-1642146352
I/LibraryLoader( 6799): Loading: chromium_android_linker
I/LibraryLoader( 6799): Loading: chrome.2171.90
I/ActivityManager( 745): Process com.google.android.partnersetup (pid 6707) has died I/Coffee - BluetoothTrustlet( 6118): Enabling trust, connected to trusted device: Moto 360 0360 I/Coffee - GoogleTrustAgent( 6118): Trust state changed, trusted: true reason: Securely connected to Bluetooth device Moto 360 0360
D/BluetoothManagerService( 745): Message: 20
D/BluetoothManagerService( 745): Added callback: android.bluetooth.IBluetoothManagerCallback$Stub$Proxy@1f89032b:true
E/SQLiteLog( 6775): (284) automatic index on assetrefs(dataitems_id)
W/WearableService( 6775): Client died while brokering wearable service
I/ActivityManager( 745): Process com.google.android.apps.fitness (pid 6726) has died
W/ActivityManager( 745): Scheduling restart of crashed service com.google.android.apps.fitness/.wearable.WearableSyncService in 1000ms
D/Finsky ( 6465): [1] 2.run: Loaded library for account: [f-CBvLMxkpI6eI7pu28RAfWq8t4]
D/Finsky ( 6465): [1] 2.run: Loaded library for account: [2JTFLXZIcMNtP8ingLM9oEEDeiE]
D/Finsky ( 6465): [1] 2.run: Finished loading 2 libraries.
I/ActivityManager( 745): Process com.google.android.music:main (pid 6516) has died
W/ActivityManager( 745): Scheduling restart of crashed service com.google.android.music/.download.artwork.ArtDownloadService in 80111206400ms
W/ActivityManager( 745): Scheduling restart of crashed service com.google.android.music/.wear.MusicWearableListenerService in 1000ms
W/ActivityManager( 745): Scheduling restart of crashed service com.google.android.music/.wear.WearDataTransferConnectionService in 611840ms I/Coffee - TrustletManager( 6118): Starting trustlet NFC W/Coffee - Trustlet( 6118): Trustlet NFC attempted to change its canProvideTrust state to the current state (ignored). I/Coffee - TrustletManager( 6118): Starting trustlet Place I/Coffee - TrustletManager( 6118): Starting trustlet Face Unlock
I/WearableConn( 6775): Connecting to "Moto 360 0360" W/Coffee - Trustlet( 6118): Trustlet Face Unlock attempted to change its canProvideTrust state to the current state (ignored).
W/BluetoothAdapter( 6775): getBluetoothService() called with no BluetoothManagerCallback
D/BTIF_SOCK(23530): service_uuid: 5e8945b0-9525-11e3-a5e2-0800200c9a66
I/GCoreUlr( 6118): DispatchingService.onCreate()
I/LibraryLoader( 6799): Time to load native libraries: 340 ms (timestamps 1868-2208)
I/LibraryLoader( 6799): Expected native library version number "39.0.2171.90",actual native library version number "39.0.2171.90"
I/chromium( 6799): [INFO:library_loader_hooks.cc(104)] Chromium logging enabled: level = 0, default verbosity = 0
E/PackageNameComparator( 6834): Couldn't find package ranking in gservices.
I/MediaRemoteController( 6834): registering MediaRemoteController21
W/art ( 6799): Attempt to remove local handle scope entry from IRT, ignoring
W/art ( 6799): Attempt to remove local handle scope entry from IRT, ignoring
I/ActivityManager( 745): Process com.android.vending (pid 6465) has died
I/WearablePkgInstaller( 6834): Syncing all apps on first start.
I/art ( 6118): Explicit concurrent mark sweep GC freed 16543(1376KB) AllocSpace objects, 18(288KB) LOS objects, 40% free, 18MB/31MB, paused 1.913ms total 92.785ms
E/WifiStateMachine( 745): WifiStateMachine CMD_START_SCAN source -2 txSuccessRate=322.92 rxSuccessRate=480.28 targetRoamBSSID=00:00:00:00:00:00 RSSI=-61
D/GCM ( 5649): GcmService start Intent { act=com.google.android.gms.INITIALIZE flg=0x10 pkg=com.google.android.gms cmp=com.google.android.gms/.gcm.GcmService } com.google.android.gms.INITIALIZE
I/chromium( 6799): [INFO:child_process_service.cc(165)] ChildProcessService: Exiting child process.
W/libprocessgroup( 745): failed to open /acct/uid_10091/pid_6799/cgroup.procs: No such file or directory
I/ActivityManager( 745): Process com.chrome.beta:sandboxed_process1 (pid 6799) has died
W/ActivityManager( 745): Scheduling restart of crashed service com.chrome.beta/org.chromium.content.app.SandboxedProcessService1 in 49309ms
W/ChildProcessConnection( 4941): onServiceDisconnected (crash or killed by oom): pid=6799
D/ChildProcessLauncher( 4941): stopping child connection: pid=6799
D/ChildProcessLauncher( 4941): Allocator freed a connection, sandbox: true, slot: 1
D/LocationInitializer( 6643): Restart initialization of location
D/WearableClient( 6834): WearableClientImpl.onPostInitHandler: done
D/AuthorizationBluetoothService( 5649): Received GmsCore event: Intent { act=com.google.android.gms.INITIALIZE flg=0x10 pkg=com.google.android.gms cmp=com.google.android.gms/.auth.be.proximity.authorization.bt.AuthorizationBluetoothService$AutoStarter }.
D/c ( 5649): Getting all permits...
D/a ( 5649): Opening database...
D/a ( 5649): Opening database auth.proximity.permit_store...
D/a ( 5649): Closing database...
W/ActivityThread( 6643): ClassLoader.getResources: The class loader returned by Thread.getContextClassLoader() may fail for processes that host multiple applications. You should explicitly specify a context class loader. For example: Thread.setContextClassLoader(getClass().getClassLoader());
I/Fitness ( 6643): GmsCore initialized. Initializing Fitness
I/ActivityManager( 745): Start proc com.google.android.googlequicksearchbox:search for broadcast com.google.android.googlequicksearchbox/com.google.android.sidekick.main.calendar.CalendarIntentService$CalendarReceiver: pid=6939 uid=10022 gids={50022, 9997, 3003, 3001, 1028, 3002, 1015, 1005} abi=armeabi-v7a
W/NowFetcherService( 6834): Receives a Now broadcast while not connected to GSA
W/NowFetcherService( 6834): Receives a Now broadcast while not connected to GSA
