E/ad (11710): Multi-binding Key[type=com.facebook.gk.h, annotation=[none]] wasn't declared.
E/ad (11710): Multi-binding Key[type=com.facebook.gk.t, annotation=[none]] wasn't declared.
E/ad (11710): Multi-binding Key[type=com.facebook.auth.component.c, annotation=[none]] wasn't declared.
I/ActivityManager( 745): Process com.google.android.keep (pid 11587) has died
D/WifiService( 745): New client listening to asynchronous messages
I/ProviderInstaller(11792): Insert disabled by gate 'gms:security:enable_conscrypt_in_gms_application'
I/ConfigStore(11593): Config Database version: 1
W/ResourcesManager(11841): Asset path '/system/framework/android.test.runner.jar' does not exist or contains no resources.
D/GCM (11406): GcmService start Intent { act=com.google.android.gms.INITIALIZE flg=0x10 pkg=com.google.android.gms cmp=com.google.android.gms/.gcm.GcmService } com.google.android.gms.INITIALIZE
D/GeofencerStateMachine(11461): Creating GeofencerStateMachine
E/SQLiteLog(11792): (284) automatic index on assetrefs(dataitems_id)
V/NotificationListeners( 745): notification listener connection lost: ComponentInfo{com.google.android.wearable.app/com.google.android.clockwork.stream.NotificationCollectorService} W/msgr(:):bo(11710): Verify
I/ActivityManager( 745): Process com.tinder (pid 11648) has died
I/ProviderInstaller(11817): Insert disabled by gate 'gms:security:enable_conscrypt_in_gms_application'
W/ActivityManager( 745): Failure sending service ComponentInfo{com.google.android.gms/com.google.android.gms.wearable.service.WearableService} to connection android.os.BinderProxy@2cf45a3a (in com.google.android.wearable.app)
W/ActivityManager( 745): android.os.DeadObjectException
W/ActivityManager( 745): at android.os.BinderProxy.transactNative(Native Method)
W/ActivityManager( 745): at android.os.BinderProxy.transact(Binder.java:496)
W/ActivityManager( 745): at android.app.IServiceConnection$Stub$Proxy.connected(IServiceConnection.java:92)
W/ActivityManager( 745): at com.android.server.am.ActiveServices.publishServiceLocked(ActiveServices.java:866)
W/ActivityManager( 745): at com.android.server.am.ActivityManagerService.publishService(ActivityManagerService.java:14939)
W/ActivityManager( 745): at android.app.ActivityManagerNative.onTransact(ActivityManagerNative.java:971)
W/ActivityManager( 745): at com.android.server.am.ActivityManagerService.onTransact(ActivityManagerService.java:2407)
W/ActivityManager( 745): at android.os.Binder.execTransact(Binder.java:446)
I/ActivityManager( 745): Process com.google.android.wearable.app (pid 11566) has died
W/ActivityManager( 745): Scheduling restart of crashed service com.google.android.wearable.app/com.google.android.clockwork.host.DispatchingWearableListenerService in 80494ms
W/ActivityManager( 745): Scheduling restart of crashed service com.google.android.wearable.app/com.google.android.clockwork.stream.NotificationCollectorMonitorService in 90494ms
W/ActivityManager( 745): Scheduling restart of crashed service com.google.android.wearable.app/com.google.android.clockwork.stream.NotificationCollectorService in 1205088ms
W/ActivityManager( 745): Scheduling restart of crashed service com.google.android.wearable.app/com.google.android.clockwork.calendar.CalendarQueryService in 90493ms
W/ActivityManager( 745): Scheduling restart of crashed service com.google.android.wearable.app/com.google.android.clockwork.now.NowFetcherService in 90493ms
W/ActivityManager( 745): Scheduling restart of crashed service com.google.android.wearable.app/com.google.android.clockwork.calendar.CalendarSyncService in 90493ms
W/ActivityManager( 745): Scheduling restart of crashed service com.google.android.wearable.app/com.google.android.clockwork.companion.packagemanager.PackageUpdateService in 90493ms
I/CalendarProvider2(11841): Created com.android.providers.calendar.CalendarAlarmManager@f038f81(com.android.providers.calendar.CalendarProvider2@39039826)
D/BluetoothManagerService( 745): Message: 20
D/BluetoothManagerService( 745): Added callback: android.bluetooth.IBluetoothManagerCallback$Stub$Proxy@10e8801b:true
W/GAV2 (11536): Thread[main,5,main]: Need to call initialize() and be in fallback mode to start dispatch.
I/WearableConn(11792): Connecting to "Moto 360 0360"
W/BluetoothAdapter(11792): getBluetoothService() called with no BluetoothManagerCallback
D/BTIF_SOCK(23530): service_uuid: 5e8945b0-9525-11e3-a5e2-0800200c9a66
W/bt-sdp (23530): process_service_search_attr_rsp
D/WearableClient(11690): WearableClientImpl.onPostInitHandler: done
I/Icing (11817): Storage manager: low false usage 14.21MB avail 17.06GB capacity 22.76GB
I/ContactLocale(11827): AddressBook Labels [en-US;cs-CZ]: [, A, B, C, D, E, F, G, H, I, J, K, L, M, N, O, P, Q, R, S, T, U, V, W, X, Y, Z, Α, Β, Γ, Δ, Ε, Ζ, Η, Θ, Ι, Κ, Λ, Μ, Ν, Ξ, Ο, Π, Ρ, Σ, Τ, Υ, Φ, Χ, Ψ, Ω, , А, Б, В, Г, Д, Ђ, Е, Є, Ж, З, И, І, Ї, Й, Ј, К, Л, Љ, М, Н, Њ, О, П, Р, С, Т, Ћ, У, Ф, Х, Ц, Ч, Џ, Ш, Щ, Ю, Я, , א, ב, ג, ד, ה, ו, ז, ח, ט, י, כ, ל, מ, נ, ס, ע, פ, צ, ק, ר, ש, ת, , ا, ب, ت, ث, ج, ح, خ, د, ذ, ر, ز, س, ش, ص, ض, ط, ظ, ع, غ, ف, ق, ك, ل, م, ن, ه, و, ي, , ก, ข, ฃ, ค, ฅ, ฆ, ง, จ, ฉ, ช, ซ, ฌ, ญ, ฎ, ฏ, ฐ, ฑ, ฒ, ณ, ด, ต, ถ, ท, ธ, น, บ, ป, ผ, ฝ, พ, ฟ, ภ, ม, ย, ร, ฤ, ล, ฦ, ว, ศ, ษ, ส, ห, ฬ, อ, ฮ, , ㄱ, ㄴ, ㄷ, ㄹ, ㅁ, ㅂ, ㅅ, ㅇ, ㅈ, ㅊ, ㅋ, ㅌ, ㅍ, ㅎ, , あ, か, さ, た, な, は, ま, や, ら, わ, #, ]
I/ActivityManager( 745): Process com.google.android.partnersetup (pid 11626) has died
D/AuthorizationBluetoothService(11406): Received GmsCore event: Intent { act=com.google.android.gms.INITIALIZE flg=0x10 pkg=com.google.android.gms cmp=com.google.android.gms/.auth.be.proximity.authorization.bt.AuthorizationBluetoothService$AutoStarter }.
D/c (11406): Getting all permits...
D/a (11406): Opening database...
D/a (11406): Opening database auth.proximity.permit_store...
D/a (11406): Closing database...
D/Finsky (11884): [1] FinskyApp.onCreate: Initializing network with DFE https://android.clients.google.com/fdfe/
W/Icing (11817): Received bad json for section weights override -- ignoring.
W/Icing (11817): Received bad json for corpus scoring config -- ignoring.
W/Icing (11817): Received bad json for corpus context scoring override -- ignoring.
I/ActivityManager( 745): Process org.leetzone.android.yatsewidgetfree (pid 11690) has died
D/LocationInitializer(11817): Restart initialization of location
W/bt-btif (23530): new conn_srvc id:26, app_id:1
I/WearableConn(11792): Connected, running sync loop
E/lowmemorykiller( 169): Error writing /proc/11841/oom_score_adj; errno=22
E/lowmemorykiller( 169): Error writing /proc/11841/oom_score_adj; errno=22
D/WearableService(11792): putData: exception during processing: PutDataRequest[dataSz=19, numAssets=0, uri=wear:/host]
D/WearableService(11792): android.os.DeadObjectException
D/WearableService(11792): at android.os.BinderProxy.transactNative(Native Method)
D/WearableService(11792): at android.os.BinderProxy.transact(Binder.java:496)
D/WearableService(11792): at com.google.android.gms.wearable.internal.ad.a(SourceFile:299)
D/WearableService(11792): at com.google.android.gms.wearable.service.ab.a(SourceFile:425)
D/WearableService(11792): at com.google.android.gms.wearable.service.g.run(SourceFile:117)
D/WearableService(11792): at java.util.concurrent.Executors$RunnableAdapter.call(Executors.java:422)
D/WearableService(11792): at java.util.concurrent.FutureTask.run(FutureTask.java:237)
D/WearableService(11792): at java.util.concurrent.ThreadPoolExecutor.runWorker(ThreadPoolExecutor.java:1112)
D/WearableService(11792): at java.util.concurrent.ThreadPoolExecutor$Worker.run(ThreadPoolExecutor.java:587)
D/WearableService(11792): at java.lang.Thread.run(Thread.java:818)
I/Fitness (11817): GmsCore initialized. Initializing Fitness
I/MediaRouter(11593): Found default route: MediaRouter.RouteInfo{ uniqueId=android/.support.v7.media.SystemMediaRouteProvider:DEFAULT_ROUTE, name=Phone, description=null, enabled=true, connecting=false, playbackType=0, playbackStream=3, volumeHandling=1, volume=11, volumeMax=15, presentationDisplayId=-1, extras=null, providerPackageName=android }
D/GCM (11406): GcmService start Intent { act=com.google.android.gms.INITIALIZE flg=0x10 pkg=com.google.android.gms cmp=com.google.android.gms/.gcm.GcmService } com.google.android.gms.INITIALIZE
D/AuthorizationBluetoothService(11406): Received GmsCore event: Intent { act=com.google.android.gms.INITIALIZE flg=0x10 pkg=com.google.android.gms cmp=com.google.android.gms/.auth.be.proximity.authorization.bt.AuthorizationBluetoothService$AutoStarter }.
D/LocationInitializer(11817): Restart initialization of location
D/c (11406): Getting all permits...
D/a (11406): Opening database...
D/a (11406): Opening database auth.proximity.permit_store...
D/Finsky (11884): [1] DailyHygiene.goMakeHygieneIfDirty: No need to run daily hygiene.
D/a (11406): Closing database...
D/wearable(11792): Peer handshake connect succeeded, peer version: 1
W/Settings(11884): Setting download_manager_max_bytes_over_mobile has moved from android.provider.Settings.Secure to android.provider.Settings.Global.
W/Settings(11884): Setting download_manager_recommended_max_bytes_over_mobile has moved from android.provider.Settings.Secure to android.provider.Settings.Global.
I/ActivityManager( 745): Process com.android.providers.calendar (pid 11841) has died
W/ActivityManager( 745): Scheduling restart of crashed service com.android.providers.calendar/.EmptyService in 714732ms
I/ActivityManager( 745): Start proc com.google.android.wearable.app for service com.google.android.wearable.app/com.google.android.clockwork.host.DispatchingWearableListenerService: pid=11979 uid=10116 gids={50116, 9997, 3002, 3001, 3003} abi=armeabi-v7a
I/dex2oat (11972): /system/bin/dex2oat --runtime-arg -classpath --runtime-arg --instruction-set=arm --instruction-set-features=div --runtime-arg -Xrelocate --boot-image=/system/framework/boot.art --dex-file=/data/data/com.google.android.gms/cache/ads483502373.jar --oat-fd=48 --oat-location=/data/data/com.google.android.gms/cache/ads483502373.dex --runtime-arg -Xms64m --runtime-arg -Xmx512m
I/ActivityThread(11536): Removing dead content provider:android.content.ContentProviderProxy@15601607
I/ActivityThread(11536): Removing dead content provider:android.content.ContentProviderProxy@15601607
I/ActivityManager( 745): Start proc com.google.android.keep for service com.google.android.keep/.microapp.WearableService: pid=11996 uid=10071 gids={50071, 9997, 3003, 1028, 1015} abi=armeabi-v7a
I/art (11406): Explicit concurrent mark sweep GC freed 9369(464KB) AllocSpace objects, 0(0B) LOS objects, 40% free, 17MB/29MB, paused 1.355ms total 47.548ms
W/SQLiteConnectionPool(11406): A SQLiteConnection object for database '/data/data/com.google.android.gsf/databases/gservices.db' was leaked! Please fix your application to end transactions in progress properly and to close the database when it is no longer needed.
W/WearableConn(11792): Connection interrupted., error: null
I/dex2oat (11972): dex2oat took 133.394ms (threads: 4)
D/WearableBluetooth(11792): onSocketReady returned, closing socket
I/WearableConn(11792): Android Wear BluetoothThread finished
E/wearable(11792): Error getting connection reference for nodeId: b9611de2-3eef-433a-bcbe-7418f286614f. A thread may have leaked!
W/bt-btif (23530): bta_jv_rfc_port_to_cb(port_handle:0xc):jv handle:0x0 not FOUND
I/ActivityManager( 745): Process com.facebook.orca (pid 11710) has died
W/ActivityManager( 745): Scheduling restart of crashed service com.facebook.orca/com.facebook.wearlistener.DataLayerListenerService in 79824ms
I/ActivityManager( 745): Process android.process.acore (pid 11827) has died
I/ActivityManager( 745): Start proc android.process.acore for content provider com.android.providers.contacts/.ContactsProvider2: pid=12027 uid=10004 gids={50004, 9997} abi=armeabi-v7a
I/Fitness (11817): GmsCore initialized. Initializing Fitness
I/ActivityManager( 745): Start proc com.tinder for service com.tinder/.services.WearClientService: pid=12040 uid=10126 gids={50126, 9997, 3003, 1028, 1015, 3002} abi=armeabi-v7a
I/ActivityManager( 745): Start proc com.google.android.maps.mytracks for service com.google.android.maps.mytracks/com.google.android.apps.mytracks.wear.MobileListenerService: pid=12061 uid=10117 gids={50117, 9997, 3002, 3001, 3003, 1028, 1015} abi=armeabi-v7a
I/art ( 198): Explicit concurrent mark sweep GC freed 703(30KB) AllocSpace objects, 0(0B) LOS objects, 40% free, 15MB/25MB, paused 209us total 8.574ms
I/art ( 198): Explicit concurrent mark sweep GC freed 5(160B) AllocSpace objects, 0(0B) LOS objects, 40% free, 15MB/25MB, paused 171us total 8.017ms
I/art ( 198): Explicit concurrent mark sweep GC freed 5(160B) AllocSpace objects, 0(0B) LOS objects, 40% free, 15MB/25MB, paused 170us total 7.906ms
I/Places (11461): ay.:165: Creating ReverseGeocodingPlaceInferenceModule
I/Places (11461): ay.:165: Creating WifiDecisionTreePlaceInferenceModule
I/art ( 745): Explicit concurrent mark sweep GC freed 12491(644KB) AllocSpace objects, 0(0B) LOS objects, 24% free, 49MB/65MB, paused 1.361ms total 155.671ms
I/ActivityManager( 745): Start proc org.leetzone.android.yatsewidgetfree for service org.leetzone.android.yatsewidgetfree/org.leetzone.android.yatsewidget.service.WearableService: pid=12084 uid=10129 gids={50129, 9997, 3003, 1028, 1015} abi=armeabi-v7a
I/ActivityManager( 745): Start proc com.facebook.orca for service com.facebook.orca/com.facebook.wearlistener.DataLayerListenerService: pid=12101 uid=10136 gids={50136, 9997, 3003, 1028, 1015} abi=armeabi-v7a
I/Crashlytics(12040): Initializing Crashlytics 1.1.13.29
I/ActivityManager( 745): Process android.process.acore (pid 12027) has died
I/ActivityManager( 745): Start proc android.process.acore for restart android.process.acore: pid=12127 uid=10004 gids={50004, 9997} abi=armeabi-v7a
I/ActivityManager( 745): Start proc com.google.android.apps.fitness for service com.google.android.apps.fitness/.wearable.WearableWatcher: pid=12133 uid=10045 gids={50045, 9997, 3003, 1028, 1015, 3002, 3001} abi=armeabi-v7a
W/ArtDownloadService(11593): Setting cache size 276433822
D/WifiService( 745): Client connection lost with reason: 4
I/NetworkMonitor(11593): type=WIFI subType= reason=null isConnected=true
I/ActivityManager( 745): Process com.google.android.googlequicksearchbox:search (pid 11536) has died
W/ActivityManager( 745): Scheduling restart of crashed service com.google.android.googlequicksearchbox/com.google.android.search.core.service.SearchService in 245648ms
W/ActivityManager( 745): Canceling start item Intent { act=com.google.android.search.core.service.BroadcastListenerService.action.UPDATE cmp=com.google.android.googlequicksearchbox/com.google.android.search.core.service.BroadcastListenerService (has extras) } in service ComponentInfo{com.google.android.googlequicksearchbox/com.google.android.search.core.service.BroadcastListenerService}
W/ActivityManager( 745): Scheduling restart of crashed service com.google.android.googlequicksearchbox/com.google.android.search.core.service.BroadcastListenerService in 2608540759363682304ms
I/ActivityManager( 745): Process com.google.android.gms (pid 11817) has died
W/ActivityManager( 745): Scheduling restart of crashed service com.google.android.gms/.ads.identifier.service.AdvertisingIdService in 79054ms
I/chromium(10777): [INFO:CONSOLE(38)] "V3 version: 340a020388f0d1395702980e539249b9bca96421", source: http://player.ooyala.com/v3/dcc84e41db014454b08662a766057e2b?namespace=OO&platform=html5-fallback&tweaks=android-enable-hls& (38)
W/ActivityManager( 745): Scheduling restart of crashed service com.google.android.gms/.icing.service.IndexService in 89054ms
W/ActivityManager( 745): Scheduling restart of crashed service com.google.android.gms/.icing.service.IndexWorkerService in 329256ms
I/chromium(10777): [INFO:CONSOLE(38)] "V3 version source: default", source: http://player.ooyala.com/v3/dcc84e41db014454b08662a766057e2b?namespace=OO&platform=html5-fallback&tweaks=android-enable-hls& (38)
I/Crashlytics(12084): Initializing Crashlytics 1.1.13.29
I/ActivityManager( 745): Start proc com.mailchimp.mailchimp for service com.mailchimp.mailchimp/.WearableService: pid=12171 uid=10096 gids={50096, 9997, 3003, 1028, 1015} abi=armeabi-v7a
I/WearableConn(11792): Connecting to "Moto 360 0360"
W/BluetoothAdapter(11792): getBluetoothService() called with no BluetoothManagerCallback
W/ResourcesManager(12101): Asset path '/system/framework/com.google.android.maps.jar' does not exist or contains no resources.
I/ActivityManager( 745): Start proc com.motorola.targetnotif for service com.motorola.targetnotif/com.motorola.motoproxy.MotoProxyService: pid=12191 uid=10128 gids={50128, 9997, 3002, 3001, 3003, 1028, 1015} abi=armeabi-v7a
D/Finsky (11884): [1] 2.run: Loaded library for account: [f-CBvLMxkpI6eI7pu28RAfWq8t4]
D/Finsky (11884): [1] 2.run: Loaded library for account: [2JTFLXZIcMNtP8ingLM9oEEDeiE]
D/Finsky (11884): [1] 2.run: Finished loading 2 libraries.
D/BTIF_SOCK(23530): service_uuid: 5e8945b0-9525-11e3-a5e2-0800200c9a66
I/AdvertisingIdClient(11884): GMS remote exception
I/AdvertisingIdClient(11884): android.os.DeadObjectException
I/AdvertisingIdClient(11884): at android.os.BinderProxy.transactNative(Native Method)
I/AdvertisingIdClient(11884): at android.os.BinderProxy.transact(Binder.java:496)
I/AdvertisingIdClient(11884): at com.google.android.gms.internal.x$a$a.getId(Unknown Source)
I/AdvertisingIdClient(11884): at com.google.android.gms.ads.identifier.AdvertisingIdClient.W(Unknown Source)
I/AdvertisingIdClient(11884): at com.google.android.gms.ads.identifier.AdvertisingIdClient.getAdvertisingIdInfo(Unknown Source)
I/AdvertisingIdClient(11884): at com.google.android.gms.ads.identifier.ElegantAdvertisingIdHelper$1.doInBackground(ElegantAdvertisingIdHelper.java:36)
I/AdvertisingIdClient(11884): at com.google.android.gms.ads.identifier.ElegantAdvertisingIdHelper$1.doInBackground(ElegantAdvertisingIdHelper.java:32)
I/AdvertisingIdClient(11884): at android.os.AsyncTask$2.call(AsyncTask.java:288)
I/AdvertisingIdClient(11884): at java.util.concurrent.FutureTask.run(FutureTask.java:237)
I/AdvertisingIdClient(11884): at android.os.AsyncTask$SerialExecutor$1.run(AsyncTask.java:231)
I/AdvertisingIdClient(11884): at java.util.concurrent.ThreadPoolExecutor.runWorker(ThreadPoolExecutor.java:1112)
I/AdvertisingIdClient(11884): at java.util.concurrent.ThreadPoolExecutor$Worker.run(ThreadPoolExecutor.java:587)
I/AdvertisingIdClient(11884): at java.lang.Thread.run(Thread.java:818)
W/bt-sdp (23530): process_service_search_attr_rsp
I/ActivityManager( 745): Process android.process.acore (pid 12127) has died
D/ACRA (12101): ACRA is enabled for com.facebook.orca, intializing...
I/ActivityManager( 745): Start proc android.process.acore for restart android.process.acore: pid=12211 uid=10004 gids={50004, 9997} abi=armeabi-v7a
D/Finsky (11884): [54923] 1.doInBackground: Wasn't able to fetch the adId: IOException
D/ACRA (12101): Looking for error files in /data/data/com.facebook.orca/app_acra-reports
D/ACRA (12101): Looking for error files in /data/data/com.facebook.orca/app_minidumps
I/FitnessApp(12133): Validating ObjectGraph
I/Choreographer( 1323): Skipped 51 frames! The application may be doing too much work on its main thread.
D/SoLoader(12101): found fb_stl_shared in default place
D/SoLoader(12101): found fb_breakpad_client in default place
I/DexLibLoader(12101): not using cross-dex optimization: ART in use
D/SoLoader(12101): found distract in default place
I/ActivityManager( 745): Start proc com.google.android.apps.maps for service com.google.android.apps.maps/com.google.android.apps.gmm.navigation.base.WearableService: pid=12233 uid=10058 gids={50058, 9997, 3003, 1028, 1015} abi=armeabi-v7a
D/SoLoader(12101): found fb_dalvik-internals in default place
I/dalvik-internals(12101): dlopen(libdvm) failed: no Dalvik modifications possible
V/DexLibLoader(12101): about to lock odex store
V/DexLibLoader(12101): locking odex store took 0 ms
V/DexLibLoader(12101): Secondary program dex metadata: secondary-1.dex.jar 0058e50a60a24aba67657a5c793570adcff61cca secondary.dex01.Canary
V/DexLibLoader(12101): Secondary program dex metadata: secondary-2.dex.jar 73963e3d7efd743d6f63fb04268870d728016952 secondary.dex02.Canary
V/DexLibLoader(12101): directory "/data/data/com.facebook.orca/app_secondary_program_dex" contains "program-0058e50a60a24aba67657a5c793570adcff61cca2c0cbebd.dex.jar" as expected
V/DexLibLoader(12101): directory "/data/data/com.facebook.orca/app_secondary_program_dex" contains "program-73963e3d7efd743d6f63fb04268870d7280169522c0cbebd.dex.jar" as expected
D/DexLibLoader(12101): directory "/data/data/com.facebook.orca/app_secondary_program_dex" is valid
V/DexLibLoader(12101): directory "/data/data/com.facebook.orca/app_secondary_program_dex_opt" contains "program-0058e50a60a24aba67657a5c793570adcff61cca2c0cbebd.dex.dex" as expected
V/DexLibLoader(12101): directory "/data/data/com.facebook.orca/app_secondary_program_dex_opt" contains "program-73963e3d7efd743d6f63fb04268870d7280169522c0cbebd.dex.dex" as expected
D/DexLibLoader(12101): directory "/data/data/com.facebook.orca/app_secondary_program_dex_opt" is valid
D/DexLibLoader(12101): loading pre-built fallback odex files
D/DexLibLoader(12101): released odex store lock
D/DexLibLoader(12101): DexLibLoader.loadAll took 69 ms
I/ActivityManager( 745): Process com.google.android.maps.mytracks (pid 12061) has died
W/ActivityManager( 745): Scheduling restart of crashed service com.google.android.maps.mytracks/com.google.android.apps.mytracks.wear.MobileListenerService in 18647ms
I/ActivityManager( 745): Start proc com.google.android.maps.mytracks for service com.google.android.maps.mytracks/com.google.android.apps.mytracks.wear.MobileListenerService: pid=12257 uid=10117 gids={50117, 9997, 3002, 3001, 3003, 1028, 1015} abi=armeabi-v7a
I/FitnessApp(12133): Initializing Google Cloud Messaging
I/FitnessApp(12133): Initializers took 1 milliseconds
I/ActivityManager( 745): Process android.process.acore (pid 12211) has died
I/CWCheckin(12191): EventInsertThread started
I/ActivityManager( 745): Start proc android.process.acore for restart android.process.acore: pid=12281 uid=10004 gids={50004, 9997} abi=armeabi-v7a
I/ActivityManager( 745): Start proc android.process.media for content provider com.android.providers.downloads/.DownloadProvider: pid=12302 uid=10006 gids={50006, 9997, 2001, 3003, 1028, 1015, 3007, 1023, 1024} abi=armeabi-v7a
I/art ( 198): Explicit concurrent mark sweep GC freed 703(30KB) AllocSpace objects, 0(0B) LOS objects, 40% free, 15MB/25MB, paused 2.522ms total 13.341ms
W/InputDispatcher( 745): channel '3cff5ced com.chrome.beta/com.google.android.apps.chrome.document.DocumentActivity (server)' ~ Consumer closed input channel or an error occurred. events=0x9
E/InputDispatcher( 745): channel '3cff5ced com.chrome.beta/com.google.android.apps.chrome.document.DocumentActivity (server)' ~ Channel is unrecoverably broken and will be disposed!
I/art ( 198): Explicit concurrent mark sweep GC freed 5(160B) AllocSpace objects, 0(0B) LOS objects, 40% free, 15MB/25MB, paused 169us total 7.693ms
I/art ( 198): Explicit concurrent mark sweep GC freed 5(160B) AllocSpace objects, 0(0B) LOS objects, 40% free, 15MB/25MB, paused 170us total 7.726ms
I/WindowState( 745): WIN DEATH: Window{3cff5ced u0 com.chrome.beta/com.google.android.apps.chrome.document.DocumentActivity}
W/InputDispatcher( 745): Attempted to unregister already unregistered input channel '3cff5ced com.chrome.beta/com.google.android.apps.chrome.document.DocumentActivity (server)'
W/WindowManager( 745): Force-removing child win Window{37430af3 u0 SurfaceView} from container Window{3cff5ced u0 com.chrome.beta/com.google.android.apps.chrome.document.DocumentActivity}
W/WindowManager( 745): Failed looking up window
W/WindowManager( 745): java.lang.IllegalArgumentException: Requested window android.os.BinderProxy@1601dae9 does not exist
W/WindowManager( 745): at com.android.server.wm.WindowManagerService.windowForClientLocked(WindowManagerService.java:8412)
W/WindowManager( 745): at com.android.server.wm.WindowManagerService.windowForClientLocked(WindowManagerService.java:8403)
W/WindowManager( 745): at com.android.server.wm.WindowState$DeathRecipient.binderDied(WindowState.java:1113)
W/WindowManager( 745): at android.os.BinderProxy.sendDeathNotice(Binder.java:551)
I/WindowState( 745): WIN DEATH: null
D/BluetoothManagerService( 745): Message: 20
D/BluetoothManagerService( 745): Added callback: android.bluetooth.IBluetoothManagerCallback$Stub$Proxy@26b7c229:true
I/ActivityManager( 745): Process com.chrome.beta (pid 10777) has died
W/ActivityManager( 745): Exception when unbinding service com.chrome.beta/org.chromium.content.app.SandboxedProcessService0
W/ActivityManager( 745): android.os.DeadObjectException
W/ActivityManager( 745): at android.os.BinderProxy.transactNative(Native Method)
W/ActivityManager( 745): at android.os.BinderProxy.transact(Binder.java:496)
W/ActivityManager( 745): at android.app.ApplicationThreadProxy.scheduleUnbindService(ApplicationThreadNative.java:917)
W/ActivityManager( 745): at com.android.server.am.ActiveServices.removeConnectionLocked(ActiveServices.java:1772)
W/ActivityManager( 745): at com.android.server.am.ActiveServices.killServicesLocked(ActiveServices.java:2156)
W/ActivityManager( 745): at com.android.server.am.ActivityManagerService.cleanUpApplicationRecordLocked(ActivityManagerService.java:14494)
W/ActivityManager( 745): at com.android.server.am.ActivityManagerService.handleAppDiedLocked(ActivityManagerService.java:4728)
W/ActivityManager( 745): at com.android.server.am.ActivityManagerService.appDiedLocked(ActivityManagerService.java:4891)
W/ActivityManager( 745): at com.android.server.am.ActivityManagerService$AppDeathRecipient.binderDied(ActivityManagerService.java:1164)
W/ActivityManager( 745): at android.os.BinderProxy.sendDeathNotice(Binder.java:551)
E/lowmemorykiller( 169): Error opening /proc/11076/oom_score_adj; errno=2
W/ActivityManager( 745): Force removing ActivityRecord{e5c6e40 u0 com.chrome.beta/com.google.android.apps.chrome.document.DocumentActivity t380}: app died, no saved state
I/ActivityManager( 745): Start proc com.google.android.googlequicksearchbox for activity com.google.android.googlequicksearchbox/com.google.android.launcher.GEL: pid=12321 uid=10022 gids={50022, 9997, 3003, 3001, 1028, 3002, 1015, 1005} abi=armeabi-v7a
I/ActivityManager( 745): Killing 11076:com.chrome.beta:sandboxed_process0/u0a91i385 (adj 9): isolated not needed
W/libprocessgroup( 745): failed to open /acct/uid_10091/pid_11076/cgroup.procs: No such file or directory
W/libprocessgroup( 745): failed to open /acct/uid_10091/pid_11076/cgroup.procs: No such file or directory
E/ad (12101): Multi-binding Key[type=com.facebook.auth.h.a, annotation=[none]] wasn't declared.
E/ad (12101): Multi-binding Key[type=com.facebook.gk.h, annotation=[none]] wasn't declared.
E/ad (12101): Multi-binding Key[type=com.facebook.gk.t, annotation=[none]] wasn't declared.
E/ad (12101): Multi-binding Key[type=com.facebook.auth.component.c, annotation=[none]] wasn't declared.
D/WearableClient(11593): WearableClientImpl.onPostInitHandler: done
E/bt-btif (23530): DISCOVERY_COMP_EVT slot id:151, failed to find channle, status:1, scn:0
W/WearableConn(11792): Error writing to device, error: read failed, socket might closed or timeout, read ret: -1
W/bt-btif (23530): invalid rfc slot id: 151
D/Finsky (11884): [1] 1.onPostExecute: AdId result returned null.
D/WearableBluetooth(11792): onSocketReady returned, closing socket
I/WearableConn(11792): Waiting 1.0 seconds to retry connection
D/WearableClient(11593): WearableClientImpl.onPostInitHandler: done
D/WearableClient(12171): WearableClientImpl.onPostInitHandler: done
D/WearableClient(11593): WearableClientImpl.onPostInitHandler: done
I/Choreographer( 1323): Skipped 37 frames! The application may be doing too much work on its main thread.
D/WearableClient(11593): WearableClientImpl.onPostInitHandler: done
E/PackageNameComparator(11979): Couldn't find package ranking in gservices. W/msgr(:):bo(12101): Verify
I/art ( 745): Explicit concurrent mark sweep GC freed 14982(782KB) AllocSpace objects, 5(405KB) LOS objects, 24% free, 49MB/65MB, paused 2.680ms total 143.133ms
E/GCoreFlp(11461): Bound FusedProviderService with LocationManager
D/WearableClient(11593): WearableClientImpl.onPostInitHandler: done
E/copresGcore(11461): Couldn't load settings: /data/data/com.google.android.gms/files/copresence_settings: open failed: ENOENT (No such file or directory)
I/art (11461): Explicit concurrent mark sweep GC freed 19849(1524KB) AllocSpace objects, 18(288KB) LOS objects, 40% free, 18MB/31MB, paused 19.850ms total 135.773ms
I/MediaRemoteController(11979): registering MediaRemoteController21
I/WearablePkgInstaller(11979): Syncing all apps on first start.
D/ClockworkProxy(11979): onPeerConnected node=NodeParcelable{b9611de2-3eef-433a-bcbe-7418f286614f,b9611de2-3eef-433a-bcbe-7418f286614f}
D/ClockworkProxy(11979): onPeerDisconnected node=NodeParcelable{b9611de2-3eef-433a-bcbe-7418f286614f,b9611de2-3eef-433a-bcbe-7418f286614f}
V/GmsNetworkLocationProvi(11461): ENABLE
V/GmsNetworkLocationProvi(11461): SET-REQUEST
V/GmsNetworkLocationProvi(11461): in Handler: ProviderRequestUnbundled, reportLocation is true and interval is 86400000
E/CWCheckin(12191): PrivacyHelper() cannot find MotorolaSettings!
I/ActivityManager( 745): Start proc com.chrome.beta for broadcast com.chrome.beta/com.google.ipc.invalidation.ticl.android2.AndroidInternalScheduler$AlarmReceiver: pid=12384 uid=10091 gids={50091, 9997, 3003, 1028, 1015} abi=armeabi-v7a
D/Checkin (12191): publish the event [tag = MOT_CHECKIN event name = LOG]
D/CWCheckin(12191): Motorola help_improve privacy is -1
D/WearableClient(11979): WearableClientImpl.onPostInitHandler: done
E/SQLiteLog(12302): (283) recovered 88 frames from WAL file /data/data/com.android.providers.media/databases/external.db-wal
I/ActivityManager( 745): Start proc com.google.android.googlequicksearchbox:search for service com.google.android.googlequicksearchbox/com.google.android.sidekick.main.remoteservice.GoogleNowRemoteService: pid=12410 uid=10022 gids={50022, 9997, 3003, 3001, 1028, 3002, 1015, 1005} abi=armeabi-v7a
W/NowFetcherService(11979): Receives a Now broadcast while not connected to GSA
W/NowFetcherService(11979): Receives a Now broadcast while not connected to GSA
I/ActivityManager( 745): Start proc com.android.providers.calendar for content provider com.android.providers.calendar/.CalendarProvider2: pid=12433 uid=10002 gids={50002, 9997, 3003, 1028, 1015} abi=armeabi-v7a
D/CWCheckin(12191): Generic privacy config is true
I/BSUtils (12191): device type: NONMOTO
D/BluetoothManagerService( 745): Message: 20
D/BluetoothManagerService( 745): Added callback: android.bluetooth.IBluetoothManagerCallback$Stub$Proxy@38dd5ea3:true
W/ResourcesManager(12433): Asset path '/system/framework/android.test.runner.jar' does not exist or contains no resources. D/MixpanelAPI - App Links (OPTIONAL)(12040): Context is not an instance of Activity. To detect inbound App Links, pass an instance of an Activity to getInstance.
V/GeofencerHelper(11461): Initializing geofence's system cache.
E/ActivityThread(12191): Failed to find provider info for com.motorola.ccc.plm.misc
D/LocationWearablesListenerService(11461): onPeerConnected
I/CWCheckin(12191): service created
D/Checkin (12191): publish the event [tag = MOT_CHECKIN event name = LOG]
D/CWCheckin(12191): Motorola help_improve privacy is -1
D/CWCheckin(12191): Generic privacy config is true
I/CWCheckin(12191): service started
D/Checkin (12191): publish the event [tag = MOT_CHECKIN event name = LOG]
D/CWCheckin(12191): Motorola help_improve privacy is -1
D/CWCheckin(12191): Generic privacy config is true
D/WearableClient(12191): WearableClientImpl.onPostInitHandler: done
W/ResourcesManager(11979): Asset path '/system/framework/com.android.media.remotedisplay.jar' does not exist or contains no resources.
W/ResourcesManager(11979): Asset path '/system/framework/com.android.location.provider.jar' does not exist or contains no resources.
D/LocationWearablesListenerService(11461): onPeerDisconnected
I/CalendarProvider2(12433): Created com.android.providers.calendar.CalendarAlarmManager@f038f81(com.android.providers.calendar.CalendarProvider2@39039826)
E/ActivityThread(12191): Failed to find provider info for com.motorola.ccc.plm.misc
I/CCE (12191): Default cloud URL does not match to one in our config .. deleting config to force device to reprovision
W/CheckinEventWrapper(12191): Unable to get checkin class.
D/WearableClient(12191): WearableClientImpl.onPostInitHandler: done
D/MtpService(12302): updating state; isCurrentUser=true, mMtpLocked=false
D/CCE (12191): _setupDefaults() ignoring overlayed setting as it is not defined in our Configuration
I/ContactLocale(12281): AddressBook Labels [en-US;cs-CZ]: [, A, B, C, D, E, F, G, H, I, J, K, L, M, N, O, P, Q, R, S, T, U, V, W, X, Y, Z, Α, Β, Γ, Δ, Ε, Ζ, Η, Θ, Ι, Κ, Λ, Μ, Ν, Ξ, Ο, Π, Ρ, Σ, Τ, Υ, Φ, Χ, Ψ, Ω, , А, Б, В, Г, Д, Ђ, Е, Є, Ж, З, И, І, Ї, Й, Ј, К, Л, Љ, М, Н, Њ, О, П, Р, С, Т, Ћ, У, Ф, Х, Ц, Ч, Џ, Ш, Щ, Ю, Я, , א, ב, ג, ד, ה, ו, ז, ח, ט, י, כ, ל, מ, נ, ס, ע, פ, צ, ק, ר, ש, ת, , ا, ب, ت, ث, ج, ح, خ, د, ذ, ر, ز, س, ش, ص, ض, ط, ظ, ع, غ, ف, ق, ك, ل, م, ن, ه, و, ي, , ก, ข, ฃ, ค, ฅ, ฆ, ง, จ, ฉ, ช, ซ, ฌ, ญ, ฎ, ฏ, ฐ, ฑ, ฒ, ณ, ด, ต, ถ, ท, ธ, น, บ, ป, ผ, ฝ, พ, ฟ, ภ, ม, ย, ร, ฤ, ล, ฦ, ว, ศ, ษ, ส, ห, ฬ, อ, ฮ, , ㄱ, ㄴ, ㄷ, ㄹ, ㅁ, ㅂ, ㅅ, ㅇ, ㅈ, ㅊ, ㅋ, ㅌ, ㅍ, ㅎ, , あ, か, さ, た, な, は, ま, や, ら, わ, #, ]
D/CCE (12191): blur version: Blur_Version.21.0.1570415.hammerhead.unknown.en.US
D/MtpService(12302): addStorageLocked 65537 /storage/emulated/0
D/MtpService(12302): updating state; isCurrentUser=true, mMtpLocked=false
E/BlurMotherFrameworkDeps(12191): failed to register tag for checkin logging
D/MMApiWSBase(12191): MMApiWSBase configured as mOAuthToken=null, mOAuthTokenSecret=null, mSocketTimeout=30000, mTimeSkew=0, mChunkSize=8192
D/GeofenceStateCache(11461): Recovered 0 geofences.
E/BlurMotherFrameworkDeps(12191): failed to register tag for checkin logging
D/CCE (12191): AppWSProxy created ...
D/PollingManager(12191): PollingManagerService()
D/PollingManager(12191): init()
I/UserAuthService(12191): service started, account exists: true
D/MMApiProvisionService(12191): Configuring max forced login attempts to 50
E/BlurMotherFrameworkDeps(12191): failed to register tag for checkin logging
D/MMApiProvisionService(12191): MMApiProvisionService created...
D/MMApiProvisionService(12191): isDeviceProvisioned: deviceId = null
D/CCE (12191): sending request: (create_device) to MMApiprovisionService
I/MMApiProvisionService(12191): createDeviceIdOrLogin create_device
D/MMApiProvisionService(12191): isDeviceProvisioned: deviceId = null
I/UserDevice(12191): createDevice
D/BSUtils (12191): Error checking isMultiSimEnabled, Exception:java.lang.ClassNotFoundException: android.telephony.MSimTelephonyManager
D/UserSettingsManager(11979): setState: skipping set state: state already matches: State[interruptionFilter=1]
D/BSUtils (12191): Error checking isMultiSimEnabled, Exception:java.lang.ClassNotFoundException: android.telephony.MSimTelephonyManager
I/BSUtils (12191): failed to get sys.build.version.checksum. Setting swChkSum to default: FFFF
D/ZenLog ( 745): set_zen_mode: off,listener
D/MtpService(12302): starting MTP server in MTP mode
E/SQLiteLog(11406): (283) recovered 22 frames from WAL file /data/data/com.google.android.gms/databases/playlog.db-wal W/msgr(:):b(12101): Called user scoped provider with no viewer. ViewerContextManager was created with no ViewerContext. Using EmptyViewerContextManager to return fake logged in instance.
D/WearableClient(12040): WearableClientImpl.onPostInitHandler: done W/msgr(:):h(12101): User no longer logged in. Original uid: 0, viewer context: null, is_logged_in: false. Returning original viewer context.
I/art (11406): Explicit concurrent mark sweep GC freed 3417(151KB) AllocSpace objects, 0(0B) LOS objects, 39% free, 17MB/29MB, paused 646us total 39.928ms W/msgr(:):b(12101): Called user scoped provider with no viewer. ViewerContextManager was created with no ViewerContext. Using EmptyViewerContextManager to return fake logged in instance.
W/SocketClient( 183): write error (Broken pipe)
W/DnsProxyListener( 183): Error writing DNS result to client
D/MtpService(12302): addStorageLocked 65537 /storage/emulated/0
I/DynRingVolController(11979): reverting to original ringer.
I/UserDevice(12191): Request: executing...
D/CCE (12191): onBind() called: com.motorola.blur.service.blur.Actions.BIND_WSPROXY_SVC D/Coffee - NearbyAlertTracker(11461): GoogleApiClient connected
I/ActivityManager( 745): Start proc com.google.android.partnersetup for content provider com.google.android.partnersetup/.RlzAppProvider: pid=12517 uid=10013 gids={50013, 9997, 3003} abi=armeabi-v7a
D/CCE (12191): onBind() called: com.motorola.blur.service.blur.Actions.BIND_POLLINGMANAGER_WSPROXY_SVC
W/GAV4 (12084): Thread[main,5,main]: string configuration name not recognized: ga_logLevel
W/GAV4 (12084): Thread[main,5,main]: int configuration name not recognized: ga_dispatchPeriod
I/art ( 745): Explicit concurrent mark sweep GC freed 10189(510KB) AllocSpace objects, 1(16KB) LOS objects, 24% free, 49MB/65MB, paused 1.202ms total 117.260ms
D/GCoreFlp(11461): Unknown pending intent to remove.
D/MMApiWebService(12191): doRequest() with req : [B@36cdd47d
D/MMApiWebService(12191): generating token using payload instead of using session token
D/PollingManager(12191): phone state: 0 0 home 2degrees 53024 UMTS HSPA CSS not supported -1 -1 RoamInd=-1 DefRoamInd=-1 EmergOnly=false
D/PollingManager(12191): ignoring connectivity_action: since I don't like the type: [type: MOBILE[HSPA], state: DISCONNECTED/DISCONNECTED, reason: (unspecified), extra: internet, roaming: false, failover: false, isAvailable: true, isConnectedToProvisioningNetwork: false]
I/CWCheckin(12191): BcsTimer.setTimer(161238, 21600000)
D/Checkin (12191): publish the event [tag = MOT_CHECKIN event name = LOG]
D/CWCheckin(12191): Motorola help_improve privacy is -1
D/CWCheckin(12191): Generic privacy config is true
D/PollingManager(12191): registerApp(): com.motorola.checkin
D/PollingManager(12191): registerApp(): shortest interval is 21600000
D/PollingManager(12191): Polling alarm set to expire at: 553872810 Current Time: 553711573
D/WifiService( 745): New client listening to asynchronous messages
I/FitnessApp(12133): WearableSyncReceiver
I/FitnessApp(12133): WearableSyncReceiver starting service
I/FitnessApp(12133): Performing Wearable Account Sync true
D/Finsky (11884): [1] GmsCoreHelper.cleanupNlp: result=false type=4
I/MMApiWSBase(12191): doRequest(): url: https://argo.svcmot.com:443/v1/gdi/user/devices.json?appid=6R1TANEX3ZMQ6EU1UH43P34C8B868KTE&userid=9bd58775cf0940c4bac29fda474df1b7
I/GCoreUlr(11461): Received powerMode change from NLP: com.google.android.location.activity.LOW_POWER_MODE_DISABLED
I/GCoreUlr(11461): Starting service, intent=Intent { act=com.google.android.location.reporting.ACTION_UPDATE_ACTIVE_STATE cmp=com.google.android.gms/com.google.android.location.reporting.service.DispatchingService }, extras=null
W/GAV2 (12410): Thread[main,5,main]: Need to call initialize() and be in fallback mode to start dispatch.
D/WearableClient(12084): WearableClientImpl.onPostInitHandler: done
D/Finsky (11884): [1] RestoreTracker.stopServiceIfDone: Restore complete with 0 success and 0 failed.
D/Finsky (11884): [54940] InAppBillingUtils.pickAccount: org.leetzone.android.yatsewidgetfree: Account determined from installer data - [2JTFLXZIcMNtP8ingLM9oEEDeiE]
W/Settings(11461): Setting airplane_mode_on has moved from android.provider.Settings.System to android.provider.Settings.Global, returning read-only value.
I/DataItems(11792): maybePerformGC: complete, took 623 ms, removed 0 of 25 files, 0 of 25 asset records
D/Finsky (11884): [54919] InAppBillingUtils.pickAccount: org.leetzone.android.yatsewidgetfree: Account determined from installer data - [2JTFLXZIcMNtP8ingLM9oEEDeiE]
D/Finsky (11884): [54920] InAppBillingUtils.pickAccount: org.leetzone.android.yatsewidgetfree: Account determined from installer data - [2JTFLXZIcMNtP8ingLM9oEEDeiE]
D/LocationWearablesListenerService(11461): onDataChanged
I/ActivityManager( 745): Start proc com.google.android.gms for service com.google.android.gms/.common.service.AccountService: pid=12576 uid=10008 gids={50008, 9997, 2001, 3003, 1007, 3006, 1028, 1015, 3002, 3001, 1005, 3007} abi=armeabi-v7a
D/NowFetcherService(11979): onServiceConnected: connected to NowRemoteService
D/Finsky (11884): [54940] InAppBillingUtils.pickAccount: org.leetzone.android.yatsewidgetfree: Account determined from installer data - [2JTFLXZIcMNtP8ingLM9oEEDeiE]
D/WearableClient(11979): WearableClientImpl.onPostInitHandler: done
D/Finsky (11884): [54919] InAppBillingUtils.pickAccount: org.leetzone.android.yatsewidgetfree: Account determined from installer data - [2JTFLXZIcMNtP8ingLM9oEEDeiE]
W/ResourcesManager(12576): Asset path '/system/framework/com.android.media.remotedisplay.jar' does not exist or contains no resources.
W/ResourcesManager(12576): Asset path '/system/framework/com.android.location.provider.jar' does not exist or contains no resources.
D/WearableClient(12191): WearableClientImpl.onPostInitHandler: done
I/MediaRouter(12410): Found default route: MediaRouter.RouteInfo{ uniqueId=android/mo:DEFAULT_ROUTE, name=Phone, description=null, enabled=true, connecting=false, playbackType=0, playbackStream=3, volumeHandling=1, volume=11, volumeMax=15, presentationDisplayId=-1, extras=null, providerPackageName=android }
I/MultiDex(12576): VM with version 2.1.0 has multidex support
I/MultiDex(12576): install
I/MultiDex(12576): VM has multidex support, MultiDex support library is disabled.
I/GCoreUlr(11461): Ensuring that reporting is active for [account#-1#]
E/ActivityThread(12191): Failed to find provider info for com.motorola.ccc.plm.misc
D/CCE (12191): App Checkin requested CCE to send settings
D/CWCheckin(12191): Checkin StartupReceiver: com.motorola.blur.service.blur.Actions.SERVICES_STARTED received.
D/CWCheckin(12191): Checkin StartupReceiver: com.motorola.cce.Actions.CCE_LAUNCH_CW_CHECKIN received.
I/CWCheckin(12191): service started
D/Checkin (12191): publish the event [tag = MOT_CHECKIN event name = LOG]
D/CWCheckin(12191): Motorola help_improve privacy is -1
D/CWCheckin(12191): Generic privacy config is true
I/art (11792): Explicit concurrent mark sweep GC freed 44500(2MB) AllocSpace objects, 11(184KB) LOS objects, 40% free, 17MB/28MB, paused 4.173ms total 33.888ms
I/FavoriteContactNamesSup(12410): get() : Execute runnable (UI thread)
I/ContactLabelSupplier(12410): get() : Execute runnable (UI thread)
D/Checkin (12191): publish the event [tag = MOT_PRIVACY_PROFILE event name = PRIVACY]
D/CWCheckin(12191): Motorola help_improve privacy is -1
D/CWCheckin(12191): Generic privacy config is true
D/Checkin (12191): publish the event [tag = MOT_PRIVACY_PROFILE event name = PRIVACY]
D/CWCheckin(12191): Motorola help_improve privacy is -1
D/CWCheckin(12191): Generic privacy config is true
I/MotAcct.GoogAccWatcher(12191): account is authenticated: true
W/InputMethodInfo( 745): Duplicated subtype definition found: , voice
I/WearableConn(11792): Connecting to "Moto 360 0360"
W/BluetoothAdapter(11792): getBluetoothService() called with no BluetoothManagerCallback
D/StrictMode(12233): StrictMode policy violation; ~duration=1629 ms: android.os.StrictMode$StrictModeDiskReadViolation: policy=31 violation=2
D/StrictMode(12233): at android.os.StrictMode$AndroidBlockGuardPolicy.onReadFromDisk(StrictMode.java:1137)
D/StrictMode(12233): at libcore.io.BlockGuardOs.access(BlockGuardOs.java:67)
D/StrictMode(12233): at java.io.File.doAccess(File.java:283)
D/StrictMode(12233): at java.io.File.exists(File.java:363)
D/StrictMode(12233): at android.app.ContextImpl.createFilesDirLocked(ContextImpl.java:989)
D/StrictMode(12233): at android.app.ContextImpl.getFilesDir(ContextImpl.java:1012)
D/StrictMode(12233): at android.content.ContextWrapper.getFilesDir(ContextWrapper.java:201)
D/StrictMode(12233): at com.google.android.libraries.stitch.incompat.missinglibs.a.a(PG:31)
D/StrictMode(12233): at com.google.android.libraries.stitch.incompat.b.a(PG:116)
D/StrictMode(12233): at com.google.android.apps.gmm.base.app.b.(PG:438)
D/StrictMode(12233): at com.google.android.apps.gmm.base.app.GoogleMapsApplication.onCreate(PG:84)
D/StrictMode(12233): at android.app.Instrumentation.callApplicationOnCreate(Instrumentation.java:1011)
D/StrictMode(12233): at android.app.ActivityThread.handleBindApplication(ActivityThread.java:4518)
D/StrictMode(12233): at android.app.ActivityThread.access$1500(ActivityThread.java:144)
D/StrictMode(12233): at android.app.ActivityThread$H.handleMessage(ActivityThread.java:1339)
D/StrictMode(12233): at android.os.Handler.dispatchMessage(Handler.java:102)
D/StrictMode(12233): at android.os.Looper.loop(Looper.java:135)
D/StrictMode(12233): at android.app.ActivityThread.main(ActivityThread.java:5221)
D/StrictMode(12233): at java.lang.reflect.Method.invoke(Native Method)
D/StrictMode(12233): at java.lang.reflect.Method.invoke(Method.java:372)
D/StrictMode(12233): at com.android.internal.os.ZygoteInit$MethodAndArgsCaller.run(ZygoteInit.java:899)
D/StrictMode(12233): at com.android.internal.os.ZygoteInit.main(ZygoteInit.java:694)
D/StrictMode(12233): StrictMode policy violation; ~duration=1627 ms: android.os.StrictMode$StrictModeDiskReadViolation: policy=31 violation=2
D/StrictMode(12233): at android.os.StrictMode$AndroidBlockGuardPolicy.onReadFromDisk(StrictMode.java:1137)
D/StrictMode(12233): at libcore.io.BlockGuardOs.access(BlockGuardOs.java:67)
D/StrictMode(12233): at java.io.File.doAccess(File.java:283)
D/StrictMode(12233): at java.io.File.exists(File.java:363)
D/StrictMode(12233): at com.google.android.libraries.stitch.incompat.b.a(PG:116)
D/StrictMode(12233): at com.google.android.apps.gmm.base.app.b.(PG:438)
D/StrictMode(12233): at com.google.android.apps.gmm.base.app.GoogleMapsApplication.onCreate(PG:84)
D/StrictMode(12233): at android.app.Instrumentation.callApplicationOnCreate(Instrumentation.java:1011)
D/StrictMode(12233): at android.app.ActivityThread.handleBindApplication(ActivityThread.java:4518)
D/StrictMode(12233): at android.app.ActivityThread.access$1500(ActivityThread.java:144)
D/StrictMode(12233): at android.app.ActivityThread$H.handleMessage(ActivityThread.java:1339)
D/StrictMode(12233): at android.os.Handler.dispatchMessage(Handler.java:102)
D/StrictMode(12233): at android.os.Looper.loop(Looper.java:135)
D/StrictMode(12233): at android.app.ActivityThread.main(ActivityThread.java:5221)
D/StrictMode(12233): at java.lang.reflect.Method.invoke(Native Method)
D/StrictMode(12233): at java.lang.reflect.Method.invoke(Method.java:372)
D/StrictMode(12233): at com.android.internal.os.ZygoteInit$MethodAndArgsCaller.run(ZygoteInit.java:899)
D/StrictMode(12233): at com.android.internal.os.ZygoteInit.main(ZygoteInit.java:694)
D/StrictMode(12233): StrictMode policy violation; ~duration=1613 ms: android.os.StrictMode$StrictModeDiskReadViolation: policy=31 violation=2
D/StrictMode(12233): at android.os.StrictMode$AndroidBlockGuardPolicy.onReadFromDisk(StrictMode.java:1137)
D/StrictMode(12233): at libcore.io.BlockGuardOs.open(BlockGuardOs.java:182)
D/StrictMode(12233): at libcore.io.IoUtils.canOpenReadOnly(IoUtils.java:165)
D/StrictMode(12233): at dalvik.system.DexPathList.findLibrary(DexPathList.java:383)
D/StrictMode(12233): at dalvik.system.BaseDexClassLoader.findLibrary(BaseDexClassLoader.java:77)
D/StrictMode(12233): at java.lang.Runtime.loadLibrary(Runtime.java:360)
D/StrictMode(12233): at java.lang.System.loadLibrary(System.java:989)
D/StrictMode(12233): at com.google.android.libraries.social.jni.crashreporter.NativeCrashHandler.a(PG:182)
D/StrictMode(12233): at com.google.android.libraries.social.jni.crashreporter.NativeCrashHandler.a(PG:81)
D/StrictMode(12233): at com.google.android.apps.gmm.base.app.b.(PG:452)
D/StrictMode(12233): at com.google.android.apps.gmm.base.app.GoogleMapsApplication.onCreate(PG:84)
D/StrictMode(12233): at android.app.Instrumentation.callApplicationOnCreate(Instrumentation.java:1011)
D/StrictMode(12233): at android.app.ActivityThread.handleBindApplication(ActivityThread.java:4518)
D/StrictMode(12233): at android.app.ActivityThread.access$1500(ActivityThread.java:144)
D/StrictMode(12233): at android.app.ActivityThread$H.handleMessage(ActivityThread.java:1339)
D/StrictMode(12233): at android.os.Handler.dispatchMessage(Handler.java:102)
D/StrictMode(12233): at android.os.Looper.loop(Looper.java:135)
D/StrictMode(12233): at android.app.ActivityThread.main(ActivityThread.java:5221)
D/StrictMode(12233): at java.lang.reflect.Method.invoke(Native Method)
D/StrictMode(12233): at java.lang.reflect.Method.invoke(Method.java:372)
D/StrictMode(12233): at com.android.internal.os.ZygoteInit$MethodAndArgsCaller.run(ZygoteInit.java:899)
D/StrictMode(12233): at com.android.internal.os.ZygoteInit.main(ZygoteInit.java:694)
D/StrictMode(12233): StrictMode policy violation; ~duration=1525 ms: android.os.StrictMode$StrictModeDiskReadViolation: policy=31 violation=2
D/StrictMode(12233): at android.os.StrictMode$AndroidBlockGuardPolicy.onReadFromDisk(StrictMode.java:1137)
D/StrictMode(12233): at android.app.SharedPreferencesImpl.awaitLoadedLocked(SharedPreferencesImpl.java:202)
D/StrictMode(12233): at android.app.SharedPreferencesImpl.getBoolean(SharedPreferencesImpl.java:259)
D/StrictMode(12233): at android.preference.PreferenceManager.setDefaultValues(PreferenceManager.java:481)
D/StrictMode(12233): at com.google.android.apps.gmm.shared.b.a.a(PG:661)
D/StrictMode(12233): at com.google.android.apps.gmm.base.app.b.(PG:468)
