W/ActivityManager( 745): Scheduling restart of crashed service com.google.android.keep/.notification.AlertService in 49181ms
I/ActivityManager( 745): Start proc com.google.android.partnersetup for content provider com.google.android.partnersetup/.RlzAppProvider: pid=2189 uid=10013 gids={50013, 9997, 3003} abi=armeabi-v7a
D/WifiService( 745): New client listening to asynchronous messages
I/ActivityManager( 745): Start proc com.google.android.apps.fitness for broadcast com.google.android.apps.fitness/.api.recording.UlrSettingsReceiver: pid=2216 uid=10045 gids={50045, 9997, 3003, 1028, 1015, 3002, 3001} abi=armeabi-v7a
D/WifiService( 745): releaseWifiLockLocked: WifiLock{NlpWifiLock type=2 binder=android.os.BinderProxy@217d80e6}
D/WifiService( 745): Client connection lost with reason: 4
V/BackupManagerService( 745): Disconnected from transport ComponentInfo{com.google.android.gms/com.google.android.gms.backup.BackupTransportService}
V/BackupManagerService( 745): Registering transport com.google.android.gms/.backup.BackupTransportService::null = null
I/ActivityManager( 745): Process com.google.process.location (pid 1989) has died
W/ActivityManager( 745): Scheduling restart of crashed service com.google.android.gms/.backup.BackupTransportService in 215524ms
W/ActivityManager( 745): Scheduling restart of crashed service com.google.android.gms/.fitness.service.BrokeredFitnessService in 58840ms
W/ActivityManager( 745): Scheduling restart of crashed service com.google.android.gms/com.google.android.location.network.NetworkLocationService in 527200ms
W/ActivityManager( 745): Scheduling restart of crashed service com.google.android.gms/com.google.android.location.geofencer.service.GeofenceProviderService in 1199376ms
W/ActivityManager( 745): Scheduling restart of crashed service com.google.android.gms/.fitness.sensors.activity.ActivityRecognitionService in 68840ms
W/ActivityManager( 745): Scheduling restart of crashed service com.google.android.gms/com.google.android.location.fused.FusedLocationService in 1359376ms
W/ActivityManager( 745): Scheduling restart of crashed service com.google.android.gms/.auth.trustagent.GoogleTrustAgent in 1519376ms
W/ActivityManager( 745): Scheduling restart of crashed service com.google.android.gms/com.google.android.location.reporting.service.DispatchingService in 1724452ms
W/ActivityManager( 745): Scheduling restart of crashed service com.google.android.gms/com.google.android.location.internal.GoogleLocationManagerService in 68840ms
W/ActivityManager( 745): Scheduling restart of crashed service com.google.android.gms/com.google.android.location.internal.PendingIntentCallbackService in 1999360ms
W/ActivityManager( 745): Scheduling restart of crashed service com.google.android.gms/.deviceconnection.service.DeviceConnectionServiceBroker in 295520ms
W/ActivityManager( 745): Scheduling restart of crashed service com.google.android.gms/com.google.android.location.internal.server.GoogleLocationService in 2319360ms
W/ActivityManager( 745): Scheduling restart of crashed service com.google.android.gms/com.google.android.location.fused.service.FusedProviderService in 2479360ms
W/ActivityManager( 745): Scheduling restart of crashed service com.google.android.gms/com.google.android.location.fused.NlpLocationReceiverService in 2639360ms
W/ActivityManager( 745): Scheduling restart of crashed service com.google.android.gms/com.google.android.location.geocode.GeocodeService in 2799360ms
W/InputMethodInfo( 745): Duplicated subtype definition found: , voice
I/ActivityManager( 745): Start proc com.google.process.location for service com.google.android.gms/.fitness.service.BrokeredFitnessService: pid=2250 uid=10008 gids={50008, 9997, 2001, 3003, 1007, 3006, 1028, 1015, 3002, 3001, 1005, 3007} abi=armeabi-v7a
I/ActivityManager( 745): Process com.google.android.partnersetup (pid 2189) has died
I/ActivityManager( 745): Process com.google.android.apps.fitness (pid 2216) has died
W/ActivityManager( 745): Scheduling restart of crashed service com.google.android.apps.fitness/.wearable.WearableSyncService in 78401ms
W/ActivityManager( 745): Scheduling restart of crashed service com.google.android.apps.fitness/.api.recording.ApiRecordingService in 78401ms
I/ActivityManager( 745): Process com.google.android.gms.wearable (pid 32649) has died
W/ActivityManager( 745): Scheduling restart of crashed service com.google.android.gms/.wearable.service.WearableService in 78381ms
W/ActivityManager( 745): Scheduling restart of crashed service com.google.android.gms/.wearable.node.bluetooth.BluetoothClientService in 88381ms
W/ResourcesManager( 2250): Asset path '/system/framework/com.android.media.remotedisplay.jar' does not exist or contains no resources.
W/ResourcesManager( 2250): Asset path '/system/framework/com.android.location.provider.jar' does not exist or contains no resources.
I/ActivityManager( 745): Start proc com.google.android.gms.wearable for service com.google.android.gms/.wearable.service.WearableControlService: pid=2277 uid=10008 gids={50008, 9997, 2001, 3003, 1007, 3006, 1028, 1015, 3002, 3001, 1005, 3007} abi=armeabi-v7a
W/ResourcesManager( 2277): Asset path '/system/framework/com.android.media.remotedisplay.jar' does not exist or contains no resources.
W/ResourcesManager( 2277): Asset path '/system/framework/com.android.location.provider.jar' does not exist or contains no resources.
V/BackupManagerService( 745): Connected to transport ComponentInfo{com.google.android.gms/com.google.android.gms.backup.BackupTransportService}
V/BackupManagerService( 745): Registering transport com.google.android.gms/.backup.BackupTransportService::com.google.android.gms/.backup.BackupTransportService = com.android.internal.backup.IBackupTransport$Stub$Proxy@2c61262e
I/ActivityManager( 745): Start proc com.google.android.inputmethod.latin for service com.google.android.inputmethod.latin/com.android.inputmethod.latin.LatinIME: pid=2333 uid=10056 gids={50056, 9997, 3003, 1028, 1015} abi=armeabi-v7a
D/WifiService( 745): Client connection lost with reason: 4
I/ActivityManager( 745): Process com.google.android.googlequicksearchbox:search (pid 2166) has died
W/ActivityManager( 745): Canceling start item Intent { act=com.google.android.search.core.service.BroadcastListenerService.action.UPDATE cmp=com.google.android.googlequicksearchbox/com.google.android.search.core.service.BroadcastListenerService (has extras) } in service ComponentInfo{com.google.android.googlequicksearchbox/com.google.android.search.core.service.BroadcastListenerService}
W/ActivityManager( 745): Scheduling restart of crashed service com.google.android.googlequicksearchbox/com.google.android.search.core.service.BroadcastListenerService in 155481145344ms
W/ActivityManager( 745): Scheduling restart of crashed service com.google.android.googlequicksearchbox/com.google.android.search.core.service.SearchService in 1000ms
W/ActivityManager( 745): Scheduling restart of crashed service com.google.android.googlequicksearchbox/com.google.android.sidekick.main.remoteservice.GoogleNowRemoteService in 1000ms
W/InputMethodInfo( 745): Duplicated subtype definition found: , voice
D/WifiService( 745): New client listening to asynchronous messages
I/ActivityManager( 745): Start proc com.google.android.googlequicksearchbox:search for service com.google.android.googlequicksearchbox/com.google.android.sidekick.main.remoteservice.GoogleNowRemoteService: pid=2360 uid=10022 gids={50022, 9997, 3003, 3001, 1028, 3002, 1015, 1005} abi=armeabi-v7a
I/ActivityManager( 745): Start proc com.android.providers.calendar for content provider com.android.providers.calendar/.CalendarProvider2: pid=2401 uid=10002 gids={50002, 9997, 3003, 1028, 1015} abi=armeabi-v7a
D/WifiService( 745): Client connection lost with reason: 4
I/ActivityManager( 745): Start proc com.google.android.partnersetup for content provider com.google.android.partnersetup/.RlzAppProvider: pid=2423 uid=10013 gids={50013, 9997, 3003} abi=armeabi-v7a
I/ActivityManager( 745): Process com.google.android.gms (pid 32384) has died
W/ActivityManager( 745): Scheduling restart of crashed service com.google.android.gms/.cast.media.CastMediaRouteProviderService in 1000ms
W/ActivityManager( 745): Scheduling restart of crashed service com.google.android.gms/.analytics.service.AnalyticsService in 57301ms
W/ActivityManager( 745): Scheduling restart of crashed service com.google.android.gms/.icing.service.IndexService in 67301ms
I/ActivityManager( 745): Start proc com.google.android.keep for service com.google.android.keep/.microapp.WearableService: pid=2446 uid=10071 gids={50071, 9997, 3003, 1028, 1015} abi=armeabi-v7a
D/WifiService( 745): New client listening to asynchronous messages
W/ResourcesManager( 2401): Asset path '/system/framework/android.test.runner.jar' does not exist or contains no resources.
I/ActivityManager( 745): Start proc com.google.android.gms for service com.google.android.gms/.ads.identifier.service.AdvertisingIdService: pid=2466 uid=10008 gids={50008, 9997, 2001, 3003, 1007, 3006, 1028, 1015, 3002, 3001, 1005, 3007} abi=armeabi-v7a
I/ActivityManager( 745): Start proc com.google.android.music:main for service com.google.android.music/.wear.MusicWearableListenerService: pid=2477 uid=10060 gids={50060, 9997, 3003, 1028, 1015} abi=armeabi-v7a
I/ActivityManager( 745): Start proc com.tinder for service com.tinder/.services.WearClientService: pid=2504 uid=10126 gids={50126, 9997, 3003, 1028, 1015, 3002} abi=armeabi-v7a
W/InputMethodInfo( 745): Duplicated subtype definition found: , voice
W/InputMethodManagerService( 745): Session failed to close due to remote exception
W/InputMethodManagerService( 745): android.os.DeadObjectException
W/InputMethodManagerService( 745): at android.os.BinderProxy.transactNative(Native Method)
W/InputMethodManagerService( 745): at android.os.BinderProxy.transact(Binder.java:496)
W/InputMethodManagerService( 745): at com.android.internal.view.IInputMethodSession$Stub$Proxy.finishSession(IInputMethodSession.java:305)
W/InputMethodManagerService( 745): at com.android.server.InputMethodManagerService.finishSessionLocked(InputMethodManagerService.java:1415)
W/InputMethodManagerService( 745): at com.android.server.InputMethodManagerService.clearClientSessionLocked(InputMethodManagerService.java:1406)
W/InputMethodManagerService( 745): at com.android.server.InputMethodManagerService.clearCurMethodLocked(InputMethodManagerService.java:1432)
W/InputMethodManagerService( 745): at com.android.server.InputMethodManagerService.onServiceDisconnected(InputMethodManagerService.java:1451)
W/InputMethodManagerService( 745): at android.app.LoadedApk$ServiceDispatcher.doDeath(LoadedApk.java:1208)
W/InputMethodManagerService( 745): at android.app.LoadedApk$ServiceDispatcher$RunConnection.run(LoadedApk.java:1222)
W/InputMethodManagerService( 745): at android.os.Handler.handleCallback(Handler.java:739)
W/InputMethodManagerService( 745): at android.os.Handler.dispatchMessage(Handler.java:95)
W/InputMethodManagerService( 745): at android.os.Looper.loop(Looper.java:135)
W/InputMethodManagerService( 745): at com.android.server.SystemServer.run(SystemServer.java:269)
W/InputMethodManagerService( 745): at com.android.server.SystemServer.main(SystemServer.java:170)
W/InputMethodManagerService( 745): at java.lang.reflect.Method.invoke(Native Method)
W/InputMethodManagerService( 745): at java.lang.reflect.Method.invoke(Method.java:372)
W/InputMethodManagerService( 745): at com.android.internal.os.ZygoteInit$MethodAndArgsCaller.run(ZygoteInit.java:899)
W/InputMethodManagerService( 745): at com.android.internal.os.ZygoteInit.main(ZygoteInit.java:694)
W/ResourcesManager( 2466): Asset path '/system/framework/com.android.media.remotedisplay.jar' does not exist or contains no resources.
W/ResourcesManager( 2466): Asset path '/system/framework/com.android.location.provider.jar' does not exist or contains no resources.
I/ActivityManager( 745): Process com.google.android.inputmethod.latin (pid 2333) has died
W/ActivityManager( 745): Scheduling restart of crashed service com.google.android.inputmethod.latin/com.android.inputmethod.latin.LatinIME in 47051ms
I/ActivityManager( 745): Start proc com.google.android.maps.mytracks for service com.google.android.maps.mytracks/com.google.android.apps.mytracks.wear.MobileListenerService: pid=2535 uid=10117 gids={50117, 9997, 3002, 3001, 3003, 1028, 1015} abi=armeabi-v7a
I/ActivityManager( 745): Process com.google.android.gms.wearable (pid 2277) has died
W/ActivityManager( 745): Scheduling restart of crashed service com.google.android.gms/.wearable.service.WearableService in 313524ms
W/ActivityManager( 745): Scheduling restart of crashed service com.google.android.gms/.wearable.node.bluetooth.BluetoothClientService in 56919ms
V/NotificationListeners( 745): notification listener connection lost: ComponentInfo{com.google.android.wearable.app/com.google.android.clockwork.stream.NotificationCollectorService}
I/ActivityManager( 745): Process com.google.android.wearable.app (pid 32681) has died
W/ActivityManager( 745): Scheduling restart of crashed service com.google.android.wearable.app/com.google.android.clockwork.host.DispatchingWearableListenerService in 1000ms
W/ActivityManager( 745): Scheduling restart of crashed service com.google.android.wearable.app/com.google.android.clockwork.now.NowFetcherService in 66729ms
W/ActivityManager( 745): Scheduling restart of crashed service com.google.android.wearable.app/com.google.android.clockwork.stream.NotificationCollectorService in 3085280ms
D/WifiService( 745): New client listening to asynchronous messages
W/ResourcesManager( 2477): Asset path '/system/framework/com.android.media.remotedisplay.jar' does not exist or contains no resources.
W/ResourcesManager( 2477): Asset path '/system/framework/com.android.location.provider.jar' does not exist or contains no resources.
I/ActivityManager( 745): Process com.google.android.maps.mytracks (pid 2535) has died
W/ActivityManager( 745): Scheduling restart of crashed service com.google.android.maps.mytracks/com.google.android.apps.mytracks.wear.MobileListenerService in 66511ms
I/ActivityManager( 745): Process com.google.android.partnersetup (pid 2423) has died
I/ActivityManager( 745): Process com.android.providers.calendar (pid 2401) has died
W/ActivityManager( 745): Scheduling restart of crashed service com.android.providers.calendar/.EmptyService in 2845504ms
I/ActivityManager( 745): Start proc com.google.android.gms.wearable for service com.google.android.gms/.wearable.service.WearableService: pid=2625 uid=10008 gids={50008, 9997, 2001, 3003, 1007, 3006, 1028, 1015, 3002, 3001, 1005, 3007} abi=armeabi-v7a
W/ResourcesManager( 2625): Asset path '/system/framework/com.android.media.remotedisplay.jar' does not exist or contains no resources.
W/ResourcesManager( 2625): Asset path '/system/framework/com.android.location.provider.jar' does not exist or contains no resources.
I/ActivityManager( 745): Process com.google.android.keep (pid 2446) has died
I/ActivityManager( 745): Start proc com.google.android.wearable.app for service com.google.android.wearable.app/com.google.android.clockwork.host.DispatchingWearableListenerService: pid=2675 uid=10116 gids={50116, 9997, 3002, 3001, 3003} abi=armeabi-v7a
I/ActivityManager( 745): Process com.tinder (pid 2504) has died
W/ActivityManager( 745): Scheduling restart of crashed service com.tinder/.services.WearClientService in 75651ms
W/ActivityThread( 2466): ClassLoader.getResources: The class loader returned by Thread.getContextClassLoader() may fail for processes that host multiple applications. You should explicitly specify a context class loader. For example: Thread.setContextClassLoader(getClass().getClassLoader());
D/WifiService( 745): Client connection lost with reason: 4
I/ActivityManager( 745): Process com.google.android.googlequicksearchbox:search (pid 2360) has died
W/ActivityManager( 745): Canceling start item Intent { act=com.google.android.search.core.service.BroadcastListenerService.action.UPDATE cmp=com.google.android.googlequicksearchbox/com.google.android.search.core.service.BroadcastListenerService (has extras) } in service ComponentInfo{com.google.android.googlequicksearchbox/com.google.android.search.core.service.BroadcastListenerService}
W/ActivityManager( 745): Scheduling restart of crashed service com.google.android.googlequicksearchbox/com.google.android.search.core.service.BroadcastListenerService in 621924581376ms
W/ActivityManager( 745): Scheduling restart of crashed service com.google.android.googlequicksearchbox/com.google.android.search.core.service.SearchService in 85421ms
I/ActivityManager( 745): Start proc com.google.android.googlequicksearchbox:search for broadcast com.google.android.googlequicksearchbox/com.google.android.apps.sidekick.widget.PredictiveCardsWidgetProvider: pid=2734 uid=10022 gids={50022, 9997, 3003, 3001, 1028, 3002, 1015, 1005} abi=armeabi-v7a
I/ActivityManager( 745): Start proc com.android.providers.calendar for content provider com.android.providers.calendar/.CalendarProvider2: pid=2767 uid=10002 gids={50002, 9997, 3003, 1028, 1015} abi=armeabi-v7a
I/ActivityManager( 745): Process com.google.android.music:main (pid 2477) has died
W/ActivityManager( 745): Scheduling restart of crashed service com.google.android.music/.download.artwork.ArtDownloadService in 78233600ms
V/BackupManagerService( 745): Disconnected from transport ComponentInfo{com.google.android.gms/com.google.android.gms.backup.BackupTransportService}
V/BackupManagerService( 745): Registering transport com.google.android.gms/.backup.BackupTransportService::null = null
D/WifiService( 745): Client connection lost with reason: 4
W/ResourcesManager( 2675): Asset path '/system/framework/com.android.media.remotedisplay.jar' does not exist or contains no resources.
W/ResourcesManager( 2675): Asset path '/system/framework/com.android.location.provider.jar' does not exist or contains no resources.
I/ActivityManager( 745): Process com.google.process.location (pid 2250) has died
W/ActivityManager( 745): Scheduling restart of crashed service com.google.android.gms/.backup.BackupTransportService in 862096ms
W/ActivityManager( 745): Scheduling restart of crashed service com.google.android.gms/.fitness.service.BrokeredFitnessService in 84998ms
W/ActivityManager( 745): Scheduling restart of crashed service com.google.android.gms/com.google.android.location.network.NetworkLocationService in 2108800ms
W/ActivityManager( 745): Scheduling restart of crashed service com.google.android.gms/com.google.android.location.geofencer.service.GeofenceProviderService in 4797504ms
W/ActivityManager( 745): Scheduling restart of crashed service com.google.android.gms/com.google.android.location.fused.FusedLocationService in 5437504ms
W/ActivityManager( 745): Scheduling restart of crashed service com.google.android.gms/.auth.trustagent.GoogleTrustAgent in 6077504ms
W/ActivityManager( 745): Scheduling restart of crashed service com.google.android.gms/com.google.android.location.reporting.service.DispatchingService in 6897808ms
W/ActivityManager( 745): Scheduling restart of crashed service com.google.android.gms/com.google.android.location.internal.GoogleLocationManagerService in 94998ms
W/ActivityManager( 745): Scheduling restart of crashed service com.google.android.gms/com.google.android.location.internal.PendingIntentCallbackService in 7997440ms
W/ActivityManager( 745): Scheduling restart of crashed service com.google.android.gms/.deviceconnection.service.DeviceConnectionServiceBroker in 1182080ms
W/ActivityManager( 745): Scheduling restart of crashed service com.google.android.gms/com.google.android.location.internal.server.GoogleLocationService in 9277440ms
W/ActivityManager( 745): Scheduling restart of crashed service com.google.android.gms/com.google.android.location.fused.service.FusedProviderService in 9917440ms
W/ActivityManager( 745): Scheduling restart of crashed service com.google.android.gms/com.google.android.location.fused.NlpLocationReceiverService in 10557440ms
W/ActivityManager( 745): Scheduling restart of crashed service com.google.android.gms/com.google.android.location.geocode.GeocodeService in 11197440ms
W/ResourcesManager( 2767): Asset path '/system/framework/android.test.runner.jar' does not exist or contains no resources.
I/ActivityManager( 745): Start proc com.google.android.partnersetup for content provider com.google.android.partnersetup/.RlzAppProvider: pid=2793 uid=10013 gids={50013, 9997, 3003} abi=armeabi-v7a
D/WifiService( 745): New client listening to asynchronous messages
I/ActivityManager( 745): Start proc com.google.process.location for service com.google.android.gms/com.google.android.location.internal.GoogleLocationManagerService: pid=2830 uid=10008 gids={50008, 9997, 2001, 3003, 1007, 3006, 1028, 1015, 3002, 3001, 1005, 3007} abi=armeabi-v7a
W/ResourcesManager( 2830): Asset path '/system/framework/com.android.media.remotedisplay.jar' does not exist or contains no resources.
W/ResourcesManager( 2830): Asset path '/system/framework/com.android.location.provider.jar' does not exist or contains no resources.
W/InputMethodInfo( 745): Duplicated subtype definition found: , voice
D/WifiService( 745): New client listening to asynchronous messages
I/ActivityManager( 745): Start proc com.google.android.keep for service com.google.android.keep/.microapp.WearableService: pid=2861 uid=10071 gids={50071, 9997, 3003, 1028, 1015} abi=armeabi-v7a
I/ActivityManager( 745): Process com.google.android.partnersetup (pid 2793) has died
I/ActivityManager( 745): Start proc com.google.android.music:main for service com.google.android.music/.wear.MusicWearableListenerService: pid=2881 uid=10060 gids={50060, 9997, 3003, 1028, 1015} abi=armeabi-v7a
I/ActivityManager( 745): Start proc com.tinder for service com.tinder/.services.WearClientService: pid=2898 uid=10126 gids={50126, 9997, 3003, 1028, 1015, 3002} abi=armeabi-v7a
W/ProcessCpuTracker( 745): Skipping unknown process pid 2767
I/ActivityManager( 745): Process com.android.providers.calendar (pid 2767) has died
W/ActivityManager( 745): Scheduling restart of crashed service com.android.providers.calendar/.EmptyService in 11382016ms
D/WifiService( 745): Client connection lost with reason: 4
I/ActivityManager( 745): Start proc com.google.android.maps.mytracks for service com.google.android.maps.mytracks/com.google.android.apps.mytracks.wear.MobileListenerService: pid=2923 uid=10117 gids={50117, 9997, 3002, 3001, 3003, 1028, 1015} abi=armeabi-v7a
I/ActivityManager( 745): Process com.google.android.gms (pid 2466) has died
W/ActivityManager( 745): Scheduling restart of crashed service com.google.android.gms/.cast.media.CastMediaRouteProviderService in 53721ms
W/ActivityManager( 745): Scheduling restart of crashed service com.google.android.gms/.analytics.service.AnalyticsService in 229204ms
D/ZenLog ( 745): set_zen_mode: off,listener
I/ActivityManager( 745): Start proc org.leetzone.android.yatsewidgetfree for service org.leetzone.android.yatsewidgetfree/org.leetzone.android.yatsewidget.service.WearableService: pid=2945 uid=10129 gids={50129, 9997, 3003, 1028, 1015} abi=armeabi-v7a
W/BroadcastQueue( 745): Failure sending broadcast Intent { act=com.google.android.gms.wearable.node.bluetooth.RETRY_CONNECTION dat=content://5C:31:3E:36:03:60 flg=0x14 (has extras) }
W/BroadcastQueue( 745): android.os.DeadObjectException
W/BroadcastQueue( 745): at android.os.BinderProxy.transactNative(Native Method)
W/BroadcastQueue( 745): at android.os.BinderProxy.transact(Binder.java:496)
W/BroadcastQueue( 745): at android.app.ApplicationThreadProxy.scheduleRegisteredReceiver(ApplicationThreadNative.java:1089)
W/BroadcastQueue( 745): at com.android.server.am.BroadcastQueue.performReceiveLocked(BroadcastQueue.java:431)
W/BroadcastQueue( 745): at com.android.server.am.BroadcastQueue.deliverToRegisteredReceiverLocked(BroadcastQueue.java:521)
W/BroadcastQueue( 745): at com.android.server.am.BroadcastQueue.processNextBroadcast(BroadcastQueue.java:729)
W/BroadcastQueue( 745): at com.android.server.am.ActivityManagerService.finishReceiver(ActivityManagerService.java:16008)
W/BroadcastQueue( 745): at android.app.ActivityManagerNative.onTransact(ActivityManagerNative.java:470)
W/BroadcastQueue( 745): at com.android.server.am.ActivityManagerService.onTransact(ActivityManagerService.java:2407)
W/BroadcastQueue( 745): at android.os.Binder.execTransact(Binder.java:446)
I/ActivityManager( 745): Process com.google.android.gms.wearable (pid 2625) has died
W/ActivityManager( 745): Scheduling restart of crashed service com.google.android.gms/.wearable.node.bluetooth.BluetoothClientService in 63569ms
W/ActivityManager( 745): Scheduling restart of crashed service com.google.android.gms/.wearable.service.WearableService in 73569ms
W/ResourcesManager( 2881): Asset path '/system/framework/com.android.media.remotedisplay.jar' does not exist or contains no resources.
W/ResourcesManager( 2881): Asset path '/system/framework/com.android.location.provider.jar' does not exist or contains no resources.
I/ActivityManager( 745): Start proc com.google.android.gms.wearable for service com.google.android.gms/.wearable.service.WearableService: pid=2977 uid=10008 gids={50008, 9997, 2001, 3003, 1007, 3006, 1028, 1015, 3002, 3001, 1005, 3007} abi=armeabi-v7a
I/ActivityManager( 745): Process com.google.android.maps.mytracks (pid 2923) has died
W/ResourcesManager( 2977): Asset path '/system/framework/com.android.media.remotedisplay.jar' does not exist or contains no resources.
W/ResourcesManager( 2977): Asset path '/system/framework/com.android.location.provider.jar' does not exist or contains no resources.
I/ActivityManager( 745): Start proc com.google.android.gms for broadcast com.google.android.gms/.subscribedfeeds.ConfigurationReceiver: pid=3012 uid=10008 gids={50008, 9997, 2001, 3003, 1007, 3006, 1028, 1015, 3002, 3001, 1005, 3007} abi=armeabi-v7a
I/ActivityManager( 745): Process com.google.android.keep (pid 2861) has died
W/ResourcesManager( 3012): Asset path '/system/framework/com.android.media.remotedisplay.jar' does not exist or contains no resources.
W/ResourcesManager( 3012): Asset path '/system/framework/com.android.location.provider.jar' does not exist or contains no resources.
I/ActivityManager( 745): Start proc com.android.vending for service com.android.vending/com.google.android.finsky.billing.iab.InAppBillingService: pid=3054 uid=10016 gids={50016, 9997, 3003, 1028, 1015} abi=armeabi-v7a
D/WifiService( 745): Client connection lost with reason: 4
V/NotificationListeners( 745): notification listener connection lost: ComponentInfo{com.google.android.wearable.app/com.google.android.clockwork.stream.NotificationCollectorService}
I/ActivityManager( 745): Process com.google.android.googlequicksearchbox:search (pid 2734) has died
W/ActivityManager( 745): Scheduling restart of crashed service com.google.android.googlequicksearchbox/com.google.android.search.core.service.SearchService in 52461ms
W/ActivityManager( 745): Scheduling restart of crashed service com.google.android.googlequicksearchbox/com.google.android.sidekick.main.remoteservice.GoogleNowRemoteService in 52461ms
W/ActivityManager( 745): Canceling start item Intent { act=com.google.android.search.core.service.BroadcastListenerService.action.UPDATE cmp=com.google.android.googlequicksearchbox/com.google.android.search.core.service.BroadcastListenerService (has extras) } in service ComponentInfo{com.google.android.googlequicksearchbox/com.google.android.search.core.service.BroadcastListenerService}
W/ActivityManager( 745): Scheduling restart of crashed service com.google.android.googlequicksearchbox/com.google.android.search.core.service.BroadcastListenerService in 2487698325504ms
I/ActivityManager( 745): Process com.google.android.wearable.app (pid 2675) has died
W/ActivityManager( 745): Scheduling restart of crashed service com.google.android.wearable.app/com.google.android.clockwork.host.DispatchingWearableListenerService in 52421ms
W/ActivityManager( 745): Scheduling restart of crashed service com.google.android.wearable.app/com.google.android.clockwork.stream.NotificationCollectorService in 12341120ms
W/ActivityManager( 745): Scheduling restart of crashed service com.google.android.wearable.app/com.google.android.clockwork.now.NowFetcherService in 62421ms
W/ActivityManager( 745): Scheduling restart of crashed service com.google.android.wearable.app/com.google.android.clockwork.stream.NotificationCollectorMonitorService in 62420ms
W/ActivityManager( 745): Scheduling restart of crashed service com.google.android.wearable.app/com.google.android.clockwork.companion.packagemanager.PackageUpdateService in 62420ms
D/WifiService( 745): New client listening to asynchronous messages
I/ActivityManager( 745): Start proc com.google.android.wearable.app for service com.google.android.wearable.app/com.google.android.clockwork.host.DispatchingWearableListenerService: pid=3122 uid=10116 gids={50116, 9997, 3002, 3001, 3003} abi=armeabi-v7a
I/ActivityManager( 745): Start proc com.google.android.keep for service com.google.android.keep/.microapp.WearableService: pid=3139 uid=10071 gids={50071, 9997, 3003, 1028, 1015} abi=armeabi-v7a
I/ActivityManager( 745): Start proc com.google.android.maps.mytracks for service com.google.android.maps.mytracks/com.google.android.apps.mytracks.wear.MobileListenerService: pid=3174 uid=10117 gids={50117, 9997, 3002, 3001, 3003, 1028, 1015} abi=armeabi-v7a
W/ActivityManager( 745): Failure sending service ComponentInfo{com.tinder/com.tinder.services.WearClientService} to connection android.os.BinderProxy@3de34d2f (in com.google.android.gms.wearable)
W/ActivityManager( 745): android.os.DeadObjectException
W/ActivityManager( 745): at android.os.BinderProxy.transactNative(Native Method)
W/ActivityManager( 745): at android.os.BinderProxy.transact(Binder.java:496)
W/ActivityManager( 745): at android.app.IServiceConnection$Stub$Proxy.connected(IServiceConnection.java:92)
W/ActivityManager( 745): at com.android.server.am.ActiveServices.publishServiceLocked(ActiveServices.java:866)
W/ActivityManager( 745): at com.android.server.am.ActivityManagerService.publishService(ActivityManagerService.java:14939)
W/ActivityManager( 745): at android.app.ActivityManagerNative.onTransact(ActivityManagerNative.java:971)
W/ActivityManager( 745): at com.android.server.am.ActivityManagerService.onTransact(ActivityManagerService.java:2407)
W/ActivityManager( 745): at android.os.Binder.execTransact(Binder.java:446)
I/ActivityManager( 745): Process org.leetzone.android.yatsewidgetfree (pid 2945) has died
W/ActivityManager( 745): Scheduling restart of crashed service org.leetzone.android.yatsewidgetfree/org.leetzone.android.yatsewidget.service.WearableService in 51551ms
I/ActivityManager( 745): Process com.google.android.gms.wearable (pid 2977) has died
W/ActivityManager( 745): Scheduling restart of crashed service com.google.android.gms/.wearable.node.bluetooth.BluetoothClientService in 254276ms
W/ActivityManager( 745): Scheduling restart of crashed service com.google.android.gms/.wearable.service.WearableService in 61499ms
I/ActivityManager( 745): Start proc com.google.android.gms.wearable for service com.google.android.gms/.wearable.service.WearableService: pid=3201 uid=10008 gids={50008, 9997, 2001, 3003, 1007, 3006, 1028, 1015, 3002, 3001, 1005, 3007} abi=armeabi-v7a
I/ActivityManager( 745): Process com.android.vending (pid 3054) has died
I/ActivityManager( 745): Process com.tinder (pid 2898) has died
V/BackupManagerService( 745): Connected to transport ComponentInfo{com.google.android.gms/com.google.android.gms.backup.BackupTransportService}
V/BackupManagerService( 745): Registering transport com.google.android.gms/.backup.BackupTransportService::com.google.android.gms/.backup.BackupTransportService = com.android.internal.backup.IBackupTransport$Stub$Proxy@2e465234
W/ResourcesManager( 3201): Asset path '/system/framework/com.android.media.remotedisplay.jar' does not exist or contains no resources.
W/ResourcesManager( 3201): Asset path '/system/framework/com.android.location.provider.jar' does not exist or contains no resources.
I/ActivityManager( 745): Start proc com.google.android.googlequicksearchbox:search for service com.google.android.googlequicksearchbox/com.google.android.sidekick.main.remoteservice.GoogleNowRemoteService: pid=3264 uid=10022 gids={50022, 9997, 3003, 3001, 1028, 3002, 1015, 1005} abi=armeabi-v7a
I/ActivityManager( 745): Start proc com.android.providers.calendar for content provider com.android.providers.calendar/.CalendarProvider2: pid=3285 uid=10002 gids={50002, 9997, 3003, 1028, 1015} abi=armeabi-v7a
W/ResourcesManager( 3122): Asset path '/system/framework/com.android.media.remotedisplay.jar' does not exist or contains no resources.
W/ResourcesManager( 3122): Asset path '/system/framework/com.android.location.provider.jar' does not exist or contains no resources.
W/ResourcesManager( 3285): Asset path '/system/framework/android.test.runner.jar' does not exist or contains no resources.
I/ActivityManager( 745): Start proc com.google.android.partnersetup for content provider com.google.android.partnersetup/.RlzAppProvider: pid=3331 uid=10013 gids={50013, 9997, 3003} abi=armeabi-v7a
V/NotificationListeners( 745): notification listener connection lost: ComponentInfo{com.google.android.wearable.app/com.google.android.clockwork.stream.NotificationCollectorService}
I/ActivityManager( 745): Process com.google.android.maps.mytracks (pid 3174) has died
W/ActivityManager( 745): Scheduling restart of crashed service com.google.android.maps.mytracks/com.google.android.apps.mytracks.wear.MobileListenerService in 60041ms
I/ActivityManager( 745): Process com.google.android.music:main (pid 2881) has died
W/ActivityManager( 745): Scheduling restart of crashed service com.google.android.music/.download.artwork.ArtDownloadService in 312934400ms
I/ActivityManager( 745): Process com.google.android.wearable.app (pid 3122) has died
W/ActivityManager( 745): Scheduling restart of crashed service com.google.android.wearable.app/com.google.android.clockwork.host.DispatchingWearableListenerService in 69980ms
W/ActivityManager( 745): Scheduling restart of crashed service com.google.android.wearable.app/com.google.android.clockwork.calendar.CalendarSyncService in 79979ms
W/ActivityManager( 745): Scheduling restart of crashed service com.google.android.wearable.app/com.google.android.clockwork.companion.packagemanager.PackageUpdateService in 79979ms
W/ActivityManager( 745): Scheduling restart of crashed service com.google.android.wearable.app/com.google.android.clockwork.stream.NotificationCollectorService in 49364480ms
W/ActivityManager( 745): Scheduling restart of crashed service com.google.android.wearable.app/com.google.android.clockwork.now.NowFetcherService in 79979ms
W/ActivityManager( 745): Scheduling restart of crashed service com.google.android.wearable.app/com.google.android.clockwork.calendar.CalendarQueryService in 79979ms
W/ActivityManager( 745): Scheduling restart of crashed service com.google.android.wearable.app/com.google.android.clockwork.stream.NotificationCollectorMonitorService in 79979ms
W/ActivityThread( 3012): ClassLoader.getResources: The class loader returned by Thread.getContextClassLoader() may fail for processes that host multiple applications. You should explicitly specify a context class loader. For example: Thread.setContextClassLoader(getClass().getClassLoader());
D/WifiService( 745): New client listening to asynchronous messages
I/ActivityManager( 745): Start proc com.google.android.wearable.app for broadcast com.google.android.wearable.app/com.google.android.clockwork.now.NowRetryReceiver: pid=3363 uid=10116 gids={50116, 9997, 3002, 3001, 3003} abi=armeabi-v7a
W/InputMethodInfo( 745): Duplicated subtype definition found: , voice
I/ActivityManager( 745): Start proc com.google.android.music:main for service com.google.android.music/.wear.MusicWearableListenerService: pid=3398 uid=10060 gids={50060, 9997, 3003, 1028, 1015} abi=armeabi-v7a
I/ActivityManager( 745): Process com.google.android.partnersetup (pid 3331) has died
I/ActivityManager( 745): Start proc com.tinder for service com.tinder/.services.WearClientService: pid=3416 uid=10126 gids={50126, 9997, 3003, 1028, 1015, 3002} abi=armeabi-v7a
I/ActivityManager( 745): Start proc com.google.android.maps.mytracks for service com.google.android.maps.mytracks/com.google.android.apps.mytracks.wear.MobileListenerService: pid=3430 uid=10117 gids={50117, 9997, 3002, 3001, 3003, 1028, 1015} abi=armeabi-v7a
I/ActivityManager( 745): Start proc org.leetzone.android.yatsewidgetfree for service org.leetzone.android.yatsewidgetfree/org.leetzone.android.yatsewidget.service.WearableService: pid=3450 uid=10129 gids={50129, 9997, 3003, 1028, 1015} abi=armeabi-v7a
I/ActivityManager( 745): Start proc com.facebook.orca for service com.facebook.orca/com.facebook.wearlistener.DataLayerListenerService: pid=3472 uid=10136 gids={50136, 9997, 3003, 1028, 1015} abi=armeabi-v7a
I/ActivityManager( 745): Process com.android.providers.calendar (pid 3285) has died
W/ActivityManager( 745): Scheduling restart of crashed service com.android.providers.calendar/.EmptyService in 45528064ms
I/ActivityManager( 745): Start proc com.google.android.apps.fitness for service com.google.android.apps.fitness/.wearable.WearableWatcher: pid=3496 uid=10045 gids={50045, 9997, 3003, 1028, 1015, 3002, 3001} abi=armeabi-v7a
I/ActivityManager( 745): Start proc com.mailchimp.mailchimp for service com.mailchimp.mailchimp/.WearableService: pid=3516 uid=10096 gids={50096, 9997, 3003, 1028, 1015} abi=armeabi-v7a
W/ResourcesManager( 3398): Asset path '/system/framework/com.android.media.remotedisplay.jar' does not exist or contains no resources.
W/ResourcesManager( 3398): Asset path '/system/framework/com.android.location.provider.jar' does not exist or contains no resources.
I/ActivityManager( 745): Start proc com.motorola.targetnotif for service com.motorola.targetnotif/com.motorola.motoproxy.MotoProxyService: pid=3543 uid=10128 gids={50128, 9997, 3002, 3001, 3003, 1028, 1015} abi=armeabi-v7a
W/ResourcesManager( 3472): Asset path '/system/framework/com.google.android.maps.jar' does not exist or contains no resources.
D/WifiService( 745): Client connection lost with reason: 4
I/ActivityManager( 745): Start proc com.google.android.apps.maps for service com.google.android.apps.maps/com.google.android.apps.gmm.navigation.base.WearableService: pid=3582 uid=10058 gids={50058, 9997, 3003, 1028, 1015} abi=armeabi-v7a
I/ActivityManager( 745): Process com.google.android.gms (pid 3012) has died
W/ActivityManager( 745): Scheduling restart of crashed service com.google.android.gms/.cast.media.CastMediaRouteProviderService in 214884ms
W/ActivityManager( 745): Scheduling restart of crashed service com.google.android.gms/.ads.identifier.service.AdvertisingIdService in 48211ms
W/ActivityManager( 745): Scheduling restart of crashed service com.google.android.gms/.analytics.service.AnalyticsService in 58211ms
W/ActivityManager( 745): Failure sending service ComponentInfo{com.tinder/com.tinder.services.WearClientService} to connection android.os.BinderProxy@aec7fd1 (in com.google.android.gms.wearable)
W/ActivityManager( 745): android.os.DeadObjectException
W/ActivityManager( 745): at android.os.BinderProxy.transactNative(Native Method)
W/ActivityManager( 745): at android.os.BinderProxy.transact(Binder.java:496)
W/ActivityManager( 745): at android.app.IServiceConnection$Stub$Proxy.connected(IServiceConnection.java:92)
W/ActivityManager( 745): at com.android.server.am.ActiveServices.publishServiceLocked(ActiveServices.java:866)
W/ActivityManager( 745): at com.android.server.am.ActivityManagerService.publishService(ActivityManagerService.java:14939)
W/ActivityManager( 745): at android.app.ActivityManagerNative.onTransact(ActivityManagerNative.java:971)
W/ActivityManager( 745): at com.android.server.am.ActivityManagerService.onTransact(ActivityManagerService.java:2407)
W/ActivityManager( 745): at android.os.Binder.execTransact(Binder.java:446)
I/ActivityManager( 745): Process com.google.android.gms.wearable (pid 3201) has died
W/ActivityManager( 745): Scheduling restart of crashed service com.google.android.gms/.wearable.service.WearableService in 68152ms
W/ActivityManager( 745): Scheduling restart of crashed service com.google.android.gms/.wearable.node.bluetooth.BluetoothClientService in 78152ms
I/ActivityManager( 745): Process com.google.android.maps.mytracks (pid 3430) has died
I/ActivityManager( 745): Process com.tinder (pid 3416) has died
I/ActivityManager( 745): Start proc com.google.android.gms.wearable for service com.google.android.gms/.wearable.service.WearableService: pid=3631 uid=10008 gids={50008, 9997, 2001, 3003, 1007, 3006, 1028, 1015, 3002, 3001, 1005, 3007} abi=armeabi-v7a
I/ActivityManager( 745): Start proc com.android.vending for service com.android.vending/com.google.android.finsky.billing.iab.InAppBillingService: pid=3637 uid=10016 gids={50016, 9997, 3003, 1028, 1015} abi=armeabi-v7a
I/ActivityManager( 745): Process com.google.android.apps.fitness (pid 3496) has died
W/ResourcesManager( 3631): Asset path '/system/framework/com.android.media.remotedisplay.jar' does not exist or contains no resources.
W/ResourcesManager( 3631): Asset path '/system/framework/com.android.location.provider.jar' does not exist or contains no resources.
D/WifiService( 745): Client connection lost with reason: 4
I/ActivityManager( 745): Start proc com.google.android.gms for broadcast com.google.android.gms/.subscribedfeeds.ConfigurationReceiver: pid=3678 uid=10008 gids={50008, 9997, 2001, 3003, 1007, 3006, 1028, 1015, 3002, 3001, 1005, 3007} abi=armeabi-v7a
E/AppWidgetServiceImpl( 745): Error clearing service interface
E/AppWidgetServiceImpl( 745): android.os.DeadObjectException
E/AppWidgetServiceImpl( 745): at android.os.BinderProxy.transactNative(Native Method)
E/AppWidgetServiceImpl( 745): at android.os.BinderProxy.transact(Binder.java:496)
E/AppWidgetServiceImpl( 745): at com.android.internal.widget.IRemoteViewsAdapterConnection$Stub$Proxy.onServiceDisconnected(IRemoteViewsAdapterConnection.java:101)
E/AppWidgetServiceImpl( 745): at com.android.server.appwidget.AppWidgetServiceImpl$ServiceConnectionProxy.disconnect(AppWidgetServiceImpl.java:3430)
E/AppWidgetServiceImpl( 745): at com.android.server.appwidget.AppWidgetServiceImpl$ServiceConnectionProxy.onServiceDisconnected(AppWidgetServiceImpl.java:3425)
E/AppWidgetServiceImpl( 745): at android.app.LoadedApk$ServiceDispatcher.doDeath(LoadedApk.java:1208)
E/AppWidgetServiceImpl( 745): at android.app.LoadedApk$ServiceDispatcher$RunConnection.run(LoadedApk.java:1222)
E/AppWidgetServiceImpl( 745): at android.os.Handler.handleCallback(Handler.java:739)
E/AppWidgetServiceImpl( 745): at android.os.Handler.dispatchMessage(Handler.java:95)
E/AppWidgetServiceImpl( 745): at android.os.Looper.loop(Looper.java:135)
E/AppWidgetServiceImpl( 745): at com.android.server.SystemServer.run(SystemServer.java:269)
E/AppWidgetServiceImpl( 745): at com.android.server.SystemServer.main(SystemServer.java:170)
E/AppWidgetServiceImpl( 745): at java.lang.reflect.Method.invoke(Native Method)
E/AppWidgetServiceImpl( 745): at java.lang.reflect.Method.invoke(Method.java:372)
E/AppWidgetServiceImpl( 745): at com.android.internal.os.ZygoteInit$MethodAndArgsCaller.run(ZygoteInit.java:899)
E/AppWidgetServiceImpl( 745): at com.android.internal.os.ZygoteInit.main(ZygoteInit.java:694)
I/ActivityManager( 745): Process com.google.android.keep (pid 3139) has died
I/ActivityManager( 745): Process com.google.android.googlequicksearchbox:search (pid 3264) has died
W/ActivityManager( 745): Canceling start item Intent { act=com.google.android.search.core.service.BroadcastListenerService.action.UPDATE cmp=com.google.android.googlequicksearchbox/com.google.android.search.core.service.BroadcastListenerService (has extras) } in service ComponentInfo{com.google.android.googlequicksearchbox/com.google.android.search.core.service.BroadcastListenerService}
W/ActivityManager( 745): Scheduling restart of crashed service com.google.android.googlequicksearchbox/com.google.android.search.core.service.BroadcastListenerService in 9950793302016ms
W/ActivityManager( 745): Scheduling restart of crashed service com.google.android.googlequicksearchbox/com.google.android.search.core.service.SearchService in 67451ms
I/ActivityManager( 745): Process com.google.android.calendar (pid 528) has died
W/ActivityManager( 745): Scheduling restart of crashed service com.google.android.calendar/com.android.calendar.widget.CalendarAppWidgetService in 67421ms
W/ResourcesManager( 3678): Asset path '/system/framework/com.android.media.remotedisplay.jar' does not exist or contains no resources.
W/ResourcesManager( 3678): Asset path '/system/framework/com.android.location.provider.jar' does not exist or contains no resources.
I/ActivityManager( 745): Start proc com.google.android.googlequicksearchbox:search for service com.google.android.googlequicksearchbox/com.google.android.sidekick.main.remoteservice.GoogleNowRemoteService: pid=3709 uid=10022 gids={50022, 9997, 3003, 3001, 1028, 3002, 1015, 1005} abi=armeabi-v7a
I/ActivityManager( 745): Start proc com.android.providers.calendar for content provider com.android.providers.calendar/.CalendarProvider2: pid=3737 uid=10002 gids={50002, 9997, 3003, 1028, 1015} abi=armeabi-v7a
W/ActivityManager( 745): Failure sending service ComponentInfo{com.google.android.gms/com.google.android.gms.wearable.service.WearableService} to connection android.os.BinderProxy@214a339 (in com.mailchimp.mailchimp)
W/ActivityManager( 745): android.os.DeadObjectException
W/ActivityManager( 745): at android.os.BinderProxy.transactNative(Native Method)
W/ActivityManager( 745): at android.os.BinderProxy.transact(Binder.java:496)
W/ActivityManager( 745): at android.app.IServiceConnection$Stub$Proxy.connected(IServiceConnection.java:92)
W/ActivityManager( 745): at com.android.server.am.ActiveServices.publishServiceLocked(ActiveServices.java:866)
W/ActivityManager( 745): at com.android.server.am.ActivityManagerService.publishService(ActivityManagerService.java:14939)
W/ActivityManager( 745): at android.app.ActivityManagerNative.onTransact(ActivityManagerNative.java:971)
W/ActivityManager( 745): at com.android.server.am.ActivityManagerService.onTransact(ActivityManagerService.java:2407)
W/ActivityManager( 745): at android.os.Binder.execTransact(Binder.java:446)
I/ActivityManager( 745): Process com.mailchimp.mailchimp (pid 3516) has died
W/ResourcesManager( 3737): Asset path '/system/framework/android.test.runner.jar' does not exist or contains no resources.
E/ActivityThread( 3543): Failed to find provider info for com.motorola.ccc.plm.misc
W/ResourcesManager( 3363): Asset path '/system/framework/com.android.media.remotedisplay.jar' does not exist or contains no resources.
W/ResourcesManager( 3363): Asset path '/system/framework/com.android.location.provider.jar' does not exist or contains no resources.
D/WifiService( 745): Client connection lost with reason: 4
V/BackupManagerService( 745): Disconnected from transport ComponentInfo{com.google.android.gms/com.google.android.gms.backup.BackupTransportService}
V/BackupManagerService( 745): Registering transport com.google.android.gms/.backup.BackupTransportService::null = null
D/WifiService( 745): New client listening to asynchronous messages
I/ActivityManager( 745): Process com.google.process.location (pid 2830) has died
W/ActivityManager( 745): Scheduling restart of crashed service com.google.android.gms/.backup.BackupTransportService in 3448384ms
W/ActivityManager( 745): Scheduling restart of crashed service com.google.android.gms/.fitness.service.BrokeredFitnessService in 339992ms
W/ActivityManager( 745): Scheduling restart of crashed service com.google.android.gms/com.google.android.location.network.NetworkLocationService in 8435200ms
W/ActivityManager( 745): Scheduling restart of crashed service com.google.android.gms/com.google.android.location.geofencer.service.GeofenceProviderService in 19190016ms
W/ActivityManager( 745): Scheduling restart of crashed service com.google.android.gms/com.google.android.location.fused.FusedLocationService in 21750016ms
W/ActivityManager( 745): Scheduling restart of crashed service com.google.android.gms/.auth.trustagent.GoogleTrustAgent in 24310016ms
W/ActivityManager( 745): Scheduling restart of crashed service com.google.android.gms/com.google.android.location.reporting.service.DispatchingService in 27591232ms
W/ActivityManager( 745): Scheduling restart of crashed service com.google.android.gms/com.google.android.location.internal.GoogleLocationManagerService in 46640ms
W/ActivityManager( 745): Scheduling restart of crashed service com.google.android.gms/com.google.android.location.internal.PendingIntentCallbackService in 31989760ms
W/ActivityManager( 745): Scheduling restart of crashed service com.google.android.gms/.deviceconnection.service.DeviceConnectionServiceBroker in 4728320ms
W/ActivityManager( 745): Scheduling restart of crashed service com.google.android.gms/com.google.android.location.internal.server.GoogleLocationService in 37109760ms
W/ActivityManager( 745): Scheduling restart of crashed service com.google.android.gms/com.google.android.location.fused.service.FusedProviderService in 39669760ms
W/ActivityManager( 745): Scheduling restart of crashed service com.google.android.gms/com.google.android.location.fused.NlpLocationReceiverService in 42229760ms
W/ActivityManager( 745): Scheduling restart of crashed service com.google.android.gms/com.google.android.location.geocode.GeocodeService in 44789760ms
E/ActivityThread( 3543): Failed to find provider info for com.motorola.ccc.plm.misc
