D/PhoneStatusBar( 1323): disable: < expand ICONS* alerts SYSTEM_INFO* back home recent clock search > E/NowFetcherService( 7347): Unable to get all data items to delete.
D/NowFetcherService( 7347): task failed fetching now cards.
W/NowFetcherService( 7347): Receives a Now broadcast while not connected to GSA
W/NowFetcherService( 7347): Receives a Now broadcast while not connected to GSA
W/NowFetcherService( 7347): Receives a Now broadcast while not connected to GSA
D/NowFetcherService( 7347): onServiceConnected: connected to NowRemoteService
I/GLSUser ( 5649): [GLSUser] extracting token using key:Auth
W/GLSUser ( 5649): [GLSUser] [GLSUser] Permission for com.google.android.gms to access oauth2:https://www.googleapis.com/auth/userlocation.reporting will be managed locally.
D/ConnectivityService( 745): updateNetworkScore for NetworkAgentInfo [WIFI () - 334] to 60
D/ConnectivityService( 745): rematching NetworkAgentInfo [WIFI () - 334]
D/ConnectivityService( 745): Network NetworkAgentInfo [WIFI () - 334] was already satisfying request 1. No change.
D/ConnectivityService( 745): notifyType AVAILABLE for NetworkAgentInfo [WIFI () - 334]
D/ConnectivityManager.CallbackHandler( 1323): CM callback handler got msg 524290
D/NowFetcherService( 7347): now card fetch: getting cards...
I/ActivityManager( 745): START u0 {act=android.settings.SETTINGS flg=0x14000000 cmp=com.android.settings/.Settings} from uid 10020 on display 0
I/ActivityManager( 745): Start proc com.android.settings for activity com.android.settings/.Settings: pid=8854 uid=1000 gids={41000, 9997, 1028, 1015, 3002, 3001, 3003} abi=armeabi-v7a
W/InputMethodManagerService( 745): Window already focused, ignoring focus gain of: com.android.internal.view.IInputMethodClient$Stub$Proxy@382ffff4 attribute=null, token = android.os.BinderProxy@2fd91c43
I/ActivityManager( 745): Start proc com.android.cellbroadcastreceiver for content provider com.android.cellbroadcastreceiver/.CellBroadcastSearchIndexableProvider: pid=8886 uid=10003 gids={50003, 9997} abi=armeabi-v7a
I/art ( 745): Explicit concurrent mark sweep GC freed 41622(2MB) AllocSpace objects, 13(208KB) LOS objects, 24% free, 49MB/65MB, paused 1.212ms total 114.543ms
I/GCoreUlr( 7540): Starting service, intent=Intent { act=com.google.android.location.reporting.ACTION_UPDATE_ACTIVE_STATE cmp=com.google.android.gms/com.google.android.location.reporting.service.DispatchingService }, extras=null
I/FitnessApp( 7694): ULRSettingsReceiver Intent { act=com.google.android.gms.location.reporting.SETTINGS_CHANGED flg=0x10 cmp=com.google.android.apps.fitness/.api.recording.UlrSettingsReceiver }
I/GCoreUlr( 7540): Batch Location Update succeeded for account account#-1#
D/PhoneStatusBar( 1323): disable: < expand icons* alerts system_info* back home recent clock search > I/Fitness ( 7540): Account supported from cache: true
I/IndexDatabaseHelper( 8854): Using schema version: 115
I/IndexDatabaseHelper( 8854): Index is fine
I/GCoreUlr( 7540): Ensuring that reporting is active for [account#-1#]
D/Index ( 8854): Locale 'en_US' is already indexed
I/GCoreUlr( 7540): Starting service, intent=Intent { act=com.google.android.location.reporting.ACTION_LOCATION_STATUS cmp=com.google.android.gms/com.google.android.location.reporting.service.DispatchingService (has extras) }, extras=Bundle[{status=LocationStatus[cell status: STATUS_UNKNOWN, wifi status: STATUS_UNKNOWN, elapsed realtime ns: 0]}]
I/art ( 7540): Explicit concurrent mark sweep GC freed 104683(4MB) AllocSpace objects, 9(255KB) LOS objects, 40% free, 22MB/37MB, paused 1.221ms total 70.072ms
D/OpenGLRenderer( 8854): Render dirty regions requested: true
D/Atlas ( 8854): Validating map...
I/art ( 5649): Explicit concurrent mark sweep GC freed 9336(480KB) AllocSpace objects, 0(0B) LOS objects, 40% free, 18MB/31MB, paused 581us total 24.901ms
I/FitnessApp( 7694): No need to update registrations as ULR settings are unchanged
D/DashboardSummary( 8854): rebuildUI took: 113 ms
I/Adreno-EGL( 8854): : QUALCOMM Build: 10/24/14, 167c270, I68fa98814b
I/OpenGLRenderer( 8854): Initialized EGL, version 1.4
D/OpenGLRenderer( 8854): Enabling debug mode 0
I/ActivityManager( 745): Displayed com.android.settings/.Settings: +1s209ms
I/ActivityManager( 745): START u0 {act=android.intent.action.MAIN cmp=com.android.settings/.SubSettings (has extras)} from uid 1000 on display 0
D/SubSettings( 8854): Launching fragment com.android.settings.DevelopmentSettings
D/WifiService( 745): New client listening to asynchronous messages
W/Settings( 8854): Setting bugreport_in_power_menu has moved from android.provider.Settings.Secure to android.provider.Settings.Global.
W/Settings( 8854): Setting bugreport_in_power_menu has moved from android.provider.Settings.System to android.provider.Settings.Global
I/ActivityManager( 745): Displayed com.android.settings/.SubSettings: +292ms
D/OpenGLRenderer( 8854): endAllStagingAnimators on 0xa1513c00 (RippleDrawable) with handle 0xa0d8c500
I/ValidateNoPeople( 745): skipping global notification
W/InputMethodManagerService( 745): Window already focused, ignoring focus gain of: com.android.internal.view.IInputMethodClient$Stub$Proxy@2293978f attribute=null, token = android.os.BinderProxy@3d24444a
D/MtpService( 7934): updating state; isCurrentUser=true, mMtpLocked=false
D/MtpService( 7934): addStorageLocked 65537 /storage/emulated/0
D/MtpService( 7934): updating state; isCurrentUser=true, mMtpLocked=false
D/MtpService( 7934): starting MTP server in MTP mode
D/MtpService( 7934): addStorageLocked 65537 /storage/emulated/0
I/ActivityManager( 745): START u0 {act=android.intent.action.MAIN cat=[android.intent.category.HOME] flg=0x10200000 cmp=com.google.android.googlequicksearchbox/com.google.android.launcher.GEL} from uid 1000 on display 0
I/GEL ( 8515): handleIntent(Intent { act=android.intent.action.MAIN cat=[android.intent.category.HOME] flg=0x10600000 cmp=com.google.android.googlequicksearchbox/com.google.android.launcher.GEL })
I/ActivityManager( 745): Process com.google.android.apps.plus (pid 8415) has died
W/OpenGLRenderer( 8515): Incorrectly called buildLayer on View: adg, destroying layer...
D/PhoneStatusBar( 1323): disable: < expand ICONS* alerts SYSTEM_INFO* back home recent clock search > D/PhoneStatusBar( 1323): disable: < expand icons* alerts system_info* back home recent clock search > W/InputMethodManagerService( 745): Window already focused, ignoring focus gain of: com.android.internal.view.IInputMethodClient$Stub$Proxy@3d0a1fe5 attribute=null, token = android.os.BinderProxy@2fd91c43
I/art ( 1582): Explicit concurrent mark sweep GC freed 840(35KB) AllocSpace objects, 0(0B) LOS objects, 40% free, 15MB/26MB, paused 1.326ms total 42.482ms
E/WifiStateMachine( 745): WifiStateMachine CMD_START_SCAN source -2 txSuccessRate=1.49 rxSuccessRate=2.32 targetRoamBSSID=00:00:00:00:00:00 RSSI=-52
I/wpa_supplicant(12600): wlan0: CTRL-EVENT-SCAN-STARTED
E/WifiStateMachine( 745): WifiStateMachine shouldSwitchNetwork txSuccessRate=1.74 rxSuccessRate=3.16 delta 5 -> 5
I/wpa_supplicant(12600): wlan0: CTRL-EVENT-DISCONNECTED bssid=30:85:a9:e7:f7:30 reason=3 locally_generated=1
E/WifiStateMachine( 745): CMD_AUTO_CONNECT sup state CompletedState my state ConnectedState nid=0 roam=2
E/WifiConfigStore( 745): saveWifiConfigBSSID Setting BSSID for "THOMS-5G"WPA_PSK to any
E/WifiStateMachine( 745): CMD_AUTO_CONNECT will save config -> "THOMS-5G" nid=0
E/WifiConfigStore( 745): Setting BSSID for "THOMS-5G"WPA_PSK to any
E/WifiConfigStore( 745): will read network variables netId=0
E/WifiStateMachine( 745): CMD_AUTO_CONNECT did save config -> nid=0
E/WifiConfigStore( 745): will read network variables netId=0
I/wpa_supplicant(12600): wlan0: Trying to associate with 30:85:a9:e7:f7:34 (SSID='THOMS-5G' freq=5745 MHz)
E/WifiConfigStore( 745): setLastSelectedConfiguration -1
E/WifiStateMachine( 745): WifiStateMachine: Leaving Connected state
E/WifiStateMachine( 745): Start Roam Watchdog 312
E/WifiStateMachine( 745): NETWORK_DISCONNECTION_EVENT in roaming state BSSID=30:85:a9:e7:f7:30 target=any
I/wpa_supplicant(12600): wlan0: Associated with 30:85:a9:e7:f7:34
I/wpa_supplicant(12600): wlan0: WPA: Key negotiation completed with 30:85:a9:e7:f7:34 [PTK=CCMP GTK=CCMP]
I/wpa_supplicant(12600): wlan0: CTRL-EVENT-CONNECTED - Connection to 30:85:a9:e7:f7:34 completed [id=0 id_str=]
E/WifiStateMachine( 745): WifiStateMachine: Leaving Roaming state
E/WifiConfigStore( 745): saveWifiConfigBSSID Setting BSSID for "THOMS-5G"WPA_PSK to any
E/WifiStateMachine( 745): Start Dhcp Watchdog 362
E/native ( 745): do suspend false
E/WifiStateMachine( 745): scanCount==0 - aborting
I/dhcpcd ( 8999): sending signal 14 to pid 4162
I/dhcpcd ( 4162): received SIGALRM, renewing
I/dhcpcd ( 4162): wlan0: renewing lease of 192.168.1.151
I/dhcpcd ( 4162): wlan0: acknowledged 192.168.1.151 from 192.168.1.1
I/dhcpcd ( 4162): wlan0: leased 192.168.1.151 for 86400 seconds
D/Nat464Xlat( 745): requiresClat: netType=1, connected=true, hasIPv4Address=true
E/WifiStateMachine( 745): WifiStateMachine CMD_START_SCAN source -2 txSuccessRate=0.87 rxSuccessRate=2.58 targetRoamBSSID=00:00:00:00:00:00 RSSI=-67
E/WifiStateMachine( 745): WifiStateMachine starting scan for "THOMS-5G"WPA_PSK with 5745,2462
I/wpa_supplicant(12600): wlan0: CTRL-EVENT-SCAN-STARTED
E/CWCheckin( 7516): no tags to log for kernal events
D/Checkin ( 7516): publish the event [tag = MOT_CHECKIN event name = LOG]
D/CWCheckin( 7516): Motorola help_improve privacy is -1
D/CWCheckin( 7516): Generic privacy config is true
D/CWCheckin( 7516): BcsMMApiWSGpb: getDeviceProperties()=blurid=P027XS4RCR,version=Blur_Version.20.0.1526154.metallica.unknown.unknown.unknown,crc=17498a,imei=P027XS4RCR,barcode=TA47702FZI,imsi=IMSI_NOT_AVAILABLE,phone=PHONE_NUMBER_NOT_AVAILABLE,buildType=user,swchksum=FFFF,bldid=KNX01S,brdplatfrm=omap3,bldfngrprnt=motorola/metallica/minnow:4.4W.2/KNX01S/1526154:user/release-keys,modem=NOT_AVAILABLE,bootDevice=NOT_AVAILABLE
D/CWCheckin( 7516): Motorola help_improve privacy is -1
D/CWCheckin( 7516): Generic privacy config is true
E/CWCheckin( 7516): BcsDSCheckin.logProperties: root status from persist.qe is null or empty
D/Checkin ( 7516): publish the event [tag = MOT_CHECKIN event name = LOG]
D/CWCheckin( 7516): Motorola help_improve privacy is -1
D/CWCheckin( 7516): Generic privacy config is true
D/Checkin ( 7516): publish the event [tag = DEV_ATTRIBS event name = SW]
D/CWCheckin( 7516): Motorola help_improve privacy is -1
D/CWCheckin( 7516): Generic privacy config is true
E/ActivityThread( 7516): Failed to find provider info for com.motorola.ccc.cce.datausage
E/DataUsage( 7516): got exception java.lang.IllegalArgumentException: Unknown URI content://com.motorola.ccc.cce.datausage/statistics
I/CWCheckin( 7516): BcsDSCheckin.events found events 90
D/Checkin ( 7516): publish the event [tag = MOT_CHECKIN event name = LOG]
D/CWCheckin( 7516): Motorola help_improve privacy is -1
D/CWCheckin( 7516): Generic privacy config is true
D/CWCheckin( 7516): getMetadataJSON: DEVICE_INFO={"tos":"true","serialNumber":"P027XS4RCR","hwcategory":"clock","hwType":"metallica","imei":"P027XS4RCR","imsi":"IMSI_NOT_AVAILABLE","phoneNumber":"PHONE_NUMBER_NOT_AVAILABLE","carrier":"unknown","language":"unknown","userLanguage":"English (United States)","country":"unknown","region":"unknown","localeCountry":"unknown","localeRegion":"unknown","osVersion":"4.4W.2","softwareVersion":"Blur_Version.20.0.1526154.metallica.unknown.unknown.unknown","barcode":"TA47702FZI","swchksum":"FFFF","crc":"17498a","fingerprint":"motorola\/metallica\/minnow:4.4W.2\/KNX01S\/1526154:user\/release-keys","android.hwType":"metallica","android.carrier":"unknown","android.bootloaderVersion":"MINNOW094F","android.brand":"motorola","android.model":"Moto 360","android.radioVersion":"","android.buildType":"user","android.buildTags":"release-keys","android.buildDevice":"minnow","android.buildId":"KNX01S","android.buildDisplayId":"KNX01S","android.incrementalVersion":"1526154","android.releaseVersion":"4.4W.2","hwRevision":"","provisionedTime":"","hostserialnumber":"02a2927709113f44"}
D/CWCheckin( 7516): BcsMMApiWSGpb: getDeviceProperties()=blurid=P027XS4RCR,version=Blur_Version.20.0.1526154.metallica.unknown.unknown.unknown,crc=17498a,imei=P027XS4RCR,barcode=TA47702FZI,imsi=IMSI_NOT_AVAILABLE,phone=PHONE_NUMBER_NOT_AVAILABLE,buildType=user,swchksum=FFFF,bldid=KNX01S,brdplatfrm=omap3,bldfngrprnt=motorola/metallica/minnow:4.4W.2/KNX01S/1526154:user/release-keys,modem=NOT_AVAILABLE,bootDevice=NOT_AVAILABLE
I/art ( 745): Explicit concurrent mark sweep GC freed 62673(3MB) AllocSpace objects, 13(1488KB) LOS objects, 23% free, 51MB/67MB, paused 1.196ms total 107.039ms
D/MMApiWebService( 7516): doRequest() with req : MMApiWSRequest(v1/cs/checkin)
I/MMApiWSBase( 7516): doRequest(): url: https://argo.svcmot.com:443/v1/cs/checkin.pb/2080960538656768000?appId=6R1TANEX3ZMQ6EU1UH43P34C8B868KTE
D/ConnectivityService( 745): updateNetworkScore for NetworkAgentInfo [WIFI () - 334] to 56
D/ConnectivityService( 745): rematching NetworkAgentInfo [WIFI () - 334]
D/ConnectivityService( 745): Network NetworkAgentInfo [WIFI () - 334] was already satisfying request 1. No change.
D/ConnectivityService( 745): notifyType AVAILABLE for NetworkAgentInfo [WIFI () - 334]
D/ConnectivityManager.CallbackHandler( 1323): CM callback handler got msg 524290
D/MMApiWSBase( 7516): doRequest(): v1/cs/checkin resp length: 4
D/CCE ( 7516): AppWSProxy - handleResponse(): error=None errorText= statusCode=200 reqId=
D/CCE ( 7516): AppWSProxy - sendAIDLWSResponse() sending reponse
I/CWCheckin( 7516): BcsCore.status() called with error code=ERROR_OK
D/Checkin ( 7516): publish the event [tag = MOT_CHECKIN event name = LOG]
D/CWCheckin( 7516): Motorola help_improve privacy is -1
D/CWCheckin( 7516): Generic privacy config is true
D/CWCheckin( 7516): 90 events delete 1 left
I/CWCheckin( 7516): BcsDSCheckin.events found events 0
D/Checkin ( 7516): publish the event [tag = MOT_CHECKIN event name = LOG]
D/CWCheckin( 7516): Motorola help_improve privacy is -1
D/CWCheckin( 7516): Generic privacy config is true
D/CWCheckin( 7516): getMetadataJSON: DEVICE_INFO={"tos":"true","serialNumber":"P027XS4RCR","hwcategory":"clock","hwType":"metallica","imei":"P027XS4RCR","imsi":"IMSI_NOT_AVAILABLE","phoneNumber":"PHONE_NUMBER_NOT_AVAILABLE","carrier":"unknown","language":"unknown","userLanguage":"English (United States)","country":"unknown","region":"unknown","localeCountry":"unknown","localeRegion":"unknown","osVersion":"4.4W.2","softwareVersion":"Blur_Version.20.0.1526154.metallica.unknown.unknown.unknown","barcode":"TA47702FZI","swchksum":"FFFF","crc":"17498a","fingerprint":"motorola\/metallica\/minnow:4.4W.2\/KNX01S\/1526154:user\/release-keys","android.hwType":"metallica","android.carrier":"unknown","android.bootloaderVersion":"MINNOW094F","android.brand":"motorola","android.model":"Moto 360","android.radioVersion":"","android.buildType":"user","android.buildTags":"release-keys","android.buildDevice":"minnow","android.buildId":"KNX01S","android.buildDisplayId":"KNX01S","android.incrementalVersion":"1526154","android.releaseVersion":"4.4W.2","hwRevision":"","provisionedTime":"","hostserialnumber":"02a2927709113f44"}
D/CWCheckin( 7516): BcsMMApiWSGpb: getDeviceProperties()=blurid=P027XS4RCR,version=Blur_Version.20.0.1526154.metallica.unknown.unknown.unknown,crc=17498a,imei=P027XS4RCR,barcode=TA47702FZI,imsi=IMSI_NOT_AVAILABLE,phone=PHONE_NUMBER_NOT_AVAILABLE,buildType=user,swchksum=FFFF,bldid=KNX01S,brdplatfrm=omap3,bldfngrprnt=motorola/metallica/minnow:4.4W.2/KNX01S/1526154:user/release-keys,modem=NOT_AVAILABLE,bootDevice=NOT_AVAILABLE
D/CWCheckin( 7516): BcsMMApiWSGpb: getDeviceProperties()=blurid=P027XS4RCR,version=Blur_Version.20.0.1526154.metallica.unknown.unknown.unknown,crc=17498a,imei=P027XS4RCR,barcode=TA47702FZI,imsi=IMSI_NOT_AVAILABLE,phone=PHONE_NUMBER_NOT_AVAILABLE,buildType=user,swchksum=FFFF,bldid=KNX01S,brdplatfrm=omap3,bldfngrprnt=motorola/metallica/minnow:4.4W.2/KNX01S/1526154:user/release-keys,modem=NOT_AVAILABLE,bootDevice=NOT_AVAILABLE
I/CWCheckin( 7516): BcsTimer.onReceive checkin completed (0:ERROR_OK)
D/Checkin ( 7516): publish the event [tag = MOT_CHECKIN event name = LOG]
D/CWCheckin( 7516): Motorola help_improve privacy is -1
D/CWCheckin( 7516): Generic privacy config is true
D/CWCheckin( 7516): Motorola help_improve privacy is -1
D/CWCheckin( 7516): Generic privacy config is true
D/ConnectivityService( 745): updateNetworkScore for NetworkAgentInfo [WIFI () - 334] to 60
D/ConnectivityService( 745): rematching NetworkAgentInfo [WIFI () - 334]
D/ConnectivityService( 745): Network NetworkAgentInfo [WIFI () - 334] was already satisfying request 1. No change.
D/ConnectivityService( 745): notifyType AVAILABLE for NetworkAgentInfo [WIFI () - 334]
D/ConnectivityManager.CallbackHandler( 1323): CM callback handler got msg 524290
D/ConnectivityService( 745): updateNetworkScore for NetworkAgentInfo [WIFI () - 334] to 56
D/ConnectivityService( 745): rematching NetworkAgentInfo [WIFI () - 334]
D/ConnectivityService( 745): Network NetworkAgentInfo [WIFI () - 334] was already satisfying request 1. No change.
D/ConnectivityService( 745): notifyType AVAILABLE for NetworkAgentInfo [WIFI () - 334]
D/ConnectivityManager.CallbackHandler( 1323): CM callback handler got msg 524290
I/art ( 1609): Explicit concurrent mark sweep GC freed 71319(8MB) AllocSpace objects, 0(0B) LOS objects, 39% free, 17MB/29MB, paused 5.839ms total 93.370ms
I/art (23530): Explicit concurrent mark sweep GC freed 13521(579KB) AllocSpace objects, 0(0B) LOS objects, 39% free, 15MB/26MB, paused 502us total 62.978ms
E/WifiStateMachine( 745): WifiStateMachine CMD_START_SCAN source -2 txSuccessRate=0.11 rxSuccessRate=2.27 targetRoamBSSID=00:00:00:00:00:00 RSSI=-68
E/WifiStateMachine( 745): WifiStateMachine starting scan for "THOMS-5G"WPA_PSK with 5745,2462
I/wpa_supplicant(12600): wlan0: CTRL-EVENT-SCAN-STARTED
D/WifiService( 745): acquireWifiLockLocked: WifiLock{NlpWifiLock type=2 binder=android.os.BinderProxy@315eb712}
E/WifiStateMachine( 745): WifiStateMachine CMD_START_SCAN source 10008 txSuccessRate=0.11 rxSuccessRate=2.27 targetRoamBSSID=00:00:00:00:00:00 RSSI=-68
E/WifiStateMachine( 745): WifiStateMachine CMD_START_SCAN source 10008 txSuccessRate=0.11 rxSuccessRate=2.27 targetRoamBSSID=00:00:00:00:00:00 RSSI=-68
I/wpa_supplicant(12600): wlan0: CTRL-EVENT-SCAN-STARTED
D/WifiService( 745): releaseWifiLockLocked: WifiLock{NlpWifiLock type=2 binder=android.os.BinderProxy@315eb712}
I/GCoreUlr( 7540): Successfully inserted location
I/GCoreUlr( 7540): Not calling LocationReporter, hasMoved: false, elapsed millis: 64430, request: Stationary(3600000)
E/WifiStateMachine( 745): WifiStateMachine CMD_START_SCAN source -2 txSuccessRate=0.51 rxSuccessRate=2.78 targetRoamBSSID=00:00:00:00:00:00 RSSI=-68
E/WifiStateMachine( 745): WifiStateMachine starting scan for "THOMS-5G"WPA_PSK with 5745,2462
I/wpa_supplicant(12600): wlan0: CTRL-EVENT-SCAN-STARTED
I/art (13342): Explicit concurrent mark sweep GC freed 4944(353KB) AllocSpace objects, 0(0B) LOS objects, 40% free, 16MB/26MB, paused 785us total 53.575ms
D/UsbDebuggingManager( 745): Received public key: QAAAAMUKcbPzG1D6qGoWZEWU21F/T/6cb6mWmpZ1nBwstHZB8WlRsngEmXWy76KmMNG1iZsQIJ7TVR9popYOhmiU2FYVPDfkl1RvPsuFv5ONjZg+lvGs2RzsWHOzA+SyFaTxs1iHDCcZNE+e1diWI97r96SrorsLlMsRDvvasCHCst79INb2DpZu+fbBODl+IAzFXbpN5spz2VengamI1LfhEXoe+wGUBllTB5nLjHkWDg/c+3DRHjQz5dCEVepZ/9Zww81V+epVY+u4z/u+tCIRS4lro2j5GlIdZBV+Hv0PoPiWilAxbxBadmWXaYvM1bsn4UaSoiZs03PiL1tEUlo3EeAXtge9H3XJ+HSDvmEn/W4wLHZpujP8UsaNK2H5rPu3unNFDJBMETM0zBbj5pdSxG0KC61x+bFLhlIepec3CZgilNxo5iZ4BMO+iwypztfv25rAFpmG+jsjdbnmcUU121EU0xqcDREWg3SCAC26cJLdAey5nbJ3mZkRJCQeNs8tNSoeg9dTQZHFnIgnHEd60yrnJBVJoJAVbjU3tWe8piq/gclfhlBE5PmAkppqOnaaUDbnlzRz6n4VR1fm3YnG764wJ4aO3s2puyOWPHH1uE2KsL3YMkIMUtjoH/RNxtHcmDxuZ8DsDP6szmL3nillpevEZHLPXpRTG+a+99Mx+0746uxXjwEAAQA= jords@jordans-mbp
W/ContextImpl( 745): Calling a method in the system process without a qualified user: android.app.ContextImpl.startActivity:1218 com.android.server.usb.UsbDebuggingManager.startConfirmationActivity:268 com.android.server.usb.UsbDebuggingManager.startConfirmation:250 com.android.server.usb.UsbDebuggingManager.access$900:49 com.android.server.usb.UsbDebuggingManager$UsbDebuggingHandler.handleMessage:211
W/ContextImpl( 745): Calling a method in the system process without a qualified user: android.app.ContextImpl.startActivity:1230 android.app.ContextImpl.startActivity:1219 com.android.server.usb.UsbDebuggingManager.startConfirmationActivity:268 com.android.server.usb.UsbDebuggingManager.startConfirmation:250 com.android.server.usb.UsbDebuggingManager.access$900:49
I/ActivityManager( 745): START u0 {flg=0x10000000 cmp=com.android.systemui/.usb.UsbDebuggingActivity (has extras)} from uid 1000 on display 0
I/ActivityManager( 745): Displayed com.android.systemui/.usb.UsbDebuggingActivity: +210ms
W/InputMethodManagerService( 745): Window already focused, ignoring focus gain of: com.android.internal.view.IInputMethodClient$Stub$Proxy@39208f3c attribute=null, token = android.os.BinderProxy@2fd91c43
D/OpenGLRenderer( 1323): endAllStagingAnimators on 0x984c4280 (RippleDrawable) with handle 0x9c572500
D/TaskPersister( 745): removeObsoleteFile: deleting file=390_task_thumbnail.png
W/PropertyValuesHolder( 8515): Method setBrightness() with type int not found on target class class us
W/PropertyValuesHolder( 8515): Method getBrightness() with type null not found on target class class us
I/ActivityManager( 745): START u0 {act=android.intent.action.MAIN cat=[android.intent.category.LAUNCHER] flg=0x10200000 cmp=com.chrome.beta/com.google.android.apps.chrome.Main bnds=[246,1532][447,1784] (has extras)} from uid 10022 on display 0
I/ActivityManager( 745): START u0 {act=android.intent.action.VIEW dat=document://380?https://t.co/x3eKLbdr8U flg=0x10182000 cmp=com.chrome.beta/com.google.android.apps.chrome.document.DocumentActivity (has extras)} from uid 10091 on display 0
I/art ( 745): Explicit concurrent mark sweep GC freed 53115(2MB) AllocSpace objects, 21(4MB) LOS objects, 24% free, 49MB/65MB, paused 982us total 111.299ms
E/DocumentTabList( 8232): Failed to restore tab state for tab 195
I/LibraryLoader( 8232): Loading: chromium_android_linker
I/LibraryLoader( 8232): Loading: chrome.2171.90
I/art ( 8232): Explicit concurrent mark sweep GC freed 10064(777KB) AllocSpace objects, 3(48KB) LOS objects, 40% free, 17MB/29MB, paused 576us total 34.586ms
D/OpenGLRenderer( 8232): Render dirty regions requested: true
D/Atlas ( 8232): Validating map...
I/LibraryLoader( 8232): Time to load native libraries: 238 ms (timestamps 1007-1245)
I/LibraryLoader( 8232): Expected native library version number "39.0.2171.90",actual native library version number "39.0.2171.90"
I/chromium( 8232): [INFO:library_loader_hooks.cc(104)] Chromium logging enabled: level = 0, default verbosity = 0
D/ChildProcessLauncher( 8232): Allocator allocated a connection, sandbox: true, slot: 0
I/ActivityManager( 745): Start proc com.chrome.beta:sandboxed_process0 for service com.chrome.beta/org.chromium.content.app.SandboxedProcessService0: pid=9113 uid=99384 gids={} abi=armeabi-v7a
I/Adreno-EGL( 8232): : QUALCOMM Build: 10/24/14, 167c270, I68fa98814b
I/OpenGLRenderer( 8232): Initialized EGL, version 1.4
I/ActivityManager( 745): Process com.android.providers.calendar (pid 8638) has died
D/OpenGLRenderer( 8232): Enabling debug mode 0
I/ActivityManager( 745): Process com.google.android.calendar (pid 8608) has died
I/ChildProcessService( 9113): Creating new ChildProcessService pid=9113
I/ActivityManager( 745): Displayed com.chrome.beta/com.google.android.apps.chrome.document.DocumentActivity: +851ms (total +951ms)
I/BrowserStartupController( 8232): Initializing chromium process, singleProcess=false
W/art ( 8232): Attempt to remove local handle scope entry from IRT, ignoring
W/AudioManagerAndroid( 8232): Requires BLUETOOTH permission
W/chromium( 8232): [WARNING:data_reduction_proxy_settings.cc(331)] SPDY proxy OFF at startup
I/ActivityManager( 745): Process com.android.cellbroadcastreceiver (pid 8886) has died
I/ActivityManager( 745): Process com.google.android.apps.fitness (pid 7694) has died
W/art ( 8232): Attempt to remove local handle scope entry from IRT, ignoring
D/WifiService( 745): Client connection lost with reason: 4
I/ActivityManager( 745): Process com.facebook.katana (pid 8475) has died
W/ActivityManager( 745): Scheduling restart of crashed service com.facebook.katana/com.facebook.push.mqtt.service.MqttPushService in 1000ms
I/ActivityManager( 745): Process com.google.android.music:main (pid 7674) has died
W/ActivityManager( 745): Scheduling restart of crashed service com.google.android.music/.download.artwork.ArtDownloadService in 10910ms
W/KnoxSettingsProvider( 8232): Permission to read device policy denied.
W/KnoxSettingsProvider( 8232): Device policy content provider not found.
D/ChildProcessLauncher( 8232): Setting up connection to process: slot=0
D/ChildProcessLauncher( 8232): on connect callback, pid=9113 context=-1347256232
I/LibraryLoader( 9113): Loading: chromium_android_linker
I/LibraryLoader( 9113): Loading: chrome.2171.90
I/WindowState( 745): WIN DEATH: Window{2ad3ddcb u0 com.android.settings/com.android.settings.Settings}
D/WifiService( 745): Client connection lost with reason: 4
W/InputDispatcher( 745): channel '307bcfbb com.android.settings/com.android.settings.SubSettings (server)' ~ Consumer closed input channel or an error occurred. events=0x9
E/InputDispatcher( 745): channel '307bcfbb com.android.settings/com.android.settings.SubSettings (server)' ~ Channel is unrecoverably broken and will be disposed!
I/WindowState( 745): WIN DEATH: Window{307bcfbb u0 com.android.settings/com.android.settings.SubSettings}
W/InputDispatcher( 745): Attempted to unregister already unregistered input channel '307bcfbb com.android.settings/com.android.settings.SubSettings (server)'
I/LibraryLoader( 9113): Time to load native libraries: 29 ms (timestamps 2185-2214)
I/LibraryLoader( 9113): Expected native library version number "39.0.2171.90",actual native library version number "39.0.2171.90"
I/chromium( 9113): [INFO:library_loader_hooks.cc(104)] Chromium logging enabled: level = 0, default verbosity = 0
I/ActivityManager( 745): Process com.android.settings (pid 8854) has died
W/art ( 9113): Attempt to remove local handle scope entry from IRT, ignoring
W/art ( 9113): Attempt to remove local handle scope entry from IRT, ignoring
I/ActivityManager( 745): Process com.motorola.targetnotif (pid 7516) has died
W/ActivityManager( 745): Scheduling restart of crashed service com.motorola.targetnotif/com.motorola.loop.BluetoothService in 20710ms
W/ActivityManager( 745): Scheduling restart of crashed service com.motorola.targetnotif/com.motorola.checkin.uploader.CheckinService in 20710ms
E/lowmemorykiller( 169): Error opening /proc/7934/oom_score_adj; errno=2
I/ActivityManager( 745): Process android.process.media (pid 7934) has died
W/ActivityManager( 745): Scheduling restart of crashed service com.android.providers.media/.MtpService in 30690ms
W/InputDispatcher( 745): channel '24dfa2c0 com.google.android.googlequicksearchbox/com.google.android.launcher.GEL (server)' ~ Consumer closed input channel or an error occurred. events=0x9
E/InputDispatcher( 745): channel '24dfa2c0 com.google.android.googlequicksearchbox/com.google.android.launcher.GEL (server)' ~ Channel is unrecoverably broken and will be disposed!
D/WifiService( 745): Client connection lost with reason: 4
I/WindowState( 745): WIN DEATH: Window{24dfa2c0 u0 com.google.android.googlequicksearchbox/com.google.android.launcher.GEL}
W/InputDispatcher( 745): Attempted to unregister already unregistered input channel '24dfa2c0 com.google.android.googlequicksearchbox/com.google.android.launcher.GEL (server)'
I/ActivityManager( 745): Process com.google.android.googlequicksearchbox (pid 8515) has died
I/art ( 745): Explicit concurrent mark sweep GC freed 22179(1000KB) AllocSpace objects, 0(0B) LOS objects, 24% free, 49MB/65MB, paused 1.178ms total 114.734ms
I/art ( 8232): Explicit concurrent mark sweep GC freed 36113(1973KB) AllocSpace objects, 6(1157KB) LOS objects, 40% free, 19MB/32MB, paused 536us total 27.758ms
W/chromium( 8232): [WARNING:jni_string.cc(28)] ConvertJavaStringToUTF8 called with null string.
I/ActivityManager( 745): Start proc com.facebook.katana for service com.facebook.katana/com.facebook.push.mqtt.service.MqttPushService: pid=9198 uid=10110 gids={50110, 9997, 1028, 1015, 3003} abi=armeabi-v7a
W/ResourcesManager( 9198): Asset path '/system/framework/com.google.android.maps.jar' does not exist or contains no resources.
D/CatchMeIfYouCan( 9198): Process () ca: '/data/data/com.facebook.katana/app_cmiyc/A1657CCD543F12E66E587EE52ED9D802E22AAC4701'
D/CatchMeIfYouCan( 9198): Process () fc: '/data/data/com.facebook.katana/app_cmiyc/A1657CCD543F12E66E587EE52ED9D802E22AAC4702'
D/CatchMeIfYouCan( 9198): Process () cp: '('default', 3, 120000, silent [true], restart [false], logout [false])'
D/ACRA ( 9198): ACRA is enabled for com.facebook.katana, intializing...
D/ACRA ( 9198): Looking for error files in /data/data/com.facebook.katana/app_acra-reports
D/ACRA ( 9198): Looking for error files in /data/data/com.facebook.katana/app_minidumps
D/SoLoader( 9198): found fb_stl_shared in default place
D/SoLoader( 9198): found fb_breakpad_client in default place
I/DexLibLoader( 9198): not using cross-dex optimization: ART in use
D/SoLoader( 9198): found distract in default place
D/SoLoader( 9198): found fb_dalvik-internals in default place
I/dalvik-internals( 9198): dlopen(libdvm) failed: no Dalvik modifications possible
V/DexLibLoader( 9198): about to lock odex store
V/DexLibLoader( 9198): locking odex store took 1 ms
V/DexLibLoader( 9198): Secondary program dex metadata: classes2.dex 52a322ae1b1f49afa1ea4c0d2638e7a268885d64 secondary.dex01.Canary
V/DexLibLoader( 9198): Secondary program dex metadata: classes3.dex 6affb04c6439083b685c6134b089c804ab883e40 secondary.dex02.Canary
V/DexLibLoader( 9198): Secondary program dex metadata: classes4.dex 4659a451175d4f4952dc15f1f0f5d871f4890af3 secondary.dex03.Canary
V/DexLibLoader( 9198): Secondary program dex metadata: classes5.dex 4e0eb7d90968200d97f31611f9c35d14d2bc2e15 secondary.dex04.Canary
V/DexLibLoader( 9198): Secondary program dex metadata: classes6.dex 39f24fcf20aa2f7ac90ffead67c7761b82e68901 secondary.dex05.Canary
V/DexLibLoader( 9198): Secondary program dex metadata: classes7.dex 4e62c7777c0f7c3338ddc181c5e878fbd53ae54b secondary.dex06.Canary
D/DexLibLoader( 9198): directory "/data/data/com.facebook.katana/app_secondary_program_dex" is valid
D/DexLibLoader( 9198): directory "/data/data/com.facebook.katana/app_secondary_program_dex_opt" is valid
D/DexLibLoader( 9198): loading pre-built fallback odex files
D/DexLibLoader( 9198): released odex store lock
D/DexLibLoader( 9198): DexLibLoader.loadAll took 25 ms
D/SystemClassLoaderAdder( 9198): Marked as initialized entry corresponding to path /data/app/com.facebook.katana-2/base.apk
E/FbInjectorInitializer( 9198): Multi-binding Key[type=com.facebook.bugreporter.BugReportExtraFileMapProvider, annotation=[none]] wasn't declared.
E/FbInjectorInitializer( 9198): Multi-binding Key[type=com.facebook.auth.privacy.IHaveUserData, annotation=[none]] wasn't declared.
E/FbInjectorInitializer( 9198): Multi-binding Key[type=com.facebook.auth.component.AuthComponent, annotation=[none]] wasn't declared.
E/FbInjectorInitializer( 9198): Multi-binding Key[type=com.facebook.gk.GatekeeperSetProvider, annotation=[none]] wasn't declared.
E/FbInjectorInitializer( 9198): Multi-binding Key[type=com.facebook.gk.SessionlessGatekeeperSetProvider, annotation=[none]] wasn't declared. W/fb4a(:):StaticBindingVerifier( 9198): Verify
D/WifiService( 745): New client listening to asynchronous messages
W/art ( 9198): Suspending all threads took: 195.583ms
I/art ( 9198): Rejecting re-init on previously-failed class java.lang.Class
I/art ( 9198): Rejecting re-init on previously-failed class java.lang.Class
D/ConnectivityService( 745): updateNetworkScore for NetworkAgentInfo [WIFI () - 334] to 60
D/ConnectivityService( 745): rematching NetworkAgentInfo [WIFI () - 334]
D/ConnectivityService( 745): Network NetworkAgentInfo [WIFI () - 334] was already satisfying request 1. No change.
D/ConnectivityService( 745): notifyType AVAILABLE for NetworkAgentInfo [WIFI () - 334]
D/ConnectivityManager.CallbackHandler( 1323): CM callback handler got msg 524290
D/SoLoader( 9198): found fb_stl_shared in default place
D/SoLoader( 9198): found fb in default place
D/SoLoader( 9198): found fb_breakpad_client in default place
D/SoLoader( 9198): found fbjni in default place
D/SoLoader( 9198): found heartbleed in default place
D/DelayedSyncController( 8232): No delayed sync.
I/Icing ( 7085): Usage reports 1 indexed 0 rejected 0 imm upload false
E/WearablePkgInstaller( 7347): Error finding the local node: Status{statusCode=TIMEOUT, resolution=null}
E/CwCal ( 7347): Fail to send dataItems:com.google.android.gms.wearable.PutDataMapRequest@fa03040 Status{statusCode=TIMEOUT, resolution=null}
I/Fitness ( 7540): FlushServiceReceiver.onReceive
E/WifiStateMachine( 745): WifiStateMachine CMD_START_SCAN source -2 txSuccessRate=65.38 rxSuccessRate=63.27 targetRoamBSSID=00:00:00:00:00:00 RSSI=-62
I/Icing ( 7085): Indexing 3C9009886FEE0F26C40D8809FDFA0F4665463B0A from com.chrome.beta
D/Icing ( 7085): Loaded CLD2 Version V2.0 - 20140131
I/Icing ( 7085): Indexing done 3C9009886FEE0F26C40D8809FDFA0F4665463B0A
W/BroadcastQueue( 745): Permission Denial: broadcasting Intent { act=android.net.conn.INET_CONDITION_ACTION flg=0x4000010 (has extras) } from null (pid=-1, uid=-1) requires com.facebook.permission.prod.FB_APP_COMMUNICATION due to registered receiver BroadcastFilter{29c29766 u0 ReceiverList{13ee03c1 9198 com.facebook.katana/10110/u0 remote:3b4a4ca8}}
W/BroadcastQueue( 745): Permission Denial: broadcasting Intent { act=android.net.conn.CONNECTIVITY_CHANGE flg=0x4000010 (has extras) } from null (pid=-1, uid=-1) requires com.facebook.permission.prod.FB_APP_COMMUNICATION due to registered receiver BroadcastFilter{29c29766 u0 ReceiverList{13ee03c1 9198 com.facebook.katana/10110/u0 remote:3b4a4ca8}}
W/NotificationBridger( 7347): error getting local node: Status{statusCode=TIMEOUT, resolution=null}
I/NotificationBridger( 7347): Retry startup in 2848 ms
D/GCoreFlp( 7540): Unknown pending intent to remove. W/fb4a(:):AbstractMqttPushService( 9198): Attempt to start service that is already started
D/SoLoader( 9198): found fb_stl_shared in default place
D/SoLoader( 9198): found webp in default place
D/SoLoader( 9198): found fb in default place
D/SoLoader( 9198): found fb_jpegturbo in default place
D/SoLoader( 9198): found fb_breakpad_client in default place
D/SoLoader( 9198): found fbjni in default place
D/SoLoader( 9198): found fb_imgproc in default place
I/NativeImageProcessor( 9198): == read 42 bytes ==
I/NativeImageProcessor( 9198): == read -1 bytes ==
W/BroadcastQueue( 745): Permission Denial: broadcasting Intent { act=android.net.conn.CONNECTIVITY_CHANGE flg=0x4000010 (has extras) } from null (pid=-1, uid=-1) requires com.facebook.permission.prod.FB_APP_COMMUNICATION due to registered receiver BroadcastFilter{2b2b668f u0 ReceiverList{2b1361ee 9198 com.facebook.katana/10110/u0 remote:f00c369}}
W/ClockworkProxy( 7347): checkProxyEnablement: failed checking if nodes are connected, scheduling retry:Status{statusCode=TIMEOUT, resolution=null}
E/NowFetcherService( 7347): Unable to get all data items to delete.
D/NowFetcherService( 7347): task failed fetching now cards.
W/NowFetcherService( 7347): Receives a Now broadcast while not connected to GSA
W/NowFetcherService( 7347): Receives a Now broadcast while not connected to GSA
W/NowFetcherService( 7347): Giving up on delivering message intent: Intent { act=fetch_cards flg=0x14 cmp=com.google.android.wearable.app/com.google.android.clockwork.now.NowFetcherService (has extras) } after 7 retries
W/NowFetcherService( 7347): Receives a Now broadcast while not connected to GSA
W/NowFetcherService( 7347): Giving up on delivering message intent: Intent { act=fetch_cards flg=0x14 cmp=com.google.android.wearable.app/com.google.android.clockwork.now.NowFetcherService (has extras) } after 8 retries
D/WifiService( 745): Client connection lost with reason: 4
D/WifiService( 745): Client connection lost with reason: 4
I/ActivityManager( 745): Process com.facebook.katana (pid 9198) has died
W/ActivityManager( 745): Scheduling restart of crashed service com.facebook.katana/com.facebook.vault.service.VaultManagerService in 32440ms
W/ActivityManager( 745): Scheduling restart of crashed service com.facebook.katana/com.facebook.push.mqtt.service.MqttPushService in 32438ms
I/ActivityManager( 745): Process com.google.android.googlequicksearchbox:search (pid 7733) has died
W/ActivityManager( 745): Scheduling restart of crashed service com.google.android.googlequicksearchbox/com.google.android.search.core.service.SearchService in 42420ms
W/ActivityManager( 745): Canceling start item Intent { act=com.google.android.search.core.service.BroadcastListenerService.action.UPDATE cmp=com.google.android.googlequicksearchbox/com.google.android.search.core.service.BroadcastListenerService (has extras) } in service ComponentInfo{com.google.android.googlequicksearchbox/com.google.android.search.core.service.BroadcastListenerService}
W/ActivityManager( 745): Scheduling restart of crashed service com.google.android.googlequicksearchbox/com.google.android.search.core.service.BroadcastListenerService in 40758449365057536ms
D/audio_hw_primary( 187): disable_audio_route: reset and update mixer path: audio-record
D/audio_hw_primary( 187): disable_snd_device: snd_device(55: voice-rec-mic)
I/ActivityManager( 745): Process com.google.android.inputmethod.latin (pid 7847) has died
W/ActivityManager( 745): Scheduling restart of crashed service com.google.android.inputmethod.latin/com.android.inputmethod.latin.LatinIME in 42380ms
W/InputMethodManagerService( 745): Session failed to close due to remote exception
W/InputMethodManagerService( 745): android.os.DeadObjectException
W/InputMethodManagerService( 745): at android.os.BinderProxy.transactNative(Native Method)
W/InputMethodManagerService( 745): at android.os.BinderProxy.transact(Binder.java:496)
W/InputMethodManagerService( 745): at com.android.internal.view.IInputMethodSession$Stub$Proxy.finishSession(IInputMethodSession.java:305)
W/InputMethodManagerService( 745): at com.android.server.InputMethodManagerService.finishSessionLocked(InputMethodManagerService.java:1415)
W/InputMethodManagerService( 745): at com.android.server.InputMethodManagerService.clearClientSessionLocked(InputMethodManagerService.java:1406)
W/InputMethodManagerService( 745): at com.android.server.InputMethodManagerService.clearCurMethodLocked(InputMethodManagerService.java:1432)
W/InputMethodManagerService( 745): at com.android.server.InputMethodManagerService.onServiceDisconnected(InputMethodManagerService.java:1451)
W/InputMethodManagerService( 745): at android.app.LoadedApk$ServiceDispatcher.doDeath(LoadedApk.java:1208)
W/InputMethodManagerService( 745): at android.app.LoadedApk$ServiceDispatcher$RunConnection.run(LoadedApk.java:1222)
W/InputMethodManagerService( 745): at android.os.Handler.handleCallback(Handler.java:739)
W/InputMethodManagerService( 745): at android.os.Handler.dispatchMessage(Handler.java:95)
W/InputMethodManagerService( 745): at android.os.Looper.loop(Looper.java:135)
W/InputMethodManagerService( 745): at com.android.server.SystemServer.run(SystemServer.java:269)
W/InputMethodManagerService( 745): at com.android.server.SystemServer.main(SystemServer.java:170)
W/InputMethodManagerService( 745): at java.lang.reflect.Method.invoke(Native Method)
W/InputMethodManagerService( 745): at java.lang.reflect.Method.invoke(Method.java:372)
W/InputMethodManagerService( 745): at com.android.internal.os.ZygoteInit$MethodAndArgsCaller.run(ZygoteInit.java:899)
W/InputMethodManagerService( 745): at com.android.internal.os.ZygoteInit.main(ZygoteInit.java:694)
W/InputMethodManagerService( 745): Session failed to close due to remote exception
W/InputMethodManagerService( 745): android.os.DeadObjectException
W/InputMethodManagerService( 745): at android.os.BinderProxy.transactNative(Native Method)
W/InputMethodManagerService( 745): at android.os.BinderProxy.transact(Binder.java:496)
W/InputMethodManagerService( 745): at com.android.internal.view.IInputMethodSession$Stub$Proxy.finishSession(IInputMethodSession.java:305)
W/InputMethodManagerService( 745): at com.android.server.InputMethodManagerService.finishSessionLocked(InputMethodManagerService.java:1415)
W/InputMethodManagerService( 745): at com.android.server.InputMethodManagerService.clearClientSessionLocked(InputMethodManagerService.java:1406)
W/InputMethodManagerService( 745): at com.android.server.InputMethodManagerService.clearCurMethodLocked(InputMethodManagerService.java:1432)
W/InputMethodManagerService( 745): at com.android.server.InputMethodManagerService.onServiceDisconnected(InputMethodManagerService.java:1451)
W/InputMethodManagerService( 745): at android.app.LoadedApk$ServiceDispatcher.doDeath(LoadedApk.java:1208)
W/InputMethodManagerService( 745): at android.app.LoadedApk$ServiceDispatcher$RunConnection.run(LoadedApk.java:1222)
W/InputMethodManagerService( 745): at android.os.Handler.handleCallback(Handler.java:739)
W/InputMethodManagerService( 745): at android.os.Handler.dispatchMessage(Handler.java:95)
W/InputMethodManagerService( 745): at android.os.Looper.loop(Looper.java:135)
W/InputMethodManagerService( 745): at com.android.server.SystemServer.run(SystemServer.java:269)
W/InputMethodManagerService( 745): at com.android.server.SystemServer.main(SystemServer.java:170)
W/InputMethodManagerService( 745): at java.lang.reflect.Method.invoke(Native Method)
W/InputMethodManagerService( 745): at java.lang.reflect.Method.invoke(Method.java:372)
W/InputMethodManagerService( 745): at com.android.internal.os.ZygoteInit$MethodAndArgsCaller.run(ZygoteInit.java:899)
W/InputMethodManagerService( 745): at com.android.internal.os.ZygoteInit.main(ZygoteInit.java:694)
D/GpsStatusListenerHelper( 745): Remote Listener died: android.location.IGpsStatusListener$Stub$Proxy@310d01e4
V/BackupManagerService( 745): Disconnected from transport ComponentInfo{com.google.android.gms/com.google.android.gms.backup.BackupTransportService}
V/BackupManagerService( 745): Registering transport com.google.android.gms/.backup.BackupTransportService::null = null
D/WifiService( 745): Client connection lost with reason: 4
D/WifiService( 745): Client connection lost with reason: 4
I/ActivityManager( 745): Process com.google.process.location (pid 7540) has died
E/lowmemorykiller( 169): Error opening /proc/7085/oom_score_adj; errno=2
W/ActivityManager( 745): Exception when unbinding service com.google.android.gms/.analytics.service.AnalyticsService
W/ActivityManager( 745): android.os.DeadObjectException
W/ActivityManager( 745): at android.os.BinderProxy.transactNative(Native Method)
W/ActivityManager( 745): at android.os.BinderProxy.transact(Binder.java:496)
W/ActivityManager( 745): at android.app.ApplicationThreadProxy.scheduleUnbindService(ApplicationThreadNative.java:917)
W/ActivityManager( 745): at com.android.server.am.ActiveServices.removeConnectionLocked(ActiveServices.java:1772)
W/ActivityManager( 745): at com.android.server.am.ActiveServices.killServicesLocked(ActiveServices.java:2156)
W/ActivityManager( 745): at com.android.server.am.ActivityManagerService.cleanUpApplicationRecordLocked(ActivityManagerService.java:14494)
W/ActivityManager( 745): at com.android.server.am.ActivityManagerService.handleAppDiedLocked(ActivityManagerService.java:4728)
W/ActivityManager( 745): at com.android.server.am.ActivityManagerService.appDiedLocked(ActivityManagerService.java:4891)
W/ActivityManager( 745): at com.android.server.am.ActivityManagerService$AppDeathRecipient.binderDied(ActivityManagerService.java:1164)
W/ActivityManager( 745): at android.os.BinderProxy.sendDeathNotice(Binder.java:551)
E/lowmemorykiller( 169): Error opening /proc/7085/oom_score_adj; errno=2
W/ActivityManager( 745): Scheduling restart of crashed service com.google.android.gms/.backup.BackupTransportService in 52324ms
W/ActivityManager( 745): Scheduling restart of crashed service com.google.android.gms/.fitness.service.BrokeredFitnessService in 62324ms
W/ActivityManager( 745): Scheduling restart of crashed service com.google.android.gms/com.google.android.location.network.NetworkLocationService in 72323ms
W/ActivityManager( 745): Scheduling restart of crashed service com.google.android.gms/com.google.android.location.geofencer.service.GeofenceProviderService in 82323ms
W/ActivityManager( 745): Scheduling restart of crashed service com.google.android.gms/com.google.android.location.fused.FusedLocationService in 92321ms
W/ActivityManager( 745): Scheduling restart of crashed service com.google.android.gms/.auth.trustagent.GoogleTrustAgent in 102321ms
W/ActivityManager( 745): Scheduling restart of crashed service com.google.android.gms/com.google.android.location.reporting.service.DispatchingService in 112320ms
W/ActivityManager( 745): Scheduling restart of crashed service com.google.android.gms/com.google.android.location.internal.GoogleLocationManagerService in 122320ms
W/ActivityManager( 745): Scheduling restart of crashed service com.google.android.gms/com.google.android.location.internal.PendingIntentCallbackService in 132319ms
W/ActivityManager( 745): Scheduling restart of crashed service com.google.android.gms/.fitness.sensors.activity.ActivityRecognitionService in 142318ms
W/ActivityManager( 745): Scheduling restart of crashed service com.google.android.gms/.deviceconnection.service.DeviceConnectionServiceBroker in 142318ms
W/ActivityManager( 745): Scheduling restart of crashed service com.google.android.gms/com.google.android.location.internal.server.GoogleLocationService in 152318ms
W/ActivityManager( 745): Scheduling restart of crashed service com.google.android.gms/com.google.android.location.fused.service.FusedProviderService in 162318ms
W/ActivityManager( 745): Scheduling restart of crashed service com.google.android.gms/com.google.android.location.fused.NlpLocationReceiverService in 188269ms
W/ActivityManager( 745): Scheduling restart of crashed service com.google.android.gms/com.google.android.location.geocode.GeocodeService in 198269ms
I/ActivityManager( 745): Process com.google.android.gms (pid 7085) has died
W/ActivityManager( 745): Scheduling restart of crashed service com.google.android.gms/.icing.service.IndexService in 208244ms
I/ActivityManager( 745): Start proc com.google.android.gms for service com.google.android.gms/.icing.service.IndexService: pid=9327 uid=10008 gids={50008, 9997, 2001, 3003, 1007, 3006, 1028, 1015, 3002, 3001, 1005, 3007} abi=armeabi-v7a
W/ResourcesManager( 9327): Asset path '/system/framework/com.android.media.remotedisplay.jar' does not exist or contains no resources.
W/ResourcesManager( 9327): Asset path '/system/framework/com.android.location.provider.jar' does not exist or contains no resources.
I/MultiDex( 9327): VM with version 2.1.0 has multidex support
I/MultiDex( 9327): install
I/MultiDex( 9327): VM has multidex support, MultiDex support library is disabled.
I/ProviderInstaller( 9327): Insert disabled by gate 'gms:security:enable_conscrypt_in_gms_application'
D/GCM ( 5649): GcmService start Intent { act=com.google.android.gms.INITIALIZE flg=0x10 pkg=com.google.android.gms cmp=com.google.android.gms/.gcm.GcmService } com.google.android.gms.INITIALIZE
I/Icing ( 9327): Storage manager: low false usage 14.21MB avail 17.06GB capacity 22.76GB
W/Icing ( 9327): Received bad json for section weights override -- ignoring.
W/Icing ( 9327): Received bad json for corpus scoring config -- ignoring.
W/Icing ( 9327): Received bad json for corpus context scoring override -- ignoring.
I/ActivityManager( 745): Start proc com.google.process.location for service com.google.android.gms/.deviceconnection.service.DeviceConnectionServiceBroker: pid=9386 uid=10008 gids={50008, 9997, 2001, 3003, 1007, 3006, 1028, 1015, 3002, 3001, 1005, 3007} abi=armeabi-v7a
D/LocationInitializer( 9327): Restart initialization of location
D/AuthorizationBluetoothService( 5649): Received GmsCore event: Intent { act=com.google.android.gms.INITIALIZE flg=0x10 pkg=com.google.android.gms cmp=com.google.android.gms/.auth.be.proximity.authorization.bt.AuthorizationBluetoothService$AutoStarter }.
D/c ( 5649): Getting all permits...
D/a ( 5649): Opening database...
D/a ( 5649): Opening database auth.proximity.permit_store...
D/a ( 5649): Closing database...
I/Fitness ( 9327): GmsCore initialized. Initializing Fitness
W/ResourcesManager( 9386): Asset path '/system/framework/com.android.media.remotedisplay.jar' does not exist or contains no resources.
W/ResourcesManager( 9386): Asset path '/system/framework/com.android.location.provider.jar' does not exist or contains no resources.
I/MultiDex( 9386): VM with version 2.1.0 has multidex support
I/MultiDex( 9386): install
I/MultiDex( 9386): VM has multidex support, MultiDex support library is disabled.
I/art ( 745): Explicit concurrent mark sweep GC freed 22333(1193KB) AllocSpace objects, 6(486KB) LOS objects, 24% free, 49MB/65MB, paused 1.151ms total 103.654ms
I/ProviderInstaller( 9386): Insert disabled by gate 'gms:security:enable_conscrypt_in_gms_application'
D/GCM ( 5649): GcmService start Intent { act=com.google.android.gms.INITIALIZE flg=0x10 pkg=com.google.android.gms cmp=com.google.android.gms/.gcm.GcmService } com.google.android.gms.INITIALIZE
