--------- beginning of crash
F/libc (19094): Fatal signal 11 (SIGSEGV), code -6, fault addr 0x4a96 in tid 20433 (RenderThread)
I/DEBUG ( 184): *** *** *** *** *** *** *** *** *** *** *** *** *** *** *** ***
I/DEBUG ( 184): Build fingerprint: 'google/hammerhead/hammerhead:5.0/LRX21O/1570415:user/release-keys'
I/DEBUG ( 184): Revision: '11'
I/DEBUG ( 184): ABI: 'arm'
I/DEBUG ( 184): pid: 19094, tid: 20433, name: RenderThread >>> com.chrome.beta <<<
I/DEBUG ( 184): signal 11 (SIGSEGV), code -6 (SI_TKILL), fault addr 0x54
I/DEBUG ( 184): r0 00000000 r1 00000009 r2 a2dffc94 r3 00000000
I/DEBUG ( 184): r4 956b2e80 r5 a2dffcc0 r6 a2dffcc0 r7 00000000
I/DEBUG ( 184): r8 00000000 r9 a2dffd08 sl a2dffd00 fp a310c8c8
I/DEBUG ( 184): ip b6f27734 sp a2dffc90 lr b676fad9 pc b676faee cpsr 000f0030
I/DEBUG ( 184):
I/DEBUG ( 184): backtrace:
I/DEBUG ( 184): #00 pc 0003baee /system/lib/libhwui.so
I/DEBUG ( 184): #01 pc 0003c6a9 /system/lib/libhwui.so
I/DEBUG ( 184): #02 pc 0003c735 /system/lib/libhwui.so
I/DEBUG ( 184): #03 pc 0003e27b /system/lib/libhwui.so (android::uirenderer::renderthread::RenderThread::threadLoop()+66)
I/DEBUG ( 184): #04 pc 000104d5 /system/lib/libutils.so (android::Thread::_threadLoop(void*)+112)
I/DEBUG ( 184): #05 pc 0005df4d /system/lib/libandroid_runtime.so (android::AndroidRuntime::javaThreadShell(void*)+72)
I/DEBUG ( 184): #06 pc 00010045 /system/lib/libutils.so
I/DEBUG ( 184): #07 pc 000162e3 /system/lib/libc.so (__pthread_start(void*)+30)
I/DEBUG ( 184): #08 pc 000142d3 /system/lib/libc.so (__start_thread+6)
F/libc (21464): Fatal signal 11 (SIGSEGV), code -6, fault addr 0x53d8 in tid 21496 (RenderThread)
I/DEBUG ( 184): *** *** *** *** *** *** *** *** *** *** *** *** *** *** *** ***
I/DEBUG ( 184): Build fingerprint: 'google/hammerhead/hammerhead:5.0/LRX21O/1570415:user/release-keys'
I/DEBUG ( 184): Revision: '11'
I/DEBUG ( 184): ABI: 'arm'
I/DEBUG ( 184): pid: 21464, tid: 21496, name: RenderThread >>> com.chrome.beta <<<
I/DEBUG ( 184): signal 11 (SIGSEGV), code -6 (SI_TKILL), fault addr 0x54
I/DEBUG ( 184): r0 00000000 r1 00000009 r2 a083fc94 r3 00000000
I/DEBUG ( 184): r4 9ef79520 r5 a083fcc0 r6 a083fcc0 r7 00000000
I/DEBUG ( 184): r8 00000000 r9 a083fd08 sl a083fd00 fp a2d0f8c8
I/DEBUG ( 184): ip b6f27734 sp a083fc90 lr b676fad9 pc b676faee cpsr 000f0030
I/DEBUG ( 184):
I/DEBUG ( 184): backtrace:
I/DEBUG ( 184): #00 pc 0003baee /system/lib/libhwui.so
I/DEBUG ( 184): #01 pc 0003c6a9 /system/lib/libhwui.so
I/DEBUG ( 184): #02 pc 0003c735 /system/lib/libhwui.so
I/DEBUG ( 184): #03 pc 0003e27b /system/lib/libhwui.so (android::uirenderer::renderthread::RenderThread::threadLoop()+66)
I/DEBUG ( 184): #04 pc 000104d5 /system/lib/libutils.so (android::Thread::_threadLoop(void*)+112)
I/DEBUG ( 184): #05 pc 0005df4d /system/lib/libandroid_runtime.so (android::AndroidRuntime::javaThreadShell(void*)+72)
I/DEBUG ( 184): #06 pc 00010045 /system/lib/libutils.so
I/DEBUG ( 184): #07 pc 000162e3 /system/lib/libc.so (__pthread_start(void*)+30)
I/DEBUG ( 184): #08 pc 000142d3 /system/lib/libc.so (__start_thread+6)
E/AndroidRuntime( 8959): FATAL EXCEPTION: main
E/AndroidRuntime( 8959): Process: com.google.android.gm, PID: 8959
E/AndroidRuntime( 8959): java.lang.IllegalStateException: Can not perform this action after onSaveInstanceState
E/AndroidRuntime( 8959): at android.app.FragmentManagerImpl.checkStateLoss(FragmentManager.java:1328)
E/AndroidRuntime( 8959): at android.app.FragmentManagerImpl.enqueueAction(FragmentManager.java:1346)
E/AndroidRuntime( 8959): at android.app.BackStackRecord.commitInternal(BackStackRecord.java:728)
E/AndroidRuntime( 8959): at android.app.BackStackRecord.commit(BackStackRecord.java:704)
E/AndroidRuntime( 8959): at android.app.DialogFragment.show(DialogFragment.java:230)
E/AndroidRuntime( 8959): at com.google.android.gm.c.h.a(SourceFile:233)
E/AndroidRuntime( 8959): at com.google.android.gm.c.h.a(SourceFile:206)
E/AndroidRuntime( 8959): at com.google.android.gms.common.internal.n.c(Unknown Source)
E/AndroidRuntime( 8959): at com.google.android.gms.common.api.x.d(Unknown Source)
E/AndroidRuntime( 8959): at com.google.android.gms.common.api.B.a(Unknown Source)
E/AndroidRuntime( 8959): at com.google.android.gms.common.internal.n.c(Unknown Source)
E/AndroidRuntime( 8959): at com.google.android.gms.common.internal.g.handleMessage(Unknown Source)
E/AndroidRuntime( 8959): at android.os.Handler.dispatchMessage(Handler.java:102)
E/AndroidRuntime( 8959): at android.os.Looper.loop(Looper.java:135)
E/AndroidRuntime( 8959): at android.app.ActivityThread.main(ActivityThread.java:5221)
E/AndroidRuntime( 8959): at java.lang.reflect.Method.invoke(Native Method)
E/AndroidRuntime( 8959): at java.lang.reflect.Method.invoke(Method.java:372)
E/AndroidRuntime( 8959): at com.android.internal.os.ZygoteInit$MethodAndArgsCaller.run(ZygoteInit.java:899)
E/AndroidRuntime( 8959): at com.android.internal.os.ZygoteInit.main(ZygoteInit.java:694)
E/AndroidRuntime(11050): FATAL EXCEPTION: main
E/AndroidRuntime(11050): Process: com.motorola.targetnotif, PID: 11050
E/AndroidRuntime(11050): java.lang.RuntimeException: Unable to start receiver com.motorola.loop.bluetooth.BluetoothReceiver: java.lang.IllegalStateException: android.os.DeadObjectException
E/AndroidRuntime(11050): at android.app.ActivityThread.handleReceiver(ActivityThread.java:2586)
E/AndroidRuntime(11050): at android.app.ActivityThread.access$1700(ActivityThread.java:144)
E/AndroidRuntime(11050): at android.app.ActivityThread$H.handleMessage(ActivityThread.java:1355)
E/AndroidRuntime(11050): at android.os.Handler.dispatchMessage(Handler.java:102)
E/AndroidRuntime(11050): at android.os.Looper.loop(Looper.java:135)
E/AndroidRuntime(11050): at android.app.ActivityThread.main(ActivityThread.java:5221)
E/AndroidRuntime(11050): at java.lang.reflect.Method.invoke(Native Method)
E/AndroidRuntime(11050): at java.lang.reflect.Method.invoke(Method.java:372)
E/AndroidRuntime(11050): at com.android.internal.os.ZygoteInit$MethodAndArgsCaller.run(ZygoteInit.java:899)
E/AndroidRuntime(11050): at com.android.internal.os.ZygoteInit.main(ZygoteInit.java:694)
E/AndroidRuntime(11050): Caused by: java.lang.IllegalStateException: android.os.DeadObjectException
E/AndroidRuntime(11050): at com.google.android.gms.internal.jg.getLastLocation(Unknown Source)
E/AndroidRuntime(11050): at com.google.android.gms.internal.jh.getLastLocation(Unknown Source)
E/AndroidRuntime(11050): at com.google.android.gms.location.LocationClient.getLastLocation(Unknown Source)
E/AndroidRuntime(11050): at com.motorola.loop.plugin.manager.PluginManager.getLocation(PluginManager.java:462)
E/AndroidRuntime(11050): at com.motorola.loop.plugin.manager.PluginManager.registerDeviceUpdate(PluginManager.java:419)
E/AndroidRuntime(11050): at com.motorola.loop.bluetooth.BluetoothReceiver.deviceFound(BluetoothReceiver.java:121)
E/AndroidRuntime(11050): at com.motorola.loop.bluetooth.BluetoothReceiver.onReceive(BluetoothReceiver.java:48)
E/AndroidRuntime(11050): at android.app.ActivityThread.handleReceiver(ActivityThread.java:2579)
E/AndroidRuntime(11050): ... 9 more
E/AndroidRuntime(11050): Caused by: android.os.DeadObjectException
E/AndroidRuntime(11050): at android.os.BinderProxy.transactNative(Native Method)
E/AndroidRuntime(11050): at android.os.BinderProxy.transact(Binder.java:496)
E/AndroidRuntime(11050): at com.google.android.gms.internal.jf$a$a.bo(Unknown Source)
E/AndroidRuntime(11050): ... 17 more --------- beginning of system
I/ActivityManager( 745): Start proc com.google.android.maps.mytracks for service com.google.android.maps.mytracks/com.google.android.apps.mytracks.wear.MobileListenerService: pid=342 uid=10117 gids={50117, 9997, 3002, 3001, 3003, 1028, 1015} abi=armeabi-v7a
I/ActivityManager( 745): Start proc org.leetzone.android.yatsewidgetfree for service org.leetzone.android.yatsewidgetfree/org.leetzone.android.yatsewidget.service.WearableService: pid=360 uid=10129 gids={50129, 9997, 3003, 1028, 1015} abi=armeabi-v7a
I/ActivityManager( 745): Start proc com.facebook.orca for service com.facebook.orca/com.facebook.wearlistener.DataLayerListenerService: pid=378 uid=10136 gids={50136, 9997, 3003, 1028, 1015} abi=armeabi-v7a
I/ActivityManager( 745): Start proc com.google.android.apps.fitness for service com.google.android.apps.fitness/.wearable.WearableWatcher: pid=395 uid=10045 gids={50045, 9997, 3003, 1028, 1015, 3002, 3001} abi=armeabi-v7a
I/ActivityManager( 745): Start proc com.mailchimp.mailchimp for service com.mailchimp.mailchimp/.WearableService: pid=415 uid=10096 gids={50096, 9997, 3003, 1028, 1015} abi=armeabi-v7a
I/ActivityManager( 745): Start proc com.motorola.targetnotif for service com.motorola.targetnotif/com.motorola.motoproxy.MotoProxyService: pid=438 uid=10128 gids={50128, 9997, 3002, 3001, 3003, 1028, 1015} abi=armeabi-v7a
W/InputMethodManagerService( 745): Got RemoteException sending setActive(false) notification to pid 30010 uid 10091
I/ActivityManager( 745): Start proc com.google.android.apps.maps for service com.google.android.apps.maps/com.google.android.apps.gmm.navigation.base.WearableService: pid=457 uid=10058 gids={50058, 9997, 3003, 1028, 1015} abi=armeabi-v7a
W/ResourcesManager( 378): Asset path '/system/framework/com.google.android.maps.jar' does not exist or contains no resources.
I/ActivityManager( 745): Start proc com.google.android.inputmethod.latin for service com.google.android.inputmethod.latin/com.android.inputmethod.latin.LatinIME: pid=473 uid=10056 gids={50056, 9997, 3003, 1028, 1015} abi=armeabi-v7a
V/InputMethodManagerService( 745): Adding window token: android.os.Binder@51f9e1b
W/InputMethodInfo( 745): Duplicated subtype definition found: , voice
I/ActivityManager( 745): Start proc com.google.android.calendar for broadcast com.google.android.calendar/com.android.calendar.alerts.AlertReceiver: pid=528 uid=10031 gids={50031, 9997, 3003, 1028, 1015} abi=armeabi-v7a
E/ActivityThread( 438): Failed to find provider info for com.motorola.ccc.plm.misc
E/ActivityThread( 438): Failed to find provider info for com.motorola.ccc.plm.misc
E/AppWidgetServiceImpl( 745): Error passing service interface
E/AppWidgetServiceImpl( 745): android.os.DeadObjectException
E/AppWidgetServiceImpl( 745): at android.os.BinderProxy.transactNative(Native Method)
E/AppWidgetServiceImpl( 745): at android.os.BinderProxy.transact(Binder.java:496)
E/AppWidgetServiceImpl( 745): at com.android.internal.widget.IRemoteViewsAdapterConnection$Stub$Proxy.onServiceConnected(IRemoteViewsAdapterConnection.java:87)
E/AppWidgetServiceImpl( 745): at com.android.server.appwidget.AppWidgetServiceImpl$ServiceConnectionProxy.onServiceConnected(AppWidgetServiceImpl.java:3418)
E/AppWidgetServiceImpl( 745): at android.app.LoadedApk$ServiceDispatcher.doConnected(LoadedApk.java:1203)
E/AppWidgetServiceImpl( 745): at android.app.LoadedApk$ServiceDispatcher$RunConnection.run(LoadedApk.java:1220)
E/AppWidgetServiceImpl( 745): at android.os.Handler.handleCallback(Handler.java:739)
E/AppWidgetServiceImpl( 745): at android.os.Handler.dispatchMessage(Handler.java:95)
E/AppWidgetServiceImpl( 745): at android.os.Looper.loop(Looper.java:135)
E/AppWidgetServiceImpl( 745): at com.android.server.SystemServer.run(SystemServer.java:269)
E/AppWidgetServiceImpl( 745): at com.android.server.SystemServer.main(SystemServer.java:170)
E/AppWidgetServiceImpl( 745): at java.lang.reflect.Method.invoke(Native Method)
E/AppWidgetServiceImpl( 745): at java.lang.reflect.Method.invoke(Method.java:372)
E/AppWidgetServiceImpl( 745): at com.android.internal.os.ZygoteInit$MethodAndArgsCaller.run(ZygoteInit.java:899)
E/AppWidgetServiceImpl( 745): at com.android.internal.os.ZygoteInit.main(ZygoteInit.java:694)
W/AlarmManager( 745): Window length 9223372036854775807ms suspiciously long; limiting to 1 hour
I/ActivityManager( 745): Start proc com.android.vending for service com.android.vending/com.google.android.finsky.billing.iab.InAppBillingService: pid=664 uid=10016 gids={50016, 9997, 3003, 1028, 1015} abi=armeabi-v7a
W/AlarmManager( 745): Window length 9223372036854775807ms suspiciously long; limiting to 1 hour
D/WifiService( 745): acquireWifiLockLocked: WifiLock{NlpWifiLock type=2 binder=android.os.BinderProxy@bffc538}
I/ActivityManager( 745): Process com.google.android.partnersetup (pid 32509) has died
I/ActivityManager( 745): Process com.android.providers.calendar (pid 32764) has died
D/WifiService( 745): New client listening to asynchronous messages
W/ActivityThread( 457): ClassLoader.loadClass: The class loader returned by Thread.getContextClassLoader() may fail for processes that host multiple applications. You should explicitly specify a context class loader. For example: Thread.setContextClassLoader(getClass().getClassLoader());
I/ActivityManager( 745): Start proc android.process.media for content provider com.android.providers.downloads/.DownloadProvider: pid=749 uid=10006 gids={50006, 9997, 2001, 3003, 1028, 1015, 3007, 1023, 1024} abi=armeabi-v7a
E/AppWidgetServiceImpl( 745): Error clearing service interface
E/AppWidgetServiceImpl( 745): android.os.DeadObjectException
E/AppWidgetServiceImpl( 745): at android.os.BinderProxy.transactNative(Native Method)
E/AppWidgetServiceImpl( 745): at android.os.BinderProxy.transact(Binder.java:496)
E/AppWidgetServiceImpl( 745): at com.android.internal.widget.IRemoteViewsAdapterConnection$Stub$Proxy.onServiceDisconnected(IRemoteViewsAdapterConnection.java:101)
E/AppWidgetServiceImpl( 745): at com.android.server.appwidget.AppWidgetServiceImpl$ServiceConnectionProxy.disconnect(AppWidgetServiceImpl.java:3430)
E/AppWidgetServiceImpl( 745): at com.android.server.appwidget.AppWidgetServiceImpl.bindRemoteViewsService(AppWidgetServiceImpl.java:945)
E/AppWidgetServiceImpl( 745): at com.android.internal.appwidget.IAppWidgetService$Stub.onTransact(IAppWidgetService.java:370)
E/AppWidgetServiceImpl( 745): at android.os.Binder.execTransact(Binder.java:446)
I/ActivityManager( 745): START u0 {act=android.intent.action.MAIN cat=[android.intent.category.LAUNCHER] flg=0x10200000 cmp=com.chrome.beta/com.google.android.apps.chrome.Main bnds=[246,1532][447,1784] (has extras)} from uid 10022 on display 0
I/ActivityManager( 745): Start proc com.android.providers.calendar for content provider com.android.providers.calendar/.CalendarProvider2: pid=846 uid=10002 gids={50002, 9997, 3003, 1028, 1015} abi=armeabi-v7a
I/ActivityManager( 745): Start proc com.chrome.beta for activity com.chrome.beta/com.google.android.apps.chrome.Main: pid=871 uid=10091 gids={50091, 9997, 3003, 1028, 1015} abi=armeabi-v7a
W/ResourcesManager( 846): Asset path '/system/framework/android.test.runner.jar' does not exist or contains no resources.
E/ActivityThread( 438): Failed to find provider info for com.motorola.ccc.plm.misc
D/WifiService( 745): acquireWifiLockLocked: WifiLock{NlpWifiLock type=2 binder=android.os.BinderProxy@15261599}
I/ActivityManager( 745): Process android.process.media (pid 749) has died
D/WifiService( 745): releaseWifiLockLocked: WifiLock{NlpWifiLock type=2 binder=android.os.BinderProxy@15261599}
I/ActivityManager( 745): Process com.android.providers.calendar (pid 846) has died
W/ActivityManager( 745): Scheduling restart of crashed service com.android.providers.calendar/.EmptyService in 1000ms
I/ActivityManager( 745): START u0 {act=android.intent.action.VIEW dat=document://380?https://t.co/x3eKLbdr8U flg=0x10182000 cmp=com.chrome.beta/com.google.android.apps.chrome.document.DocumentActivity (has extras)} from uid 10091 on display 0
I/ActivityManager( 745): Start proc com.android.providers.calendar for content provider com.android.providers.calendar/.CalendarProvider2: pid=951 uid=10002 gids={50002, 9997, 3003, 1028, 1015} abi=armeabi-v7a
W/ResourcesManager( 951): Asset path '/system/framework/android.test.runner.jar' does not exist or contains no resources.
I/ActivityManager( 745): Start proc com.chrome.beta:sandboxed_process0 for service com.chrome.beta/org.chromium.content.app.SandboxedProcessService0: pid=989 uid=99380 gids={} abi=armeabi-v7a
E/ActivityThread(32491): Service com.google.android.music.download.TrackDownloadQueueService has leaked ServiceConnection com.google.android.gms.http.GoogleURLConnectionFactory$1@1925ad92 that was originally bound here
E/ActivityThread(32491): android.app.ServiceConnectionLeaked: Service com.google.android.music.download.TrackDownloadQueueService has leaked ServiceConnection com.google.android.gms.http.GoogleURLConnectionFactory$1@1925ad92 that was originally bound here
E/ActivityThread(32491): at android.app.LoadedApk$ServiceDispatcher.(LoadedApk.java:1072)
E/ActivityThread(32491): at android.app.LoadedApk.getServiceDispatcher(LoadedApk.java:966)
E/ActivityThread(32491): at android.app.ContextImpl.bindServiceCommon(ContextImpl.java:1768)
E/ActivityThread(32491): at android.app.ContextImpl.bindService(ContextImpl.java:1751)
E/ActivityThread(32491): at android.content.ContextWrapper.bindService(ContextWrapper.java:538)
E/ActivityThread(32491): at com.google.android.gms.http.GoogleURLConnectionFactory.(Unknown Source)
E/ActivityThread(32491): at com.google.android.gms.http.GoogleHttpClient.(Unknown Source)
E/ActivityThread(32491): at com.google.android.music.GoogleHttpClientFactory.createGoogleHttpClient(GoogleHttpClientFactory.java:43)
E/ActivityThread(32491): at com.google.android.music.cloudclient.MusicRequest.createHttpClient(MusicRequest.java:115)
E/ActivityThread(32491): at com.google.android.music.cloudclient.MusicRequest.getSharedHttpClient(MusicRequest.java:105)
E/ActivityThread(32491): at com.google.android.music.download.BaseDownloadQueueManager.(BaseDownloadQueueManager.java:110)
E/ActivityThread(32491): at com.google.android.music.download.TrackDownloadQueueManager.(TrackDownloadQueueManager.java:10)
E/ActivityThread(32491): at com.google.android.music.download.TrackDownloadQueueService.onCreate(TrackDownloadQueueService.java:25)
E/ActivityThread(32491): at android.app.ActivityThread.handleCreateService(ActivityThread.java:2731)
E/ActivityThread(32491): at android.app.ActivityThread.access$1800(ActivityThread.java:144)
E/ActivityThread(32491): at android.app.ActivityThread$H.handleMessage(ActivityThread.java:1361)
E/ActivityThread(32491): at android.os.Handler.dispatchMessage(Handler.java:102)
E/ActivityThread(32491): at android.os.Looper.loop(Looper.java:135)
E/ActivityThread(32491): at android.app.ActivityThread.main(ActivityThread.java:5221)
E/ActivityThread(32491): at java.lang.reflect.Method.invoke(Native Method)
E/ActivityThread(32491): at java.lang.reflect.Method.invoke(Method.java:372)
E/ActivityThread(32491): at com.android.internal.os.ZygoteInit$MethodAndArgsCaller.run(ZygoteInit.java:899)
E/ActivityThread(32491): at com.android.internal.os.ZygoteInit.main(ZygoteInit.java:694)
D/WifiService( 745): releaseWifiLockLocked: WifiLock{NlpWifiLock type=2 binder=android.os.BinderProxy@bffc538}
D/WifiService( 745): acquireWifiLockLocked: WifiLock{NlpWifiLock type=2 binder=android.os.BinderProxy@bffc538}
I/ActivityManager( 745): Process com.android.providers.calendar (pid 951) has died
I/WindowState( 745): WIN DEATH: Window{330d4741 u0 com.google.android.googlequicksearchbox/com.google.android.launcher.GEL}
D/WifiService( 745): Client connection lost with reason: 4
I/ActivityManager( 745): Start proc com.android.providers.calendar for content provider com.android.providers.calendar/.CalendarProvider2: pid=1070 uid=10002 gids={50002, 9997, 3003, 1028, 1015} abi=armeabi-v7a
I/ActivityManager( 745): Process com.google.android.googlequicksearchbox (pid 32589) has died
W/ResourcesManager( 1070): Asset path '/system/framework/android.test.runner.jar' does not exist or contains no resources.
W/ResourcesManager(32681): Asset path '/system/framework/com.google.android.media.effects.jar' does not exist or contains no resources.
W/ResourcesManager(32681): Asset path '/system/framework/com.google.android.dialer.support.jar' does not exist or contains no resources.
E/AppWidgetServiceImpl( 745): Widget host dead: HostId{user:0, app:10022, hostId:1024, pkg:com.google.android.googlequicksearchbox}
E/AppWidgetServiceImpl( 745): android.os.DeadObjectException
E/AppWidgetServiceImpl( 745): at android.os.BinderProxy.transactNative(Native Method)
E/AppWidgetServiceImpl( 745): at android.os.BinderProxy.transact(Binder.java:496)
E/AppWidgetServiceImpl( 745): at com.android.internal.appwidget.IAppWidgetHost$Stub$Proxy.updateAppWidget(IAppWidgetHost.java:123)
E/AppWidgetServiceImpl( 745): at com.android.server.appwidget.AppWidgetServiceImpl.handleNotifyUpdateAppWidget(AppWidgetServiceImpl.java:1640)
E/AppWidgetServiceImpl( 745): at com.android.server.appwidget.AppWidgetServiceImpl.access$1200(AppWidgetServiceImpl.java:107)
E/AppWidgetServiceImpl( 745): at com.android.server.appwidget.AppWidgetServiceImpl$CallbackHandler.handleMessage(AppWidgetServiceImpl.java:2964)
E/AppWidgetServiceImpl( 745): at android.os.Handler.dispatchMessage(Handler.java:102)
E/AppWidgetServiceImpl( 745): at android.os.Looper.loop(Looper.java:135)
E/AppWidgetServiceImpl( 745): at com.android.server.SystemServer.run(SystemServer.java:269)
E/AppWidgetServiceImpl( 745): at com.android.server.SystemServer.main(SystemServer.java:170)
E/AppWidgetServiceImpl( 745): at java.lang.reflect.Method.invoke(Native Method)
E/AppWidgetServiceImpl( 745): at java.lang.reflect.Method.invoke(Method.java:372)
E/AppWidgetServiceImpl( 745): at com.android.internal.os.ZygoteInit$MethodAndArgsCaller.run(ZygoteInit.java:899)
E/AppWidgetServiceImpl( 745): at com.android.internal.os.ZygoteInit.main(ZygoteInit.java:694)
E/AppWidgetServiceImpl( 745): Widget host dead: HostId{user:0, app:10022, hostId:1024, pkg:com.google.android.googlequicksearchbox}
E/AppWidgetServiceImpl( 745): android.os.DeadObjectException
E/AppWidgetServiceImpl( 745): at android.os.BinderProxy.transactNative(Native Method)
E/AppWidgetServiceImpl( 745): at android.os.BinderProxy.transact(Binder.java:496)
E/AppWidgetServiceImpl( 745): at com.android.internal.appwidget.IAppWidgetHost$Stub$Proxy.updateAppWidget(IAppWidgetHost.java:123)
E/AppWidgetServiceImpl( 745): at com.android.server.appwidget.AppWidgetServiceImpl.handleNotifyUpdateAppWidget(AppWidgetServiceImpl.java:1640)
E/AppWidgetServiceImpl( 745): at com.android.server.appwidget.AppWidgetServiceImpl.access$1200(AppWidgetServiceImpl.java:107)
E/AppWidgetServiceImpl( 745): at com.android.server.appwidget.AppWidgetServiceImpl$CallbackHandler.handleMessage(AppWidgetServiceImpl.java:2964)
E/AppWidgetServiceImpl( 745): at android.os.Handler.dispatchMessage(Handler.java:102)
E/AppWidgetServiceImpl( 745): at android.os.Looper.loop(Looper.java:135)
E/AppWidgetServiceImpl( 745): at com.android.server.SystemServer.run(SystemServer.java:269)
E/AppWidgetServiceImpl( 745): at com.android.server.SystemServer.main(SystemServer.java:170)
E/AppWidgetServiceImpl( 745): at java.lang.reflect.Method.invoke(Native Method)
E/AppWidgetServiceImpl( 745): at java.lang.reflect.Method.invoke(Method.java:372)
E/AppWidgetServiceImpl( 745): at com.android.internal.os.ZygoteInit$MethodAndArgsCaller.run(ZygoteInit.java:899)
E/AppWidgetServiceImpl( 745): at com.android.internal.os.ZygoteInit.main(ZygoteInit.java:694)
D/WifiService( 745): Client connection lost with reason: 4
I/ActivityManager( 745): Process com.google.android.googlequicksearchbox:search (pid 32423) has died
W/ActivityManager( 745): Scheduling restart of crashed service com.google.android.googlequicksearchbox/com.google.android.search.core.service.SearchService in 1000ms
W/ActivityManager( 745): Canceling start item Intent { act=com.google.android.search.core.service.BroadcastListenerService.action.UPDATE cmp=com.google.android.googlequicksearchbox/com.google.android.search.core.service.BroadcastListenerService (has extras) } in service ComponentInfo{com.google.android.googlequicksearchbox/com.google.android.search.core.service.BroadcastListenerService}
W/ActivityManager( 745): Scheduling restart of crashed service com.google.android.googlequicksearchbox/com.google.android.search.core.service.BroadcastListenerService in 2429392896ms
I/ActivityManager( 745): Process com.android.providers.calendar (pid 1070) has died
W/BroadcastQueue( 745): Permission Denial: broadcasting Intent { act=android.net.conn.INET_CONDITION_ACTION flg=0x4000010 (has extras) } from null (pid=-1, uid=-1) requires com.facebook.permission.prod.FB_APP_COMMUNICATION due to registered receiver BroadcastFilter{f97e4bb u0 ReceiverList{377f8d4a 378 com.facebook.orca/10136/u0 remote:1ef752b5}}
W/BroadcastQueue( 745): Permission Denial: broadcasting Intent { act=android.net.conn.CONNECTIVITY_CHANGE flg=0x4000010 (has extras) } from null (pid=-1, uid=-1) requires com.facebook.permission.prod.FB_APP_COMMUNICATION due to registered receiver BroadcastFilter{f97e4bb u0 ReceiverList{377f8d4a 378 com.facebook.orca/10136/u0 remote:1ef752b5}}
D/WifiService( 745): releaseWifiLockLocked: WifiLock{NlpWifiLock type=2 binder=android.os.BinderProxy@bffc538}
W/ActivityThread(32213): ClassLoader.loadClass: The class loader returned by Thread.getContextClassLoader() may fail for processes that host multiple applications. You should explicitly specify a context class loader. For example: Thread.setContextClassLoader(getClass().getClassLoader());
W/BroadcastQueue( 745): Permission Denial: broadcasting Intent { act=android.net.conn.CONNECTIVITY_CHANGE flg=0x4000010 (has extras) } from null (pid=-1, uid=-1) requires com.facebook.permission.prod.FB_APP_COMMUNICATION due to registered receiver BroadcastFilter{68772ab u0 ReceiverList{3dbddcfa 378 com.facebook.orca/10136/u0 remote:3ee35325}}
I/ActivityManager( 745): Start proc com.android.providers.calendar for content provider com.android.providers.calendar/.CalendarProvider2: pid=1228 uid=10002 gids={50002, 9997, 3003, 1028, 1015} abi=armeabi-v7a
W/ResourcesManager( 1228): Asset path '/system/framework/android.test.runner.jar' does not exist or contains no resources.
I/ActivityManager( 745): Process com.google.android.keep (pid 32476) has died
I/ActivityManager( 745): Process com.google.android.maps.mytracks (pid 342) has died
I/ActivityManager( 745): Process com.facebook.orca (pid 378) has died
I/ActivityManager( 745): Process org.leetzone.android.yatsewidgetfree (pid 360) has died
W/ActivityManager( 745): Exception when unbinding service com.android.vending/com.google.android.finsky.billing.iab.InAppBillingService
W/ActivityManager( 745): android.os.DeadObjectException
W/ActivityManager( 745): at android.os.BinderProxy.transactNative(Native Method)
W/ActivityManager( 745): at android.os.BinderProxy.transact(Binder.java:496)
W/ActivityManager( 745): at android.app.ApplicationThreadProxy.scheduleUnbindService(ApplicationThreadNative.java:917)
W/ActivityManager( 745): at com.android.server.am.ActiveServices.removeConnectionLocked(ActiveServices.java:1772)
W/ActivityManager( 745): at com.android.server.am.ActiveServices.killServicesLocked(ActiveServices.java:2156)
W/ActivityManager( 745): at com.android.server.am.ActivityManagerService.cleanUpApplicationRecordLocked(ActivityManagerService.java:14494)
W/ActivityManager( 745): at com.android.server.am.ActivityManagerService.handleAppDiedLocked(ActivityManagerService.java:4728)
W/ActivityManager( 745): at com.android.server.am.ActivityManagerService.appDiedLocked(ActivityManagerService.java:4891)
W/ActivityManager( 745): at com.android.server.am.ActivityManagerService$AppDeathRecipient.binderDied(ActivityManagerService.java:1164)
W/ActivityManager( 745): at android.os.BinderProxy.sendDeathNotice(Binder.java:551)
I/ActivityManager( 745): Process com.android.vending (pid 664) has died
I/ActivityManager( 745): Process com.tinder (pid 32522) has died
I/ActivityManager( 745): Process com.mailchimp.mailchimp (pid 415) has died
I/ActivityManager( 745): Process com.google.android.apps.maps (pid 457) has died
I/ActivityManager( 745): Start proc com.twitter.android for service com.twitter.android/com.twitter.library.platform.TwitterDataSyncService: pid=1398 uid=10139 gids={50139, 9997, 3003, 1028, 1015} abi=armeabi-v7a
I/ActivityManager( 745): Start proc com.google.android.googlequicksearchbox:search for service com.google.android.googlequicksearchbox/com.google.android.voicesearch.logger.EventLoggerService: pid=1418 uid=10022 gids={50022, 9997, 3003, 3001, 1028, 3002, 1015, 1005} abi=armeabi-v7a
I/ActivityManager( 745): Process com.android.providers.calendar (pid 1228) has died
I/ActivityManager( 745): Process com.google.android.apps.fitness (pid 395) has died
I/ActivityManager( 745): Start proc com.google.android.partnersetup for content provider com.google.android.partnersetup/.RlzAppProvider: pid=1462 uid=10013 gids={50013, 9997, 3003} abi=armeabi-v7a
W/InputMethodInfo( 745): Duplicated subtype definition found: , voice
I/ActivityManager( 745): Process com.google.android.music:main (pid 32491) has died
W/ActivityManager( 745): Scheduling restart of crashed service com.google.android.music/.download.artwork.ArtDownloadService in 19558400ms
D/WifiService( 745): New client listening to asynchronous messages
I/ActivityManager( 745): Process com.motorola.targetnotif (pid 438) has died
W/ActivityManager( 745): Scheduling restart of crashed service com.motorola.targetnotif/com.motorola.checkin.uploader.CheckinService in 133693440ms
I/ActivityManager( 745): Start proc com.android.providers.calendar for content provider com.android.providers.calendar/.CalendarProvider2: pid=1504 uid=10002 gids={50002, 9997, 3003, 1028, 1015} abi=armeabi-v7a
W/ResourcesManager( 1504): Asset path '/system/framework/android.test.runner.jar' does not exist or contains no resources.
D/WifiService( 745): acquireWifiLockLocked: WifiLock{NlpWifiLock type=2 binder=android.os.BinderProxy@3cb6f8df}
I/ActivityManager( 745): Process com.google.android.partnersetup (pid 1462) has died
I/ActivityManager( 745): Process com.android.providers.calendar (pid 1504) has died
W/ActivityManager( 745): Scheduling restart of crashed service com.android.providers.calendar/.EmptyService in 1000ms
I/ActivityManager( 745): Start proc com.android.providers.calendar for service com.android.providers.calendar/.EmptyService: pid=1613 uid=10002 gids={50002, 9997, 3003, 1028, 1015} abi=armeabi-v7a
W/ResourcesManager( 1613): Asset path '/system/framework/android.test.runner.jar' does not exist or contains no resources.
D/WifiService( 745): Client connection lost with reason: 4
I/ActivityManager( 745): Process com.google.android.googlequicksearchbox:search (pid 1418) has died
W/ActivityManager( 745): Scheduling restart of crashed service com.google.android.googlequicksearchbox/com.google.android.search.core.service.SearchService in 1000ms
W/ActivityManager( 745): Canceling start item Intent { act=com.google.android.search.core.service.BroadcastListenerService.action.UPDATE cmp=com.google.android.googlequicksearchbox/com.google.android.search.core.service.BroadcastListenerService (has extras) } in service ComponentInfo{com.google.android.googlequicksearchbox/com.google.android.search.core.service.BroadcastListenerService}
W/ActivityManager( 745): Canceling start item Intent { act=com.google.android.search.core.service.BroadcastListenerService.action.UPDATE cmp=com.google.android.googlequicksearchbox/com.google.android.search.core.service.BroadcastListenerService (has extras) } in service ComponentInfo{com.google.android.googlequicksearchbox/com.google.android.search.core.service.BroadcastListenerService}
W/ActivityManager( 745): Scheduling restart of crashed service com.google.android.googlequicksearchbox/com.google.android.search.core.service.BroadcastListenerService in 9717571584ms
I/ActivityManager( 745): Start proc com.motorola.targetnotif for broadcast com.motorola.targetnotif/com.motorola.motoproxy.calendar.CalendarDataReceiver: pid=1686 uid=10128 gids={50128, 9997, 3002, 3001, 3003, 1028, 1015} abi=armeabi-v7a
I/ActivityManager( 745): Process com.android.providers.calendar (pid 1613) has died
W/ActivityManager( 745): Permission Denial: Accessing service ComponentInfo{com.google.android.music/com.google.android.music.dial.DialMediaRouteProviderService} from pid=871, uid=10091 that is not exported from uid 10060
W/InputMethodManagerService( 745): Session failed to close due to remote exception
W/InputMethodManagerService( 745): android.os.DeadObjectException
W/InputMethodManagerService( 745): at android.os.BinderProxy.transactNative(Native Method)
W/InputMethodManagerService( 745): at android.os.BinderProxy.transact(Binder.java:496)
W/InputMethodManagerService( 745): at com.android.internal.view.IInputMethodSession$Stub$Proxy.finishSession(IInputMethodSession.java:305)
W/InputMethodManagerService( 745): at com.android.server.InputMethodManagerService.finishSessionLocked(InputMethodManagerService.java:1415)
W/InputMethodManagerService( 745): at com.android.server.InputMethodManagerService.clearClientSessionLocked(InputMethodManagerService.java:1406)
W/InputMethodManagerService( 745): at com.android.server.InputMethodManagerService.clearCurMethodLocked(InputMethodManagerService.java:1432)
W/InputMethodManagerService( 745): at com.android.server.InputMethodManagerService.onServiceDisconnected(InputMethodManagerService.java:1451)
W/InputMethodManagerService( 745): at android.app.LoadedApk$ServiceDispatcher.doDeath(LoadedApk.java:1208)
W/InputMethodManagerService( 745): at android.app.LoadedApk$ServiceDispatcher$RunConnection.run(LoadedApk.java:1222)
W/InputMethodManagerService( 745): at android.os.Handler.handleCallback(Handler.java:739)
W/InputMethodManagerService( 745): at android.os.Handler.dispatchMessage(Handler.java:95)
W/InputMethodManagerService( 745): at android.os.Looper.loop(Looper.java:135)
W/InputMethodManagerService( 745): at com.android.server.SystemServer.run(SystemServer.java:269)
W/InputMethodManagerService( 745): at com.android.server.SystemServer.main(SystemServer.java:170)
W/InputMethodManagerService( 745): at java.lang.reflect.Method.invoke(Native Method)
W/InputMethodManagerService( 745): at java.lang.reflect.Method.invoke(Method.java:372)
W/InputMethodManagerService( 745): at com.android.internal.os.ZygoteInit$MethodAndArgsCaller.run(ZygoteInit.java:899)
W/InputMethodManagerService( 745): at com.android.internal.os.ZygoteInit.main(ZygoteInit.java:694)
I/ActivityManager( 745): Process com.google.android.inputmethod.latin (pid 473) has died
W/ActivityManager( 745): Scheduling restart of crashed service com.google.android.inputmethod.latin/com.android.inputmethod.latin.LatinIME in 1000ms
I/ActivityManager( 745): Start proc com.google.android.youtube for service com.google.android.youtube/.app.remote.YouTubeTvRouteProviderService: pid=1710 uid=10080 gids={50080, 9997, 3003, 1028, 1015} abi=armeabi-v7a
I/ActivityManager( 745): Start proc com.android.providers.calendar for content provider com.android.providers.calendar/.CalendarProvider2: pid=1731 uid=10002 gids={50002, 9997, 3003, 1028, 1015} abi=armeabi-v7a
W/ResourcesManager( 1731): Asset path '/system/framework/android.test.runner.jar' does not exist or contains no resources.
E/ActivityThread( 1686): Failed to find provider info for com.motorola.ccc.plm.misc
I/ActivityManager( 745): Process com.twitter.android (pid 1398) has died
W/ActivityManager( 745): Scheduling restart of crashed service com.twitter.android/com.twitter.library.platform.TwitterDataSyncService in 44740ms
E/ActivityThread( 1686): Failed to find provider info for com.motorola.ccc.plm.misc
I/ActivityManager( 745): Process com.android.providers.calendar (pid 1731) has died
W/ActivityManager( 745): Scheduling restart of crashed service com.android.providers.calendar/.EmptyService in 44461ms
W/ResourcesManager( 1710): Asset path '/system/framework/com.android.media.remotedisplay.jar' does not exist or contains no resources.
W/ResourcesManager( 1710): Asset path '/system/framework/com.android.location.provider.jar' does not exist or contains no resources.
D/WifiService( 745): releaseWifiLockLocked: WifiLock{NlpWifiLock type=2 binder=android.os.BinderProxy@3cb6f8df}
W/ActivityThread(32384): ClassLoader.getResources: The class loader returned by Thread.getContextClassLoader() may fail for processes that host multiple applications. You should explicitly specify a context class loader. For example: Thread.setContextClassLoader(getClass().getClassLoader());
E/ActivityThread( 1686): Failed to find provider info for com.motorola.ccc.plm.misc
I/ActivityManager( 745): Start proc com.google.android.inputmethod.latin for service com.google.android.inputmethod.latin/com.android.inputmethod.latin.LatinIME: pid=1800 uid=10056 gids={50056, 9997, 3003, 1028, 1015} abi=armeabi-v7a
D/WifiService( 745): Client connection lost with reason: 4
V/BackupManagerService( 745): Disconnected from transport ComponentInfo{com.google.android.gms/com.google.android.gms.backup.BackupTransportService}
V/BackupManagerService( 745): Registering transport com.google.android.gms/.backup.BackupTransportService::null = null
I/ActivityManager( 745): Start proc com.google.android.googlequicksearchbox:search for broadcast com.google.android.googlequicksearchbox/com.google.android.velvet.location.LocationReceiver: pid=1826 uid=10022 gids={50022, 9997, 3003, 3001, 1028, 3002, 1015, 1005} abi=armeabi-v7a
I/ActivityManager( 745): Process com.google.process.location (pid 32213) has died
W/ActivityManager( 745): Scheduling restart of crashed service com.google.android.gms/.backup.BackupTransportService in 53881ms
W/ActivityManager( 745): Scheduling restart of crashed service com.google.android.gms/.fitness.service.BrokeredFitnessService in 1000ms
W/ActivityManager( 745): Scheduling restart of crashed service com.google.android.gms/com.google.android.location.network.NetworkLocationService in 131800ms
W/ActivityManager( 745): Scheduling restart of crashed service com.google.android.gms/com.google.android.location.geofencer.service.GeofenceProviderService in 299844ms
W/ActivityManager( 745): Scheduling restart of crashed service com.google.android.gms/com.google.android.location.fused.FusedLocationService in 339844ms
W/ActivityManager( 745): Scheduling restart of crashed service com.google.android.gms/.auth.trustagent.GoogleTrustAgent in 379844ms
W/ActivityManager( 745): Scheduling restart of crashed service com.google.android.gms/com.google.android.location.reporting.service.DispatchingService in 431113ms
W/ActivityManager( 745): Scheduling restart of crashed service com.google.android.gms/com.google.android.location.internal.GoogleLocationManagerService in 63881ms
W/ActivityManager( 745): Scheduling restart of crashed service com.google.android.gms/com.google.android.location.internal.PendingIntentCallbackService in 499840ms
W/ActivityManager( 745): Scheduling restart of crashed service com.google.android.gms/.deviceconnection.service.DeviceConnectionServiceBroker in 73880ms
W/ActivityManager( 745): Scheduling restart of crashed service com.google.android.gms/com.google.android.location.internal.server.GoogleLocationService in 579840ms
W/ActivityManager( 745): Scheduling restart of crashed service com.google.android.gms/com.google.android.location.fused.service.FusedProviderService in 619840ms
W/ActivityManager( 745): Scheduling restart of crashed service com.google.android.gms/.fitness.sensors.activity.ActivityRecognitionService in 83879ms
W/ActivityManager( 745): Scheduling restart of crashed service com.google.android.gms/com.google.android.location.fused.NlpLocationReceiverService in 659840ms
W/ActivityManager( 745): Scheduling restart of crashed service com.google.android.gms/com.google.android.location.geocode.GeocodeService in 699840ms
I/ActivityManager( 745): Start proc com.android.providers.calendar for content provider com.android.providers.calendar/.CalendarProvider2: pid=1846 uid=10002 gids={50002, 9997, 3003, 1028, 1015} abi=armeabi-v7a
W/ResourcesManager( 1846): Asset path '/system/framework/android.test.runner.jar' does not exist or contains no resources.
W/InputMethodInfo( 745): Duplicated subtype definition found: , voice
I/ActivityManager( 745): Process com.motorola.targetnotif (pid 1686) has died
W/ActivityManager( 745): Scheduling restart of crashed service com.motorola.targetnotif/com.motorola.checkin.uploader.CheckinService in 534773760ms
I/ActivityManager( 745): Process com.android.providers.calendar (pid 1846) has died
W/ActivityManager( 745): Scheduling restart of crashed service com.android.providers.calendar/.EmptyService in 177844ms
I/ActivityManager( 745): Start proc com.google.android.partnersetup for content provider com.google.android.partnersetup/.RlzAppProvider: pid=1931 uid=10013 gids={50013, 9997, 3003} abi=armeabi-v7a
I/ActivityManager( 745): Start proc com.android.providers.calendar for content provider com.android.providers.calendar/.CalendarProvider2: pid=1955 uid=10002 gids={50002, 9997, 3003, 1028, 1015} abi=armeabi-v7a
I/ActivityManager( 745): Process com.google.android.youtube (pid 1710) has died
W/ActivityManager( 745): Scheduling restart of crashed service com.google.android.youtube/.app.remote.YouTubeTvRouteProviderService in 43051ms
W/BroadcastQueue( 745): Failure [background] sending broadcast result of Intent { act=com.google.android.velvet.location.GMS_CORE_LOCATION flg=0x10 (has extras) }
W/BroadcastQueue( 745): android.os.DeadObjectException
W/BroadcastQueue( 745): at android.os.BinderProxy.transactNative(Native Method)
W/BroadcastQueue( 745): at android.os.BinderProxy.transact(Binder.java:496)
W/BroadcastQueue( 745): at android.content.IIntentReceiver$Stub$Proxy.performReceive(IIntentReceiver.java:124)
W/BroadcastQueue( 745): at com.android.server.am.BroadcastQueue.performReceiveLocked(BroadcastQueue.java:438)
W/BroadcastQueue( 745): at com.android.server.am.BroadcastQueue.processNextBroadcast(BroadcastQueue.java:671)
W/BroadcastQueue( 745): at com.android.server.am.ActivityManagerService.finishReceiver(ActivityManagerService.java:16008)
W/BroadcastQueue( 745): at android.app.ActivityManagerNative.onTransact(ActivityManagerNative.java:470)
W/BroadcastQueue( 745): at com.android.server.am.ActivityManagerService.onTransact(ActivityManagerService.java:2407)
W/BroadcastQueue( 745): at android.os.Binder.execTransact(Binder.java:446)
I/ActivityManager( 745): Start proc com.google.process.location for service com.google.android.gms/com.google.android.location.internal.GoogleLocationManagerService: pid=1989 uid=10008 gids={50008, 9997, 2001, 3003, 1007, 3006, 1028, 1015, 3002, 3001, 1005, 3007} abi=armeabi-v7a
W/ResourcesManager( 1955): Asset path '/system/framework/android.test.runner.jar' does not exist or contains no resources.
D/WifiService( 745): New client listening to asynchronous messages
W/ResourcesManager( 1989): Asset path '/system/framework/com.android.media.remotedisplay.jar' does not exist or contains no resources.
W/ResourcesManager( 1989): Asset path '/system/framework/com.android.location.provider.jar' does not exist or contains no resources.
D/WifiService( 745): New client listening to asynchronous messages
W/InputMethodInfo( 745): Duplicated subtype definition found: , voice
W/SocketClient( 183): write error (Broken pipe)
I/ActivityManager( 745): Process com.android.providers.calendar (pid 1955) has died
W/ActivityManager( 745): Scheduling restart of crashed service com.android.providers.calendar/.EmptyService in 711376ms
I/ActivityManager( 745): Start proc com.chrome.beta:sandboxed_process1 for service com.chrome.beta/org.chromium.content.app.SandboxedProcessService1: pid=2045 uid=99381 gids={} abi=armeabi-v7a
W/InputMethodManagerService( 745): Session failed to close due to remote exception
W/InputMethodManagerService( 745): android.os.DeadObjectException
W/InputMethodManagerService( 745): at android.os.BinderProxy.transactNative(Native Method)
W/InputMethodManagerService( 745): at android.os.BinderProxy.transact(Binder.java:496)
W/InputMethodManagerService( 745): at com.android.internal.view.IInputMethodSession$Stub$Proxy.finishSession(IInputMethodSession.java:305)
W/InputMethodManagerService( 745): at com.android.server.InputMethodManagerService.finishSessionLocked(InputMethodManagerService.java:1415)
W/InputMethodManagerService( 745): at com.android.server.InputMethodManagerService.clearClientSessionLocked(InputMethodManagerService.java:1406)
W/InputMethodManagerService( 745): at com.android.server.InputMethodManagerService.clearCurMethodLocked(InputMethodManagerService.java:1432)
W/InputMethodManagerService( 745): at com.android.server.InputMethodManagerService.onServiceDisconnected(InputMethodManagerService.java:1451)
W/InputMethodManagerService( 745): at android.app.LoadedApk$ServiceDispatcher.doDeath(LoadedApk.java:1208)
W/InputMethodManagerService( 745): at android.app.LoadedApk$ServiceDispatcher$RunConnection.run(LoadedApk.java:1222)
W/InputMethodManagerService( 745): at android.os.Handler.handleCallback(Handler.java:739)
W/InputMethodManagerService( 745): at android.os.Handler.dispatchMessage(Handler.java:95)
W/InputMethodManagerService( 745): at android.os.Looper.loop(Looper.java:135)
W/InputMethodManagerService( 745): at com.android.server.SystemServer.run(SystemServer.java:269)
W/InputMethodManagerService( 745): at com.android.server.SystemServer.main(SystemServer.java:170)
W/InputMethodManagerService( 745): at java.lang.reflect.Method.invoke(Native Method)
W/InputMethodManagerService( 745): at java.lang.reflect.Method.invoke(Method.java:372)
W/InputMethodManagerService( 745): at com.android.internal.os.ZygoteInit$MethodAndArgsCaller.run(ZygoteInit.java:899)
W/InputMethodManagerService( 745): at com.android.internal.os.ZygoteInit.main(ZygoteInit.java:694)
I/ActivityManager( 745): Process com.google.android.inputmethod.latin (pid 1800) has died
W/ActivityManager( 745): Scheduling restart of crashed service com.google.android.inputmethod.latin/com.android.inputmethod.latin.LatinIME in 4000ms
I/ActivityManager( 745): Process com.google.android.partnersetup (pid 1931) has died
W/libprocessgroup( 745): failed to open /acct/uid_10091/pid_2045/cgroup.procs: No such file or directory
I/ActivityManager( 745): Process com.chrome.beta:sandboxed_process1 (pid 2045) has died
W/ActivityManager( 745): Scheduling restart of crashed service com.chrome.beta/org.chromium.content.app.SandboxedProcessService1 in 51400ms
V/BackupManagerService( 745): Connected to transport ComponentInfo{com.google.android.gms/com.google.android.gms.backup.BackupTransportService}
V/BackupManagerService( 745): Registering transport com.google.android.gms/.backup.BackupTransportService::com.google.android.gms/.backup.BackupTransportService = com.android.internal.backup.IBackupTransport$Stub$Proxy@3282208b
D/WifiService( 745): Client connection lost with reason: 4
I/ActivityManager( 745): Process com.google.android.googlequicksearchbox:search (pid 1826) has died
W/ActivityManager( 745): Canceling start item Intent { act=com.google.android.search.core.service.BroadcastListenerService.action.UPDATE cmp=com.google.android.googlequicksearchbox/com.google.android.search.core.service.BroadcastListenerService (has extras) } in service ComponentInfo{com.google.android.googlequicksearchbox/com.google.android.search.core.service.BroadcastListenerService}
W/ActivityManager( 745): Canceling start item Intent { act=com.google.android.search.core.service.BroadcastListenerService.action.UPDATE cmp=com.google.android.googlequicksearchbox/com.google.android.search.core.service.BroadcastListenerService (has extras) } in service ComponentInfo{com.google.android.googlequicksearchbox/com.google.android.search.core.service.BroadcastListenerService}
W/ActivityManager( 745): Canceling start item Intent { act=com.google.android.search.core.service.BroadcastListenerService.action.UPDATE cmp=com.google.android.googlequicksearchbox/com.google.android.search.core.service.BroadcastListenerService (has extras) } in service ComponentInfo{com.google.android.googlequicksearchbox/com.google.android.search.core.service.BroadcastListenerService}
W/ActivityManager( 745): Canceling start item Intent { act=com.google.android.search.core.service.BroadcastListenerService.action.UPDATE cmp=com.google.android.googlequicksearchbox/com.google.android.search.core.service.BroadcastListenerService (has extras) } in service ComponentInfo{com.google.android.googlequicksearchbox/com.google.android.search.core.service.BroadcastListenerService}
W/ActivityManager( 745): Scheduling restart of crashed service com.google.android.googlequicksearchbox/com.google.android.search.core.service.BroadcastListenerService in 38870286336ms
W/ActivityManager( 745): Scheduling restart of crashed service com.google.android.googlequicksearchbox/com.google.android.search.core.service.SearchService in 50761ms
I/UsageStatsService( 745): User[0] Flushing usage stats to disk
W/AlarmManager( 745): Window length 9223372036854775807ms suspiciously long; limiting to 1 hour
W/AlarmManager( 745): Window length 9223372036854775807ms suspiciously long; limiting to 1 hour
D/WifiService( 745): acquireWifiLockLocked: WifiLock{NlpWifiLock type=2 binder=android.os.BinderProxy@217d80e6}
I/ActivityManager( 745): Start proc com.google.android.keep for broadcast com.google.android.keep/.notification.AlertReceiver: pid=2139 uid=10071 gids={50071, 9997, 3003, 1028, 1015} abi=armeabi-v7a
D/WifiService( 745): acquireWifiLockLocked: WifiLock{NlpWifiLock type=2 binder=android.os.BinderProxy@179a2627}
D/WifiService( 745): releaseWifiLockLocked: WifiLock{NlpWifiLock type=2 binder=android.os.BinderProxy@179a2627}
I/ActivityManager( 745): Start proc com.google.android.googlequicksearchbox:search for broadcast com.google.android.googlequicksearchbox/com.google.android.velvet.location.VehicleParkReceiver: pid=2166 uid=10022 gids={50022, 9997, 3003, 3001, 1028, 3002, 1015, 1005} abi=armeabi-v7a
I/ActivityManager( 745): Process com.google.android.keep (pid 2139) has died
