D/StrictMode(10040): at android.os.Looper.loop(Looper.java:135)
D/StrictMode(10040): at android.app.ActivityThread.main(ActivityThread.java:5221)
D/StrictMode(10040): at java.lang.reflect.Method.invoke(Native Method)
D/StrictMode(10040): at java.lang.reflect.Method.invoke(Method.java:372)
D/StrictMode(10040): at com.android.internal.os.ZygoteInit$MethodAndArgsCaller.run(ZygoteInit.java:899)
D/StrictMode(10040): at com.android.internal.os.ZygoteInit.main(ZygoteInit.java:694)
D/StrictMode(10040): StrictMode policy violation; ~duration=900 ms: android.os.StrictMode$StrictModeDiskReadViolation: policy=31 violation=2
D/StrictMode(10040): at android.os.StrictMode$AndroidBlockGuardPolicy.onReadFromDisk(StrictMode.java:1137)
D/StrictMode(10040): at android.app.SharedPreferencesImpl.awaitLoadedLocked(SharedPreferencesImpl.java:202)
D/StrictMode(10040): at android.app.SharedPreferencesImpl.getBoolean(SharedPreferencesImpl.java:259)
D/StrictMode(10040): at android.preference.PreferenceManager.setDefaultValues(PreferenceManager.java:481)
D/StrictMode(10040): at com.google.android.apps.gmm.shared.b.a.a(PG:661)
D/StrictMode(10040): at com.google.android.apps.gmm.base.app.b.(PG:468)
D/StrictMode(10040): at com.google.android.apps.gmm.base.app.GoogleMapsApplication.onCreate(PG:84)
D/StrictMode(10040): at android.app.Instrumentation.callApplicationOnCreate(Instrumentation.java:1011)
D/StrictMode(10040): at android.app.ActivityThread.handleBindApplication(ActivityThread.java:4518)
D/StrictMode(10040): at android.app.ActivityThread.access$1500(ActivityThread.java:144)
D/StrictMode(10040): at android.app.ActivityThread$H.handleMessage(ActivityThread.java:1339)
D/StrictMode(10040): at android.os.Handler.dispatchMessage(Handler.java:102)
D/StrictMode(10040): at android.os.Looper.loop(Looper.java:135)
D/StrictMode(10040): at android.app.ActivityThread.main(ActivityThread.java:5221)
D/StrictMode(10040): at java.lang.reflect.Method.invoke(Native Method)
D/StrictMode(10040): at java.lang.reflect.Method.invoke(Method.java:372)
D/StrictMode(10040): at com.android.internal.os.ZygoteInit$MethodAndArgsCaller.run(ZygoteInit.java:899)
D/StrictMode(10040): at com.android.internal.os.ZygoteInit.main(ZygoteInit.java:694)
D/StrictMode(10040): StrictMode policy violation; ~duration=884 ms: android.os.StrictMode$StrictModeDiskReadViolation: policy=31 violation=2
D/StrictMode(10040): at android.os.StrictMode$AndroidBlockGuardPolicy.onReadFromDisk(StrictMode.java:1137)
D/StrictMode(10040): at android.app.SharedPreferencesImpl.awaitLoadedLocked(SharedPreferencesImpl.java:202)
D/StrictMode(10040): at android.app.SharedPreferencesImpl.getInt(SharedPreferencesImpl.java:238)
D/StrictMode(10040): at com.google.android.apps.gmm.shared.b.a.a(PG:760)
D/StrictMode(10040): at com.google.android.apps.gmm.shared.b.a.a(PG:667)
D/StrictMode(10040): at com.google.android.apps.gmm.base.app.b.(PG:468)
D/StrictMode(10040): at com.google.android.apps.gmm.base.app.GoogleMapsApplication.onCreate(PG:84)
D/StrictMode(10040): at android.app.Instrumentation.callApplicationOnCreate(Instrumentation.java:1011)
D/StrictMode(10040): at android.app.ActivityThread.handleBindApplication(ActivityThread.java:4518)
D/StrictMode(10040): at android.app.ActivityThread.access$1500(ActivityThread.java:144)
D/StrictMode(10040): at android.app.ActivityThread$H.handleMessage(ActivityThread.java:1339)
D/StrictMode(10040): at android.os.Handler.dispatchMessage(Handler.java:102)
D/StrictMode(10040): at android.os.Looper.loop(Looper.java:135)
D/StrictMode(10040): at android.app.ActivityThread.main(ActivityThread.java:5221)
D/StrictMode(10040): at java.lang.reflect.Method.invoke(Native Method)
D/StrictMode(10040): at java.lang.reflect.Method.invoke(Method.java:372)
D/StrictMode(10040): at com.android.internal.os.ZygoteInit$MethodAndArgsCaller.run(ZygoteInit.java:899)
D/StrictMode(10040): at com.android.internal.os.ZygoteInit.main(ZygoteInit.java:694)
D/StrictMode(10040): StrictMode policy violation; ~duration=861 ms: android.os.StrictMode$StrictModeDiskReadViolation: policy=31 violation=2
D/StrictMode(10040): at android.os.StrictMode$AndroidBlockGuardPolicy.onReadFromDisk(StrictMode.java:1137)
D/StrictMode(10040): at libcore.io.BlockGuardOs.open(BlockGuardOs.java:182)
D/StrictMode(10040): at libcore.io.IoUtils.canOpenReadOnly(IoUtils.java:165)
D/StrictMode(10040): at dalvik.system.DexPathList.findLibrary(DexPathList.java:383)
D/StrictMode(10040): at dalvik.system.BaseDexClassLoader.findLibrary(BaseDexClassLoader.java:77)
D/StrictMode(10040): at java.lang.Runtime.loadLibrary(Runtime.java:360)
D/StrictMode(10040): at java.lang.System.loadLibrary(System.java:989)
D/StrictMode(10040): at com.google.android.apps.gmm.map.util.jni.NativeHelper.initialize(PG:42)
D/StrictMode(10040): at com.google.android.apps.gmm.map.c.b.(PG:73)
D/StrictMode(10040): at com.google.android.apps.gmm.base.app.b.(PG:468)
D/StrictMode(10040): at com.google.android.apps.gmm.base.app.GoogleMapsApplication.onCreate(PG:84)
D/StrictMode(10040): at android.app.Instrumentation.callApplicationOnCreate(Instrumentation.java:1011)
D/StrictMode(10040): at android.app.ActivityThread.handleBindApplication(ActivityThread.java:4518)
D/StrictMode(10040): at android.app.ActivityThread.access$1500(ActivityThread.java:144)
D/StrictMode(10040): at android.app.ActivityThread$H.handleMessage(ActivityThread.java:1339)
D/StrictMode(10040): at android.os.Handler.dispatchMessage(Handler.java:102)
D/StrictMode(10040): at android.os.Looper.loop(Looper.java:135)
D/StrictMode(10040): at android.app.ActivityThread.main(ActivityThread.java:5221)
D/StrictMode(10040): at java.lang.reflect.Method.invoke(Native Method)
D/StrictMode(10040): at java.lang.reflect.Method.invoke(Method.java:372)
D/StrictMode(10040): at com.android.internal.os.ZygoteInit$MethodAndArgsCaller.run(ZygoteInit.java:899)
D/StrictMode(10040): at com.android.internal.os.ZygoteInit.main(ZygoteInit.java:694)
D/StrictMode(10040): StrictMode policy violation; ~duration=291 ms: android.os.StrictMode$StrictModeDiskReadViolation: policy=287 violation=2
D/StrictMode(10040): at android.os.StrictMode$AndroidBlockGuardPolicy.onReadFromDisk(StrictMode.java:1137)
D/StrictMode(10040): at android.database.sqlite.SQLiteConnection.applyBlockGuardPolicy(SQLiteConnection.java:1041)
D/StrictMode(10040): at android.database.sqlite.SQLiteConnection.executeForCursorWindow(SQLiteConnection.java:842)
D/StrictMode(10040): at android.database.sqlite.SQLiteSession.executeForCursorWindow(SQLiteSession.java:836)
D/StrictMode(10040): at android.database.sqlite.SQLiteQuery.fillWindow(SQLiteQuery.java:62)
D/StrictMode(10040): at android.database.sqlite.SQLiteCursor.fillWindow(SQLiteCursor.java:144)
D/StrictMode(10040): at android.database.sqlite.SQLiteCursor.getCount(SQLiteCursor.java:133)
D/StrictMode(10040): at android.database.CursorToBulkCursorAdaptor.getBulkCursorDescriptor(CursorToBulkCursorAdaptor.java:145)
D/StrictMode(10040): at android.content.ContentProviderNative.onTransact(ContentProviderNative.java:122)
D/StrictMode(10040): at android.os.Binder.execTransact(Binder.java:446)
D/StrictMode(10040): # via Binder call with stack:
D/StrictMode(10040): android.os.StrictMode$LogStackTrace
D/StrictMode(10040): at android.os.StrictMode.readAndHandleBinderCallViolations(StrictMode.java:1717)
D/StrictMode(10040): at android.os.Parcel.readExceptionCode(Parcel.java:1521)
D/StrictMode(10040): at android.database.DatabaseUtils.readExceptionFromParcel(DatabaseUtils.java:134)
D/StrictMode(10040): at android.content.ContentProviderProxy.query(ContentProviderNative.java:420)
D/StrictMode(10040): at android.content.ContentResolver.query(ContentResolver.java:478)
D/StrictMode(10040): at android.content.ContentResolver.query(ContentResolver.java:422)
D/StrictMode(10040): at com.google.android.c.c.a(PG:87)
D/StrictMode(10040): at com.google.android.c.c.a(PG:107)
D/StrictMode(10040): at com.google.android.apps.gmm.shared.net.p.a(PG:312)
D/StrictMode(10040): at com.google.android.apps.gmm.shared.net.p.a(PG:162)
D/StrictMode(10040): at com.google.android.apps.gmm.map.c.i.a(PG:127)
D/StrictMode(10040): at com.google.b.a.bx.a(PG:125)
D/StrictMode(10040): at com.google.android.apps.gmm.map.c.b.a(PG:293)
D/StrictMode(10040): at com.google.android.apps.gmm.base.app.b.(PG:468)
D/StrictMode(10040): at com.google.android.apps.gmm.base.app.GoogleMapsApplication.onCreate(PG:84)
D/StrictMode(10040): at android.app.Instrumentation.callApplicationOnCreate(Instrumentation.java:1011)
D/StrictMode(10040): at android.app.ActivityThread.handleBindApplication(ActivityThread.java:4518)
D/StrictMode(10040): at android.app.ActivityThread.access$1500(ActivityThread.java:144)
D/StrictMode(10040): at android.app.ActivityThread$H.handleMessage(ActivityThread.java:1339)
D/StrictMode(10040): at android.os.Handler.dispatchMessage(Handler.java:102)
D/StrictMode(10040): at android.os.Looper.loop(Looper.java:135)
D/StrictMode(10040): at android.app.ActivityThread.main(ActivityThread.java:5221)
D/StrictMode(10040): at java.lang.reflect.Method.invoke(Native Method)
D/StrictMode(10040): at java.lang.reflect.Method.invoke(Method.java:372)
D/StrictMode(10040): at com.android.internal.os.ZygoteInit$MethodAndArgsCaller.run(ZygoteInit.java:899)
D/StrictMode(10040): at com.android.internal.os.ZygoteInit.main(ZygoteInit.java:694)
D/StrictMode(10040): StrictMode policy violation; ~duration=133 ms: android.os.StrictMode$StrictModeDiskReadViolation: policy=31 violation=2
D/StrictMode(10040): at android.os.StrictMode$AndroidBlockGuardPolicy.onReadFromDisk(StrictMode.java:1137)
D/StrictMode(10040): at libcore.io.BlockGuardOs.access(BlockGuardOs.java:67)
D/StrictMode(10040): at java.io.File.doAccess(File.java:283)
D/StrictMode(10040): at java.io.File.exists(File.java:363)
D/StrictMode(10040): at android.app.ContextImpl.createFilesDirLocked(ContextImpl.java:989)
D/StrictMode(10040): at android.app.ContextImpl.getFilesDir(ContextImpl.java:1012)
D/StrictMode(10040): at android.app.ContextImpl.openFileInput(ContextImpl.java:954)
D/StrictMode(10040): at android.content.ContextWrapper.openFileInput(ContextWrapper.java:175)
D/StrictMode(10040): at com.google.android.apps.gmm.shared.c.h.a(PG:149)
D/StrictMode(10040): at com.google.android.apps.gmm.shared.net.a.b.a(PG:577)
D/StrictMode(10040): at com.google.android.apps.gmm.map.c.b.a(PG:293)
D/StrictMode(10040): at com.google.android.apps.gmm.base.app.b.(PG:468)
D/StrictMode(10040): at com.google.android.apps.gmm.base.app.GoogleMapsApplication.onCreate(PG:84)
D/StrictMode(10040): at android.app.Instrumentation.callApplicationOnCreate(Instrumentation.java:1011)
D/StrictMode(10040): at android.app.ActivityThread.handleBindApplication(ActivityThread.java:4518)
D/StrictMode(10040): at android.app.ActivityThread.access$1500(ActivityThread.java:144)
D/StrictMode(10040): at android.app.ActivityThread$H.handleMessage(ActivityThread.java:1339)
D/StrictMode(10040): at android.os.Handler.dispatchMessage(Handler.java:102)
D/StrictMode(10040): at android.os.Looper.loop(Looper.java:135)
D/StrictMode(10040): at android.app.ActivityThread.main(ActivityThread.java:5221)
D/StrictMode(10040): at java.lang.reflect.Method.invoke(Native Method)
D/StrictMode(10040): at java.lang.reflect.Method.invoke(Method.java:372)
D/StrictMode(10040): at com.android.internal.os.ZygoteInit$MethodAndArgsCaller.run(ZygoteInit.java:899)
D/StrictMode(10040): at com.android.internal.os.ZygoteInit.main(ZygoteInit.java:694)
D/StrictMode(10040): StrictMode policy violation; ~duration=132 ms: android.os.StrictMode$StrictModeDiskReadViolation: policy=31 violation=2
D/StrictMode(10040): at android.os.StrictMode$AndroidBlockGuardPolicy.onReadFromDisk(StrictMode.java:1137)
D/StrictMode(10040): at libcore.io.BlockGuardOs.open(BlockGuardOs.java:182)
D/StrictMode(10040): at libcore.io.IoBridge.open(IoBridge.java:442)
D/StrictMode(10040): at java.io.FileInputStream.(FileInputStream.java:76)
D/StrictMode(10040): at android.app.ContextImpl.openFileInput(ContextImpl.java:955)
D/StrictMode(10040): at android.content.ContextWrapper.openFileInput(ContextWrapper.java:175)
D/StrictMode(10040): at com.google.android.apps.gmm.shared.c.h.a(PG:149)
D/StrictMode(10040): at com.google.android.apps.gmm.shared.net.a.b.a(PG:577)
D/StrictMode(10040): at com.google.android.apps.gmm.map.c.b.a(PG:293)
D/StrictMode(10040): at com.google.android.apps.gmm.base.app.b.(PG:468)
D/StrictMode(10040): at com.google.android.apps.gmm.base.app.GoogleMapsApplication.onCreate(PG:84)
D/StrictMode(10040): at android.app.Instrumentation.callApplicationOnCreate(Instrumentation.java:1011)
D/StrictMode(10040): at android.app.ActivityThread.handleBindApplication(ActivityThread.java:4518)
D/StrictMode(10040): at android.app.ActivityThread.access$1500(ActivityThread.java:144)
D/StrictMode(10040): at android.app.ActivityThread$H.handleMessage(ActivityThread.java:1339)
D/StrictMode(10040): at android.os.Handler.dispatchMessage(Handler.java:102)
D/StrictMode(10040): at android.os.Looper.loop(Looper.java:135)
D/StrictMode(10040): at android.app.ActivityThread.main(ActivityThread.java:5221)
D/StrictMode(10040): at java.lang.reflect.Method.invoke(Native Method)
D/StrictMode(10040): at java.lang.reflect.Method.invoke(Method.java:372)
D/StrictMode(10040): at com.android.internal.os.ZygoteInit$MethodAndArgsCaller.run(ZygoteInit.java:899)
D/StrictMode(10040): at com.android.internal.os.ZygoteInit.main(ZygoteInit.java:694)
D/StrictMode(10040): StrictMode policy violation; ~duration=131 ms: android.os.StrictMode$StrictModeDiskReadViolation: policy=31 violation=2
D/StrictMode(10040): at android.os.StrictMode$AndroidBlockGuardPolicy.onReadFromDisk(StrictMode.java:1137)
D/StrictMode(10040): at libcore.io.BlockGuardOs.fstat(BlockGuardOs.java:132)
D/StrictMode(10040): at libcore.io.IoBridge.open(IoBridge.java:445)
D/StrictMode(10040): at java.io.FileInputStream.(FileInputStream.java:76)
D/StrictMode(10040): at android.app.ContextImpl.openFileInput(ContextImpl.java:955)
D/StrictMode(10040): at android.content.ContextWrapper.openFileInput(ContextWrapper.java:175)
D/StrictMode(10040): at com.google.android.apps.gmm.shared.c.h.a(PG:149)
D/StrictMode(10040): at com.google.android.apps.gmm.shared.net.a.b.a(PG:577)
D/StrictMode(10040): at com.google.android.apps.gmm.map.c.b.a(PG:293)
D/StrictMode(10040): at com.google.android.apps.gmm.base.app.b.(PG:468)
D/StrictMode(10040): at com.google.android.apps.gmm.base.app.GoogleMapsApplication.onCreate(PG:84)
D/StrictMode(10040): at android.app.Instrumentation.callApplicationOnCreate(Instrumentation.java:1011)
D/StrictMode(10040): at android.app.ActivityThread.handleBindApplication(ActivityThread.java:4518)
D/StrictMode(10040): at android.app.ActivityThread.access$1500(ActivityThread.java:144)
D/StrictMode(10040): at android.app.ActivityThread$H.handleMessage(ActivityThread.java:1339)
D/StrictMode(10040): at android.os.Handler.dispatchMessage(Handler.java:102)
D/StrictMode(10040): at android.os.Looper.loop(Looper.java:135)
D/StrictMode(10040): at android.app.ActivityThread.main(ActivityThread.java:5221)
D/StrictMode(10040): at java.lang.reflect.Method.invoke(Native Method)
D/StrictMode(10040): at java.lang.reflect.Method.invoke(Method.java:372)
D/StrictMode(10040): at com.android.internal.os.ZygoteInit$MethodAndArgsCaller.run(ZygoteInit.java:899)
D/StrictMode(10040): at com.android.internal.os.ZygoteInit.main(ZygoteInit.java:694)
W/ActivityThread(10040): ClassLoader.loadClass: The class loader returned by Thread.getContextClassLoader() may fail for processes that host multiple applications. You should explicitly specify a context class loader. For example: Thread.setContextClassLoader(getClass().getClassLoader());
D/ClockworkProxy( 9845): Start clockwork proxy UDP relaying thread
E/SQLiteLog( 9618): (284) automatic index on assetrefs(dataitems_id)
D/DexLibLoader( 9959): loading pre-built fallback odex files
D/Finsky (10206): [1] FinskyApp.onCreate: Initializing network with DFE https://android.clients.google.com/fdfe/
D/WearableClient(10019): WearableClientImpl.onPostInitHandler: done
I/Fitness ( 9386): Account supported from cache: true
I/SettingsDataItemWriter( 9845): setDisableDoze: true false
D/WearableClient(10019): WearableClientImpl.onPostInitHandler: done
E/ActivityThread(10019): Failed to find provider info for com.motorola.ccc.plm.misc
I/CCE (10019): Default cloud URL does not match to one in our config .. deleting config to force device to reprovision
W/CheckinEventWrapper(10019): Unable to get checkin class.
D/CCE (10019): _setupDefaults() ignoring overlayed setting as it is not defined in our Configuration
D/CCE (10019): blur version: Blur_Version.21.0.1570415.hammerhead.unknown.en.US
I/WearablePkgInstaller( 9845): Fingerprint matches, not requesting installs for com.google.android.apps.fitness
E/BlurMotherFrameworkDeps(10019): failed to register tag for checkin logging
I/art ( 5649): Explicit concurrent mark sweep GC freed 4627(224KB) AllocSpace objects, 0(0B) LOS objects, 39% free, 18MB/31MB, paused 677us total 18.842ms
D/DexLibLoader( 9959): released odex store lock
D/DexLibLoader( 9959): DexLibLoader.loadAll took 1447 ms
D/MMApiWSBase(10019): MMApiWSBase configured as mOAuthToken=null, mOAuthTokenSecret=null, mSocketTimeout=30000, mTimeSkew=0, mChunkSize=8192
I/ActivityManager( 745): Process com.android.providers.calendar (pid 10114) has died
W/ActivityManager( 745): Scheduling restart of crashed service com.android.providers.calendar/.EmptyService in 43710ms
E/BlurMotherFrameworkDeps(10019): failed to register tag for checkin logging
D/CCE (10019): AppWSProxy created ...
D/PollingManager(10019): PollingManagerService()
D/PollingManager(10019): init()
I/UserAuthService(10019): service started, account exists: true
D/MMApiProvisionService(10019): Configuring max forced login attempts to 50
D/Finsky (10206): [1] DailyHygiene.goMakeHygieneIfDirty: No need to run daily hygiene.
I/art ( 745): Explicit concurrent mark sweep GC freed 11289(600KB) AllocSpace objects, 4(64KB) LOS objects, 24% free, 49MB/65MB, paused 1.481ms total 129.128ms
W/Settings(10206): Setting download_manager_max_bytes_over_mobile has moved from android.provider.Settings.Secure to android.provider.Settings.Global.
E/BlurMotherFrameworkDeps(10019): failed to register tag for checkin logging
D/MMApiProvisionService(10019): MMApiProvisionService created...
D/MMApiProvisionService(10019): isDeviceProvisioned: deviceId = null
D/CCE (10019): sending request: (create_device) to MMApiprovisionService
I/MMApiProvisionService(10019): createDeviceIdOrLogin create_device
W/Settings(10206): Setting download_manager_recommended_max_bytes_over_mobile has moved from android.provider.Settings.Secure to android.provider.Settings.Global.
D/MMApiProvisionService(10019): isDeviceProvisioned: deviceId = null
W/art ( 9959): Verification of void com.facebook.messenger.app.al.h() took 137.160ms
I/UserDevice(10019): createDevice
D/BSUtils (10019): Error checking isMultiSimEnabled, Exception:java.lang.ClassNotFoundException: android.telephony.MSimTelephonyManager
D/BSUtils (10019): Error checking isMultiSimEnabled, Exception:java.lang.ClassNotFoundException: android.telephony.MSimTelephonyManager
I/BSUtils (10019): failed to get sys.build.version.checksum. Setting swChkSum to default: FFFF
D/WifiService( 745): releaseWifiLockLocked: WifiLock{NlpWifiLock type=2 binder=android.os.BinderProxy@21f4ab59}
I/DynRingVolController( 9845): reverting to original ringer.
I/Fitness ( 9386): Account supported from cache: true
I/FitnessApp( 9980): No need to update registrations as ULR settings are unchanged
I/FitnessApp( 9980): No import data item
I/ActivityManager( 745): Start proc com.chrome.beta for service com.chrome.beta/com.google.ipc.invalidation.ticl.android2.TiclService: pid=10287 uid=10091 gids={50091, 9997, 3003, 1028, 1015} abi=armeabi-v7a
I/UserDevice(10019): Request: executing...
I/FitnessApp( 9980): Registering observers for loader ActivitySummaryLoader
I/FitnessApp( 9980): Reloading ActivitySummaryLoader
D/CCE (10019): onBind() called: com.motorola.blur.service.blur.Actions.BIND_WSPROXY_SVC
D/CCE (10019): onBind() called: com.motorola.blur.service.blur.Actions.BIND_POLLINGMANAGER_WSPROXY_SVC
I/FitnessApp( 9980): Querying Data ActivitySummaryLoader
I/WearablePkgInstaller( 9845): Fingerprint matches, not requesting installs for com.google.android.wearable.app
D/PollingManager(10019): ignoring connectivity_action: since I don't like the type: [type: MOBILE[HSPA], state: DISCONNECTED/DISCONNECTED, reason: (unspecified), extra: internet, roaming: false, failover: false, isAvailable: true, isConnectedToProvisioningNetwork: false]
D/PollingManager(10019): phone state: 0 0 home 2degrees 53024 UMTS HSPA CSS not supported -1 -1 RoamInd=-1 DefRoamInd=-1 EmergOnly=false
I/CWCheckin(10019): BcsTimer.setTimer(189947, 21600000)
D/Checkin (10019): publish the event [tag = MOT_CHECKIN event name = LOG]
D/CWCheckin(10019): Motorola help_improve privacy is -1
D/CWCheckin(10019): Generic privacy config is true
D/PollingManager(10019): registerApp(): com.motorola.checkin
D/PollingManager(10019): registerApp(): shortest interval is 21600000
D/PollingManager(10019): Polling alarm set to expire at: 553738973 Current Time: 553549028
I/GCoreUlr( 9386): Successfully inserted location
I/GCoreUlr( 9386): Not uploading first location since start (in case we're in restart loop)
D/MMApiWebService(10019): doRequest() with req : [B@fa03040
D/MMApiWebService(10019): generating token using payload instead of using session token
D/Finsky (10206): [1] 2.run: Loaded library for account: [f-CBvLMxkpI6eI7pu28RAfWq8t4]
I/ActivityManager( 745): Start proc com.android.providers.calendar for content provider com.android.providers.calendar/.CalendarProvider2: pid=10310 uid=10002 gids={50002, 9997, 3003, 1028, 1015} abi=armeabi-v7a
I/ActivityManager( 745): Start proc android.process.media for content provider com.android.providers.downloads/.DownloadProvider: pid=10316 uid=10006 gids={50006, 9997, 2001, 3003, 1028, 1015, 3007, 1023, 1024} abi=armeabi-v7a
I/art ( 198): Explicit concurrent mark sweep GC freed 706(30KB) AllocSpace objects, 0(0B) LOS objects, 40% free, 15MB/25MB, paused 178us total 9.479ms
I/art ( 198): Explicit concurrent mark sweep GC freed 5(160B) AllocSpace objects, 0(0B) LOS objects, 40% free, 15MB/25MB, paused 171us total 8.481ms
I/art ( 198): Explicit concurrent mark sweep GC freed 5(160B) AllocSpace objects, 0(0B) LOS objects, 40% free, 15MB/25MB, paused 166us total 7.466ms
I/MMApiWSBase(10019): doRequest(): url: https://argo.svcmot.com:443/v1/gdi/user/devices.json?appid=6R1TANEX3ZMQ6EU1UH43P34C8B868KTE&userid=9bd58775cf0940c4bac29fda474df1b7
W/ResourcesManager(10310): Asset path '/system/framework/android.test.runner.jar' does not exist or contains no resources.
D/Finsky (10206): [1] 2.run: Loaded library for account: [2JTFLXZIcMNtP8ingLM9oEEDeiE]
D/Finsky (10206): [1] 2.run: Finished loading 2 libraries.
D/Finsky (10206): [54764] InAppBillingUtils.pickAccount: org.leetzone.android.yatsewidgetfree: Account determined from installer data - [2JTFLXZIcMNtP8ingLM9oEEDeiE]
D/Finsky (10206): [54765] InAppBillingUtils.pickAccount: org.leetzone.android.yatsewidgetfree: Account determined from installer data - [2JTFLXZIcMNtP8ingLM9oEEDeiE]
D/Finsky (10206): [54786] InAppBillingUtils.pickAccount: org.leetzone.android.yatsewidgetfree: Account determined from installer data - [2JTFLXZIcMNtP8ingLM9oEEDeiE]
I/CalendarProvider2(10310): Created com.android.providers.calendar.CalendarAlarmManager@f038f81(com.android.providers.calendar.CalendarProvider2@39039826)
D/Finsky (10206): [54764] InAppBillingUtils.pickAccount: org.leetzone.android.yatsewidgetfree: Account determined from installer data - [2JTFLXZIcMNtP8ingLM9oEEDeiE]
D/Finsky (10206): [54765] InAppBillingUtils.pickAccount: org.leetzone.android.yatsewidgetfree: Account determined from installer data - [2JTFLXZIcMNtP8ingLM9oEEDeiE]
E/ActivityThread(10019): Failed to find provider info for com.motorola.ccc.plm.misc
D/CCE (10019): App Checkin requested CCE to send settings
D/WearableClient(10019): WearableClientImpl.onPostInitHandler: done
V/wearable( 9618): ensureBuffersHaveSpace: increasing size from 47 to 277
V/wearable( 9618): ensureBuffersHaveSpace: increasing size from 206 to 450
D/Checkin (10019): publish the event [tag = MOT_PRIVACY_PROFILE event name = PRIVACY]
D/CWCheckin(10019): Motorola help_improve privacy is -1
D/CWCheckin(10019): Generic privacy config is true
I/art ( 9386): Explicit concurrent mark sweep GC freed 46720(3MB) AllocSpace objects, 5(80KB) LOS objects, 40% free, 21MB/35MB, paused 2.885ms total 167.905ms
D/Checkin (10019): publish the event [tag = MOT_PRIVACY_PROFILE event name = PRIVACY]
D/CWCheckin(10019): Motorola help_improve privacy is -1
D/CWCheckin(10019): Generic privacy config is true
D/WifiService( 745): New client listening to asynchronous messages
D/NowFetcherService( 9845): now card fetch: getting cards...
D/WearableClient(10019): WearableClientImpl.onPostInitHandler: done
W/n (10287): [TiclService] Could not read Ticl state: com.google.ipc.invalidation.b.p: Required field 'state' was not set
W/n (10287): com.google.ipc.invalidation.b.p: Required field 'state' was not set
W/n (10287): at com.google.ipc.invalidation.ticl.a.k.a(AndroidService.java:1988)
W/n (10287): at com.google.ipc.invalidation.ticl.android2.n.a(TiclStateManager.java:154)
W/n (10287): at com.google.ipc.invalidation.ticl.android2.n.a(TiclStateManager.java:68)
W/n (10287): at com.google.ipc.invalidation.ticl.android2.TiclService.onHandleIntent(TiclService.java:105)
W/n (10287): at android.app.IntentService$ServiceHandler.handleMessage(IntentService.java:65)
W/n (10287): at android.os.Handler.dispatchMessage(Handler.java:102)
W/n (10287): at android.os.Looper.loop(Looper.java:135)
W/n (10287): at android.os.HandlerThread.run(HandlerThread.java:61)
E/SQLiteLog(10316): (283) recovered 88 frames from WAL file /data/data/com.android.providers.media/databases/external.db-wal
D/CWCheckin(10019): Checkin StartupReceiver: com.motorola.blur.service.blur.Actions.SERVICES_STARTED received.
D/CWCheckin(10019): Checkin StartupReceiver: com.motorola.cce.Actions.CCE_LAUNCH_CW_CHECKIN received.
I/CWCheckin(10019): service started
D/Checkin (10019): publish the event [tag = MOT_CHECKIN event name = LOG]
D/CWCheckin(10019): Motorola help_improve privacy is -1
D/CWCheckin(10019): Generic privacy config is true
D/WearableClient(10019): WearableClientImpl.onPostInitHandler: done
I/MotAcct.GoogAccWatcher(10019): account is authenticated: true
D/NowFetcherService( 9845): delete old card: wear://6ea9356f-df00-4185-8f84-25f2b4ebb55b/now/now_reminder/0
D/MtpService(10316): updating state; isCurrentUser=true, mMtpLocked=false
D/MtpService(10316): addStorageLocked 65537 /storage/emulated/0
D/MtpService(10316): updating state; isCurrentUser=true, mMtpLocked=false
D/WearableClient( 9503): WearableClientImpl.onPostInitHandler: done
I/ActivityManager( 745): Process com.android.providers.calendar (pid 10310) has died
W/ActivityManager( 745): Scheduling restart of crashed service com.android.providers.calendar/.EmptyService in 178683ms
D/MtpService(10316): starting MTP server in MTP mode
D/MtpService(10316): addStorageLocked 65537 /storage/emulated/0
D/Finsky (10206): [1] GmsCoreHelper.cleanupNlp: result=false type=4
I/art ( 745): Explicit concurrent mark sweep GC freed 17955(873KB) AllocSpace objects, 0(0B) LOS objects, 24% free, 49MB/65MB, paused 1.671ms total 93.965ms
I/art ( 5649): Explicit concurrent mark sweep GC freed 4242(188KB) AllocSpace objects, 0(0B) LOS objects, 40% free, 18MB/31MB, paused 1.020ms total 51.785ms
I/ActivityManager( 745): Process android.process.media (pid 10316) has died
W/ActivityManager( 745): Scheduling restart of crashed service com.android.providers.media/.MtpService in 122760ms
W/ActivityManager( 745): Scheduling restart of crashed service com.android.providers.downloads/.DownloadService in 1000ms
D/WearableClient( 9503): WearableClientImpl.onPostInitHandler: done
D/Finsky (10206): [1] RestoreTracker.stopServiceIfDone: Restore complete with 0 success and 0 failed.
I/MusicLeanback( 9503): Conditions not met for autocaching.
I/MusicLeanback( 9503): Stop autocaching.
E/ActivityThread( 9503): Service com.google.android.music.download.TrackDownloadQueueService has leaked ServiceConnection com.google.android.gms.http.GoogleURLConnectionFactory$1@1925ad92 that was originally bound here
E/ActivityThread( 9503): android.app.ServiceConnectionLeaked: Service com.google.android.music.download.TrackDownloadQueueService has leaked ServiceConnection com.google.android.gms.http.GoogleURLConnectionFactory$1@1925ad92 that was originally bound here
E/ActivityThread( 9503): at android.app.LoadedApk$ServiceDispatcher.(LoadedApk.java:1072)
E/ActivityThread( 9503): at android.app.LoadedApk.getServiceDispatcher(LoadedApk.java:966)
E/ActivityThread( 9503): at android.app.ContextImpl.bindServiceCommon(ContextImpl.java:1768)
E/ActivityThread( 9503): at android.app.ContextImpl.bindService(ContextImpl.java:1751)
E/ActivityThread( 9503): at android.content.ContextWrapper.bindService(ContextWrapper.java:538)
E/ActivityThread( 9503): at com.google.android.gms.http.GoogleURLConnectionFactory.(Unknown Source)
E/ActivityThread( 9503): at com.google.android.gms.http.GoogleHttpClient.(Unknown Source)
E/ActivityThread( 9503): at com.google.android.music.GoogleHttpClientFactory.createGoogleHttpClient(GoogleHttpClientFactory.java:43)
E/ActivityThread( 9503): at com.google.android.music.cloudclient.MusicRequest.createHttpClient(MusicRequest.java:115)
E/ActivityThread( 9503): at com.google.android.music.cloudclient.MusicRequest.getSharedHttpClient(MusicRequest.java:105)
E/ActivityThread( 9503): at com.google.android.music.download.BaseDownloadQueueManager.(BaseDownloadQueueManager.java:110)
E/ActivityThread( 9503): at com.google.android.music.download.TrackDownloadQueueManager.(TrackDownloadQueueManager.java:10)
E/ActivityThread( 9503): at com.google.android.music.download.TrackDownloadQueueService.onCreate(TrackDownloadQueueService.java:25)
E/ActivityThread( 9503): at android.app.ActivityThread.handleCreateService(ActivityThread.java:2731)
E/ActivityThread( 9503): at android.app.ActivityThread.access$1800(ActivityThread.java:144)
E/ActivityThread( 9503): at android.app.ActivityThread$H.handleMessage(ActivityThread.java:1361)
E/ActivityThread( 9503): at android.os.Handler.dispatchMessage(Handler.java:102)
E/ActivityThread( 9503): at android.os.Looper.loop(Looper.java:135)
E/ActivityThread( 9503): at android.app.ActivityThread.main(ActivityThread.java:5221)
E/ActivityThread( 9503): at java.lang.reflect.Method.invoke(Native Method)
E/ActivityThread( 9503): at java.lang.reflect.Method.invoke(Method.java:372)
E/ActivityThread( 9503): at com.android.internal.os.ZygoteInit$MethodAndArgsCaller.run(ZygoteInit.java:899)
E/ActivityThread( 9503): at com.android.internal.os.ZygoteInit.main(ZygoteInit.java:694)
W/Fitness ( 9386): One or more invalid step counts, delta=0, start=09:08:59, end=09:21:01
I/DataItems( 9618): maybePerformGC: complete, took 491 ms, removed 0 of 25 files, 0 of 25 asset records
I/GAV2 ( 9705): Thread[GAThread,5,main]: No campaign data found.
I/CWCheckin(10019): BcsTimer.setTimer(21600000, 21600000)
D/Checkin (10019): publish the event [tag = MOT_CHECKIN event name = LOG]
D/CWCheckin(10019): Motorola help_improve privacy is -1
D/CWCheckin(10019): Generic privacy config is true
D/PollingManager(10019): registerApp(): com.motorola.checkin
D/PollingManager(10019): registerApp(): com.motorola.checkin already registered.
D/PollingManager(10019): modifyApp(): com.motorola.checkin
D/PollingManager(10019): calculateShortestInterval(): shortest interval is 21600000
D/NowFetcherService( 9845): delete old card: wear://6ea9356f-df00-4185-8f84-25f2b4ebb55b/now/now_reminder/1
D/NowFetcherService( 9845): delete old card: wear://6ea9356f-df00-4185-8f84-25f2b4ebb55b/now/now_stock_list/0
W/Fitness ( 9386): One or more invalid step counts, delta=0, start=09:08:59, end=09:21:01
I/FitnessApp( 9980): Added 9 steps with other activity type to walking. Bucket{startTime=1416999600000, endTime=1417033412017, activity=3, dataSets=[DataSet{d:step_count.delta:gms:aggregated [RawDataPoint{[9]@[1417030215210000000, 1417032539670000000](0,1)}]}, DataSet{d:activity.summary:gms:aggregated [RawDataPoint{[3, 33812017, 2]@[1416999600000000000, 1417033412017000000](2,3)}]}], bucketType=type, serverHasMoreData=false}
D/NowFetcherService( 9845): delete old card: wear://6ea9356f-df00-4185-8f84-25f2b4ebb55b/now/now_weather/0
I/FitnessApp( 9980): ActivitySummaryLoader generated summary ActivitySummary {WALKING= [STEP_COUNT=9], RUNNING= [], BIKING= [], OTHER= [], otherData= [[STEP_COUNT=9]]}
I/FitnessApp( 9980): Processing Results ActivitySummaryLoader: 1433ms
I/WearablePkgInstaller( 9845): Fingerprint matches, not requesting installs for com.google.android.apps.maps
D/NowFetcherService( 9845): set new card: /now/now_stock_list/0
I/WearablePkgInstaller( 9845): Fingerprint matches, not requesting installs for com.tinder
I/Fitness ( 9386): Initial registration for DataType{com.google.activity.sample[activity(i), confidence(f)]}
I/Fitness ( 9386): Initial registration for DataType{com.google.activity.sample[activity(i), confidence(f)]}
I/Fitness ( 9386): Registering for activity recognition DETAILED every 60000ms
I/Fitness ( 9386): Successfully added recording listener for c{appPackageName=com.google.android.apps.fitness, subscription=Subscription{dataSource=DataSource{derived:Application{com.google.android.gms::null}:Device{LGE:Nexus 5:4d2fdcb370f27e36::0:2}:detailed:DataType{com.google.activity.sample[activity(i), confidence(f)]}}, dataType=DataType{com.google.activity.sample[activity(i), confidence(f)]}, samplingIntervalMicros=-1, accuracyMode=2}}
D/NowFetcherService( 9845): set new card: /now/now_weather/0
I/art ( 9618): Explicit concurrent mark sweep GC freed 24031(1882KB) AllocSpace objects, 0(0B) LOS objects, 40% free, 17MB/29MB, paused 3.790ms total 34.419ms
V/wearable( 9618): ensureBuffersHaveSpace: increasing size from 450 to 1012
D/NowFetcherService( 9845): set new card: /now/now_reminder/1
I/FitnessApp( 9980): Creating implicit step goal of 5392
V/wearable( 9618): ensureBuffersHaveSpace: increasing size from 1012 to 1526
E/Fitness ( 9386): Data source derived:com.google.distance.delta:com.google.android.gms:pruned_distance already registered with realm MIXED -- cannot re-register with realm SERVER
D/NowFetcherService( 9845): set new card: /now/now_reminder/0
E/Fitness ( 9386): Data source derived:com.google.distance.delta:com.google.android.gms:pruned_distance already registered with realm MIXED -- cannot re-register with realm SERVER
E/Fitness ( 9386): Data source derived:com.google.distance.delta:com.google.android.gms:pruned_distance already registered with realm MIXED -- cannot re-register with realm SERVER
W/NowFetcherService( 9845): Receives a Now broadcast while not connected to GSA
D/NowFetcherService( 9845): onServiceConnected: connected to NowRemoteService
I/Fitness ( 9386): Initial registration for DataType{com.google.distance.delta[distance(f)]}
I/Fitness ( 9386): Initial registration for DataType{com.google.distance.delta[distance(f)]}
I/GCM ( 5649): GCM message com.chrome.beta 0:1417033449303078%b733f7f7f9fd7ecd
I/Fitness ( 9386): Successfully added recording listener for c{appPackageName=com.google.android.apps.fitness, subscription=Subscription{dataSource=DataSource{derived:Application{com.google.android.gms::null}:Device{LGE:Nexus 5:4d2fdcb370f27e36::0:2}::DataType{com.google.distance.delta[distance(f)]}}, dataType=DataType{com.google.distance.delta[distance(f)]}, samplingIntervalMicros=-1, accuracyMode=2}}
V/GCMBroadcastReceiver(10287): onReceive: com.google.android.c2dm.intent.RECEIVE
I/FitnessApp( 9980): Wearable Sync Completed in 3006 ms
V/GCMRegistrar(10287): Setting the name of retry receiver class to com.google.ipc.invalidation.external.client.contrib.MultiplexingGcmListener$GCMReceiver
V/GCMBroadcastReceiver(10287): GCM IntentService class: com.google.ipc.invalidation.external.client.contrib.MultiplexingGcmListener
D/WifiService( 745): acquireWifiLockLocked: WifiLock{NlpWifiLock type=2 binder=android.os.BinderProxy@2a6ec98b}
V/GCMBaseIntentService(10287): Acquiring wakelock
E/WifiStateMachine( 745): WifiStateMachine CMD_START_SCAN source 10008 txSuccessRate=82.59 rxSuccessRate=71.89 targetRoamBSSID=00:00:00:00:00:00 RSSI=-63
V/GCMBaseIntentService(10287): Intent service name: GCMIntentService-DynamicSenderIds-1
I/wpa_supplicant(12600): wlan0: CTRL-EVENT-SCAN-STARTED
V/GCMBaseIntentService(10287): Releasing wakelock
I/WearablePkgInstaller( 9845): Fingerprint matches, not requesting installs for com.motorola.targetnotif
E/ad ( 9959): Multi-binding Key[type=com.facebook.auth.h.a, annotation=[none]] wasn't declared.
E/ad ( 9959): Multi-binding Key[type=com.facebook.gk.h, annotation=[none]] wasn't declared.
E/ad ( 9959): Multi-binding Key[type=com.facebook.gk.t, annotation=[none]] wasn't declared.
E/ad ( 9959): Multi-binding Key[type=com.facebook.auth.component.c, annotation=[none]] wasn't declared.
I/ActivityManager( 745): Start proc android.process.media for service com.android.providers.downloads/.DownloadService: pid=10403 uid=10006 gids={50006, 9997, 2001, 3003, 1028, 1015, 3007, 1023, 1024} abi=armeabi-v7a
I/art ( 9845): Explicit concurrent mark sweep GC freed 20172(1047KB) AllocSpace objects, 2(28KB) LOS objects, 39% free, 17MB/29MB, paused 765us total 20.699ms
W/n (10287): [TiclService] Could not read Ticl state: com.google.ipc.invalidation.b.p: Required field 'state' was not set
W/n (10287): com.google.ipc.invalidation.b.p: Required field 'state' was not set
W/n (10287): at com.google.ipc.invalidation.ticl.a.k.a(AndroidService.java:1988)
W/n (10287): at com.google.ipc.invalidation.ticl.android2.n.a(TiclStateManager.java:154)
W/n (10287): at com.google.ipc.invalidation.ticl.android2.n.a(TiclStateManager.java:68)
W/n (10287): at com.google.ipc.invalidation.ticl.android2.TiclService.onHandleIntent(TiclService.java:103)
W/n (10287): at android.app.IntentService$ServiceHandler.handleMessage(IntentService.java:65)
W/n (10287): at android.os.Handler.dispatchMessage(Handler.java:102)
W/n (10287): at android.os.Looper.loop(Looper.java:135)
W/n (10287): at android.os.HandlerThread.run(HandlerThread.java:61)
I/Fitness ( 9386): Initial registration for DataType{com.google.location.sample[latitude(f), longitude(f), accuracy(f), altitude(f)]}
I/Fitness ( 9386): Initial registration for DataType{com.google.location.sample[latitude(f), longitude(f), accuracy(f), altitude(f)]}
I/Fitness ( 9386): Successfully added recording listener for c{appPackageName=com.google.android.apps.fitness, subscription=Subscription{dataSource=DataSource{raw:Application{com.google.android.gms::null}:Device{LGE:Nexus 5:4d2fdcb370f27e36::0:2}::DataType{com.google.location.sample[latitude(f), longitude(f), accuracy(f), altitude(f)]}}, dataType=DataType{com.google.location.sample[latitude(f), longitude(f), accuracy(f), altitude(f)]}, samplingIntervalMicros=-1, accuracyMode=2}}
E/WifiStateMachine( 745): WifiStateMachine CMD_START_SCAN source 10008 txSuccessRate=82.59 rxSuccessRate=71.89 targetRoamBSSID=00:00:00:00:00:00 RSSI=-63
I/Fitness ( 9386): Initial registration for DataType{com.google.speed[speed(f)]}
I/Fitness ( 9386): Initial registration for DataType{com.google.speed[speed(f)]}
I/Fitness ( 9386): Successfully added recording listener for c{appPackageName=com.google.android.apps.fitness, subscription=Subscription{dataSource=DataSource{derived:Application{com.google.android.gms::null}:Device{LGE:Nexus 5:4d2fdcb370f27e36::0:2}::DataType{com.google.speed[speed(f)]}}, dataType=DataType{com.google.speed[speed(f)]}, samplingIntervalMicros=-1, accuracyMode=2}}
E/SQLiteLog(10403): (283) recovered 88 frames from WAL file /data/data/com.android.providers.media/databases/external.db-wal
E/WifiStateMachine( 745): WifiStateMachine CMD_START_SCAN source 10008 txSuccessRate=82.59 rxSuccessRate=71.89 targetRoamBSSID=00:00:00:00:00:00 RSSI=-63 W/msgr(:):bo( 9959): Verify
E/WifiStateMachine( 745): WifiStateMachine CMD_START_SCAN source 10008 txSuccessRate=82.59 rxSuccessRate=71.89 targetRoamBSSID=00:00:00:00:00:00 RSSI=-63
E/WifiStateMachine( 745): WifiStateMachine CMD_START_SCAN source 10008 txSuccessRate=82.59 rxSuccessRate=71.89 targetRoamBSSID=00:00:00:00:00:00 RSSI=-63
E/WifiStateMachine( 745): WifiStateMachine CMD_START_SCAN source 10008 txSuccessRate=82.59 rxSuccessRate=71.89 targetRoamBSSID=00:00:00:00:00:00 RSSI=-63
I/ActivityManager( 745): Process com.chrome.beta (pid 10287) has died
I/Fitness ( 9386): Initial registration for DataType{com.google.step_count.cumulative[steps(i)]}
I/Fitness ( 9386): Initial registration for DataType{com.google.step_count.cumulative[steps(i)]}
I/Fitness ( 9386): Successfully added recording listener for c{appPackageName=com.google.android.apps.fitness, subscription=Subscription{dataSource=DataSource{raw:Device{LGE:Nexus 5:4d2fdcb370f27e36::0:2}:Step Counter:DataType{com.google.step_count.cumulative[steps(i)]}}, dataType=DataType{com.google.step_count.cumulative[steps(i)]}, samplingIntervalMicros=-1, accuracyMode=2}}
D/MtpService(10403): updating state; isCurrentUser=true, mMtpLocked=false
D/MtpService(10403): addStorageLocked 65537 /storage/emulated/0
W/Fitness ( 9386): No default data source set for com.google.android.apps.fitness.activity.baseline
D/MtpService(10403): updating state; isCurrentUser=true, mMtpLocked=false
D/MtpService(10403): starting MTP server in MTP mode
D/MtpService(10403): addStorageLocked 65537 /storage/emulated/0
W/Fitness ( 9386): No default data source set for com.google.android.apps.fitness.step_count.baseline
W/Fitness ( 9386): No default data source set for com.google.android.apps.fitness.time_zone
I/WearablePkgInstaller( 9845): Fingerprint matches, not requesting installs for com.google.android.music W/msgr(:):b( 9959): Called user scoped provider with no viewer. ViewerContextManager was created with no ViewerContext. Using EmptyViewerContextManager to return fake logged in instance. W/msgr(:):h( 9959): User no longer logged in. Original uid: 0, viewer context: null, is_logged_in: false. Returning original viewer context. W/msgr(:):b( 9959): Called user scoped provider with no viewer. ViewerContextManager was created with no ViewerContext. Using EmptyViewerContextManager to return fake logged in instance.
W/ResourcesManager( 9845): Asset path '/system/framework/com.google.android.media.effects.jar' does not exist or contains no resources.
I/art ( 9618): Explicit concurrent mark sweep GC freed 18408(1401KB) AllocSpace objects, 0(0B) LOS objects, 40% free, 17MB/29MB, paused 936us total 21.800ms
I/art ( 9845): Explicit concurrent mark sweep GC freed 15191(749KB) AllocSpace objects, 2(36KB) LOS objects, 40% free, 17MB/29MB, paused 617us total 16.486ms
D/NowFetcherService( 9845): now card fetch: getting cards...
D/NowFetcherService( 9845): delete old card: wear://6ea9356f-df00-4185-8f84-25f2b4ebb55b/now/now_reminder/0
D/NowFetcherService( 9845): delete old card: wear://6ea9356f-df00-4185-8f84-25f2b4ebb55b/now/now_reminder/1
D/NowFetcherService( 9845): delete old card: wear://6ea9356f-df00-4185-8f84-25f2b4ebb55b/now/now_stock_list/0
D/NowFetcherService( 9845): delete old card: wear://6ea9356f-df00-4185-8f84-25f2b4ebb55b/now/now_weather/0
D/NowFetcherService( 9845): set new card: /now/now_stock_list/0
D/NowFetcherService( 9845): set new card: /now/now_weather/0
D/NowFetcherService( 9845): set new card: /now/now_reminder/1
W/ResourcesManager( 9582): Asset path '/system/framework/com.google.android.media.effects.jar' does not exist or contains no resources.
W/ResourcesManager( 9582): Asset path '/system/framework/com.google.android.maps.jar' does not exist or contains no resources.
D/NowFetcherService( 9845): set new card: /now/now_reminder/0
I/WearablePkgInstaller( 9845): Fingerprint matches, not requesting installs for com.google.android.maps.mytracks
W/ResourcesManager( 9582): Asset path '/system/framework/com.google.android.maps.jar' does not exist or contains no resources.
W/ResourcesManager( 9582): Asset path '/system/framework/com.google.android.maps.jar' does not exist or contains no resources.
W/ResourcesManager( 9845): Asset path '/system/framework/com.google.android.dialer.support.jar' does not exist or contains no resources.
I/WearablePkgInstaller( 9845): Fingerprint matches, not requesting installs for com.google.android.keep
I/WearablePkgInstaller( 9845): Fingerprint matches, not requesting installs for com.google.android.GoogleCamera
I/WearablePkgInstaller( 9845): Fingerprint matches, not requesting installs for org.leetzone.android.yatsewidgetfree
I/art ( 9618): Explicit concurrent mark sweep GC freed 20464(1617KB) AllocSpace objects, 0(0B) LOS objects, 40% free, 17MB/29MB, paused 845us total 17.763ms
W/ContextImpl( 9942): Implicit intents with startService are not safe: Intent { act=com.google.android.gms.analytics.service.START (has extras) } android.content.ContextWrapper.bindService:538 com.google.analytics.tracking.android.AnalyticsGmsCoreClient.connect:82 com.google.analytics.tracking.android.GAServiceProxy.connectToService:279
I/GAV2 ( 9942): Thread[GAThread,5,main]: No campaign data found.
I/art ( 9845): Explicit concurrent mark sweep GC freed 17155(857KB) AllocSpace objects, 2(28KB) LOS objects, 40% free, 17MB/29MB, paused 498us total 15.717ms
I/GoogleHttpClient( 9386): Falling back to old SSLCertificateSocketFactory
I/GoogleHttpClient( 9386): Using GMS GoogleHttpClient
W/GoogleHttpClient( 9386): Ignoring unsupported parameter: http.conn-manager.max-per-route
W/ActivityThread( 9386): ClassLoader.loadClass: The class loader returned by Thread.getContextClassLoader() may fail for processes that host multiple applications. You should explicitly specify a context class loader. For example: Thread.setContextClassLoader(getClass().getClassLoader());
D/WifiService( 745): releaseWifiLockLocked: WifiLock{NlpWifiLock type=2 binder=android.os.BinderProxy@2a6ec98b} W/msgr(:):QuickExperimentControllerImpl( 9959): Exposure of experiment com.facebook.messaging.e.b@d098d1 occurred when no user was logged in
I/art ( 9959): Rejecting re-init on previously-failed class java.lang.Class
I/art ( 9959): Rejecting re-init on previously-failed class java.lang.Class
D/SoLoader( 9959): found fb_stl_shared in default place
D/SoLoader( 9959): found fb in default place
D/SoLoader( 9959): found fb_breakpad_client in default place
D/SoLoader( 9959): found fbjni in default place
D/SoLoader( 9959): found heartbleed in default place
W/NowFetcherService( 9845): Receives a Now broadcast while not connected to GSA
D/NowFetcherService( 9845): onServiceConnected: connected to NowRemoteService
I/art ( 9959): Background sticky concurrent mark sweep GC freed 59626(3MB) AllocSpace objects, 10(160KB) LOS objects, 14% free, 21MB/25MB, paused 5.753ms total 89.695ms W/msgr(:):QuickExperimentControllerImpl( 9959): Exposure of experiment com.facebook.video.abtest.ac@2e792f40 occurred when no user was logged in W/msgr(:):QuickExperimentControllerImpl( 9959): Exposure of experiment com.facebook.video.abtest.ac@2e792f40 occurred when no user was logged in W/msgr(:):QuickExperimentControllerImpl( 9959): Exposure of experiment com.facebook.video.abtest.ac@2e792f40 occurred when no user was logged in
W/BroadcastQueue( 745): Permission Denial: broadcasting Intent { act=android.net.conn.INET_CONDITION_ACTION flg=0x4000010 (has extras) } from null (pid=-1, uid=-1) requires com.facebook.permission.prod.FB_APP_COMMUNICATION due to registered receiver BroadcastFilter{b25ad09 u0 ReceiverList{21ad2e10 9959 com.facebook.orca/10136/u0 remote:28a382d3}}
W/BroadcastQueue( 745): Permission Denial: broadcasting Intent { act=android.net.conn.CONNECTIVITY_CHANGE flg=0x4000010 (has extras) } from null (pid=-1, uid=-1) requires com.facebook.permission.prod.FB_APP_COMMUNICATION due to registered receiver BroadcastFilter{b25ad09 u0 ReceiverList{21ad2e10 9959 com.facebook.orca/10136/u0 remote:28a382d3}} W/msgr(:):QuickExperimentControllerImpl( 9959): Exposure of experiment com.facebook.push.mqtt.service.dd@9c6d3b1 occurred when no user was logged in W/msgr(:):QuickExperimentControllerImpl( 9959): Exposure of experiment com.facebook.http.j.h@3806a064 occurred when no user was logged in
W/BroadcastQueue( 745): Permission Denial: broadcasting Intent { act=android.net.conn.CONNECTIVITY_CHANGE flg=0x4000010 (has extras) } from null (pid=-1, uid=-1) requires com.facebook.permission.prod.FB_APP_COMMUNICATION due to registered receiver BroadcastFilter{3fb23258 u0 ReceiverList{23944b3b 9959 com.facebook.orca/10136/u0 remote:1eab7dca}}
W/Uploader( 5649): No account for auth token provided
I/art ( 9959): Background partial concurrent mark sweep GC freed 34983(1859KB) AllocSpace objects, 10(160KB) LOS objects, 40% free, 23MB/38MB, paused 22.298ms total 102.300ms
I/art ( 745): Explicit concurrent mark sweep GC freed 25675(1413KB) AllocSpace objects, 4(64KB) LOS objects, 24% free, 49MB/65MB, paused 1.366ms total 130.200ms
I/System.out( 9959): ~~~ loading file libphone_data/PhoneNumberMetadataProto_US
D/NowFetcherService( 9845): now card fetch: getting cards...
D/NowFetcherService( 9845): delete old card: wear://6ea9356f-df00-4185-8f84-25f2b4ebb55b/now/now_reminder/0
D/NowFetcherService( 9845): delete old card: wear://6ea9356f-df00-4185-8f84-25f2b4ebb55b/now/now_reminder/1
D/NowFetcherService( 9845): delete old card: wear://6ea9356f-df00-4185-8f84-25f2b4ebb55b/now/now_stock_list/0
D/NowFetcherService( 9845): delete old card: wear://6ea9356f-df00-4185-8f84-25f2b4ebb55b/now/now_weather/0
W/Uploader( 5649): No account for auth token provided
D/NowFetcherService( 9845): set new card: /now/now_stock_list/0
D/NowFetcherService( 9845): set new card: /now/now_weather/0
