D/StrictMode(12233): at com.google.android.apps.gmm.base.app.GoogleMapsApplication.onCreate(PG:84)
D/StrictMode(12233): at android.app.Instrumentation.callApplicationOnCreate(Instrumentation.java:1011)
D/StrictMode(12233): at android.app.ActivityThread.handleBindApplication(ActivityThread.java:4518)
D/StrictMode(12233): at android.app.ActivityThread.access$1500(ActivityThread.java:144)
D/StrictMode(12233): at android.app.ActivityThread$H.handleMessage(ActivityThread.java:1339)
D/StrictMode(12233): at android.os.Handler.dispatchMessage(Handler.java:102)
D/StrictMode(12233): at android.os.Looper.loop(Looper.java:135)
D/StrictMode(12233): at android.app.ActivityThread.main(ActivityThread.java:5221)
D/StrictMode(12233): at java.lang.reflect.Method.invoke(Native Method)
D/StrictMode(12233): at java.lang.reflect.Method.invoke(Method.java:372)
D/StrictMode(12233): at com.android.internal.os.ZygoteInit$MethodAndArgsCaller.run(ZygoteInit.java:899)
D/StrictMode(12233): at com.android.internal.os.ZygoteInit.main(ZygoteInit.java:694)
D/StrictMode(12233): StrictMode policy violation; ~duration=1515 ms: android.os.StrictMode$StrictModeDiskReadViolation: policy=31 violation=2
D/StrictMode(12233): at android.os.StrictMode$AndroidBlockGuardPolicy.onReadFromDisk(StrictMode.java:1137)
D/StrictMode(12233): at android.app.SharedPreferencesImpl.awaitLoadedLocked(SharedPreferencesImpl.java:202)
D/StrictMode(12233): at android.app.SharedPreferencesImpl.getInt(SharedPreferencesImpl.java:238)
D/StrictMode(12233): at com.google.android.apps.gmm.shared.b.a.a(PG:760)
D/StrictMode(12233): at com.google.android.apps.gmm.shared.b.a.a(PG:667)
D/StrictMode(12233): at com.google.android.apps.gmm.base.app.b.(PG:468)
D/StrictMode(12233): at com.google.android.apps.gmm.base.app.GoogleMapsApplication.onCreate(PG:84)
D/StrictMode(12233): at android.app.Instrumentation.callApplicationOnCreate(Instrumentation.java:1011)
D/StrictMode(12233): at android.app.ActivityThread.handleBindApplication(ActivityThread.java:4518)
D/StrictMode(12233): at android.app.ActivityThread.access$1500(ActivityThread.java:144)
D/StrictMode(12233): at android.app.ActivityThread$H.handleMessage(ActivityThread.java:1339)
D/StrictMode(12233): at android.os.Handler.dispatchMessage(Handler.java:102)
D/StrictMode(12233): at android.os.Looper.loop(Looper.java:135)
D/StrictMode(12233): at android.app.ActivityThread.main(ActivityThread.java:5221)
D/StrictMode(12233): at java.lang.reflect.Method.invoke(Native Method)
D/StrictMode(12233): at java.lang.reflect.Method.invoke(Method.java:372)
D/StrictMode(12233): at com.android.internal.os.ZygoteInit$MethodAndArgsCaller.run(ZygoteInit.java:899)
D/StrictMode(12233): at com.android.internal.os.ZygoteInit.main(ZygoteInit.java:694)
D/StrictMode(12233): StrictMode policy violation; ~duration=1460 ms: android.os.StrictMode$StrictModeDiskReadViolation: policy=31 violation=2
D/StrictMode(12233): at android.os.StrictMode$AndroidBlockGuardPolicy.onReadFromDisk(StrictMode.java:1137)
D/StrictMode(12233): at libcore.io.BlockGuardOs.open(BlockGuardOs.java:182)
D/StrictMode(12233): at libcore.io.IoUtils.canOpenReadOnly(IoUtils.java:165)
D/StrictMode(12233): at dalvik.system.DexPathList.findLibrary(DexPathList.java:383)
D/StrictMode(12233): at dalvik.system.BaseDexClassLoader.findLibrary(BaseDexClassLoader.java:77)
D/StrictMode(12233): at java.lang.Runtime.loadLibrary(Runtime.java:360)
D/StrictMode(12233): at java.lang.System.loadLibrary(System.java:989)
D/StrictMode(12233): at com.google.android.apps.gmm.map.util.jni.NativeHelper.initialize(PG:42)
D/StrictMode(12233): at com.google.android.apps.gmm.map.c.b.(PG:73)
D/StrictMode(12233): at com.google.android.apps.gmm.base.app.b.(PG:468)
D/StrictMode(12233): at com.google.android.apps.gmm.base.app.GoogleMapsApplication.onCreate(PG:84)
D/StrictMode(12233): at android.app.Instrumentation.callApplicationOnCreate(Instrumentation.java:1011)
D/StrictMode(12233): at android.app.ActivityThread.handleBindApplication(ActivityThread.java:4518)
D/StrictMode(12233): at android.app.ActivityThread.access$1500(ActivityThread.java:144)
D/StrictMode(12233): at android.app.ActivityThread$H.handleMessage(ActivityThread.java:1339)
D/StrictMode(12233): at android.os.Handler.dispatchMessage(Handler.java:102)
D/StrictMode(12233): at android.os.Looper.loop(Looper.java:135)
D/StrictMode(12233): at android.app.ActivityThread.main(ActivityThread.java:5221)
D/StrictMode(12233): at java.lang.reflect.Method.invoke(Native Method)
D/StrictMode(12233): at java.lang.reflect.Method.invoke(Method.java:372)
D/StrictMode(12233): at com.android.internal.os.ZygoteInit$MethodAndArgsCaller.run(ZygoteInit.java:899)
D/StrictMode(12233): at com.android.internal.os.ZygoteInit.main(ZygoteInit.java:694)
D/StrictMode(12233): StrictMode policy violation; ~duration=233 ms: android.os.StrictMode$StrictModeDiskReadViolation: policy=287 violation=2
D/StrictMode(12233): at android.os.StrictMode$AndroidBlockGuardPolicy.onReadFromDisk(StrictMode.java:1137)
D/StrictMode(12233): at android.database.sqlite.SQLiteConnection.applyBlockGuardPolicy(SQLiteConnection.java:1041)
D/StrictMode(12233): at android.database.sqlite.SQLiteConnection.executeForCursorWindow(SQLiteConnection.java:842)
D/StrictMode(12233): at android.database.sqlite.SQLiteSession.executeForCursorWindow(SQLiteSession.java:836)
D/StrictMode(12233): at android.database.sqlite.SQLiteQuery.fillWindow(SQLiteQuery.java:62)
D/StrictMode(12233): at android.database.sqlite.SQLiteCursor.fillWindow(SQLiteCursor.java:144)
D/StrictMode(12233): at android.database.sqlite.SQLiteCursor.getCount(SQLiteCursor.java:133)
D/StrictMode(12233): at android.database.CursorToBulkCursorAdaptor.getBulkCursorDescriptor(CursorToBulkCursorAdaptor.java:145)
D/StrictMode(12233): at android.content.ContentProviderNative.onTransact(ContentProviderNative.java:122)
D/StrictMode(12233): at android.os.Binder.execTransact(Binder.java:446)
D/StrictMode(12233): # via Binder call with stack:
D/StrictMode(12233): android.os.StrictMode$LogStackTrace
D/StrictMode(12233): at android.os.StrictMode.readAndHandleBinderCallViolations(StrictMode.java:1717)
D/StrictMode(12233): at android.os.Parcel.readExceptionCode(Parcel.java:1521)
D/StrictMode(12233): at android.database.DatabaseUtils.readExceptionFromParcel(DatabaseUtils.java:134)
D/StrictMode(12233): at android.content.ContentProviderProxy.query(ContentProviderNative.java:420)
D/StrictMode(12233): at android.content.ContentResolver.query(ContentResolver.java:478)
D/StrictMode(12233): at android.content.ContentResolver.query(ContentResolver.java:422)
D/StrictMode(12233): at com.google.android.c.c.a(PG:87)
D/StrictMode(12233): at com.google.android.c.c.a(PG:107)
D/StrictMode(12233): at com.google.android.apps.gmm.shared.net.p.a(PG:312)
D/StrictMode(12233): at com.google.android.apps.gmm.shared.net.p.a(PG:162)
D/StrictMode(12233): at com.google.android.apps.gmm.map.c.i.a(PG:127)
D/StrictMode(12233): at com.google.b.a.bx.a(PG:125)
D/StrictMode(12233): at com.google.android.apps.gmm.map.c.b.a(PG:293)
D/StrictMode(12233): at com.google.android.apps.gmm.base.app.b.(PG:468)
D/StrictMode(12233): at com.google.android.apps.gmm.base.app.GoogleMapsApplication.onCreate(PG:84)
D/StrictMode(12233): at android.app.Instrumentation.callApplicationOnCreate(Instrumentation.java:1011)
D/StrictMode(12233): at android.app.ActivityThread.handleBindApplication(ActivityThread.java:4518)
D/StrictMode(12233): at android.app.ActivityThread.access$1500(ActivityThread.java:144)
D/StrictMode(12233): at android.app.ActivityThread$H.handleMessage(ActivityThread.java:1339)
D/StrictMode(12233): at android.os.Handler.dispatchMessage(Handler.java:102)
D/StrictMode(12233): at android.os.Looper.loop(Looper.java:135)
D/StrictMode(12233): at android.app.ActivityThread.main(ActivityThread.java:5221)
D/StrictMode(12233): at java.lang.reflect.Method.invoke(Native Method)
D/StrictMode(12233): at java.lang.reflect.Method.invoke(Method.java:372)
D/StrictMode(12233): at com.android.internal.os.ZygoteInit$MethodAndArgsCaller.run(ZygoteInit.java:899)
D/StrictMode(12233): at com.android.internal.os.ZygoteInit.main(ZygoteInit.java:694)
D/StrictMode(12233): StrictMode policy violation; ~duration=92 ms: android.os.StrictMode$StrictModeDiskReadViolation: policy=31 violation=2
D/StrictMode(12233): at android.os.StrictMode$AndroidBlockGuardPolicy.onReadFromDisk(StrictMode.java:1137)
D/StrictMode(12233): at libcore.io.BlockGuardOs.access(BlockGuardOs.java:67)
D/StrictMode(12233): at java.io.File.doAccess(File.java:283)
D/StrictMode(12233): at java.io.File.exists(File.java:363)
D/StrictMode(12233): at android.app.ContextImpl.createFilesDirLocked(ContextImpl.java:989)
D/StrictMode(12233): at android.app.ContextImpl.getFilesDir(ContextImpl.java:1012)
D/StrictMode(12233): at android.app.ContextImpl.openFileInput(ContextImpl.java:954)
D/StrictMode(12233): at android.content.ContextWrapper.openFileInput(ContextWrapper.java:175)
D/StrictMode(12233): at com.google.android.apps.gmm.shared.c.h.a(PG:149)
D/StrictMode(12233): at com.google.android.apps.gmm.shared.net.a.b.a(PG:577)
D/StrictMode(12233): at com.google.android.apps.gmm.map.c.b.a(PG:293)
D/StrictMode(12233): at com.google.android.apps.gmm.base.app.b.(PG:468)
D/StrictMode(12233): at com.google.android.apps.gmm.base.app.GoogleMapsApplication.onCreate(PG:84)
D/StrictMode(12233): at android.app.Instrumentation.callApplicationOnCreate(Instrumentation.java:1011)
D/StrictMode(12233): at android.app.ActivityThread.handleBindApplication(ActivityThread.java:4518)
D/StrictMode(12233): at android.app.ActivityThread.access$1500(ActivityThread.java:144)
D/StrictMode(12233): at android.app.ActivityThread$H.handleMessage(ActivityThread.java:1339)
D/StrictMode(12233): at android.os.Handler.dispatchMessage(Handler.java:102)
D/StrictMode(12233): at android.os.Looper.loop(Looper.java:135)
D/StrictMode(12233): at android.app.ActivityThread.main(ActivityThread.java:5221)
D/StrictMode(12233): at java.lang.reflect.Method.invoke(Native Method)
D/StrictMode(12233): at java.lang.reflect.Method.invoke(Method.java:372)
D/StrictMode(12233): at com.android.internal.os.ZygoteInit$MethodAndArgsCaller.run(ZygoteInit.java:899)
D/StrictMode(12233): at com.android.internal.os.ZygoteInit.main(ZygoteInit.java:694)
D/StrictMode(12233): StrictMode policy violation; ~duration=91 ms: android.os.StrictMode$StrictModeDiskReadViolation: policy=31 violation=2
D/StrictMode(12233): at android.os.StrictMode$AndroidBlockGuardPolicy.onReadFromDisk(StrictMode.java:1137)
D/StrictMode(12233): at libcore.io.BlockGuardOs.open(BlockGuardOs.java:182)
D/StrictMode(12233): at libcore.io.IoBridge.open(IoBridge.java:442)
D/StrictMode(12233): at java.io.FileInputStream.(FileInputStream.java:76)
D/StrictMode(12233): at android.app.ContextImpl.openFileInput(ContextImpl.java:955)
D/StrictMode(12233): at android.content.ContextWrapper.openFileInput(ContextWrapper.java:175)
D/StrictMode(12233): at com.google.android.apps.gmm.shared.c.h.a(PG:149)
D/StrictMode(12233): at com.google.android.apps.gmm.shared.net.a.b.a(PG:577)
D/StrictMode(12233): at com.google.android.apps.gmm.map.c.b.a(PG:293)
D/StrictMode(12233): at com.google.android.apps.gmm.base.app.b.(PG:468)
D/StrictMode(12233): at com.google.android.apps.gmm.base.app.GoogleMapsApplication.onCreate(PG:84)
D/StrictMode(12233): at android.app.Instrumentation.callApplicationOnCreate(Instrumentation.java:1011)
D/StrictMode(12233): at android.app.ActivityThread.handleBindApplication(ActivityThread.java:4518)
D/StrictMode(12233): at android.app.ActivityThread.access$1500(ActivityThread.java:144)
D/StrictMode(12233): at android.app.ActivityThread$H.handleMessage(ActivityThread.java:1339)
D/StrictMode(12233): at android.os.Handler.dispatchMessage(Handler.java:102)
D/StrictMode(12233): at android.os.Looper.loop(Looper.java:135)
D/StrictMode(12233): at android.app.ActivityThread.main(ActivityThread.java:5221)
D/StrictMode(12233): at java.lang.reflect.Method.invoke(Native Method)
D/StrictMode(12233): at java.lang.reflect.Method.invoke(Method.java:372)
D/StrictMode(12233): at com.android.internal.os.ZygoteInit$MethodAndArgsCaller.run(ZygoteInit.java:899)
D/StrictMode(12233): at com.android.internal.os.ZygoteInit.main(ZygoteInit.java:694)
D/StrictMode(12233): StrictMode policy violation; ~duration=91 ms: android.os.StrictMode$StrictModeDiskReadViolation: policy=31 violation=2
D/StrictMode(12233): at android.os.StrictMode$AndroidBlockGuardPolicy.onReadFromDisk(StrictMode.java:1137)
D/StrictMode(12233): at libcore.io.BlockGuardOs.fstat(BlockGuardOs.java:132)
D/StrictMode(12233): at libcore.io.IoBridge.open(IoBridge.java:445)
D/StrictMode(12233): at java.io.FileInputStream.(FileInputStream.java:76)
D/StrictMode(12233): at android.app.ContextImpl.openFileInput(ContextImpl.java:955)
D/StrictMode(12233): at android.content.ContextWrapper.openFileInput(ContextWrapper.java:175)
D/StrictMode(12233): at com.google.android.apps.gmm.shared.c.h.a(PG:149)
D/StrictMode(12233): at com.google.android.apps.gmm.shared.net.a.b.a(PG:577)
D/StrictMode(12233): at com.google.android.apps.gmm.map.c.b.a(PG:293)
D/StrictMode(12233): at com.google.android.apps.gmm.base.app.b.(PG:468)
D/StrictMode(12233): at com.google.android.apps.gmm.base.app.GoogleMapsApplication.onCreate(PG:84)
D/StrictMode(12233): at android.app.Instrumentation.callApplicationOnCreate(Instrumentation.java:1011)
D/StrictMode(12233): at android.app.ActivityThread.handleBindApplication(ActivityThread.java:4518)
D/StrictMode(12233): at android.app.ActivityThread.access$1500(ActivityThread.java:144)
D/StrictMode(12233): at android.app.ActivityThread$H.handleMessage(ActivityThread.java:1339)
D/StrictMode(12233): at android.os.Handler.dispatchMessage(Handler.java:102)
D/StrictMode(12233): at android.os.Looper.loop(Looper.java:135)
D/StrictMode(12233): at android.app.ActivityThread.main(ActivityThread.java:5221)
D/StrictMode(12233): at java.lang.reflect.Method.invoke(Native Method)
D/StrictMode(12233): at java.lang.reflect.Method.invoke(Method.java:372)
D/StrictMode(12233): at com.android.internal.os.ZygoteInit$MethodAndArgsCaller.run(ZygoteInit.java:899)
D/StrictMode(12233): at com.android.internal.os.ZygoteInit.main(ZygoteInit.java:694)
I/ProviderInstaller(12576): Insert disabled by gate 'gms:security:enable_conscrypt_in_gms_application'
D/BTIF_SOCK(23530): service_uuid: 5e8945b0-9525-11e3-a5e2-0800200c9a66
D/NowFetcherService(11979): now card fetch: getting cards...
D/GCM (11406): GcmService start Intent { act=com.google.android.gms.INITIALIZE flg=0x10 pkg=com.google.android.gms cmp=com.google.android.gms/.gcm.GcmService } com.google.android.gms.INITIALIZE
D/LocationInitializer(12576): Restart initialization of location
I/GCoreUlr(11461): Starting service, intent=Intent { act=com.google.android.location.reporting.ACTION_LOCATION_STATUS cmp=com.google.android.gms/com.google.android.location.reporting.service.DispatchingService (has extras) }, extras=Bundle[{status=LocationStatus[cell status: STATUS_UNKNOWN, wifi status: STATUS_UNKNOWN, elapsed realtime ns: 0]}]
D/AuthorizationBluetoothService(11406): Received GmsCore event: Intent { act=com.google.android.gms.INITIALIZE flg=0x10 pkg=com.google.android.gms cmp=com.google.android.gms/.auth.be.proximity.authorization.bt.AuthorizationBluetoothService$AutoStarter }.
D/c (11406): Getting all permits...
D/a (11406): Opening database...
D/a (11406): Opening database auth.proximity.permit_store...
D/a (11406): Closing database...
I/Fitness (12576): GmsCore initialized. Initializing Fitness
W/HandlerScheduledExecuto(12410): Task does not implement UiTask. Consider using NamedUiRunnable for fjp@287fb40f
D/NowFetcherService(11979): delete old card: wear://6ea9356f-df00-4185-8f84-25f2b4ebb55b/now/now_reminder/0
W/ActivityThread(12233): ClassLoader.loadClass: The class loader returned by Thread.getContextClassLoader() may fail for processes that host multiple applications. You should explicitly specify a context class loader. For example: Thread.setContextClassLoader(getClass().getClassLoader());
I/art ( 745): Explicit concurrent mark sweep GC freed 13156(698KB) AllocSpace objects, 2(29KB) LOS objects, 24% free, 49MB/65MB, paused 7.317ms total 177.699ms
D/NowFetcherService(11979): delete old card: wear://6ea9356f-df00-4185-8f84-25f2b4ebb55b/now/now_reminder/1
D/NowFetcherService(11979): delete old card: wear://6ea9356f-df00-4185-8f84-25f2b4ebb55b/now/now_stock_list/0
I/Fitness (11461): Account supported from cache: true
W/Launcher(12321): setApplicationContext called twice! old=com.google.android.velvet.VelvetApplication@32478c67 new=com.google.android.velvet.VelvetApplication@32478c67
D/NowFetcherService(11979): delete old card: wear://6ea9356f-df00-4185-8f84-25f2b4ebb55b/now/now_weather/0
I/GEL (12321): handleIntent(Intent { act=android.intent.action.MAIN cat=[android.intent.category.HOME] flg=0x10200000 cmp=com.google.android.googlequicksearchbox/com.google.android.launcher.GEL })
D/LocationWearablesListenerService(11461): onDataChanged
D/OpenGLRenderer(12321): Render dirty regions requested: true
W/bt-sdp (23530): process_service_search_attr_rsp
I/GCoreUlr(11461): GMS FLP location and AR updates requested: {"sampleReason":"default","description":"default","timestampMs":1417033611776,"samplePeriodMs":60000,"sampleSource":"internal"}
D/Atlas (12321): Validating map...
I/CWCheckin(12191): BcsTimer.setTimer(21600000, 21600000)
D/Checkin (12191): publish the event [tag = MOT_CHECKIN event name = LOG]
D/CWCheckin(12191): Motorola help_improve privacy is -1
D/CWCheckin(12191): Generic privacy config is true
D/PollingManager(12191): registerApp(): com.motorola.checkin
D/PollingManager(12191): registerApp(): com.motorola.checkin already registered.
D/PollingManager(12191): modifyApp(): com.motorola.checkin
D/PollingManager(12191): calculateShortestInterval(): shortest interval is 21600000
D/NowFetcherService(11979): set new card: /now/now_stock_list/0
I/CalendarProvider2(12433): Sending notification intent: Intent { act=android.intent.action.PROVIDER_CHANGED dat=content://com.android.calendar }
I/art (11461): Explicit concurrent mark sweep GC freed 42498(2MB) AllocSpace objects, 28(996KB) LOS objects, 40% free, 20MB/34MB, paused 840us total 115.279ms
W/bt-btif (23530): new conn_srvc id:26, app_id:1
D/NowFetcherService(11979): set new card: /now/now_weather/0
W/ContentResolver(12433): Failed to get type for: content://com.android.calendar (Unknown URL content://com.android.calendar)
I/WearableConn(11792): Connected, running sync loop
W/ResourcesManager(12321): Asset path '/system/framework/com.google.android.dialer.support.jar' does not exist or contains no resources.
I/ActivityManager( 745): Start proc com.google.android.calendar for broadcast com.google.android.calendar/com.android.calendar.alerts.AlertReceiver: pid=12647 uid=10031 gids={50031, 9997, 3003, 1028, 1015} abi=armeabi-v7a
D/wearable(11792): Peer handshake connect succeeded, peer version: 1
D/NowFetcherService(11979): set new card: /now/now_reminder/1
I/ContactLabelSupplier(12410): get() : OptedIn = true
I/ContactLabelSupplier(12410): get() : Looking up 20 labels
W/ResourcesManager(12321): Asset path '/system/framework/com.google.android.media.effects.jar' does not exist or contains no resources.
D/LocationWearablesListenerService(11461): onPeerConnected
D/ClockworkProxy(11979): onPeerConnected node=NodeParcelable{b9611de2-3eef-433a-bcbe-7418f286614f,b9611de2-3eef-433a-bcbe-7418f286614f}
I/Adreno-EGL(12321): : QUALCOMM Build: 10/24/14, 167c270, I68fa98814b
I/OpenGLRenderer(12321): Initialized EGL, version 1.4
D/NowFetcherService(11979): set new card: /now/now_reminder/0
W/AlarmManager( 745): Window length 9223372036854775807ms suspiciously long; limiting to 1 hour
D/ClockworkProxy(11979): Start clockwork proxy TCP serving thread
D/OpenGLRenderer(12321): Enabling debug mode 0
D/WearableClient(11593): WearableClientImpl.onPostInitHandler: done
W/HandlerScheduledExecuto(12410): Task does not implement UiTask. Consider using NamedUiRunnable for fjp@287fb40f
E/GmsClient(11461): Calling connect() while still connected, missing disconnect() for com.google.android.gms.wearable.BIND
D/BluetoothManagerService( 745): checkIfCallerIsForegroundUser: valid=true callingUser=0 foregroundUser=0
D/WearableClient(11593): WearableClientImpl.onPostInitHandler: done
W/Settings(11461): Setting airplane_mode_on has moved from android.provider.Settings.System to android.provider.Settings.Global, returning read-only value.
D/WearableClient(12191): WearableClientImpl.onPostInitHandler: done
W/AlarmManager( 745): Window length 9223372036854775807ms suspiciously long; limiting to 1 hour
D/ClockworkProxy(11979): Start clockwork proxy UDP relaying thread
W/NowFetcherService(11979): Receives a Now broadcast while not connected to GSA
I/ContactLabelSupplier(12410): get() : Lookup time = 142 ms
V/wearable(11792): ensureBuffersHaveSpace: increasing size from 46 to 221
V/wearable(11792): ensureBuffersHaveSpace: increasing size from 221 to 450
I/SettingsDataItemWriter(11979): setDisableDoze: true false
E/SQLiteLog(11792): (284) automatic index on assetrefs(dataitems_id)
I/VS.Container(12410): create_speech_recognizer
D/WifiService( 745): acquireWifiLockLocked: WifiLock{NlpWifiLock type=2 binder=android.os.BinderProxy@1de3ba6c}
I/art (11979): Explicit concurrent mark sweep GC freed 25484(1571KB) AllocSpace objects, 11(204KB) LOS objects, 39% free, 17MB/29MB, paused 2.800ms total 83.052ms
V/wearable(11792): ensureBuffersHaveSpace: increasing size from 450 to 554
V/wearable(11792): ensureBuffersHaveSpace: increasing size from 554 to 1012
D/NowFetcherService(11979): onServiceConnected: connected to NowRemoteService
E/DataBuffer(11979): Internal data leak within a DataBuffer object detected! Be sure to explicitly call release() on all DataBuffer extending objects when you are done with them. (com.google.android.gms.wearable.DataItemBuffer@119ea1c7)
I/WearablePkgInstaller(11979): Fingerprint matches, not requesting installs for com.mailchimp.mailchimp
V/wearable(11792): ensureBuffersHaveSpace: increasing size from 1012 to 1526
I/ActivityManager( 745): Displayed com.google.android.googlequicksearchbox/com.google.android.launcher.GEL: +2s706ms
E/WifiStateMachine( 745): WifiStateMachine CMD_START_SCAN source 10008 txSuccessRate=181.71 rxSuccessRate=114.39 targetRoamBSSID=00:00:00:00:00:00 RSSI=-64
I/wpa_supplicant(12600): wlan0: CTRL-EVENT-SCAN-STARTED
E/WifiStateMachine( 745): WifiStateMachine CMD_START_SCAN source 10008 txSuccessRate=181.71 rxSuccessRate=114.39 targetRoamBSSID=00:00:00:00:00:00 RSSI=-64
W/InputMethodManagerService( 745): Got RemoteException sending setActive(false) notification to pid 10777 uid 10091
I/MicrophoneInputStream(12410): mic_starting gfk@b20d315
I/HotwordRecognitionRnr(12410): Starting hotword detection.
I/art (11406): Explicit concurrent mark sweep GC freed 6107(322KB) AllocSpace objects, 0(0B) LOS objects, 40% free, 17MB/29MB, paused 536us total 21.894ms
I/AudioFlinger( 187): AudioFlinger's thread 0xaf275000 ready to run
I/MicrophoneInputStream(12410): mic_started gfk@b20d315
D/audio_hw_primary( 187): select_devices: out_snd_device(0: none) in_snd_device(55: voice-rec-mic)
D/msm8974_platform( 187): platform_send_audio_calibration: sending audio calibration for snd_device(55) acdb_id(62)
D/ ( 187): Failed to fetch the lookup information of the device 0000003E
E/ACDB-LOADER( 187): Error: ACDB AudProc vol returned = -19
D/audio_hw_primary( 187): enable_snd_device: snd_device(55: voice-rec-mic)
D/audio_hw_primary( 187): enable_audio_route: apply and update mixer path: audio-record
I/ActivityManager( 745): Start proc com.google.android.inputmethod.latin for service com.google.android.inputmethod.latin/com.android.inputmethod.latin.LatinIME: pid=12684 uid=10056 gids={50056, 9997, 3003, 1028, 1015} abi=armeabi-v7a
V/InputMethodManagerService( 745): Adding window token: android.os.Binder@31ca2396
I/ActivityManager( 745): Process com.google.android.partnersetup (pid 12517) has died
I/HotwordWorker(12410): onReady
I/WearablePkgInstaller(11979): Fingerprint matches, not requesting installs for com.google.android.apps.fitness
E/WifiStateMachine( 745): WifiStateMachine CMD_START_SCAN source 10008 txSuccessRate=181.71 rxSuccessRate=114.39 targetRoamBSSID=00:00:00:00:00:00 RSSI=-64
I/LatinIME(12684): Hardware accelerated drawing: true
I/art ( 745): Explicit concurrent mark sweep GC freed 15159(842KB) AllocSpace objects, 1(13KB) LOS objects, 24% free, 49MB/65MB, paused 2.462ms total 110.463ms
D/WifiService( 745): New client listening to asynchronous messages
I/Icing (12576): Storage manager: low false usage 14.21MB avail 17.06GB capacity 22.76GB
W/Icing (12576): Received bad json for section weights override -- ignoring.
W/Icing (12576): Received bad json for corpus scoring config -- ignoring.
W/Icing (12576): Received bad json for corpus context scoring override -- ignoring.
I/FitnessApp(12133): No import data item
E/SQLiteLog(12647): (283) recovered 83 frames from WAL file /data/data/com.google.android.calendar/databases/timelydata.db-wal
I/FitnessApp(12133): Registering observers for loader ActivitySummaryLoader
I/FitnessApp(12133): Reloading ActivitySummaryLoader
I/FitnessApp(12133): Querying Data ActivitySummaryLoader
W/InputMethodInfo( 745): Duplicated subtype definition found: , voice
I/DynRingVolController(11979): reverting to original ringer.
I/GCM (11406): GCM message com.chrome.beta 0:1417033612100174%b733f7f7f9fd7ecd
W/InputAttributes(12684): No editor info for this field. Bug?
I/LatinIME:LogUtils(12684): Dictionary info: dictionary = ContextualDictionary.en_US ; version = 1417033613 ; date = ?
I/LatinIME:LogUtils(12684): Dictionary info: dictionary = userunigram.en_US ; version = 1416564186 ; date = 1416564186
I/LatinIME:LogUtils(12684): Dictionary info: dictionary = PersonalizationDictionary.en_US ; version = 328446 ; date = 1417033282
I/LatinIME:LogUtils(12684): Dictionary info: dictionary = UserHistoryDictionary.en_US ; version = 328446 ; date = 1417022667
I/WearablePkgInstaller(11979): Fingerprint matches, not requesting installs for com.google.android.wearable.app
I/LatinIME:LogUtils(12684): Dictionary info: dictionary = contacts.en_US ; version = 1416991925 ; date = 1416991925
E/lowmemorykiller( 169): Error writing /proc/12384/oom_score_adj; errno=22
I/ActivityManager( 745): Process com.chrome.beta (pid 12384) has died
V/wearable(11792): ensureBuffersHaveSpace: increasing size from 47 to 277
I/ActivityManager( 745): Process android.process.media (pid 12302) has died
W/ActivityManager( 745): Scheduling restart of crashed service com.android.providers.media/.MtpService in 215536ms
I/LatinIME:LogUtils(12684): Dictionary info: dictionary = main:en_us ; version = 52 ; date = 1412572954
I/LatinIME:LogUtils(12684): Dictionary info: dictionary = main:en_us ; version = 52 ; date = 1412572954
I/art (11792): Explicit concurrent mark sweep GC freed 24933(1863KB) AllocSpace objects, 1(20KB) LOS objects, 40% free, 17MB/29MB, paused 731us total 17.404ms
I/WearablePkgInstaller(11979): Fingerprint matches, not requesting installs for com.google.android.apps.maps
W/Fitness (11461): One or more invalid step counts, delta=0, start=09:08:59, end=09:21:01
W/Fitness (11461): One or more invalid step counts, delta=0, start=09:21:01, end=09:24:11
I/WearablePkgInstaller(11979): Fingerprint matches, not requesting installs for com.tinder
D/WifiService( 745): New client listening to asynchronous messages
I/ActivityManager( 745): Process android.process.acore (pid 12281) has died
I/Icing (12576): updateResources: need to parse e{com.google.android.gms}
W/Fitness (11461): One or more invalid step counts, delta=0, start=09:08:59, end=09:21:01
W/Fitness (11461): One or more invalid step counts, delta=0, start=09:21:01, end=09:24:11
I/FitnessApp(12133): Added 9 steps with other activity type to walking. Bucket{startTime=1416999600000, endTime=1417033464430, activity=3, dataSets=[DataSet{d:step_count.delta:gms:aggregated [RawDataPoint{[9]@[1417030215210000000, 1417032539670000000](0,1)}]}, DataSet{d:activity.summary:gms:aggregated [RawDataPoint{[3, 33864430, 2]@[1416999600000000000, 1417033464430000000](2,3)}]}], bucketType=type, serverHasMoreData=false}
I/FitnessApp(12133): ActivitySummaryLoader generated summary ActivitySummary {WALKING= [STEP_COUNT=9], RUNNING= [], BIKING= [], OTHER= [], otherData= [[STEP_COUNT=9]]}
I/FitnessApp(12133): Processing Results ActivitySummaryLoader: 681ms
I/AnalyticsLogBase(12647): PlayLogger.onLoggerConnected
I/AnalyticsLogBase(12647): PlayLogger.onLoggerConnected
I/Icing (12576): doRemovePackageData com.android.chrome
I/WearablePkgInstaller(11979): Fingerprint matches, not requesting installs for com.motorola.targetnotif
V/RenderScript(12321): Application requested CPU execution
I/FitnessApp(12133): Creating implicit step goal of 5392
I/ActivityManager( 745): Start proc android.process.acore for content provider com.android.providers.contacts/.ContactsProvider2: pid=12749 uid=10004 gids={50004, 9997} abi=armeabi-v7a
D/WearableClient(12191): WearableClientImpl.onPostInitHandler: done
I/ActivityManager( 745): Process com.google.android.calendar (pid 12647) has died
W/ActivityManager( 745): Scheduling restart of crashed service com.google.android.calendar/com.android.calendar.alerts.AlertService in 13964ms
V/RenderScript(12321): 0xaf218a00 Launching thread(s), CPUs 4
D/NowFetcherService(11979): now card fetch: getting cards...
D/WearableClient(11979): WearableClientImpl.onPostInitHandler: done
D/WifiService( 745): acquireWifiLockLocked: WifiLock{NlpWifiLock type=2 binder=android.os.BinderProxy@a72f4a9}
I/GCoreUlr(11461): Starting service, intent=Intent { act=com.google.android.location.reporting.ACTION_UPDATE_WORLD cmp=com.google.android.gms/com.google.android.location.reporting.service.DispatchingService (has extras) }, extras=Bundle[{receiverAction=com.google.android.location.internal.server.ACTION_RESTARTED}]
I/FitnessApp(12133): Wearable Sync Completed in 2698 ms
I/GCoreUlr(11461): WorldUpdater received intent Intent { act=com.google.android.location.reporting.ACTION_UPDATE_WORLD cmp=com.google.android.gms/com.google.android.location.reporting.service.DispatchingService (has extras) } with receiverAction com.google.android.location.internal.server.ACTION_RESTARTED
D/NowFetcherService(11979): delete old card: wear://6ea9356f-df00-4185-8f84-25f2b4ebb55b/now/now_reminder/0
I/art (11979): Explicit concurrent mark sweep GC freed 17539(914KB) AllocSpace objects, 4(92KB) LOS objects, 39% free, 17MB/29MB, paused 673us total 26.890ms
D/WifiService( 745): releaseWifiLockLocked: WifiLock{NlpWifiLock type=2 binder=android.os.BinderProxy@a72f4a9}
I/ActivityManager( 745): Process com.android.providers.calendar (pid 12433) has died
D/NowFetcherService(11979): delete old card: wear://6ea9356f-df00-4185-8f84-25f2b4ebb55b/now/now_reminder/1
D/WearableClient(11593): WearableClientImpl.onPostInitHandler: done
D/NowFetcherService(11979): delete old card: wear://6ea9356f-df00-4185-8f84-25f2b4ebb55b/now/now_stock_list/0
D/NowFetcherService(11979): delete old card: wear://6ea9356f-df00-4185-8f84-25f2b4ebb55b/now/now_weather/0
I/ActivityManager( 745): Start proc com.chrome.beta for broadcast com.chrome.beta/com.google.ipc.invalidation.external.client.contrib.MultiplexingGcmListener$GCMReceiver: pid=12782 uid=10091 gids={50091, 9997, 3003, 1028, 1015} abi=armeabi-v7a
I/ContactLocale(12749): AddressBook Labels [en-US;cs-CZ]: [, A, B, C, D, E, F, G, H, I, J, K, L, M, N, O, P, Q, R, S, T, U, V, W, X, Y, Z, Α, Β, Γ, Δ, Ε, Ζ, Η, Θ, Ι, Κ, Λ, Μ, Ν, Ξ, Ο, Π, Ρ, Σ, Τ, Υ, Φ, Χ, Ψ, Ω, , А, Б, В, Г, Д, Ђ, Е, Є, Ж, З, И, І, Ї, Й, Ј, К, Л, Љ, М, Н, Њ, О, П, Р, С, Т, Ћ, У, Ф, Х, Ц, Ч, Џ, Ш, Щ, Ю, Я, , א, ב, ג, ד, ה, ו, ז, ח, ט, י, כ, ל, מ, נ, ס, ע, פ, צ, ק, ר, ש, ת, , ا, ب, ت, ث, ج, ح, خ, د, ذ, ر, ز, س, ش, ص, ض, ط, ظ, ع, غ, ف, ق, ك, ل, م, ن, ه, و, ي, , ก, ข, ฃ, ค, ฅ, ฆ, ง, จ, ฉ, ช, ซ, ฌ, ญ, ฎ, ฏ, ฐ, ฑ, ฒ, ณ, ด, ต, ถ, ท, ธ, น, บ, ป, ผ, ฝ, พ, ฟ, ภ, ม, ย, ร, ฤ, ล, ฦ, ว, ศ, ษ, ส, ห, ฬ, อ, ฮ, , ㄱ, ㄴ, ㄷ, ㄹ, ㅁ, ㅂ, ㅅ, ㅇ, ㅈ, ㅊ, ㅋ, ㅌ, ㅍ, ㅎ, , あ, か, さ, た, な, は, ま, や, ら, わ, #, ]
D/NowFetcherService(11979): set new card: /now/now_stock_list/0
I/Fitness (11461): Initial registration for DataType{com.google.activity.sample[activity(i), confidence(f)]}
I/Fitness (11461): Initial registration for DataType{com.google.activity.sample[activity(i), confidence(f)]}
I/Fitness (11461): Registering for activity recognition DETAILED every 60000ms
I/Fitness (11461): Successfully added recording listener for c{appPackageName=com.google.android.apps.fitness, subscription=Subscription{dataSource=DataSource{derived:Application{com.google.android.gms::null}:Device{LGE:Nexus 5:4d2fdcb370f27e36::0:2}:detailed:DataType{com.google.activity.sample[activity(i), confidence(f)]}}, dataType=DataType{com.google.activity.sample[activity(i), confidence(f)]}, samplingIntervalMicros=-1, accuracyMode=2}}
D/NowFetcherService(11979): set new card: /now/now_weather/0
I/ActivityManager( 745): Start proc com.google.android.calendar for service com.google.android.calendar/com.android.calendar.widget.CalendarAppWidgetService: pid=12802 uid=10031 gids={50031, 9997, 3003, 1028, 1015} abi=armeabi-v7a
I/Icing (12576): Internal init done: storage state 0
I/art ( 198): Explicit concurrent mark sweep GC freed 706(30KB) AllocSpace objects, 0(0B) LOS objects, 40% free, 15MB/25MB, paused 178us total 11.519ms
I/art ( 198): Explicit concurrent mark sweep GC freed 5(160B) AllocSpace objects, 0(0B) LOS objects, 40% free, 15MB/25MB, paused 166us total 7.467ms
I/art ( 198): Explicit concurrent mark sweep GC freed 5(160B) AllocSpace objects, 0(0B) LOS objects, 40% free, 15MB/25MB, paused 178us total 7.595ms
D/NowFetcherService(11979): set new card: /now/now_reminder/1
D/WearableClient(11593): WearableClientImpl.onPostInitHandler: done
E/Fitness (11461): Data source derived:com.google.distance.delta:com.google.android.gms:pruned_distance already registered with realm MIXED -- cannot re-register with realm SERVER
E/Fitness (11461): Data source derived:com.google.distance.delta:com.google.android.gms:pruned_distance already registered with realm MIXED -- cannot re-register with realm SERVER
D/NowFetcherService(11979): set new card: /now/now_reminder/0
E/Fitness (11461): Data source derived:com.google.distance.delta:com.google.android.gms:pruned_distance already registered with realm MIXED -- cannot re-register with realm SERVER
I/Fitness (11461): Initial registration for DataType{com.google.distance.delta[distance(f)]}
I/Fitness (11461): Initial registration for DataType{com.google.distance.delta[distance(f)]}
I/Fitness (11461): Successfully added recording listener for c{appPackageName=com.google.android.apps.fitness, subscription=Subscription{dataSource=DataSource{derived:Application{com.google.android.gms::null}:Device{LGE:Nexus 5:4d2fdcb370f27e36::0:2}::DataType{com.google.distance.delta[distance(f)]}}, dataType=DataType{com.google.distance.delta[distance(f)]}, samplingIntervalMicros=-1, accuracyMode=2}}
I/ThermalEngine( 197): TM Id 'VDD_DIG_SWMODE_MONITOR-TSENS6' Sensor 'tsens_tz_sensor6' - alarm raised 1 at 86.0 degC
I/ThermalEngine( 197): ACTION: VDD DIG SW_MODE 2 NORMAL
I/ActivityManager( 745): Start proc com.android.providers.calendar for content provider com.android.providers.calendar/.CalendarProvider2: pid=12827 uid=10002 gids={50002, 9997, 3003, 1028, 1015} abi=armeabi-v7a
V/GCMBroadcastReceiver(12782): onReceive: com.google.android.c2dm.intent.RECEIVE
V/GCMRegistrar(12782): Setting the name of retry receiver class to com.google.ipc.invalidation.external.client.contrib.MultiplexingGcmListener$GCMReceiver
V/GCMBroadcastReceiver(12782): GCM IntentService class: com.google.ipc.invalidation.external.client.contrib.MultiplexingGcmListener
I/art ( 745): Explicit concurrent mark sweep GC freed 12306(679KB) AllocSpace objects, 2(29KB) LOS objects, 24% free, 49MB/65MB, paused 1.535ms total 151.362ms
V/GCMBaseIntentService(12782): Acquiring wakelock
I/ActivityManager( 745): Process android.process.acore (pid 12749) has died
I/Icing (12576): Post-init done
V/GCMBaseIntentService(12782): Intent service name: GCMIntentService-DynamicSenderIds-1
W/NowFetcherService(11979): Receives a Now broadcast while not connected to GSA
D/NowFetcherService(11979): onServiceConnected: connected to NowRemoteService
E/WifiStateMachine( 745): WifiStateMachine CMD_START_SCAN source 10008 txSuccessRate=181.71 rxSuccessRate=114.39 targetRoamBSSID=00:00:00:00:00:00 RSSI=-64
V/GCMBaseIntentService(12782): Releasing wakelock
E/SQLiteLog(12802): (283) recovered 83 frames from WAL file /data/data/com.google.android.calendar/databases/timelydata.db-wal
W/ResourcesManager(12827): Asset path '/system/framework/android.test.runner.jar' does not exist or contains no resources.
W/HandlerScheduledExecuto(12410): Task does not implement UiTask. Consider using NamedUiRunnable for Consumers.consumeAsync
I/CalendarProvider2(12827): Created com.android.providers.calendar.CalendarAlarmManager@f038f81(com.android.providers.calendar.CalendarProvider2@39039826)
I/GCoreUlr(11461): No GCM registration ID
I/ActivityManager( 745): Process com.chrome.beta (pid 12782) has died
I/Fitness (11461): Initial registration for DataType{com.google.location.sample[latitude(f), longitude(f), accuracy(f), altitude(f)]}
I/Fitness (11461): Initial registration for DataType{com.google.location.sample[latitude(f), longitude(f), accuracy(f), altitude(f)]}
I/Icing (12576): Usage reports 1 indexed 0 rejected 0 imm upload false
I/Fitness (11461): Successfully added recording listener for c{appPackageName=com.google.android.apps.fitness, subscription=Subscription{dataSource=DataSource{raw:Application{com.google.android.gms::null}:Device{LGE:Nexus 5:4d2fdcb370f27e36::0:2}::DataType{com.google.location.sample[latitude(f), longitude(f), accuracy(f), altitude(f)]}}, dataType=DataType{com.google.location.sample[latitude(f), longitude(f), accuracy(f), altitude(f)]}, samplingIntervalMicros=-1, accuracyMode=2}}
I/AnalyticsLogBase(12802): PlayLogger.onLoggerConnected
I/AnalyticsLogBase(12802): PlayLogger.onLoggerConnected
E/WifiStateMachine( 745): WifiStateMachine CMD_START_SCAN source 10008 txSuccessRate=181.71 rxSuccessRate=114.39 targetRoamBSSID=00:00:00:00:00:00 RSSI=-64
I/ActivityManager( 745): Start proc com.chrome.beta for broadcast com.chrome.beta/com.google.ipc.invalidation.ticl.android2.channel.AndroidMessageReceiverService$Receiver: pid=12864 uid=10091 gids={50091, 9997, 3003, 1028, 1015} abi=armeabi-v7a
I/MusicLeanback(11593): Conditions not met for autocaching.
I/MusicLeanback(11593): Stop autocaching.
I/Fitness (11461): Initial registration for DataType{com.google.speed[speed(f)]}
I/Fitness (11461): Initial registration for DataType{com.google.speed[speed(f)]}
E/ActivityThread(11593): Service com.google.android.music.download.TrackDownloadQueueService has leaked ServiceConnection com.google.android.gms.http.GoogleURLConnectionFactory$1@5398d8c that was originally bound here
E/ActivityThread(11593): android.app.ServiceConnectionLeaked: Service com.google.android.music.download.TrackDownloadQueueService has leaked ServiceConnection com.google.android.gms.http.GoogleURLConnectionFactory$1@5398d8c that was originally bound here
E/ActivityThread(11593): at android.app.LoadedApk$ServiceDispatcher.(LoadedApk.java:1072)
E/ActivityThread(11593): at android.app.LoadedApk.getServiceDispatcher(LoadedApk.java:966)
E/ActivityThread(11593): at android.app.ContextImpl.bindServiceCommon(ContextImpl.java:1768)
E/ActivityThread(11593): at android.app.ContextImpl.bindService(ContextImpl.java:1751)
E/ActivityThread(11593): at android.content.ContextWrapper.bindService(ContextWrapper.java:538)
E/ActivityThread(11593): at com.google.android.gms.http.GoogleURLConnectionFactory.(Unknown Source)
E/ActivityThread(11593): at com.google.android.gms.http.GoogleHttpClient.(Unknown Source)
E/ActivityThread(11593): at com.google.android.music.GoogleHttpClientFactory.createGoogleHttpClient(GoogleHttpClientFactory.java:43)
E/ActivityThread(11593): at com.google.android.music.cloudclient.MusicRequest.createHttpClient(MusicRequest.java:115)
E/ActivityThread(11593): at com.google.android.music.cloudclient.MusicRequest.getSharedHttpClient(MusicRequest.java:105)
E/ActivityThread(11593): at com.google.android.music.download.BaseDownloadQueueManager.(BaseDownloadQueueManager.java:110)
E/ActivityThread(11593): at com.google.android.music.download.TrackDownloadQueueManager.(TrackDownloadQueueManager.java:10)
E/ActivityThread(11593): at com.google.android.music.download.TrackDownloadQueueService.onCreate(TrackDownloadQueueService.java:25)
E/ActivityThread(11593): at android.app.ActivityThread.handleCreateService(ActivityThread.java:2731)
E/ActivityThread(11593): at android.app.ActivityThread.access$1800(ActivityThread.java:144)
E/ActivityThread(11593): at android.app.ActivityThread$H.handleMessage(ActivityThread.java:1361)
E/ActivityThread(11593): at android.os.Handler.dispatchMessage(Handler.java:102)
E/ActivityThread(11593): at android.os.Looper.loop(Looper.java:135)
E/ActivityThread(11593): at android.app.ActivityThread.main(ActivityThread.java:5221)
E/ActivityThread(11593): at java.lang.reflect.Method.invoke(Native Method)
E/ActivityThread(11593): at java.lang.reflect.Method.invoke(Method.java:372)
E/ActivityThread(11593): at com.android.internal.os.ZygoteInit$MethodAndArgsCaller.run(ZygoteInit.java:899)
E/ActivityThread(11593): at com.android.internal.os.ZygoteInit.main(ZygoteInit.java:694)
I/Fitness (11461): Successfully added recording listener for c{appPackageName=com.google.android.apps.fitness, subscription=Subscription{dataSource=DataSource{derived:Application{com.google.android.gms::null}:Device{LGE:Nexus 5:4d2fdcb370f27e36::0:2}::DataType{com.google.speed[speed(f)]}}, dataType=DataType{com.google.speed[speed(f)]}, samplingIntervalMicros=-1, accuracyMode=2}}
I/GCoreUlr(11461): Ensuring that reporting is active for [account#-1#]
I/GCoreUlr(11461): Starting service, intent=Intent { act=com.google.android.location.reporting.ACTION_LOCATION_STATUS cmp=com.google.android.gms/com.google.android.location.reporting.service.DispatchingService (has extras) }, extras=Bundle[{status=LocationStatus[cell status: STATUS_UNKNOWN, wifi status: STATUS_UNKNOWN, elapsed realtime ns: 0]}]
W/HandlerScheduledExecuto(12410): Task does not implement UiTask. Consider using NamedUiRunnable for Consumers.consumeAsync
E/WifiStateMachine( 745): WifiStateMachine CMD_START_SCAN source 10008 txSuccessRate=124.35 rxSuccessRate=89.70 targetRoamBSSID=00:00:00:00:00:00 RSSI=-60
E/WifiStateMachine( 745): WifiStateMachine CMD_START_SCAN source 10008 txSuccessRate=124.35 rxSuccessRate=89.70 targetRoamBSSID=00:00:00:00:00:00 RSSI=-60
E/WifiStateMachine( 745): WifiStateMachine CMD_START_SCAN source 10008 txSuccessRate=124.35 rxSuccessRate=89.70 targetRoamBSSID=00:00:00:00:00:00 RSSI=-60
E/WifiStateMachine( 745): WifiStateMachine CMD_START_SCAN source 10008 txSuccessRate=124.35 rxSuccessRate=89.70 targetRoamBSSID=00:00:00:00:00:00 RSSI=-60
I/Fitness (11461): Initial registration for DataType{com.google.step_count.cumulative[steps(i)]}
I/Fitness (11461): Initial registration for DataType{com.google.step_count.cumulative[steps(i)]}
I/Fitness (11461): Successfully added recording listener for c{appPackageName=com.google.android.apps.fitness, subscription=Subscription{dataSource=DataSource{raw:Device{LGE:Nexus 5:4d2fdcb370f27e36::0:2}:Step Counter:DataType{com.google.step_count.cumulative[steps(i)]}}, dataType=DataType{com.google.step_count.cumulative[steps(i)]}, samplingIntervalMicros=-1, accuracyMode=2}}
I/art (11406): Explicit concurrent mark sweep GC freed 5143(300KB) AllocSpace objects, 2(32KB) LOS objects, 39% free, 17MB/29MB, paused 495us total 27.871ms
W/Fitness (11461): No default data source set for com.google.android.apps.fitness.activity.baseline W/msgr(:):QuickExperimentControllerImpl(12101): Exposure of experiment com.facebook.messaging.e.b@d098d1 occurred when no user was logged in
W/Fitness (11461): No default data source set for com.google.android.apps.fitness.step_count.baseline
W/HandlerScheduledExecuto(12410): Task does not implement UiTask. Consider using NamedUiRunnable for Consumers.consumeAsync
W/HandlerScheduledExecuto(12410): Task does not implement UiTask. Consider using NamedUiRunnable for Consumers.consumeAsync
W/Fitness (11461): No default data source set for com.google.android.apps.fitness.time_zone
I/FitnessApp(12133): ULRSettingsReceiver Intent { act=com.google.android.gms.location.reporting.SETTINGS_CHANGED flg=0x10 cmp=com.google.android.apps.fitness/.api.recording.UlrSettingsReceiver }
I/art (12101): Rejecting re-init on previously-failed class java.lang.Class
I/art (12101): Rejecting re-init on previously-failed class java.lang.Class
W/HandlerScheduledExecuto(12410): Task does not implement UiTask. Consider using NamedUiRunnable for Consumers.consumeAsync
D/SoLoader(12101): found fb_stl_shared in default place
W/HandlerScheduledExecuto(12410): Task does not implement UiTask. Consider using NamedUiRunnable for Consumers.consumeAsync
I/ActivityManager( 745): Process com.android.providers.calendar (pid 12827) has died
W/ActivityManager( 745): Scheduling restart of crashed service com.android.providers.calendar/.EmptyService in 12634ms
W/HandlerScheduledExecuto(12410): Task does not implement UiTask. Consider using NamedUiRunnable for Consumers.consumeAsync
W/HandlerScheduledExecuto(12410): Task does not implement UiTask. Consider using NamedUiRunnable for Consumers.consumeAsync
D/SoLoader(12101): found fb in default place
D/SoLoader(12101): found fb_breakpad_client in default place
D/SoLoader(12101): found fbjni in default place
D/SoLoader(12101): found heartbleed in default place
W/HandlerScheduledExecuto(12410): Task does not implement UiTask. Consider using NamedUiRunnable for Consumers.consumeAsync
I/Fitness (11461): Account supported from cache: true
D/InvalidationService(12864): Registration status for Oid: <1004, MANAGED_USER_SETTING>: REGISTERED
D/InvalidationService(12864): Registration status for Oid: <1004, AUTOFILL>: REGISTERED
D/InvalidationService(12864): Registration status for Oid: <1004, AUTOFILL_PROFILE>: REGISTERED
D/InvalidationService(12864): Registration status for Oid: <1004, TYPED_URL>: REGISTERED
D/InvalidationService(12864): Registration status for Oid: <1004, NIGORI>: REGISTERED
I/FitnessApp(12133): No need to update registrations as ULR settings are unchanged
D/InvalidationService(12864): Registration status for Oid: <1004, PASSWORD>: REGISTERED
I/WearablePkgInstaller(11979): Fingerprint matches, not requesting installs for com.google.android.music
D/InvalidationService(12864): Registration status for Oid: <1004, HISTORY_DELETE_DIRECTIVE>: REGISTERED
D/InvalidationService(12864): Registration status for Oid: <1004, BOOKMARK>: REGISTERED
D/InvalidationService(12864): Registration status for Oid: <1004, FAVICON_IMAGE>: REGISTERED
D/InvalidationService(12864): Registration status for Oid: <1004, EXPERIMENTS>: REGISTERED
D/InvalidationService(12864): Registration status for Oid: <1004, FAVICON_TRACKING>: REGISTERED
D/InvalidationService(12864): Registration status for Oid: <1004, DEVICE_INFO>: REGISTERED
D/InvalidationService(12864): Registration status for Oid: <1004, SESSION>: REGISTERED
D/NowFetcherService(11979): now card fetch: getting cards...
D/NowFetcherService(11979): delete old card: wear://6ea9356f-df00-4185-8f84-25f2b4ebb55b/now/now_reminder/0
D/NowFetcherService(11979): delete old card: wear://6ea9356f-df00-4185-8f84-25f2b4ebb55b/now/now_reminder/1
I/art (12101): Background sticky concurrent mark sweep GC freed 59521(3MB) AllocSpace objects, 10(160KB) LOS objects, 14% free, 21MB/25MB, paused 7.178ms total 141.115ms
I/art (11792): Explicit concurrent mark sweep GC freed 28523(2MB) AllocSpace objects, 0(0B) LOS objects, 40% free, 17MB/29MB, paused 971us total 46.221ms
D/NowFetcherService(11979): delete old card: wear://6ea9356f-df00-4185-8f84-25f2b4ebb55b/now/now_stock_list/0
D/NowFetcherService(11979): delete old card: wear://6ea9356f-df00-4185-8f84-25f2b4ebb55b/now/now_weather/0
D/NowFetcherService(11979): set new card: /now/now_stock_list/0
D/NowFetcherService(11979): set new card: /now/now_weather/0
D/NowFetcherService(11979): set new card: /now/now_reminder/1
D/NowFetcherService(11979): set new card: /now/now_reminder/0 W/msgr(:):QuickExperimentControllerImpl(12101): Exposure of experiment com.facebook.video.abtest.ac@2e792f40 occurred when no user was logged in W/msgr(:):QuickExperimentControllerImpl(12101): Exposure of experiment com.facebook.video.abtest.ac@2e792f40 occurred when no user was logged in W/msgr(:):QuickExperimentControllerImpl(12101): Exposure of experiment com.facebook.video.abtest.ac@2e792f40 occurred when no user was logged in
I/art (11979): Explicit concurrent mark sweep GC freed 29115(1549KB) AllocSpace objects, 12(245KB) LOS objects, 39% free, 17MB/29MB, paused 517us total 17.605ms
W/ResourcesManager(11979): Asset path '/system/framework/com.google.android.media.effects.jar' does not exist or contains no resources.
W/BroadcastQueue( 745): Permission Denial: broadcasting Intent { act=android.net.conn.INET_CONDITION_ACTION flg=0x4000010 (has extras) } from null (pid=-1, uid=-1) requires com.facebook.permission.prod.FB_APP_COMMUNICATION due to registered receiver BroadcastFilter{315b187f u0 ReceiverList{1aabe59e 12101 com.facebook.orca/10136/u0 remote:213f47d9}}
