I/ActivityManager( 745): Start proc com.android.providers.calendar for content provider com.android.providers.calendar/.CalendarProvider2: pid=6958 uid=10002 gids={50002, 9997, 3003, 1028, 1015} abi=armeabi-v7a
I/WearableConn( 6775): Connecting to "Moto 360 0360"
D/BluetoothManagerService( 745): Message: 20
D/BluetoothManagerService( 745): Added callback: android.bluetooth.IBluetoothManagerCallback$Stub$Proxy@1315ff24:true
W/BluetoothAdapter( 6775): getBluetoothService() called with no BluetoothManagerCallback
D/BTIF_SOCK(23530): service_uuid: 5e8945b0-9525-11e3-a5e2-0800200c9a66
W/ResourcesManager( 6834): Asset path '/system/framework/com.android.media.remotedisplay.jar' does not exist or contains no resources.
W/ResourcesManager( 6834): Asset path '/system/framework/com.android.location.provider.jar' does not exist or contains no resources.
W/CastMediaRouteProvider( 6643): addOrUpdateDevice: device: "Living Room" (bf0c70d0b1107f94aa11ce38768ffbd2) applicationName: null
W/CastMediaRouteProvider( 6643): addOrUpdateDevice: device: "Bedroom" (d15d9799f22e16497ac472aa54e505f5) applicationName: null
W/ResourcesManager( 6958): Asset path '/system/framework/android.test.runner.jar' does not exist or contains no resources.
D/UserSettingsManager( 6834): setState: skipping set state: initial state not loaded
W/bt-sdp (23530): process_service_search_attr_rsp
I/ActivityManager( 745): Process com.google.android.youtube (pid 6314) has died
W/ActivityManager( 745): Scheduling restart of crashed service com.google.android.youtube/.app.remote.YouTubeTvRouteProviderService in 48921ms
I/CalendarProvider2( 6958): Created com.android.providers.calendar.CalendarAlarmManager@f038f81(com.android.providers.calendar.CalendarProvider2@39039826)
W/bt-sdp (23530): process_service_search_attr_rsp
E/bt-rfcomm(23530): RFCOMM_CreateConnection - already opened state:1, RFC state:1, MCB state:5
E/bt-btif (23530): bta_jv_rfcomm_connect, RFCOMM_CreateConnection failed
W/bt-btif (23530): invalid rfc slot id: 141
W/bt-btif (23530): new conn_srvc id:26, app_id:1
W/WearableConn( 6775): Error writing to device, error: read failed, socket might closed or timeout, read ret: -1
I/WearableConn( 6775): Connected, running sync loop
I/ActivityManager( 745): Start proc com.google.android.partnersetup for content provider com.google.android.partnersetup/.RlzAppProvider: pid=6990 uid=10013 gids={50013, 9997, 3003} abi=armeabi-v7a
D/ZenLog ( 745): set_zen_mode: off,listener
D/WearableBluetooth( 6775): onSocketReady returned, closing socket
I/WearableConn( 6775): Waiting 1.0 seconds to retry connection
E/GCoreFlp( 6118): Bound FusedProviderService with LocationManager
D/wearable( 6775): Peer handshake connect succeeded, peer version: 1
V/GeofencerHelper( 6118): Initializing geofence's system cache.
D/WifiService( 745): New client listening to asynchronous messages
D/WearableClient( 6834): WearableClientImpl.onPostInitHandler: done
I/Icing ( 6643): updateResources: need to parse e{com.google.android.gms}
W/GAV2 ( 6939): Thread[main,5,main]: Need to call initialize() and be in fallback mode to start dispatch.
D/GeofenceStateCache( 6118): Recovered 0 geofences.
W/WearableConn( 6775): Connection interrupted., error: null
D/WearableBluetooth( 6775): onSocketReady returned, closing socket
W/bt-btif (23530): bta_jv_rfc_port_to_cb(port_handle:0x1):jv handle:0x0 not FOUND
E/wearable( 6775): Error getting connection reference for nodeId: b9611de2-3eef-433a-bcbe-7418f286614f. A thread may have leaked!
I/ActivityManager( 745): Process com.android.providers.calendar (pid 6958) has died
W/ActivityManager( 745): Scheduling restart of crashed service com.android.providers.calendar/.EmptyService in 1643372544ms
I/Icing ( 6643): doRemovePackageData com.android.chrome
I/ActivityManager( 745): Start proc com.google.android.music:main for service com.google.android.music/.wear.MusicWearableListenerService: pid=7027 uid=10060 gids={50060, 9997, 3003, 1028, 1015} abi=armeabi-v7a
I/art ( 745): Explicit concurrent mark sweep GC freed 21261(1467KB) AllocSpace objects, 2(162KB) LOS objects, 24% free, 49MB/65MB, paused 1.726ms total 194.574ms
I/WearableConn( 6775): Android Wear BluetoothThread finished
W/GmsClient( 6118): service died
W/GmsClient( 6118): service died
I/ActivityManager( 745): Start proc com.google.android.keep for service com.google.android.keep/.microapp.WearableService: pid=7047 uid=10071 gids={50071, 9997, 3003, 1028, 1015} abi=armeabi-v7a
D/NowFetcherService( 6834): onServiceConnected: connected to NowRemoteService
V/GmsNetworkLocationProvi( 6118): ENABLE
D/WifiService( 745): Client connection lost with reason: 4
W/GoogleApiIcingClientImpl( 4941): Connection to GmsCore unsuccessful. Error 13
I/ActivityManager( 745): Start proc com.tinder for service com.tinder/.services.WearClientService: pid=7068 uid=10126 gids={50126, 9997, 3003, 1028, 1015, 3002} abi=armeabi-v7a
V/GmsNetworkLocationProvi( 6118): SET-REQUEST
V/GmsNetworkLocationProvi( 6118): in Handler: ProviderRequestUnbundled, reportLocation is true and interval is 86400000
E/GmsClient( 4941): Calling connect() while still connected, missing disconnect().
I/ActivityManager( 745): Process com.google.android.gms (pid 6643) has died
W/ActivityManager( 745): Scheduling restart of crashed service com.google.android.gms/.cast.media.CastMediaRouteProviderService in 4000ms
W/ActivityManager( 745): Scheduling restart of crashed service com.google.android.gms/.icing.service.IndexService in 58421ms
W/ActivityManager( 745): Scheduling restart of crashed service com.google.android.gms/.icing.service.IndexWorkerService in 248124ms
W/ActivityManager( 745): Scheduling restart of crashed service com.google.android.gms/.analytics.service.AnalyticsService in 4564928ms
W/ActivityManager( 745): Scheduling restart of crashed service com.google.android.gms/.ads.identifier.service.AdvertisingIdService in 68421ms
W/InputMethodInfo( 745): Duplicated subtype definition found: , voice
D/NowFetcherService( 6834): now card fetch: getting cards...
I/ActivityManager( 745): Start proc com.google.android.gms for service com.google.android.gms/.icing.service.IndexService: pid=7085 uid=10008 gids={50008, 9997, 2001, 3003, 1007, 3006, 1028, 1015, 3002, 3001, 1005, 3007} abi=armeabi-v7a
I/ActivityManager( 745): Start proc com.google.android.maps.mytracks for service com.google.android.maps.mytracks/com.google.android.apps.mytracks.wear.MobileListenerService: pid=7098 uid=10117 gids={50117, 9997, 3002, 3001, 3003, 1028, 1015} abi=armeabi-v7a
I/MusicStore( 7027): Database version: 103
I/WearablePkgInstaller( 6834): Fingerprint matches, not requesting installs for com.mailchimp.mailchimp
I/ActivityManager( 745): Start proc com.mailchimp.mailchimp for broadcast com.mailchimp.mailchimp/.util.Scheduler: pid=7125 uid=10096 gids={50096, 9997, 3003, 1028, 1015} abi=armeabi-v7a
I/DynRingVolController( 6834): reverting to original ringer.
I/ActivityManager( 745): Start proc org.leetzone.android.yatsewidgetfree for service org.leetzone.android.yatsewidgetfree/org.leetzone.android.yatsewidget.service.WearableService: pid=7145 uid=10129 gids={50129, 9997, 3003, 1028, 1015} abi=armeabi-v7a
W/ResourcesManager( 7085): Asset path '/system/framework/com.android.media.remotedisplay.jar' does not exist or contains no resources.
W/ResourcesManager( 7085): Asset path '/system/framework/com.android.location.provider.jar' does not exist or contains no resources.
I/ActivityManager( 745): Process com.google.android.gms.wearable (pid 6775) has died
W/ActivityManager( 745): Scheduling restart of crashed service com.google.android.gms/.wearable.service.WearableService in 1000ms
W/ActivityManager( 745): Scheduling restart of crashed service com.google.android.gms/.wearable.node.bluetooth.BluetoothClientService in 58129ms
I/MultiDex( 7085): VM with version 2.1.0 has multidex support
I/MultiDex( 7085): install
I/MultiDex( 7085): VM has multidex support, MultiDex support library is disabled.
I/ActivityManager( 745): Start proc com.android.providers.calendar for content provider com.android.providers.calendar/.CalendarProvider2: pid=7167 uid=10002 gids={50002, 9997, 3003, 1028, 1015} abi=armeabi-v7a
I/art ( 198): Explicit concurrent mark sweep GC freed 704(30KB) AllocSpace objects, 0(0B) LOS objects, 39% free, 15MB/25MB, paused 2.272ms total 13.322ms
I/art ( 198): Explicit concurrent mark sweep GC freed 7(240B) AllocSpace objects, 0(0B) LOS objects, 40% free, 15MB/25MB, paused 230us total 10.108ms
I/art ( 198): Explicit concurrent mark sweep GC freed 5(160B) AllocSpace objects, 0(0B) LOS objects, 40% free, 15MB/25MB, paused 237us total 11.029ms
W/ResourcesManager( 7027): Asset path '/system/framework/com.android.media.remotedisplay.jar' does not exist or contains no resources.
W/ResourcesManager( 7027): Asset path '/system/framework/com.android.location.provider.jar' does not exist or contains no resources.
V/NotificationListeners( 745): notification listener connection lost: ComponentInfo{com.google.android.wearable.app/com.google.android.clockwork.stream.NotificationCollectorService}
I/Crashlytics( 7068): Initializing Crashlytics 1.1.13.29
I/ActivityManager( 745): Process com.google.android.wearable.app (pid 6834) has died
W/ActivityManager( 745): Scheduling restart of crashed service com.google.android.wearable.app/com.google.android.clockwork.host.DispatchingWearableListenerService in 67991ms
W/ActivityManager( 745): Scheduling restart of crashed service com.google.android.wearable.app/com.google.android.clockwork.stream.NotificationCollectorService in 50549227520ms
W/ActivityManager( 745): Scheduling restart of crashed service com.google.android.wearable.app/com.google.android.clockwork.calendar.CalendarQueryService in 77990ms
W/ActivityManager( 745): Scheduling restart of crashed service com.google.android.wearable.app/com.google.android.clockwork.now.NowFetcherService in 77990ms
W/ActivityManager( 745): Scheduling restart of crashed service com.google.android.wearable.app/com.google.android.clockwork.stream.NotificationCollectorMonitorService in 77990ms
W/ActivityManager( 745): Scheduling restart of crashed service com.google.android.wearable.app/com.google.android.clockwork.companion.packagemanager.PackageUpdateService in 77990ms
I/Crashlytics( 7145): Initializing Crashlytics 1.1.13.29
V/JNIHelp ( 7027): Registering com/google/android/gms/org/conscrypt/NativeCrypto's 235 native methods...
W/GmsClient( 6118): service died
I/ProviderInstaller( 7085): Insert disabled by gate 'gms:security:enable_conscrypt_in_gms_application'
W/ResourcesManager( 7167): Asset path '/system/framework/android.test.runner.jar' does not exist or contains no resources.
I/ProviderInstaller( 7027): Installed default security provider GmsCore_OpenSSL D/Coffee - NearbyAlertTracker( 6118): GoogleApiClient connected
D/GCoreFlp( 6118): Unknown pending intent to remove. D/MixpanelAPI - App Links (OPTIONAL)( 7068): Context is not an instance of Activity. To detect inbound App Links, pass an instance of an Activity to getInstance.
I/ConfigStore( 7027): Config Database version: 1
I/ActivityManager( 745): Start proc com.google.android.gms.wearable for service com.google.android.gms/.wearable.service.WearableService: pid=7208 uid=10008 gids={50008, 9997, 2001, 3003, 1007, 3006, 1028, 1015, 3002, 3001, 1005, 3007} abi=armeabi-v7a
W/GAV4 ( 7145): Thread[main,5,main]: string configuration name not recognized: ga_logLevel
W/GAV4 ( 7145): Thread[main,5,main]: int configuration name not recognized: ga_dispatchPeriod
I/CalendarProvider2( 7167): Created com.android.providers.calendar.CalendarAlarmManager@f038f81(com.android.providers.calendar.CalendarProvider2@39039826)
W/ResourcesManager( 7208): Asset path '/system/framework/com.android.media.remotedisplay.jar' does not exist or contains no resources.
W/ResourcesManager( 7208): Asset path '/system/framework/com.android.location.provider.jar' does not exist or contains no resources.
I/GCoreUlr( 6118): Received powerMode change from NLP: com.google.android.location.activity.LOW_POWER_MODE_ENABLED
I/GCoreUlr( 6118): Starting service, intent=Intent { act=com.google.android.location.reporting.ACTION_UPDATE_ACTIVE_STATE cmp=com.google.android.gms/com.google.android.location.reporting.service.DispatchingService }, extras=null
I/art ( 5649): Explicit concurrent mark sweep GC freed 3730(175KB) AllocSpace objects, 0(0B) LOS objects, 40% free, 18MB/31MB, paused 2.928ms total 108.299ms
D/GCM ( 5649): GcmService start Intent { act=com.google.android.gms.INITIALIZE flg=0x10 pkg=com.google.android.gms cmp=com.google.android.gms/.gcm.GcmService } com.google.android.gms.INITIALIZE
I/MultiDex( 7208): VM with version 2.1.0 has multidex support
I/MultiDex( 7208): install
I/MultiDex( 7208): VM has multidex support, MultiDex support library is disabled.
I/ActivityManager( 745): Start proc com.android.vending for service com.android.vending/com.google.android.finsky.billing.iab.InAppBillingService: pid=7247 uid=10016 gids={50016, 9997, 3003, 1028, 1015} abi=armeabi-v7a
I/Icing ( 7085): Storage manager: low false usage 14.20MB avail 17.06GB capacity 22.76GB
W/Icing ( 7085): Received bad json for section weights override -- ignoring.
W/Icing ( 7085): Received bad json for corpus scoring config -- ignoring.
W/Icing ( 7085): Received bad json for corpus context scoring override -- ignoring.
I/ActivityManager( 745): Process com.google.android.maps.mytracks (pid 7098) has died
I/ActivityManager( 745): Process com.mailchimp.mailchimp (pid 7125) has died
W/ActivityManager( 745): Scheduling restart of crashed service com.mailchimp.mailchimp/.WearableService in 873296ms
I/ProviderInstaller( 7208): Insert disabled by gate 'gms:security:enable_conscrypt_in_gms_application'
W/Settings( 6118): Setting airplane_mode_on has moved from android.provider.Settings.System to android.provider.Settings.Global, returning read-only value.
D/BluetoothManagerService( 745): Message: 20
D/BluetoothManagerService( 745): Added callback: android.bluetooth.IBluetoothManagerCallback$Stub$Proxy@15c8ac9c:true
I/art ( 745): Explicit concurrent mark sweep GC freed 11524(624KB) AllocSpace objects, 2(29KB) LOS objects, 24% free, 49MB/65MB, paused 3.050ms total 201.769ms
E/SQLiteLog( 7208): (284) automatic index on assetrefs(dataitems_id)
W/WearableService( 7208): Client died while brokering wearable service
D/WifiService( 745): New client listening to asynchronous messages
D/WearableClient( 7145): WearableClientImpl.onPostInitHandler: done
I/ActivityManager( 745): Process com.tinder (pid 7068) has died
I/MediaRouter( 6939): Found default route: MediaRouter.RouteInfo{ uniqueId=android/mo:DEFAULT_ROUTE, name=Phone, description=null, enabled=true, connecting=false, playbackType=0, playbackStream=3, volumeHandling=1, volume=11, volumeMax=15, presentationDisplayId=-1, extras=null, providerPackageName=android }
I/WearableConn( 7208): Connecting to "Moto 360 0360"
I/FavoriteContactNamesSup( 6939): get() : Execute runnable (UI thread)
I/ContactLabelSupplier( 6939): get() : Execute runnable (UI thread)
W/BluetoothAdapter( 7208): getBluetoothService() called with no BluetoothManagerCallback
I/MediaRouter( 7027): Found default route: MediaRouter.RouteInfo{ uniqueId=android/.support.v7.media.SystemMediaRouteProvider:DEFAULT_ROUTE, name=Phone, description=null, enabled=true, connecting=false, playbackType=0, playbackStream=3, volumeHandling=1, volume=11, volumeMax=15, presentationDisplayId=-1, extras=null, providerPackageName=android }
D/BTIF_SOCK(23530): service_uuid: 5e8945b0-9525-11e3-a5e2-0800200c9a66
I/CastSocket( 7085): 21 >= 18. Adding new CastClientAuthKeyManager.
D/WearableService( 7208): putData: exception during processing: PutDataRequest[dataSz=19, numAssets=0, uri=wear:/host]
D/WearableService( 7208): android.os.DeadObjectException
D/WearableService( 7208): at android.os.BinderProxy.transactNative(Native Method)
D/WearableService( 7208): at android.os.BinderProxy.transact(Binder.java:496)
D/WearableService( 7208): at com.google.android.gms.wearable.internal.ad.a(SourceFile:299)
D/WearableService( 7208): at com.google.android.gms.wearable.service.ab.a(SourceFile:425)
D/WearableService( 7208): at com.google.android.gms.wearable.service.g.run(SourceFile:117)
D/WearableService( 7208): at java.util.concurrent.Executors$RunnableAdapter.call(Executors.java:422)
D/WearableService( 7208): at java.util.concurrent.FutureTask.run(FutureTask.java:237)
D/WearableService( 7208): at java.util.concurrent.ThreadPoolExecutor.runWorker(ThreadPoolExecutor.java:1112)
D/WearableService( 7208): at java.util.concurrent.ThreadPoolExecutor$Worker.run(ThreadPoolExecutor.java:587)
D/WearableService( 7208): at java.lang.Thread.run(Thread.java:818)
D/WearableService( 7208): getConnectedNodes: exception during processing
D/WearableService( 7208): android.os.DeadObjectException
D/WearableService( 7208): at android.os.BinderProxy.transactNative(Native Method)
D/WearableService( 7208): at android.os.BinderProxy.transact(Binder.java:496)
D/WearableService( 7208): at com.google.android.gms.wearable.internal.ad.a(SourceFile:467)
D/WearableService( 7208): at com.google.android.gms.wearable.service.aj.a(SourceFile:728)
D/WearableService( 7208): at com.google.android.gms.wearable.service.g.run(SourceFile:117)
D/WearableService( 7208): at java.util.concurrent.Executors$RunnableAdapter.call(Executors.java:422)
D/WearableService( 7208): at java.util.concurrent.FutureTask.run(FutureTask.java:237)
D/WearableService( 7208): at java.util.concurrent.ThreadPoolExecutor.runWorker(ThreadPoolExecutor.java:1112)
D/WearableService( 7208): at java.util.concurrent.ThreadPoolExecutor$Worker.run(ThreadPoolExecutor.java:587)
D/WearableService( 7208): at java.lang.Thread.run(Thread.java:818)
D/WearableService( 7208): putData: exception during processing: PutDataRequest[dataSz=50, numAssets=0, uri=wear:/player]
D/WearableService( 7208): android.os.DeadObjectException
D/WearableService( 7208): at android.os.BinderProxy.transactNative(Native Method)
D/WearableService( 7208): at android.os.BinderProxy.transact(Binder.java:496)
D/WearableService( 7208): at com.google.android.gms.wearable.internal.ad.a(SourceFile:299)
D/WearableService( 7208): at com.google.android.gms.wearable.service.ab.a(SourceFile:425)
D/WearableService( 7208): at com.google.android.gms.wearable.service.g.run(SourceFile:117)
D/WearableService( 7208): at java.util.concurrent.Executors$RunnableAdapter.call(Executors.java:422)
D/WearableService( 7208): at java.util.concurrent.FutureTask.run(FutureTask.java:237)
D/WearableService( 7208): at java.util.concurrent.ThreadPoolExecutor.runWorker(ThreadPoolExecutor.java:1112)
D/WearableService( 7208): at java.util.concurrent.ThreadPoolExecutor$Worker.run(ThreadPoolExecutor.java:587)
D/WearableService( 7208): at java.lang.Thread.run(Thread.java:818)
I/ActivityManager( 745): Process org.leetzone.android.yatsewidgetfree (pid 7145) has died
W/ActivityManager( 745): Scheduling restart of crashed service org.leetzone.android.yatsewidgetfree/org.leetzone.android.yatsewidget.service.WearableService in 1000ms
I/ContactLabelSupplier( 6939): get() : OptedIn = true
I/ContactLabelSupplier( 6939): get() : Looking up 20 labels
I/NetworkMonitor( 7027): type=WIFI subType= reason=null isConnected=true
W/HandlerScheduledExecuto( 6939): Task does not implement UiTask. Consider using NamedUiRunnable for fjp@266a5821
I/art ( 5649): Explicit concurrent mark sweep GC freed 3278(127KB) AllocSpace objects, 0(0B) LOS objects, 39% free, 18MB/31MB, paused 1.592ms total 45.354ms
D/Finsky ( 7247): [1] FinskyApp.onCreate: Initializing network with DFE https://android.clients.google.com/fdfe/
W/bt-sdp (23530): process_service_search_attr_rsp
I/VS.Container( 6939): create_speech_recognizer
W/HandlerScheduledExecuto( 6939): Task does not implement UiTask. Consider using NamedUiRunnable for fjp@266a5821
W/bt-btif (23530): new conn_srvc id:26, app_id:1
I/WearableConn( 7208): Connected, running sync loop
I/ActivityManager( 745): Process com.google.android.keep (pid 7047) has died
D/Finsky ( 7247): [1] DailyHygiene.goMakeHygieneIfDirty: No need to run daily hygiene.
W/Settings( 7247): Setting download_manager_max_bytes_over_mobile has moved from android.provider.Settings.Secure to android.provider.Settings.Global.
W/Settings( 7247): Setting download_manager_recommended_max_bytes_over_mobile has moved from android.provider.Settings.Secure to android.provider.Settings.Global.
I/ContactLabelSupplier( 6939): get() : Lookup time = 277 ms
D/WearableClient( 7027): WearableClientImpl.onPostInitHandler: done
D/WearableClient( 7027): WearableClientImpl.onPostInitHandler: done
D/wearable( 7208): Peer handshake connect succeeded, peer version: 1
I/MicrophoneInputStream( 6939): mic_starting gfk@317dd1b8
I/HotwordRecognitionRnr( 6939): Starting hotword detection.
I/AudioFlinger( 187): AudioFlinger's thread 0xb3ca6000 ready to run
I/MicrophoneInputStream( 6939): mic_started gfk@317dd1b8
I/ActivityManager( 745): Process com.google.android.partnersetup (pid 6990) has died
D/audio_hw_primary( 187): select_devices: out_snd_device(0: none) in_snd_device(55: voice-rec-mic)
D/msm8974_platform( 187): platform_send_audio_calibration: sending audio calibration for snd_device(55) acdb_id(62)
D/ ( 187): Failed to fetch the lookup information of the device 0000003E
E/ACDB-LOADER( 187): Error: ACDB AudProc vol returned = -19
D/audio_hw_primary( 187): enable_snd_device: snd_device(55: voice-rec-mic)
D/audio_hw_primary( 187): enable_audio_route: apply and update mixer path: audio-record
I/ActivityManager( 745): Start proc com.google.android.wearable.app for service com.google.android.wearable.app/com.google.android.clockwork.host.DispatchingWearableListenerService: pid=7347 uid=10116 gids={50116, 9997, 3002, 3001, 3003} abi=armeabi-v7a
I/HotwordWorker( 6939): onReady
W/ArtDownloadService( 7027): Setting cache size 276433822
D/WifiService( 745): Client connection lost with reason: 4
I/ActivityManager( 745): Start proc com.google.android.keep for service com.google.android.keep/.microapp.WearableService: pid=7366 uid=10071 gids={50071, 9997, 3003, 1028, 1015} abi=armeabi-v7a
D/audio_hw_primary( 187): disable_audio_route: reset and update mixer path: audio-record
D/audio_hw_primary( 187): disable_snd_device: snd_device(55: voice-rec-mic)
I/ActivityManager( 745): Process com.android.providers.calendar (pid 7167) has died
W/ActivityManager( 745): Scheduling restart of crashed service com.android.providers.calendar/.EmptyService in 6573490176ms
I/ActivityManager( 745): Process com.google.android.googlequicksearchbox:search (pid 6939) has died
W/ActivityManager( 745): Scheduling restart of crashed service com.google.android.googlequicksearchbox/com.google.android.search.core.service.SearchService in 56231ms
W/ActivityManager( 745): Canceling start item Intent { act=com.google.android.search.core.service.BroadcastListenerService.action.UPDATE cmp=com.google.android.googlequicksearchbox/com.google.android.search.core.service.BroadcastListenerService (has extras) } in service ComponentInfo{com.google.android.googlequicksearchbox/com.google.android.search.core.service.BroadcastListenerService}
W/ActivityManager( 745): Scheduling restart of crashed service com.google.android.googlequicksearchbox/com.google.android.search.core.service.BroadcastListenerService in 10189612341264384ms
E/SQLiteLog( 7208): (284) automatic index on assetrefs(dataitems_id)
I/ActivityManager( 745): Start proc com.tinder for service com.tinder/.services.WearClientService: pid=7384 uid=10126 gids={50126, 9997, 3003, 1028, 1015, 3002} abi=armeabi-v7a
D/WearableClient( 7027): WearableClientImpl.onPostInitHandler: done
I/ActivityManager( 745): Start proc com.google.android.maps.mytracks for service com.google.android.maps.mytracks/com.google.android.apps.mytracks.wear.MobileListenerService: pid=7402 uid=10117 gids={50117, 9997, 3002, 3001, 3003, 1028, 1015} abi=armeabi-v7a
I/GCoreUlr( 6118): Ensuring that reporting is active for [account#-1#]
D/WearableClient( 7027): WearableClientImpl.onPostInitHandler: done
D/Finsky ( 7247): [1] 2.run: Loaded library for account: [f-CBvLMxkpI6eI7pu28RAfWq8t4]
D/Finsky ( 7247): [1] 2.run: Loaded library for account: [2JTFLXZIcMNtP8ingLM9oEEDeiE]
D/Finsky ( 7247): [1] 2.run: Finished loading 2 libraries.
I/ActivityManager( 745): Start proc org.leetzone.android.yatsewidgetfree for service org.leetzone.android.yatsewidgetfree/org.leetzone.android.yatsewidget.service.WearableService: pid=7421 uid=10129 gids={50129, 9997, 3003, 1028, 1015} abi=armeabi-v7a
I/Icing ( 7085): updateResources: need to parse e{com.google.android.gms}
I/Crashlytics( 7384): Initializing Crashlytics 1.1.13.29
I/ActivityManager( 745): Start proc com.facebook.orca for service com.facebook.orca/com.facebook.wearlistener.DataLayerListenerService: pid=7441 uid=10136 gids={50136, 9997, 3003, 1028, 1015} abi=armeabi-v7a
I/ActivityManager( 745): Process com.android.vending (pid 7247) has died
I/ActivityManager( 745): Start proc com.google.android.apps.fitness for service com.google.android.apps.fitness/.wearable.WearableWatcher: pid=7463 uid=10045 gids={50045, 9997, 3003, 1028, 1015, 3002, 3001} abi=armeabi-v7a
I/Crashlytics( 7421): Initializing Crashlytics 1.1.13.29
I/Icing ( 7085): doRemovePackageData com.android.chrome
I/ActivityManager( 745): Start proc com.mailchimp.mailchimp for service com.mailchimp.mailchimp/.WearableService: pid=7477 uid=10096 gids={50096, 9997, 3003, 1028, 1015} abi=armeabi-v7a
W/ResourcesManager( 7441): Asset path '/system/framework/com.google.android.maps.jar' does not exist or contains no resources. D/MixpanelAPI - App Links (OPTIONAL)( 7384): Context is not an instance of Activity. To detect inbound App Links, pass an instance of an Activity to getInstance.
I/ActivityManager( 745): Process com.google.android.music:main (pid 7027) has died
W/ActivityManager( 745): Scheduling restart of crashed service com.google.android.music/.download.artwork.ArtDownloadService in 320444825600ms
W/ActivityManager( 745): Scheduling restart of crashed service com.google.android.music/.wear.WearDataTransferConnectionService in 1000ms
W/ActivityManager( 745): Scheduling restart of crashed service com.google.android.music/.wear.MusicWearableListenerService in 55651ms
D/WifiService( 745): Client connection lost with reason: 4
D/GpsStatusListenerHelper( 745): Remote Listener died: android.location.IGpsStatusListener$Stub$Proxy@11f650d8
V/BackupManagerService( 745): Disconnected from transport ComponentInfo{com.google.android.gms/com.google.android.gms.backup.BackupTransportService}
V/BackupManagerService( 745): Registering transport com.google.android.gms/.backup.BackupTransportService::null = null
D/ACRA ( 7441): ACRA is enabled for com.facebook.orca, intializing...
V/wearable( 7208): ensureBuffersHaveSpace: increasing size from 47 to 277
W/ActivityManager( 745): Failure sending service ComponentInfo{com.google.android.gms/com.google.android.gms.analytics.service.AnalyticsService} to connection android.os.BinderProxy@1556b48 (in com.google.process.location)
W/ActivityManager( 745): android.os.DeadObjectException
W/ActivityManager( 745): at android.os.BinderProxy.transactNative(Native Method)
W/ActivityManager( 745): at android.os.BinderProxy.transact(Binder.java:496)
W/ActivityManager( 745): at android.app.IServiceConnection$Stub$Proxy.connected(IServiceConnection.java:92)
W/ActivityManager( 745): at com.android.server.am.ActiveServices.publishServiceLocked(ActiveServices.java:866)
W/ActivityManager( 745): at com.android.server.am.ActivityManagerService.publishService(ActivityManagerService.java:14939)
W/ActivityManager( 745): at android.app.ActivityManagerNative.onTransact(ActivityManagerNative.java:971)
W/ActivityManager( 745): at com.android.server.am.ActivityManagerService.onTransact(ActivityManagerService.java:2407)
W/ActivityManager( 745): at android.os.Binder.execTransact(Binder.java:446)
I/ActivityManager( 745): Start proc com.motorola.targetnotif for service com.motorola.targetnotif/com.motorola.motoproxy.MotoProxyService: pid=7516 uid=10128 gids={50128, 9997, 3002, 3001, 3003, 1028, 1015} abi=armeabi-v7a
I/art ( 198): Explicit concurrent mark sweep GC freed 706(30KB) AllocSpace objects, 0(0B) LOS objects, 40% free, 15MB/25MB, paused 255us total 11.457ms
I/art ( 198): Explicit concurrent mark sweep GC freed 5(160B) AllocSpace objects, 0(0B) LOS objects, 40% free, 15MB/25MB, paused 234us total 10.480ms
I/art ( 198): Explicit concurrent mark sweep GC freed 5(160B) AllocSpace objects, 0(0B) LOS objects, 40% free, 15MB/25MB, paused 242us total 10.721ms
I/ActivityManager( 745): Process com.google.process.location (pid 6118) has died
W/ActivityManager( 745): Scheduling restart of crashed service com.google.android.gms/.backup.BackupTransportService in 220696576ms
W/ActivityManager( 745): Scheduling restart of crashed service com.google.android.gms/.fitness.service.BrokeredFitnessService in 65476ms
W/ActivityManager( 745): Scheduling restart of crashed service com.google.android.gms/com.google.android.location.network.NetworkLocationService in 539852800ms
W/ActivityManager( 745): Scheduling restart of crashed service com.google.android.gms/com.google.android.location.geofencer.service.GeofenceProviderService in 1228161024ms
W/ActivityManager( 745): Scheduling restart of crashed service com.google.android.gms/com.google.android.location.fused.FusedLocationService in 1392001024ms
W/ActivityManager( 745): Scheduling restart of crashed service com.google.android.gms/.auth.trustagent.GoogleTrustAgent in 1555841024ms
W/ActivityManager( 745): Scheduling restart of crashed service com.google.android.gms/com.google.android.location.reporting.service.DispatchingService in 1765838848ms
W/ActivityManager( 745): Scheduling restart of crashed service com.google.android.gms/com.google.android.location.internal.GoogleLocationManagerService in 75475ms
W/ActivityManager( 745): Scheduling restart of crashed service com.google.android.gms/com.google.android.location.internal.PendingIntentCallbackService in 2047344640ms
W/ActivityManager( 745): Scheduling restart of crashed service com.google.android.gms/.deviceconnection.service.DeviceConnectionServiceBroker in 302612480ms
W/ActivityManager( 745): Scheduling restart of crashed service com.google.android.gms/com.google.android.location.internal.server.GoogleLocationService in 2375024640ms
W/ActivityManager( 745): Scheduling restart of crashed service com.google.android.gms/com.google.android.location.fused.service.FusedProviderService in 2538864640ms
W/ActivityManager( 745): Scheduling restart of crashed service com.google.android.gms/com.google.android.location.fused.NlpLocationReceiverService in 2702704640ms
W/ActivityManager( 745): Scheduling restart of crashed service com.google.android.gms/com.google.android.location.geocode.GeocodeService in 2866544640ms
I/art ( 745): Explicit concurrent mark sweep GC freed 15686(1239KB) AllocSpace objects, 0(0B) LOS objects, 24% free, 49MB/65MB, paused 2.152ms total 190.206ms
D/ACRA ( 7441): Looking for error files in /data/data/com.facebook.orca/app_acra-reports
D/ACRA ( 7441): Looking for error files in /data/data/com.facebook.orca/app_minidumps
D/SoLoader( 7441): found fb_stl_shared in default place
D/SoLoader( 7441): found fb_breakpad_client in default place
I/ActivityManager( 745): Start proc com.google.process.location for service com.google.android.gms/com.google.android.location.wearable.LocationWearableListenerService: pid=7540 uid=10008 gids={50008, 9997, 2001, 3003, 1007, 3006, 1028, 1015, 3002, 3001, 1005, 3007} abi=armeabi-v7a
I/DexLibLoader( 7441): not using cross-dex optimization: ART in use
D/SoLoader( 7441): found distract in default place
D/SoLoader( 7441): found fb_dalvik-internals in default place
I/dalvik-internals( 7441): dlopen(libdvm) failed: no Dalvik modifications possible
V/DexLibLoader( 7441): about to lock odex store
V/DexLibLoader( 7441): locking odex store took 3 ms
V/DexLibLoader( 7441): Secondary program dex metadata: secondary-1.dex.jar 0058e50a60a24aba67657a5c793570adcff61cca secondary.dex01.Canary
V/DexLibLoader( 7441): Secondary program dex metadata: secondary-2.dex.jar 73963e3d7efd743d6f63fb04268870d728016952 secondary.dex02.Canary
V/DexLibLoader( 7441): directory "/data/data/com.facebook.orca/app_secondary_program_dex" contains "program-0058e50a60a24aba67657a5c793570adcff61cca2c0cbebd.dex.jar" as expected
V/DexLibLoader( 7441): directory "/data/data/com.facebook.orca/app_secondary_program_dex" contains "program-73963e3d7efd743d6f63fb04268870d7280169522c0cbebd.dex.jar" as expected
D/DexLibLoader( 7441): directory "/data/data/com.facebook.orca/app_secondary_program_dex" is valid
V/DexLibLoader( 7441): directory "/data/data/com.facebook.orca/app_secondary_program_dex_opt" contains "program-0058e50a60a24aba67657a5c793570adcff61cca2c0cbebd.dex.dex" as expected
V/DexLibLoader( 7441): directory "/data/data/com.facebook.orca/app_secondary_program_dex_opt" contains "program-73963e3d7efd743d6f63fb04268870d7280169522c0cbebd.dex.dex" as expected
D/DexLibLoader( 7441): directory "/data/data/com.facebook.orca/app_secondary_program_dex_opt" is valid
D/DexLibLoader( 7441): loading pre-built fallback odex files
I/FitnessApp( 7463): Validating ObjectGraph
D/WearableClient( 7384): WearableClientImpl.onPostInitHandler: done
D/DexLibLoader( 7441): released odex store lock
D/DexLibLoader( 7441): DexLibLoader.loadAll took 70 ms
W/GoogleApiClientImpl( 7384): Service died while flushing queue
W/GoogleApiClientImpl( 7384): android.os.DeadObjectException
W/GoogleApiClientImpl( 7384): at android.os.BinderProxy.transactNative(Native Method)
W/GoogleApiClientImpl( 7384): at android.os.BinderProxy.transact(Binder.java:496)
W/GoogleApiClientImpl( 7384): at com.google.android.gms.wearable.internal.ad$a$a.a(Unknown Source)
W/GoogleApiClientImpl( 7384): at com.google.android.gms.wearable.internal.au.a(Unknown Source)
W/GoogleApiClientImpl( 7384): at com.google.android.gms.wearable.internal.ah$3.a(Unknown Source)
W/GoogleApiClientImpl( 7384): at com.google.android.gms.wearable.internal.ah$3.a(Unknown Source)
W/GoogleApiClientImpl( 7384): at com.google.android.gms.common.api.a$b.b(Unknown Source)
W/GoogleApiClientImpl( 7384): at com.google.android.gms.common.api.c.a(Unknown Source)
W/GoogleApiClientImpl( 7384): at com.google.android.gms.common.api.c.eL(Unknown Source)
W/GoogleApiClientImpl( 7384): at com.google.android.gms.common.api.c.eK(Unknown Source)
W/GoogleApiClientImpl( 7384): at com.google.android.gms.common.api.c.d(Unknown Source)
W/GoogleApiClientImpl( 7384): at com.google.android.gms.common.api.c$2.onConnected(Unknown Source)
W/GoogleApiClientImpl( 7384): at com.google.android.gms.internal.hc.c(Unknown Source)
W/GoogleApiClientImpl( 7384): at com.google.android.gms.internal.hc.cp(Unknown Source)
W/GoogleApiClientImpl( 7384): at com.google.android.gms.internal.hb$h.b(Unknown Source)
W/GoogleApiClientImpl( 7384): at com.google.android.gms.internal.hb$h.d(Unknown Source)
W/GoogleApiClientImpl( 7384): at com.google.android.gms.internal.hb$b.fv(Unknown Source)
W/GoogleApiClientImpl( 7384): at com.google.android.gms.internal.hb$a.handleMessage(Unknown Source)
W/GoogleApiClientImpl( 7384): at android.os.Handler.dispatchMessage(Handler.java:102)
W/GoogleApiClientImpl( 7384): at android.os.Looper.loop(Looper.java:135)
W/GoogleApiClientImpl( 7384): at android.app.ActivityThread.main(ActivityThread.java:5221)
W/GoogleApiClientImpl( 7384): at java.lang.reflect.Method.invoke(Native Method)
W/GoogleApiClientImpl( 7384): at java.lang.reflect.Method.invoke(Method.java:372)
W/GoogleApiClientImpl( 7384): at com.android.internal.os.ZygoteInit$MethodAndArgsCaller.run(ZygoteInit.java:899)
W/GoogleApiClientImpl( 7384): at com.android.internal.os.ZygoteInit.main(ZygoteInit.java:694)
I/ActivityManager( 745): Start proc com.google.android.apps.maps for service com.google.android.apps.maps/com.google.android.apps.gmm.navigation.base.WearableService: pid=7563 uid=10058 gids={50058, 9997, 3003, 1028, 1015} abi=armeabi-v7a
W/GoogleApiClientImpl( 7384): Service died while flushing queue
W/GoogleApiClientImpl( 7384): android.os.DeadObjectException
W/GoogleApiClientImpl( 7384): at android.os.BinderProxy.transactNative(Native Method)
W/GoogleApiClientImpl( 7384): at android.os.BinderProxy.transact(Binder.java:496)
W/GoogleApiClientImpl( 7384): at com.google.android.gms.wearable.internal.ad$a$a.a(Unknown Source)
W/GoogleApiClientImpl( 7384): at com.google.android.gms.wearable.internal.au.a(Unknown Source)
W/GoogleApiClientImpl( 7384): at com.google.android.gms.wearable.internal.ae$2.a(Unknown Source)
W/GoogleApiClientImpl( 7384): at com.google.android.gms.wearable.internal.ae$2.a(Unknown Source)
W/GoogleApiClientImpl( 7384): at com.google.android.gms.common.api.a$b.b(Unknown Source)
W/GoogleApiClientImpl( 7384): at com.google.android.gms.common.api.c.a(Unknown Source)
W/GoogleApiClientImpl( 7384): at com.google.android.gms.common.api.c.eL(Unknown Source)
W/GoogleApiClientImpl( 7384): at com.google.android.gms.common.api.c.eK(Unknown Source)
W/GoogleApiClientImpl( 7384): at com.google.android.gms.common.api.c.d(Unknown Source)
W/GoogleApiClientImpl( 7384): at com.google.android.gms.common.api.c$2.onConnected(Unknown Source)
W/GoogleApiClientImpl( 7384): at com.google.android.gms.internal.hc.c(Unknown Source)
W/GoogleApiClientImpl( 7384): at com.google.android.gms.internal.hc.cp(Unknown Source)
W/GoogleApiClientImpl( 7384): at com.google.android.gms.internal.hb$h.b(Unknown Source)
W/GoogleApiClientImpl( 7384): at com.google.android.gms.internal.hb$h.d(Unknown Source)
W/GoogleApiClientImpl( 7384): at com.google.android.gms.internal.hb$b.fv(Unknown Source)
W/GoogleApiClientImpl( 7384): at com.google.android.gms.internal.hb$a.handleMessage(Unknown Source)
W/GoogleApiClientImpl( 7384): at android.os.Handler.dispatchMessage(Handler.java:102)
W/GoogleApiClientImpl( 7384): at android.os.Looper.loop(Looper.java:135)
W/GoogleApiClientImpl( 7384): at android.app.ActivityThread.main(ActivityThread.java:5221)
W/GoogleApiClientImpl( 7384): at java.lang.reflect.Method.invoke(Native Method)
W/GoogleApiClientImpl( 7384): at java.lang.reflect.Method.invoke(Method.java:372)
W/GoogleApiClientImpl( 7384): at com.android.internal.os.ZygoteInit$MethodAndArgsCaller.run(ZygoteInit.java:899)
W/GoogleApiClientImpl( 7384): at com.android.internal.os.ZygoteInit.main(ZygoteInit.java:694)
W/GoogleApiClientImpl( 7384): Service died while flushing queue
W/GoogleApiClientImpl( 7384): android.os.DeadObjectException
W/GoogleApiClientImpl( 7384): at android.os.BinderProxy.transactNative(Native Method)
W/GoogleApiClientImpl( 7384): at android.os.BinderProxy.transact(Binder.java:496)
W/GoogleApiClientImpl( 7384): at com.google.android.gms.wearable.internal.ad$a$a.a(Unknown Source)
W/GoogleApiClientImpl( 7384): at com.google.android.gms.wearable.internal.au.a(Unknown Source)
W/GoogleApiClientImpl( 7384): at com.google.android.gms.wearable.internal.f$8.a(Unknown Source)
W/GoogleApiClientImpl( 7384): at com.google.android.gms.wearable.internal.f$8.a(Unknown Source)
W/GoogleApiClientImpl( 7384): at com.google.android.gms.common.api.a$b.b(Unknown Source)
W/GoogleApiClientImpl( 7384): at com.google.android.gms.common.api.c.a(Unknown Source)
W/GoogleApiClientImpl( 7384): at com.google.android.gms.common.api.c.eL(Unknown Source)
W/GoogleApiClientImpl( 7384): at com.google.android.gms.common.api.c.eK(Unknown Source)
W/GoogleApiClientImpl( 7384): at com.google.android.gms.common.api.c.d(Unknown Source)
W/GoogleApiClientImpl( 7384): at com.google.android.gms.common.api.c$2.onConnected(Unknown Source)
W/GoogleApiClientImpl( 7384): at com.google.android.gms.internal.hc.c(Unknown Source)
W/GoogleApiClientImpl( 7384): at com.google.android.gms.internal.hc.cp(Unknown Source)
W/GoogleApiClientImpl( 7384): at com.google.android.gms.internal.hb$h.b(Unknown Source)
W/GoogleApiClientImpl( 7384): at com.google.android.gms.internal.hb$h.d(Unknown Source)
W/GoogleApiClientImpl( 7384): at com.google.android.gms.internal.hb$b.fv(Unknown Source)
W/GoogleApiClientImpl( 7384): at com.google.android.gms.internal.hb$a.handleMessage(Unknown Source)
W/GoogleApiClientImpl( 7384): at android.os.Handler.dispatchMessage(Handler.java:102)
W/GoogleApiClientImpl( 7384): at android.os.Looper.loop(Looper.java:135)
W/GoogleApiClientImpl( 7384): at android.app.ActivityThread.main(ActivityThread.java:5221)
W/GoogleApiClientImpl( 7384): at java.lang.reflect.Method.invoke(Native Method)
W/GoogleApiClientImpl( 7384): at java.lang.reflect.Method.invoke(Method.java:372)
W/GoogleApiClientImpl( 7384): at com.android.internal.os.ZygoteInit$MethodAndArgsCaller.run(ZygoteInit.java:899)
W/GoogleApiClientImpl( 7384): at com.android.internal.os.ZygoteInit.main(ZygoteInit.java:694)
I/FitnessApp( 7463): Initializing Google Cloud Messaging
W/ResourcesManager( 7540): Asset path '/system/framework/com.android.media.remotedisplay.jar' does not exist or contains no resources.
W/ResourcesManager( 7540): Asset path '/system/framework/com.android.location.provider.jar' does not exist or contains no resources.
W/bt-btif (23530): bta_jv_rfc_port_to_cb(port_handle:0x7):jv handle:0x0 not FOUND
I/FitnessApp( 7463): Initializers took 2 milliseconds
W/GAV4 ( 7421): Thread[main,5,main]: string configuration name not recognized: ga_logLevel
W/GAV4 ( 7421): Thread[main,5,main]: int configuration name not recognized: ga_dispatchPeriod
I/MultiDex( 7540): VM with version 2.1.0 has multidex support
I/MultiDex( 7540): install
I/MultiDex( 7540): VM has multidex support, MultiDex support library is disabled.
I/ActivityManager( 745): Process com.google.android.gms.wearable (pid 7208) has died
W/ActivityManager( 745): Scheduling restart of crashed service com.google.android.gms/.wearable.service.WearableService in 85198ms
W/ActivityManager( 745): Scheduling restart of crashed service com.google.android.gms/.wearable.node.bluetooth.BluetoothClientService in 232516ms
I/ActivityManager( 745): Start proc com.google.android.gms.wearable for service com.google.android.gms/.wearable.service.WearableService: pid=7594 uid=10008 gids={50008, 9997, 2001, 3003, 1007, 3006, 1028, 1015, 3002, 3001, 1005, 3007} abi=armeabi-v7a
I/CWCheckin( 7516): EventInsertThread started
I/ActivityManager( 745): Start proc com.android.vending for service com.android.vending/com.google.android.finsky.billing.iab.InAppBillingService: pid=7603 uid=10016 gids={50016, 9997, 3003, 1028, 1015} abi=armeabi-v7a
I/ActivityManager( 745): Process com.tinder (pid 7384) has died
D/LocationInitializer( 7085): Restart initialization of location
D/AuthorizationBluetoothService( 5649): Received GmsCore event: Intent { act=com.google.android.gms.INITIALIZE flg=0x10 pkg=com.google.android.gms cmp=com.google.android.gms/.auth.be.proximity.authorization.bt.AuthorizationBluetoothService$AutoStarter }.
D/c ( 5649): Getting all permits...
D/a ( 5649): Opening database...
D/a ( 5649): Opening database auth.proximity.permit_store...
D/a ( 5649): Closing database...
E/PackageNameComparator( 7347): Couldn't find package ranking in gservices.
I/ProviderInstaller( 7540): Insert disabled by gate 'gms:security:enable_conscrypt_in_gms_application'
W/ResourcesManager( 7594): Asset path '/system/framework/com.android.media.remotedisplay.jar' does not exist or contains no resources.
W/ResourcesManager( 7594): Asset path '/system/framework/com.android.location.provider.jar' does not exist or contains no resources.
D/BluetoothManagerService( 745): Message: 20
D/BluetoothManagerService( 745): Added callback: android.bluetooth.IBluetoothManagerCallback$Stub$Proxy@2cfa1950:true
I/MultiDex( 7594): VM with version 2.1.0 has multidex support
I/MultiDex( 7594): install
I/MultiDex( 7594): VM has multidex support, MultiDex support library is disabled.
I/ActivityManager( 745): Process com.google.android.maps.mytracks (pid 7402) has died
E/lowmemorykiller( 169): Error writing /proc/7463/oom_score_adj; errno=22
I/ActivityManager( 745): Process com.google.android.apps.fitness (pid 7463) has died
I/GoogleHttpClient( 7540): Falling back to old SSLCertificateSocketFactory
I/ProviderInstaller( 7594): Insert disabled by gate 'gms:security:enable_conscrypt_in_gms_application'
I/MediaRemoteController( 7347): registering MediaRemoteController21
I/ActivityManager( 745): Process com.mailchimp.mailchimp (pid 7477) has died
I/Icing ( 7085): Internal init done: storage state 0
I/WearablePkgInstaller( 7347): Syncing all apps on first start.
V/BackupManagerService( 745): Connected to transport ComponentInfo{com.google.android.gms/com.google.android.gms.backup.BackupTransportService}
V/BackupManagerService( 745): Registering transport com.google.android.gms/.backup.BackupTransportService::com.google.android.gms/.backup.BackupTransportService = com.android.internal.backup.IBackupTransport$Stub$Proxy@15e10a3f
D/BluetoothManagerService( 745): Message: 20
D/BluetoothManagerService( 745): Added callback: android.bluetooth.IBluetoothManagerCallback$Stub$Proxy@2c15f509:true
E/GoogleApiIcingClientImpl( 4941): NoSuchMethodException while trying to construct DocumentContents
E/SQLiteLog( 7594): (284) automatic index on assetrefs(dataitems_id)
I/ActivityManager( 745): Start proc com.google.android.music:main for service com.google.android.music/.wear.WearDataTransferConnectionService: pid=7674 uid=10060 gids={50060, 9997, 3003, 1028, 1015} abi=armeabi-v7a
I/Fitness ( 7085): GmsCore initialized. Initializing Fitness
W/ActivityThread( 7085): ClassLoader.getResources: The class loader returned by Thread.getContextClassLoader() may fail for processes that host multiple applications. You should explicitly specify a context class loader. For example: Thread.setContextClassLoader(getClass().getClassLoader());
I/ActivityManager( 745): Start proc com.google.android.apps.fitness for broadcast com.google.android.apps.fitness/.wearable.WearableSyncReceiver: pid=7694 uid=10045 gids={50045, 9997, 3003, 1028, 1015, 3002, 3001} abi=armeabi-v7a
E/CWCheckin( 7516): PrivacyHelper() cannot find MotorolaSettings!
D/Checkin ( 7516): publish the event [tag = MOT_CHECKIN event name = LOG]
D/CWCheckin( 7516): Motorola help_improve privacy is -1
D/CWCheckin( 7516): Generic privacy config is true
W/GmsClient( 7347): service died
I/BSUtils ( 7516): device type: NONMOTO
W/InputDispatcher( 745): channel 'f070dfd com.chrome.beta/com.google.android.apps.chrome.document.DocumentActivity (server)' ~ Consumer closed input channel or an error occurred. events=0x9
E/InputDispatcher( 745): channel 'f070dfd com.chrome.beta/com.google.android.apps.chrome.document.DocumentActivity (server)' ~ Channel is unrecoverably broken and will be disposed!
E/ActivityThread( 7516): Failed to find provider info for com.motorola.ccc.plm.misc
I/CWCheckin( 7516): service created
D/Checkin ( 7516): publish the event [tag = MOT_CHECKIN event name = LOG]
D/CWCheckin( 7516): Motorola help_improve privacy is -1
D/CWCheckin( 7516): Generic privacy config is true
I/CWCheckin( 7516): service started
D/Checkin ( 7516): publish the event [tag = MOT_CHECKIN event name = LOG]
D/CWCheckin( 7516): Motorola help_improve privacy is -1
D/CWCheckin( 7516): Generic privacy config is true
D/WearableClient( 7516): WearableClientImpl.onPostInitHandler: done
I/ActivityManager( 745): Start proc com.google.android.googlequicksearchbox:search for service com.google.android.googlequicksearchbox/com.google.android.sidekick.main.remoteservice.GoogleNowRemoteService: pid=7733 uid=10022 gids={50022, 9997, 3003, 3001, 1028, 3002, 1015, 1005} abi=armeabi-v7a
W/NowFetcherService( 7347): Receives a Now broadcast while not connected to GSA
D/WearableClient( 7421): WearableClientImpl.onPostInitHandler: done
W/CastMediaRouteProvider( 7085): addOrUpdateDevice: device: "Bedroom" (d15d9799f22e16497ac472aa54e505f5) applicationName: null
E/JavaBinder( 7085): !!! FAILED BINDER TRANSACTION !!!
E/MediaRouteProviderSrv( 7085): Could not send message to Client connection android.os.BinderProxy@3978106c
E/MediaRouteProviderSrv( 7085): android.os.TransactionTooLargeException
E/MediaRouteProviderSrv( 7085): at android.os.BinderProxy.transactNative(Native Method)
E/MediaRouteProviderSrv( 7085): at android.os.BinderProxy.transact(Binder.java:496)
E/MediaRouteProviderSrv( 7085): at android.os.IMessenger$Stub$Proxy.send(IMessenger.java:89)
E/MediaRouteProviderSrv( 7085): at android.os.Messenger.send(Messenger.java:57)
E/MediaRouteProviderSrv( 7085): at android.support.v7.c.n.a(SourceFile:450)
E/MediaRouteProviderSrv( 7085): at android.support.v7.c.n.a(SourceFile:56)
E/MediaRouteProviderSrv( 7085): at android.support.v7.c.r.a(SourceFile:477)
E/MediaRouteProviderSrv( 7085): at android.support.v7.c.h.handleMessage(SourceFile:387)
E/MediaRouteProviderSrv( 7085): at android.os.Handler.dispatchMessage(Handler.java:102)
E/MediaRouteProviderSrv( 7085): at android.os.Looper.loop(Looper.java:135)
E/MediaRouteProviderSrv( 7085): at android.app.ActivityThread.main(ActivityThread.java:5221)
E/MediaRouteProviderSrv( 7085): at java.lang.reflect.Method.invoke(Native Method)
E/MediaRouteProviderSrv( 7085): at java.lang.reflect.Method.invoke(Method.java:372)
E/MediaRouteProviderSrv( 7085): at com.android.internal.os.ZygoteInit$MethodAndArgsCaller.run(ZygoteInit.java:899)
E/MediaRouteProviderSrv( 7085): at com.android.internal.os.ZygoteInit.main(ZygoteInit.java:694)
E/ActivityThread( 7516): Failed to find provider info for com.motorola.ccc.plm.misc
I/CCE ( 7516): Default cloud URL does not match to one in our config .. deleting config to force device to reprovision
I/WearableConn( 7594): Connecting to "Moto 360 0360"
W/CastMediaRouteProvider( 7085): addOrUpdateDevice: device: "Living Room" (bf0c70d0b1107f94aa11ce38768ffbd2) applicationName: null
W/CheckinEventWrapper( 7516): Unable to get checkin class.
D/WearableClient( 7516): WearableClientImpl.onPostInitHandler: done
