D/WearableClient( 7347): WearableClientImpl.onPostInitHandler: done
D/CCE ( 7516): _setupDefaults() ignoring overlayed setting as it is not defined in our Configuration
I/WindowState( 745): WIN DEATH: Window{28915496 u0 SurfaceView}
D/CCE ( 7516): blur version: Blur_Version.21.0.1570415.hammerhead.unknown.en.US
W/BluetoothAdapter( 7594): getBluetoothService() called with no BluetoothManagerCallback
I/ActivityManager( 745): Process com.chrome.beta (pid 4941) has died
W/ActivityManager( 745): Force removing ActivityRecord{3fb4aa90 u0 com.chrome.beta/com.google.android.apps.chrome.document.DocumentActivity t380}: app died, no saved state
I/WindowState( 745): WIN DEATH: Window{f070dfd u0 com.chrome.beta/com.google.android.apps.chrome.document.DocumentActivity}
W/InputDispatcher( 745): Attempted to unregister already unregistered input channel 'f070dfd com.chrome.beta/com.google.android.apps.chrome.document.DocumentActivity (server)'
E/BlurMotherFrameworkDeps( 7516): failed to register tag for checkin logging
I/ActivityManager( 745): Killing 4998:com.chrome.beta:sandboxed_process0/u0a91i382 (adj 0): isolated not needed
W/libprocessgroup( 745): failed to open /acct/uid_10091/pid_4998/cgroup.procs: No such file or directory
D/MMApiWSBase( 7516): MMApiWSBase configured as mOAuthToken=null, mOAuthTokenSecret=null, mSocketTimeout=30000, mTimeSkew=0, mChunkSize=8192
I/MusicStore( 7674): Database version: 103
I/ActivityManager( 745): Start proc com.android.providers.calendar for content provider com.android.providers.calendar/.CalendarProvider2: pid=7766 uid=10002 gids={50002, 9997, 3003, 1028, 1015} abi=armeabi-v7a
W/libprocessgroup( 745): failed to open /acct/uid_10091/pid_4998/cgroup.procs: No such file or directory
I/FitnessApp( 7694): Validating ObjectGraph
D/BTIF_SOCK(23530): service_uuid: 5e8945b0-9525-11e3-a5e2-0800200c9a66
W/ResourcesManager( 7347): Asset path '/system/framework/com.android.media.remotedisplay.jar' does not exist or contains no resources.
W/ResourcesManager( 7347): Asset path '/system/framework/com.android.location.provider.jar' does not exist or contains no resources.
W/bt-sdp (23530): process_service_search_attr_rsp
E/bt-btif (23530): DISCOVERY_COMP_EVT slot id:143, failed to find channle, status:1, scn:0
W/bt-btif (23530): invalid rfc slot id: 143
W/WearableConn( 7594): Error writing to device, error: read failed, socket might closed or timeout, read ret: -1
D/WearableBluetooth( 7594): onSocketReady returned, closing socket
I/Fitness ( 7540): WearableSyncHostService.start
I/art ( 745): Explicit concurrent mark sweep GC freed 15727(1184KB) AllocSpace objects, 0(0B) LOS objects, 24% free, 49MB/65MB, paused 4.533ms total 164.038ms
I/WearableConn( 7594): Waiting 1.0 seconds to retry connection
I/Icing ( 7085): Post-init done
I/art ( 5649): Explicit concurrent mark sweep GC freed 3454(156KB) AllocSpace objects, 0(0B) LOS objects, 40% free, 18MB/31MB, paused 1.346ms total 53.535ms
E/BlurMotherFrameworkDeps( 7516): failed to register tag for checkin logging
D/CCE ( 7516): AppWSProxy created ...
D/PollingManager( 7516): PollingManagerService()
D/PollingManager( 7516): init()
D/Finsky ( 7603): [1] FinskyApp.onCreate: Initializing network with DFE https://android.clients.google.com/fdfe/
I/art ( 1323): Explicit concurrent mark sweep GC freed 50991(2MB) AllocSpace objects, 2(40KB) LOS objects, 29% free, 37MB/53MB, paused 3.750ms total 115.356ms
E/ad ( 7441): Multi-binding Key[type=com.facebook.auth.h.a, annotation=[none]] wasn't declared.
E/ad ( 7441): Multi-binding Key[type=com.facebook.gk.h, annotation=[none]] wasn't declared.
D/BluetoothManagerService( 745): Message: 20
D/BluetoothManagerService( 745): Added callback: android.bluetooth.IBluetoothManagerCallback$Stub$Proxy@50bd8da:true
E/ad ( 7441): Multi-binding Key[type=com.facebook.gk.t, annotation=[none]] wasn't declared.
E/ad ( 7441): Multi-binding Key[type=com.facebook.auth.component.c, annotation=[none]] wasn't declared.
D/UserSettingsManager( 7347): setState: skipping set state: initial state not loaded
W/ResourcesManager( 7766): Asset path '/system/framework/android.test.runner.jar' does not exist or contains no resources.
I/UserAuthService( 7516): service started, account exists: true
D/MMApiProvisionService( 7516): Configuring max forced login attempts to 50
E/BlurMotherFrameworkDeps( 7516): failed to register tag for checkin logging
D/MMApiProvisionService( 7516): MMApiProvisionService created...
D/MMApiProvisionService( 7516): isDeviceProvisioned: deviceId = null
D/CCE ( 7516): sending request: (create_device) to MMApiprovisionService
I/MMApiProvisionService( 7516): createDeviceIdOrLogin create_device
D/MMApiProvisionService( 7516): isDeviceProvisioned: deviceId = null
I/UserDevice( 7516): createDevice
D/BSUtils ( 7516): Error checking isMultiSimEnabled, Exception:java.lang.ClassNotFoundException: android.telephony.MSimTelephonyManager
I/WearableConn( 7594): Connecting to "Moto 360 0360"
W/BluetoothAdapter( 7594): getBluetoothService() called with no BluetoothManagerCallback
V/GmsNetworkLocationProvi( 7540): onSetRequest: ProviderRequestUnbundled, reportLocation is true and interval is 86400000
I/FitnessApp( 7694): Initializing Google Cloud Messaging
I/FitnessApp( 7694): Initializers took 1 milliseconds
D/BTIF_SOCK(23530): service_uuid: 5e8945b0-9525-11e3-a5e2-0800200c9a66
D/BSUtils ( 7516): Error checking isMultiSimEnabled, Exception:java.lang.ClassNotFoundException: android.telephony.MSimTelephonyManager
I/ActivityManager( 745): Start proc com.google.android.partnersetup for content provider com.google.android.partnersetup/.RlzAppProvider: pid=7816 uid=10013 gids={50013, 9997, 3003} abi=armeabi-v7a
I/BSUtils ( 7516): failed to get sys.build.version.checksum. Setting swChkSum to default: FFFF
I/CalendarProvider2( 7766): Created com.android.providers.calendar.CalendarAlarmManager@f038f81(com.android.providers.calendar.CalendarProvider2@39039826)
W/InputMethodManagerService( 745): Got RemoteException sending setActive(false) notification to pid 4941 uid 10091
I/FitnessApp( 7694): WearableSyncReceiver
D/StrictMode( 7563): StrictMode policy violation; ~duration=963 ms: android.os.StrictMode$StrictModeDiskReadViolation: policy=31 violation=2
D/StrictMode( 7563): at android.os.StrictMode$AndroidBlockGuardPolicy.onReadFromDisk(StrictMode.java:1137)
D/StrictMode( 7563): at libcore.io.BlockGuardOs.access(BlockGuardOs.java:67)
D/StrictMode( 7563): at java.io.File.doAccess(File.java:283)
D/StrictMode( 7563): at java.io.File.exists(File.java:363)
D/StrictMode( 7563): at android.app.ContextImpl.createFilesDirLocked(ContextImpl.java:989)
D/StrictMode( 7563): at android.app.ContextImpl.getFilesDir(ContextImpl.java:1012)
D/StrictMode( 7563): at android.content.ContextWrapper.getFilesDir(ContextWrapper.java:201)
D/StrictMode( 7563): at com.google.android.libraries.stitch.incompat.missinglibs.a.a(PG:31)
D/StrictMode( 7563): at com.google.android.libraries.stitch.incompat.b.a(PG:116)
D/StrictMode( 7563): at com.google.android.apps.gmm.base.app.b.(PG:438)
D/StrictMode( 7563): at com.google.android.apps.gmm.base.app.GoogleMapsApplication.onCreate(PG:84)
D/StrictMode( 7563): at android.app.Instrumentation.callApplicationOnCreate(Instrumentation.java:1011)
D/StrictMode( 7563): at android.app.ActivityThread.handleBindApplication(ActivityThread.java:4518)
D/StrictMode( 7563): at android.app.ActivityThread.access$1500(ActivityThread.java:144)
D/StrictMode( 7563): at android.app.ActivityThread$H.handleMessage(ActivityThread.java:1339)
D/StrictMode( 7563): at android.os.Handler.dispatchMessage(Handler.java:102)
D/StrictMode( 7563): at android.os.Looper.loop(Looper.java:135)
D/StrictMode( 7563): at android.app.ActivityThread.main(ActivityThread.java:5221)
D/StrictMode( 7563): at java.lang.reflect.Method.invoke(Native Method)
D/StrictMode( 7563): at java.lang.reflect.Method.invoke(Method.java:372)
D/StrictMode( 7563): at com.android.internal.os.ZygoteInit$MethodAndArgsCaller.run(ZygoteInit.java:899)
D/StrictMode( 7563): at com.android.internal.os.ZygoteInit.main(ZygoteInit.java:694)
D/StrictMode( 7563): StrictMode policy violation; ~duration=956 ms: android.os.StrictMode$StrictModeDiskReadViolation: policy=31 violation=2
D/StrictMode( 7563): at android.os.StrictMode$AndroidBlockGuardPolicy.onReadFromDisk(StrictMode.java:1137)
D/StrictMode( 7563): at libcore.io.BlockGuardOs.access(BlockGuardOs.java:67)
D/StrictMode( 7563): at java.io.File.doAccess(File.java:283)
D/StrictMode( 7563): at java.io.File.exists(File.java:363)
D/StrictMode( 7563): at com.google.android.libraries.stitch.incompat.b.a(PG:116)
D/StrictMode( 7563): at com.google.android.apps.gmm.base.app.b.(PG:438)
D/StrictMode( 7563): at com.google.android.apps.gmm.base.app.GoogleMapsApplication.onCreate(PG:84)
D/StrictMode( 7563): at android.app.Instrumentation.callApplicationOnCreate(Instrumentation.java:1011)
D/StrictMode( 7563): at android.app.ActivityThread.handleBindApplication(ActivityThread.java:4518)
D/StrictMode( 7563): at android.app.ActivityThread.access$1500(ActivityThread.java:144)
D/StrictMode( 7563): at android.app.ActivityThread$H.handleMessage(ActivityThread.java:1339)
D/StrictMode( 7563): at android.os.Handler.dispatchMessage(Handler.java:102)
D/StrictMode( 7563): at android.os.Looper.loop(Looper.java:135)
D/StrictMode( 7563): at android.app.ActivityThread.main(ActivityThread.java:5221)
D/StrictMode( 7563): at java.lang.reflect.Method.invoke(Native Method)
D/StrictMode( 7563): at java.lang.reflect.Method.invoke(Method.java:372)
D/StrictMode( 7563): at com.android.internal.os.ZygoteInit$MethodAndArgsCaller.run(ZygoteInit.java:899)
D/StrictMode( 7563): at com.android.internal.os.ZygoteInit.main(ZygoteInit.java:694)
D/StrictMode( 7563): StrictMode policy violation; ~duration=932 ms: android.os.StrictMode$StrictModeDiskReadViolation: policy=31 violation=2
D/StrictMode( 7563): at android.os.StrictMode$AndroidBlockGuardPolicy.onReadFromDisk(StrictMode.java:1137)
D/StrictMode( 7563): at libcore.io.BlockGuardOs.open(BlockGuardOs.java:182)
D/StrictMode( 7563): at libcore.io.IoUtils.canOpenReadOnly(IoUtils.java:165)
D/StrictMode( 7563): at dalvik.system.DexPathList.findLibrary(DexPathList.java:383)
D/StrictMode( 7563): at dalvik.system.BaseDexClassLoader.findLibrary(BaseDexClassLoader.java:77)
D/StrictMode( 7563): at java.lang.Runtime.loadLibrary(Runtime.java:360)
D/StrictMode( 7563): at java.lang.System.loadLibrary(System.java:989)
D/StrictMode( 7563): at com.google.android.libraries.social.jni.crashreporter.NativeCrashHandler.a(PG:182)
D/StrictMode( 7563): at com.google.android.libraries.social.jni.crashreporter.NativeCrashHandler.a(PG:81)
D/StrictMode( 7563): at com.google.android.apps.gmm.base.app.b.(PG:452)
D/StrictMode( 7563): at com.google.android.apps.gmm.base.app.GoogleMapsApplication.onCreate(PG:84)
D/StrictMode( 7563): at android.app.Instrumentation.callApplicationOnCreate(Instrumentation.java:1011)
D/StrictMode( 7563): at android.app.ActivityThread.handleBindApplication(ActivityThread.java:4518)
D/StrictMode( 7563): at android.app.ActivityThread.access$1500(ActivityThread.java:144)
D/StrictMode( 7563): at android.app.ActivityThread$H.handleMessage(ActivityThread.java:1339)
D/StrictMode( 7563): at android.os.Handler.dispatchMessage(Handler.java:102)
D/StrictMode( 7563): at android.os.Looper.loop(Looper.java:135)
D/StrictMode( 7563): at android.app.ActivityThread.main(ActivityThread.java:5221)
D/StrictMode( 7563): at java.lang.reflect.Method.invoke(Native Method)
D/StrictMode( 7563): at java.lang.reflect.Method.invoke(Method.java:372)
D/StrictMode( 7563): at com.android.internal.os.ZygoteInit$MethodAndArgsCaller.run(ZygoteInit.java:899)
D/StrictMode( 7563): at com.android.internal.os.ZygoteInit.main(ZygoteInit.java:694)
I/FitnessApp( 7694): WearableSyncReceiver starting service
D/Finsky ( 7603): [1] DailyHygiene.goMakeHygieneIfDirty: No need to run daily hygiene.
D/StrictMode( 7563): StrictMode policy violation; ~duration=854 ms: android.os.StrictMode$StrictModeDiskReadViolation: policy=31 violation=2
D/StrictMode( 7563): at android.os.StrictMode$AndroidBlockGuardPolicy.onReadFromDisk(StrictMode.java:1137)
D/StrictMode( 7563): at android.app.SharedPreferencesImpl.awaitLoadedLocked(SharedPreferencesImpl.java:202)
D/StrictMode( 7563): at android.app.SharedPreferencesImpl.getBoolean(SharedPreferencesImpl.java:259)
D/StrictMode( 7563): at android.preference.PreferenceManager.setDefaultValues(PreferenceManager.java:481)
D/StrictMode( 7563): at com.google.android.apps.gmm.shared.b.a.a(PG:661)
D/StrictMode( 7563): at com.google.android.apps.gmm.base.app.b.(PG:468)
D/StrictMode( 7563): at com.google.android.apps.gmm.base.app.GoogleMapsApplication.onCreate(PG:84)
D/StrictMode( 7563): at android.app.Instrumentation.callApplicationOnCreate(Instrumentation.java:1011)
D/StrictMode( 7563): at android.app.ActivityThread.handleBindApplication(ActivityThread.java:4518)
D/StrictMode( 7563): at android.app.ActivityThread.access$1500(ActivityThread.java:144)
D/StrictMode( 7563): at android.app.ActivityThread$H.handleMessage(ActivityThread.java:1339)
D/StrictMode( 7563): at android.os.Handler.dispatchMessage(Handler.java:102)
D/StrictMode( 7563): at android.os.Looper.loop(Looper.java:135)
D/StrictMode( 7563): at android.app.ActivityThread.main(ActivityThread.java:5221)
D/StrictMode( 7563): at java.lang.reflect.Method.invoke(Native Method)
D/StrictMode( 7563): at java.lang.reflect.Method.invoke(Method.java:372)
D/StrictMode( 7563): at com.android.internal.os.ZygoteInit$MethodAndArgsCaller.run(ZygoteInit.java:899)
D/StrictMode( 7563): at com.android.internal.os.ZygoteInit.main(ZygoteInit.java:694)
D/StrictMode( 7563): StrictMode policy violation; ~duration=847 ms: android.os.StrictMode$StrictModeDiskReadViolation: policy=31 violation=2
D/StrictMode( 7563): at android.os.StrictMode$AndroidBlockGuardPolicy.onReadFromDisk(StrictMode.java:1137)
D/StrictMode( 7563): at android.app.SharedPreferencesImpl.awaitLoadedLocked(SharedPreferencesImpl.java:202)
D/StrictMode( 7563): at android.app.SharedPreferencesImpl.getInt(SharedPreferencesImpl.java:238)
D/StrictMode( 7563): at com.google.android.apps.gmm.shared.b.a.a(PG:760)
D/StrictMode( 7563): at com.google.android.apps.gmm.shared.b.a.a(PG:667)
D/StrictMode( 7563): at com.google.android.apps.gmm.base.app.b.(PG:468)
D/StrictMode( 7563): at com.google.android.apps.gmm.base.app.GoogleMapsApplication.onCreate(PG:84)
D/StrictMode( 7563): at android.app.Instrumentation.callApplicationOnCreate(Instrumentation.java:1011)
D/StrictMode( 7563): at android.app.ActivityThread.handleBindApplication(ActivityThread.java:4518)
D/StrictMode( 7563): at android.app.ActivityThread.access$1500(ActivityThread.java:144)
D/StrictMode( 7563): at android.app.ActivityThread$H.handleMessage(ActivityThread.java:1339)
D/StrictMode( 7563): at android.os.Handler.dispatchMessage(Handler.java:102)
D/StrictMode( 7563): at android.os.Looper.loop(Looper.java:135)
D/StrictMode( 7563): at android.app.ActivityThread.main(ActivityThread.java:5221)
D/StrictMode( 7563): at java.lang.reflect.Method.invoke(Native Method)
D/StrictMode( 7563): at java.lang.reflect.Method.invoke(Method.java:372)
D/StrictMode( 7563): at com.android.internal.os.ZygoteInit$MethodAndArgsCaller.run(ZygoteInit.java:899)
D/StrictMode( 7563): at com.android.internal.os.ZygoteInit.main(ZygoteInit.java:694)
D/StrictMode( 7563): StrictMode policy violation; ~duration=829 ms: android.os.StrictMode$StrictModeDiskReadViolation: policy=31 violation=2
D/StrictMode( 7563): at android.os.StrictMode$AndroidBlockGuardPolicy.onReadFromDisk(StrictMode.java:1137)
D/StrictMode( 7563): at libcore.io.BlockGuardOs.open(BlockGuardOs.java:182)
D/StrictMode( 7563): at libcore.io.IoUtils.canOpenReadOnly(IoUtils.java:165)
D/StrictMode( 7563): at dalvik.system.DexPathList.findLibrary(DexPathList.java:383)
D/StrictMode( 7563): at dalvik.system.BaseDexClassLoader.findLibrary(BaseDexClassLoader.java:77)
D/StrictMode( 7563): at java.lang.Runtime.loadLibrary(Runtime.java:360)
D/StrictMode( 7563): at java.lang.System.loadLibrary(System.java:989)
D/StrictMode( 7563): at com.google.android.apps.gmm.map.util.jni.NativeHelper.initialize(PG:42)
D/StrictMode( 7563): at com.google.android.apps.gmm.map.c.b.(PG:73)
D/StrictMode( 7563): at com.google.android.apps.gmm.base.app.b.(PG:468)
D/StrictMode( 7563): at com.google.android.apps.gmm.base.app.GoogleMapsApplication.onCreate(PG:84)
D/StrictMode( 7563): at android.app.Instrumentation.callApplicationOnCreate(Instrumentation.java:1011)
D/StrictMode( 7563): at android.app.ActivityThread.handleBindApplication(ActivityThread.java:4518)
D/StrictMode( 7563): at android.app.ActivityThread.access$1500(ActivityThread.java:144)
D/StrictMode( 7563): at android.app.ActivityThread$H.handleMessage(ActivityThread.java:1339)
D/StrictMode( 7563): at android.os.Handler.dispatchMessage(Handler.java:102)
D/StrictMode( 7563): at android.os.Looper.loop(Looper.java:135)
D/StrictMode( 7563): at android.app.ActivityThread.main(ActivityThread.java:5221)
D/StrictMode( 7563): at java.lang.reflect.Method.invoke(Native Method)
D/StrictMode( 7563): at java.lang.reflect.Method.invoke(Method.java:372)
D/StrictMode( 7563): at com.android.internal.os.ZygoteInit$MethodAndArgsCaller.run(ZygoteInit.java:899)
D/StrictMode( 7563): at com.android.internal.os.ZygoteInit.main(ZygoteInit.java:694)
D/StrictMode( 7563): StrictMode policy violation; ~duration=289 ms: android.os.StrictMode$StrictModeDiskReadViolation: policy=287 violation=2
D/StrictMode( 7563): at android.os.StrictMode$AndroidBlockGuardPolicy.onReadFromDisk(StrictMode.java:1137)
D/StrictMode( 7563): at android.database.sqlite.SQLiteConnection.applyBlockGuardPolicy(SQLiteConnection.java:1041)
D/StrictMode( 7563): at android.database.sqlite.SQLiteConnection.executeForCursorWindow(SQLiteConnection.java:842)
D/StrictMode( 7563): at android.database.sqlite.SQLiteSession.executeForCursorWindow(SQLiteSession.java:836)
D/StrictMode( 7563): at android.database.sqlite.SQLiteQuery.fillWindow(SQLiteQuery.java:62)
D/StrictMode( 7563): at android.database.sqlite.SQLiteCursor.fillWindow(SQLiteCursor.java:144)
D/StrictMode( 7563): at android.database.sqlite.SQLiteCursor.getCount(SQLiteCursor.java:133)
D/StrictMode( 7563): at android.database.CursorToBulkCursorAdaptor.getBulkCursorDescriptor(CursorToBulkCursorAdaptor.java:145)
D/StrictMode( 7563): at android.content.ContentProviderNative.onTransact(ContentProviderNative.java:122)
D/StrictMode( 7563): at android.os.Binder.execTransact(Binder.java:446)
D/StrictMode( 7563): # via Binder call with stack:
D/StrictMode( 7563): android.os.StrictMode$LogStackTrace
D/StrictMode( 7563): at android.os.StrictMode.readAndHandleBinderCallViolations(StrictMode.java:1717)
D/StrictMode( 7563): at android.os.Parcel.readExceptionCode(Parcel.java:1521)
D/StrictMode( 7563): at android.database.DatabaseUtils.readExceptionFromParcel(DatabaseUtils.java:134)
D/StrictMode( 7563): at android.content.ContentProviderProxy.query(ContentProviderNative.java:420)
D/StrictMode( 7563): at android.content.ContentResolver.query(ContentResolver.java:478)
D/StrictMode( 7563): at android.content.ContentResolver.query(ContentResolver.java:422)
D/StrictMode( 7563): at com.google.android.c.c.a(PG:87)
D/StrictMode( 7563): at com.google.android.c.c.a(PG:107)
D/StrictMode( 7563): at com.google.android.apps.gmm.shared.net.p.a(PG:312)
D/StrictMode( 7563): at com.google.android.apps.gmm.shared.net.p.a(PG:162)
D/StrictMode( 7563): at com.google.android.apps.gmm.map.c.i.a(PG:127)
D/StrictMode( 7563): at com.google.b.a.bx.a(PG:125)
D/StrictMode( 7563): at com.google.android.apps.gmm.map.c.b.a(PG:293)
D/StrictMode( 7563): at com.google.android.apps.gmm.base.app.b.(PG:468)
D/StrictMode( 7563): at com.google.android.apps.gmm.base.app.GoogleMapsApplication.onCreate(PG:84)
D/StrictMode( 7563): at android.app.Instrumentation.callApplicationOnCreate(Instrumentation.java:1011)
D/StrictMode( 7563): at android.app.ActivityThread.handleBindApplication(ActivityThread.java:4518)
D/StrictMode( 7563): at android.app.ActivityThread.access$1500(ActivityThread.java:144)
D/StrictMode( 7563): at android.app.ActivityThread$H.handleMessage(ActivityThread.java:1339)
D/StrictMode( 7563): at android.os.Handler.dispatchMessage(Handler.java:102)
D/StrictMode( 7563): at android.os.Looper.loop(Looper.java:135)
D/StrictMode( 7563): at android.app.ActivityThread.main(ActivityThread.java:5221)
D/StrictMode( 7563): at java.lang.reflect.Method.invoke(Native Method)
D/StrictMode( 7563): at java.lang.reflect.Method.invoke(Method.java:372)
D/StrictMode( 7563): at com.android.internal.os.ZygoteInit$MethodAndArgsCaller.run(ZygoteInit.java:899)
D/StrictMode( 7563): at com.android.internal.os.ZygoteInit.main(ZygoteInit.java:694)
D/StrictMode( 7563): StrictMode policy violation; ~duration=123 ms: android.os.StrictMode$StrictModeDiskReadViolation: policy=31 violation=2
D/StrictMode( 7563): at android.os.StrictMode$AndroidBlockGuardPolicy.onReadFromDisk(StrictMode.java:1137)
D/StrictMode( 7563): at libcore.io.BlockGuardOs.access(BlockGuardOs.java:67)
D/StrictMode( 7563): at java.io.File.doAccess(File.java:283)
D/StrictMode( 7563): at java.io.File.exists(File.java:363)
D/StrictMode( 7563): at android.app.ContextImpl.createFilesDirLocked(ContextImpl.java:989)
D/StrictMode( 7563): at android.app.ContextImpl.getFilesDir(ContextImpl.java:1012)
D/StrictMode( 7563): at android.app.ContextImpl.openFileInput(ContextImpl.java:954)
D/StrictMode( 7563): at android.content.ContextWrapper.openFileInput(ContextWrapper.java:175)
D/StrictMode( 7563): at com.google.android.apps.gmm.shared.c.h.a(PG:149)
D/StrictMode( 7563): at com.google.android.apps.gmm.shared.net.a.b.a(PG:577)
D/StrictMode( 7563): at com.google.android.apps.gmm.map.c.b.a(PG:293)
D/StrictMode( 7563): at com.google.android.apps.gmm.base.app.b.(PG:468)
D/StrictMode( 7563): at com.google.android.apps.gmm.base.app.GoogleMapsApplication.onCreate(PG:84)
D/StrictMode( 7563): at android.app.Instrumentation.callApplicationOnCreate(Instrumentation.java:1011)
D/StrictMode( 7563): at android.app.ActivityThread.handleBindApplication(ActivityThread.java:4518)
D/StrictMode( 7563): at android.app.ActivityThread.access$1500(ActivityThread.java:144)
D/StrictMode( 7563): at android.app.ActivityThread$H.handleMessage(ActivityThread.java:1339)
D/StrictMode( 7563): at android.os.Handler.dispatchMessage(Handler.java:102)
D/StrictMode( 7563): at android.os.Looper.loop(Looper.java:135)
D/StrictMode( 7563): at android.app.ActivityThread.main(ActivityThread.java:5221)
D/StrictMode( 7563): at java.lang.reflect.Method.invoke(Native Method)
D/StrictMode( 7563): at java.lang.reflect.Method.invoke(Method.java:372)
D/StrictMode( 7563): at com.android.internal.os.ZygoteInit$MethodAndArgsCaller.run(ZygoteInit.java:899)
D/StrictMode( 7563): at com.android.internal.os.ZygoteInit.main(ZygoteInit.java:694)
D/StrictMode( 7563): StrictMode policy violation; ~duration=122 ms: android.os.StrictMode$StrictModeDiskReadViolation: policy=31 violation=2
D/StrictMode( 7563): at android.os.StrictMode$AndroidBlockGuardPolicy.onReadFromDisk(StrictMode.java:1137)
D/StrictMode( 7563): at libcore.io.BlockGuardOs.open(BlockGuardOs.java:182)
D/StrictMode( 7563): at libcore.io.IoBridge.open(IoBridge.java:442)
D/StrictMode( 7563): at java.io.FileInputStream.(FileInputStream.java:76)
D/StrictMode( 7563): at android.app.ContextImpl.openFileInput(ContextImpl.java:955)
D/StrictMode( 7563): at android.content.ContextWrapper.openFileInput(ContextWrapper.java:175)
D/StrictMode( 7563): at com.google.android.apps.gmm.shared.c.h.a(PG:149)
D/StrictMode( 7563): at com.google.android.apps.gmm.shared.net.a.b.a(PG:577)
D/StrictMode( 7563): at com.google.android.apps.gmm.map.c.b.a(PG:293)
D/StrictMode( 7563): at com.google.android.apps.gmm.base.app.b.(PG:468)
D/StrictMode( 7563): at com.google.android.apps.gmm.base.app.GoogleMapsApplication.onCreate(PG:84)
D/StrictMode( 7563): at android.app.Instrumentation.callApplicationOnCreate(Instrumentation.java:1011)
D/StrictMode( 7563): at android.app.ActivityThread.handleBindApplication(ActivityThread.java:4518)
D/StrictMode( 7563): at android.app.ActivityThread.access$1500(ActivityThread.java:144)
D/StrictMode( 7563): at android.app.ActivityThread$H.handleMessage(ActivityThread.java:1339)
D/StrictMode( 7563): at android.os.Handler.dispatchMessage(Handler.java:102)
D/StrictMode( 7563): at android.os.Looper.loop(Looper.java:135)
D/StrictMode( 7563): at android.app.ActivityThread.main(ActivityThread.java:5221)
D/StrictMode( 7563): at java.lang.reflect.Method.invoke(Native Method)
D/StrictMode( 7563): at java.lang.reflect.Method.invoke(Method.java:372)
D/StrictMode( 7563): at com.android.internal.os.ZygoteInit$MethodAndArgsCaller.run(ZygoteInit.java:899)
D/StrictMode( 7563): at com.android.internal.os.ZygoteInit.main(ZygoteInit.java:694)
D/StrictMode( 7563): StrictMode policy violation; ~duration=122 ms: android.os.StrictMode$StrictModeDiskReadViolation: policy=31 violation=2
D/StrictMode( 7563): at android.os.StrictMode$AndroidBlockGuardPolicy.onReadFromDisk(StrictMode.java:1137)
D/StrictMode( 7563): at libcore.io.BlockGuardOs.fstat(BlockGuardOs.java:132)
D/StrictMode( 7563): at libcore.io.IoBridge.open(IoBridge.java:445)
D/StrictMode( 7563): at java.io.FileInputStream.(FileInputStream.java:76)
D/StrictMode( 7563): at android.app.ContextImpl.openFileInput(ContextImpl.java:955)
D/StrictMode( 7563): at android.content.ContextWrapper.openFileInput(ContextWrapper.java:175)
D/StrictMode( 7563): at com.google.android.apps.gmm.shared.c.h.a(PG:149)
D/StrictMode( 7563): at com.google.android.apps.gmm.shared.net.a.b.a(PG:577)
D/StrictMode( 7563): at com.google.android.apps.gmm.map.c.b.a(PG:293)
D/StrictMode( 7563): at com.google.android.apps.gmm.base.app.b.(PG:468)
D/StrictMode( 7563): at com.google.android.apps.gmm.base.app.GoogleMapsApplication.onCreate(PG:84)
D/StrictMode( 7563): at android.app.Instrumentation.callApplicationOnCreate(Instrumentation.java:1011)
D/StrictMode( 7563): at android.app.ActivityThread.handleBindApplication(ActivityThread.java:4518)
D/StrictMode( 7563): at android.app.ActivityThread.access$1500(ActivityThread.java:144)
D/StrictMode( 7563): at android.app.ActivityThread$H.handleMessage(ActivityThread.java:1339)
D/StrictMode( 7563): at android.os.Handler.dispatchMessage(Handler.java:102)
D/StrictMode( 7563): at android.os.Looper.loop(Looper.java:135)
D/StrictMode( 7563): at android.app.ActivityThread.main(ActivityThread.java:5221)
D/StrictMode( 7563): at java.lang.reflect.Method.invoke(Native Method)
D/StrictMode( 7563): at java.lang.reflect.Method.invoke(Method.java:372)
D/StrictMode( 7563): at com.android.internal.os.ZygoteInit$MethodAndArgsCaller.run(ZygoteInit.java:899)
D/StrictMode( 7563): at com.android.internal.os.ZygoteInit.main(ZygoteInit.java:694)
I/ActivityManager( 745): Start proc com.google.android.inputmethod.latin for service com.google.android.inputmethod.latin/com.android.inputmethod.latin.LatinIME: pid=7847 uid=10056 gids={50056, 9997, 3003, 1028, 1015} abi=armeabi-v7a
V/InputMethodManagerService( 745): Adding window token: android.os.Binder@286b7765
I/UserDevice( 7516): Request: executing...
D/CCE ( 7516): onBind() called: com.motorola.blur.service.blur.Actions.BIND_WSPROXY_SVC
D/WifiService( 745): New client listening to asynchronous messages
D/CCE ( 7516): onBind() called: com.motorola.blur.service.blur.Actions.BIND_POLLINGMANAGER_WSPROXY_SVC
W/ResourcesManager( 7674): Asset path '/system/framework/com.android.media.remotedisplay.jar' does not exist or contains no resources.
W/ResourcesManager( 7674): Asset path '/system/framework/com.android.location.provider.jar' does not exist or contains no resources.
W/ActivityThread( 7563): ClassLoader.loadClass: The class loader returned by Thread.getContextClassLoader() may fail for processes that host multiple applications. You should explicitly specify a context class loader. For example: Thread.setContextClassLoader(getClass().getClassLoader());
D/PollingManager( 7516): phone state: 0 0 home 2degrees 53024 UMTS HSPA CSS not supported -1 -1 RoamInd=-1 DefRoamInd=-1 EmergOnly=false
D/GCM ( 5649): GcmService start Intent { act=com.google.android.gms.INITIALIZE flg=0x10 pkg=com.google.android.gms cmp=com.google.android.gms/.gcm.GcmService } com.google.android.gms.INITIALIZE
D/PollingManager( 7516): ignoring connectivity_action: since I don't like the type: [type: MOBILE[HSPA], state: DISCONNECTED/DISCONNECTED, reason: (unspecified), extra: internet, roaming: false, failover: false, isAvailable: true, isConnectedToProvisioningNetwork: false]
I/CWCheckin( 7516): BcsTimer.setTimer(32610, 21600000)
D/Checkin ( 7516): publish the event [tag = MOT_CHECKIN event name = LOG]
D/CWCheckin( 7516): Motorola help_improve privacy is -1
D/CWCheckin( 7516): Generic privacy config is true
D/PollingManager( 7516): registerApp(): com.motorola.checkin
D/PollingManager( 7516): registerApp(): shortest interval is 21600000
D/PollingManager( 7516): Polling alarm set to expire at: 553390128 Current Time: 553357518
I/FitnessApp( 7694): Performing Wearable Account Sync true
W/GAV2 ( 7733): Thread[main,5,main]: Need to call initialize() and be in fallback mode to start dispatch.
W/Settings( 7603): Setting download_manager_max_bytes_over_mobile has moved from android.provider.Settings.Secure to android.provider.Settings.Global.
W/Settings( 7603): Setting download_manager_recommended_max_bytes_over_mobile has moved from android.provider.Settings.Secure to android.provider.Settings.Global. W/msgr(:):bo( 7441): Verify
V/JNIHelp ( 7674): Registering com/google/android/gms/org/conscrypt/NativeCrypto's 235 native methods...
D/AuthorizationBluetoothService( 5649): Received GmsCore event: Intent { act=com.google.android.gms.INITIALIZE flg=0x10 pkg=com.google.android.gms cmp=com.google.android.gms/.auth.be.proximity.authorization.bt.AuthorizationBluetoothService$AutoStarter }.
D/c ( 5649): Getting all permits...
D/a ( 5649): Opening database...
D/a ( 5649): Opening database auth.proximity.permit_store...
D/a ( 5649): Closing database...
D/MMApiWebService( 7516): doRequest() with req : [B@221660be
D/LocationInitializer( 7085): Restart initialization of location
D/MMApiWebService( 7516): generating token using payload instead of using session token
D/NowFetcherService( 7347): onServiceConnected: connected to NowRemoteService
I/Fitness ( 7085): GmsCore initialized. Initializing Fitness
W/bt-sdp (23530): process_service_search_attr_rsp
D/NowFetcherService( 7347): now card fetch: getting cards...
D/GCM ( 5649): GcmService start Intent { act=com.google.android.gms.INITIALIZE flg=0x10 pkg=com.google.android.gms cmp=com.google.android.gms/.gcm.GcmService } com.google.android.gms.INITIALIZE
W/bt-btif (23530): new conn_srvc id:26, app_id:1 I/Coffee - GoogleTrustAgent( 7540): GoogleTrustAgent created.
I/WearableConn( 7594): Connected, running sync loop
I/ProviderInstaller( 7674): Installed default security provider GmsCore_OpenSSL
I/MMApiWSBase( 7516): doRequest(): url: https://argo.svcmot.com:443/v1/gdi/user/devices.json?appid=6R1TANEX3ZMQ6EU1UH43P34C8B868KTE&userid=9bd58775cf0940c4bac29fda474df1b7
I/LatinIME( 7847): Hardware accelerated drawing: true
D/AuthorizationBluetoothService( 5649): Received GmsCore event: Intent { act=com.google.android.gms.INITIALIZE flg=0x10 pkg=com.google.android.gms cmp=com.google.android.gms/.auth.be.proximity.authorization.bt.AuthorizationBluetoothService$AutoStarter }.
D/c ( 5649): Getting all permits...
D/a ( 5649): Opening database...
D/BluetoothManagerService( 745): Message: 20
D/BluetoothManagerService( 745): Added callback: android.bluetooth.IBluetoothManagerCallback$Stub$Proxy@16df8df9:true
D/a ( 5649): Opening database auth.proximity.permit_store...
D/a ( 5649): Closing database...
D/LocationInitializer( 7085): Restart initialization of location
W/InputMethodInfo( 745): Duplicated subtype definition found: , voice
D/wearable( 7594): Peer handshake connect succeeded, peer version: 1
I/Fitness ( 7085): GmsCore initialized. Initializing Fitness
D/GCM ( 5649): GcmService start Intent { act=com.google.android.gms.INITIALIZE flg=0x10 pkg=com.google.android.gms cmp=com.google.android.gms/.gcm.GcmService } com.google.android.gms.INITIALIZE
D/Finsky ( 7603): [1] 2.run: Loaded library for account: [f-CBvLMxkpI6eI7pu28RAfWq8t4]
I/DynRingVolController( 7347): reverting to original ringer.
W/InputMethodInfo( 745): Duplicated subtype definition found: , voice
I/ConfigStore( 7674): Config Database version: 1
I/ActivityManager( 745): Start proc com.tinder for service com.tinder/.services.WearClientService: pid=7909 uid=10126 gids={50126, 9997, 3003, 1028, 1015, 3002} abi=armeabi-v7a
D/LocationInitializer( 7085): Restart initialization of location I/Coffee - TrustletManager( 7540): Starting trustlet Bluetooth
I/art ( 198): Explicit concurrent mark sweep GC freed 709(30KB) AllocSpace objects, 0(0B) LOS objects, 40% free, 15MB/25MB, paused 244us total 10.774ms
I/art ( 198): Explicit concurrent mark sweep GC freed 5(160B) AllocSpace objects, 0(0B) LOS objects, 40% free, 15MB/25MB, paused 230us total 10.079ms
I/art ( 198): Explicit concurrent mark sweep GC freed 5(160B) AllocSpace objects, 0(0B) LOS objects, 40% free, 15MB/25MB, paused 230us total 9.979ms
D/AuthorizationBluetoothService( 5649): Received GmsCore event: Intent { act=com.google.android.gms.INITIALIZE flg=0x10 pkg=com.google.android.gms cmp=com.google.android.gms/.auth.be.proximity.authorization.bt.AuthorizationBluetoothService$AutoStarter }.
D/c ( 5649): Getting all permits...
D/a ( 5649): Opening database...
D/a ( 5649): Opening database auth.proximity.permit_store...
D/a ( 5649): Closing database...
D/Finsky ( 7603): [1] 2.run: Loaded library for account: [2JTFLXZIcMNtP8ingLM9oEEDeiE]
D/Finsky ( 7603): [1] 2.run: Finished loading 2 libraries.
I/art ( 745): Explicit concurrent mark sweep GC freed 15166(799KB) AllocSpace objects, 5(72KB) LOS objects, 24% free, 49MB/65MB, paused 1.291ms total 107.064ms
I/ActivityManager( 745): Start proc android.process.media for content provider com.android.providers.downloads/.DownloadProvider: pid=7934 uid=10006 gids={50006, 9997, 2001, 3003, 1028, 1015, 3007, 1023, 1024} abi=armeabi-v7a
I/ActivityManager( 745): Start proc com.google.android.maps.mytracks for service com.google.android.maps.mytracks/com.google.android.apps.mytracks.wear.MobileListenerService: pid=7940 uid=10117 gids={50117, 9997, 3002, 3001, 3003, 1028, 1015} abi=armeabi-v7a
I/Crashlytics( 7909): Initializing Crashlytics 1.1.13.29 I/Coffee - GoogleTrustAgent( 7540): Can provide trust state change: true
I/Fitness ( 7085): GmsCore initialized. Initializing Fitness W/msgr(:):b( 7441): Called user scoped provider with no viewer. ViewerContextManager was created with no ViewerContext. Using EmptyViewerContextManager to return fake logged in instance.
E/SQLiteLog( 7594): (284) automatic index on assetrefs(dataitems_id) W/msgr(:):h( 7441): User no longer logged in. Original uid: 0, viewer context: null, is_logged_in: false. Returning original viewer context.
W/NowFetcherService( 7347): Receives a Now broadcast while not connected to GSA W/msgr(:):b( 7441): Called user scoped provider with no viewer. ViewerContextManager was created with no ViewerContext. Using EmptyViewerContextManager to return fake logged in instance.
I/MediaRouter( 7733): Found default route: MediaRouter.RouteInfo{ uniqueId=android/mo:DEFAULT_ROUTE, name=Phone, description=null, enabled=true, connecting=false, playbackType=0, playbackStream=3, volumeHandling=1, volume=11, volumeMax=15, presentationDisplayId=-1, extras=null, providerPackageName=android }
I/ActivityManager( 745): Start proc com.mailchimp.mailchimp for broadcast com.mailchimp.mailchimp/.util.Scheduler: pid=7982 uid=10096 gids={50096, 9997, 3003, 1028, 1015} abi=armeabi-v7a
D/Finsky ( 7603): [54524] InAppBillingUtils.pickAccount: org.leetzone.android.yatsewidgetfree: Account determined from installer data - [2JTFLXZIcMNtP8ingLM9oEEDeiE]
W/InputAttributes( 7847): No editor info for this field. Bug?
I/FavoriteContactNamesSup( 7733): get() : Execute runnable (UI thread)
I/ContactLabelSupplier( 7733): get() : Execute runnable (UI thread)
E/YatseApplication( 7421): YatseApplication$4.a@946: Problem setting up In-App billing : IabResult: 3, Billing isn't supported (response: 3:Billing Unavailable) D/MixpanelAPI - App Links (OPTIONAL)( 7909): Context is not an instance of Activity. To detect inbound App Links, pass an instance of an Activity to getInstance.
D/WearableClient( 7516): WearableClientImpl.onPostInitHandler: done
D/ClockworkProxy( 7347): onPeerConnected node=NodeParcelable{b9611de2-3eef-433a-bcbe-7418f286614f,b9611de2-3eef-433a-bcbe-7418f286614f}
I/LatinIME:LogUtils( 7847): Dictionary info: dictionary = ContextualDictionary.en_US ; version = 1417033258 ; date = ?
I/LatinIME:LogUtils( 7847): Dictionary info: dictionary = PersonalizationDictionary.en_US ; version = 328446 ; date = 1417022667
I/LatinIME:LogUtils( 7847): Dictionary info: dictionary = contacts.en_US ; version = 1416991925 ; date = 1416991925 I/Coffee - BluetoothTrustlet( 7540): Enabling trust, connected to trusted device: Moto 360 0360 I/Coffee - GoogleTrustAgent( 7540): Trust state changed, trusted: true reason: Securely connected to Bluetooth device Moto 360 0360
I/LatinIME:LogUtils( 7847): Dictionary info: dictionary = userunigram.en_US ; version = 1416564186 ; date = 1416564186
I/LatinIME:LogUtils( 7847): Dictionary info: dictionary = UserHistoryDictionary.en_US ; version = 328446 ; date = 1417022667
E/SQLiteLog( 7934): (283) recovered 88 frames from WAL file /data/data/com.android.providers.media/databases/external.db-wal I/Coffee - TrustletManager( 7540): Starting trustlet NFC W/Coffee - Trustlet( 7540): Trustlet NFC attempted to change its canProvideTrust state to the current state (ignored).
D/NowFetcherService( 7347): onServiceConnected: connected to NowRemoteService
I/MediaRouter( 7674): Found default route: MediaRouter.RouteInfo{ uniqueId=android/.support.v7.media.SystemMediaRouteProvider:DEFAULT_ROUTE, name=Phone, description=null, enabled=true, connecting=false, playbackType=0, playbackStream=3, volumeHandling=1, volume=11, volumeMax=15, presentationDisplayId=-1, extras=null, providerPackageName=android }
D/WearableClient( 7516): WearableClientImpl.onPostInitHandler: done I/Coffee - TrustletManager( 7540): Starting trustlet Place
D/WearableClient( 7909): WearableClientImpl.onPostInitHandler: done
V/wearable( 7594): ensureBuffersHaveSpace: increasing size from 46 to 450 I/Coffee - TrustletManager( 7540): Starting trustlet Face Unlock W/Coffee - Trustlet( 7540): Trustlet Face Unlock attempted to change its canProvideTrust state to the current state (ignored).
I/CalendarProvider2( 7766): Sending notification intent: Intent { act=android.intent.action.PROVIDER_CHANGED dat=content://com.android.calendar }
W/ContentResolver( 7766): Failed to get type for: content://com.android.calendar (Unknown URL content://com.android.calendar)
I/LatinIME:LogUtils( 7847): Dictionary info: dictionary = main:en_us ; version = 52 ; date = 1412572954
D/NowFetcherService( 7347): now card fetch: getting cards...
I/NetworkMonitor( 7674): type=WIFI subType= reason=null isConnected=true
I/LatinIME:LogUtils( 7847): Dictionary info: dictionary = main:en_us ; version = 52 ; date = 1412572954
I/ContactLabelSupplier( 7733): get() : OptedIn = true
I/ContactLabelSupplier( 7733): get() : Looking up 20 labels
I/FitnessApp( 7694): WearableSyncReceiver
D/GCM ( 5649): GcmService start Intent { act=com.google.android.gms.INITIALIZE flg=0x10 pkg=com.google.android.gms cmp=com.google.android.gms/.gcm.GcmService } com.google.android.gms.INITIALIZE
D/AuthorizationBluetoothService( 5649): Received GmsCore event: Intent { act=com.google.android.gms.INITIALIZE flg=0x10 pkg=com.google.android.gms cmp=com.google.android.gms/.auth.be.proximity.authorization.bt.AuthorizationBluetoothService$AutoStarter }.
D/c ( 5649): Getting all permits...
D/a ( 5649): Opening database...
D/a ( 5649): Opening database auth.proximity.permit_store...
D/a ( 5649): Closing database...
D/LocationInitializer( 7085): Restart initialization of location
I/GCoreUlr( 7540): DispatchingService.onCreate()
D/WearableClient( 7982): WearableClientImpl.onPostInitHandler: done
I/Fitness ( 7085): GmsCore initialized. Initializing Fitness
I/VS.Container( 7733): create_speech_recognizer
D/GCM ( 5649): GcmService start Intent { act=com.google.android.gms.INITIALIZE flg=0x10 pkg=com.google.android.gms cmp=com.google.android.gms/.gcm.GcmService } com.google.android.gms.INITIALIZE
D/WearableClient( 7674): WearableClientImpl.onPostInitHandler: done
D/WearableClient( 7674): WearableClientImpl.onPostInitHandler: done
D/AuthorizationBluetoothService( 5649): Received GmsCore event: Intent { act=com.google.android.gms.INITIALIZE flg=0x10 pkg=com.google.android.gms cmp=com.google.android.gms/.auth.be.proximity.authorization.bt.AuthorizationBluetoothService$AutoStarter }.
D/LocationInitializer( 7085): Restart initialization of location
D/Finsky ( 7603): [1] GmsCoreHelper.cleanupNlp: result=false type=4
D/c ( 5649): Getting all permits...
D/a ( 5649): Opening database...
D/a ( 5649): Opening database auth.proximity.permit_store...
D/a ( 5649): Closing database...
I/Fitness ( 7085): GmsCore initialized. Initializing Fitness
D/WearableClient( 7674): WearableClientImpl.onPostInitHandler: done
I/ContactLabelSupplier( 7733): get() : Lookup time = 177 ms
E/ActivityThread( 7516): Failed to find provider info for com.motorola.ccc.plm.misc
D/CCE ( 7516): App Checkin requested CCE to send settings
I/MicrophoneInputStream( 7733): mic_starting gfk@158bded2
D/Checkin ( 7516): publish the event [tag = MOT_PRIVACY_PROFILE event name = PRIVACY]
D/CWCheckin( 7516): Motorola help_improve privacy is -1
D/CWCheckin( 7516): Generic privacy config is true
I/HotwordRecognitionRnr( 7733): Starting hotword detection.
D/Checkin ( 7516): publish the event [tag = MOT_PRIVACY_PROFILE event name = PRIVACY]
D/CWCheckin( 7516): Motorola help_improve privacy is -1
D/CWCheckin( 7516): Generic privacy config is true
D/WearableClient( 7674): WearableClientImpl.onPostInitHandler: done
I/AudioFlinger( 187): AudioFlinger's thread 0xb2a01000 ready to run
I/MicrophoneInputStream( 7733): mic_started gfk@158bded2
D/CWCheckin( 7516): Checkin StartupReceiver: com.motorola.blur.service.blur.Actions.SERVICES_STARTED received.
D/CWCheckin( 7516): Checkin StartupReceiver: com.motorola.cce.Actions.CCE_LAUNCH_CW_CHECKIN received.
I/CWCheckin( 7516): service started
D/Checkin ( 7516): publish the event [tag = MOT_CHECKIN event name = LOG]
D/CWCheckin( 7516): Motorola help_improve privacy is -1
D/CWCheckin( 7516): Generic privacy config is true
D/audio_hw_primary( 187): select_devices: out_snd_device(0: none) in_snd_device(55: voice-rec-mic)
D/msm8974_platform( 187): platform_send_audio_calibration: sending audio calibration for snd_device(55) acdb_id(62)
D/ ( 187): Failed to fetch the lookup information of the device 0000003E
E/ACDB-LOADER( 187): Error: ACDB AudProc vol returned = -19
D/audio_hw_primary( 187): enable_snd_device: snd_device(55: voice-rec-mic)
I/FitnessApp( 7694): WearableSyncReceiver
D/audio_hw_primary( 187): enable_audio_route: apply and update mixer path: audio-record
I/MotAcct.GoogAccWatcher( 7516): account is authenticated: true
D/Finsky ( 7603): [1] RestoreTracker.stopServiceIfDone: Restore complete with 0 success and 0 failed.
I/LatinIME:LogUtils( 7847): Dictionary info: dictionary = userunigram.en_US ; version = 1416564186 ; date = 1416564186
I/HotwordWorker( 7733): onReady
I/LatinIME:LogUtils( 7847): Dictionary info: dictionary = main:en_us ; version = 52 ; date = 1412572954
I/LatinIME:LogUtils( 7847): Dictionary info: dictionary = main:en_us ; version = 52 ; date = 1412572954
W/ArtDownloadService( 7674): Setting cache size 276433822
I/art ( 745): Explicit concurrent mark sweep GC freed 12553(539KB) AllocSpace objects, 0(0B) LOS objects, 24% free, 49MB/65MB, paused 1.490ms total 150.206ms
V/wearable( 7594): ensureBuffersHaveSpace: increasing size from 47 to 277
D/WifiService( 745): New client listening to asynchronous messages
I/CWCheckin( 7516): BcsTimer.setTimer(21600000, 21600000)
D/Checkin ( 7516): publish the event [tag = MOT_CHECKIN event name = LOG]
D/CWCheckin( 7516): Motorola help_improve privacy is -1
D/CWCheckin( 7516): Generic privacy config is true
D/PollingManager( 7516): registerApp(): com.motorola.checkin
D/PollingManager( 7516): registerApp(): com.motorola.checkin already registered.
D/PollingManager( 7516): modifyApp(): com.motorola.checkin
D/PollingManager( 7516): calculateShortestInterval(): shortest interval is 21600000
D/GeofencerStateMachine( 7540): Creating GeofencerStateMachine
I/ActivityManager( 745): Start proc com.google.android.calendar for broadcast com.google.android.calendar/com.android.calendar.alerts.AlertReceiver: pid=8107 uid=10031 gids={50031, 9997, 3003, 1028, 1015} abi=armeabi-v7a
I/dex2oat ( 8126): /system/bin/dex2oat --runtime-arg -classpath --runtime-arg --instruction-set=arm --instruction-set-features=div --runtime-arg -Xrelocate --boot-image=/system/framework/boot.art --dex-file=/data/data/com.google.android.gms/cache/ads483502373.jar --oat-fd=48 --oat-location=/data/data/com.google.android.gms/cache/ads483502373.dex --runtime-arg -Xms64m --runtime-arg -Xmx512m
E/SQLiteLog( 8107): (283) recovered 83 frames from WAL file /data/data/com.google.android.calendar/databases/timelydata.db-wal
I/dex2oat ( 8126): dex2oat took 104.049ms (threads: 4)
I/Places ( 7540): ay.:165: Creating ReverseGeocodingPlaceInferenceModule
I/Places ( 7540): ay.:165: Creating WifiDecisionTreePlaceInferenceModule
I/art ( 5649): Explicit concurrent mark sweep GC freed 6069(332KB) AllocSpace objects, 0(0B) LOS objects, 40% free, 18MB/31MB, paused 1.891ms total 27.309ms
E/AppWidgetServiceImpl( 745): Widget host dead: HostId{user:0, app:10022, hostId:1024, pkg:com.google.android.googlequicksearchbox}
E/AppWidgetServiceImpl( 745): android.os.DeadObjectException
E/AppWidgetServiceImpl( 745): at android.os.BinderProxy.transactNative(Native Method)
E/AppWidgetServiceImpl( 745): at android.os.BinderProxy.transact(Binder.java:496)
E/AppWidgetServiceImpl( 745): at com.android.internal.appwidget.IAppWidgetHost$Stub$Proxy.updateAppWidget(IAppWidgetHost.java:123)
E/AppWidgetServiceImpl( 745): at com.android.server.appwidget.AppWidgetServiceImpl.handleNotifyUpdateAppWidget(AppWidgetServiceImpl.java:1640)
E/AppWidgetServiceImpl( 745): at com.android.server.appwidget.AppWidgetServiceImpl.access$1200(AppWidgetServiceImpl.java:107)
E/AppWidgetServiceImpl( 745): at com.android.server.appwidget.AppWidgetServiceImpl$CallbackHandler.handleMessage(AppWidgetServiceImpl.java:2964)
E/AppWidgetServiceImpl( 745): at android.os.Handler.dispatchMessage(Handler.java:102)
E/AppWidgetServiceImpl( 745): at android.os.Looper.loop(Looper.java:135)
E/AppWidgetServiceImpl( 745): at com.android.server.SystemServer.run(SystemServer.java:269)
E/AppWidgetServiceImpl( 745): at com.android.server.SystemServer.main(SystemServer.java:170)
E/AppWidgetServiceImpl( 745): at java.lang.reflect.Method.invoke(Native Method)
E/AppWidgetServiceImpl( 745): at java.lang.reflect.Method.invoke(Method.java:372)
E/AppWidgetServiceImpl( 745): at com.android.internal.os.ZygoteInit$MethodAndArgsCaller.run(ZygoteInit.java:899)
E/AppWidgetServiceImpl( 745): at com.android.internal.os.ZygoteInit.main(ZygoteInit.java:694)
I/art ( 7540): Explicit concurrent mark sweep GC freed 20788(1570KB) AllocSpace objects, 18(288KB) LOS objects, 39% free, 18MB/30MB, paused 1.033ms total 45.321ms
I/AnalyticsLogBase( 8107): PlayLogger.onLoggerConnected
I/AnalyticsLogBase( 8107): PlayLogger.onLoggerConnected
E/GCoreFlp( 7540): Bound FusedProviderService with LocationManager
D/WearableClient( 7516): WearableClientImpl.onPostInitHandler: done
E/copresGcore( 7540): Couldn't load settings: /data/data/com.google.android.gms/files/copresence_settings: open failed: ENOENT (No such file or directory)
V/GmsNetworkLocationProvi( 7540): ENABLE
V/GmsNetworkLocationProvi( 7540): SET-REQUEST
V/GmsNetworkLocationProvi( 7540): in Handler: ProviderRequestUnbundled, reportLocation is true and interval is 86400000
D/LocationWearablesListenerService( 7540): onPeerConnected
W/Settings( 7540): Setting airplane_mode_on has moved from android.provider.Settings.System to android.provider.Settings.Global, returning read-only value.
V/GeofencerHelper( 7540): Initializing geofence's system cache.
D/GeofenceStateCache( 7540): Recovered 0 geofences.
W/HandlerScheduledExecuto( 7733): Task does not implement UiTask. Consider using NamedUiRunnable for fjp@31d48ef7
I/GCoreUlr( 7540): Received powerMode change from NLP: com.google.android.location.activity.LOW_POWER_MODE_ENABLED
I/GCoreUlr( 7540): Starting service, intent=Intent { act=com.google.android.location.reporting.ACTION_UPDATE_ACTIVE_STATE cmp=com.google.android.gms/com.google.android.location.reporting.service.DispatchingService }, extras=null D/Coffee - NearbyAlertTracker( 7540): GoogleApiClient connected
D/GCoreFlp( 7540): Unknown pending intent to remove.
I/Fitness ( 7540): Account supported from cache: true
I/DataItems( 7594): maybePerformGC: complete, took 192 ms, removed 0 of 25 files, 0 of 25 asset records
D/LocationWearablesListenerService( 7540): onDataChanged
I/art ( 745): Explicit concurrent mark sweep GC freed 15348(828KB) AllocSpace objects, 1(16KB) LOS objects, 24% free, 49MB/65MB, paused 1.218ms total 129.388ms
D/LocationWearablesListenerService( 7540): onDataChanged
V/wearable( 7594): ensureBuffersHaveSpace: increasing size from 450 to 554
I/GCoreUlr( 7540): Ensuring that reporting is active for [account#-1#]
I/art ( 7540): Explicit concurrent mark sweep GC freed 37261(2MB) AllocSpace objects, 15(625KB) LOS objects, 40% free, 20MB/33MB, paused 4.877ms total 68.916ms
